-- Table structure for table `glpi_profiles`
--

CREATE TABLE `glpi_profiles` (
  `id` int(10) unsigned NOT NULL AUTO_INCREMENT,
  `name` varchar(255) DEFAULT NULL,
  `interface` varchar(255) DEFAULT 'helpdesk',
  `is_default` tinyint(1) NOT NULL DEFAULT 0,
  `helpdesk_hardware` int(11) NOT NULL DEFAULT 0,
  `helpdesk_item_type` mediumtext DEFAULT NULL,
  `ticket_status` mediumtext DEFAULT NULL COMMENT 'json encoded array of from/dest allowed status change',
  `date_mod` timestamp NULL DEFAULT NULL,
  `comment` mediumtext DEFAULT NULL,
  `problem_status` mediumtext DEFAULT NULL COMMENT 'json encoded array of from/dest allowed status change',
  `create_ticket_on_login` tinyint(1) NOT NULL DEFAULT 0,
  `tickettemplates_id` int(10) unsigned NOT NULL DEFAULT 0,
  `changetemplates_id` int(10) unsigned NOT NULL DEFAULT 0,
  `problemtemplates_id` int(10) unsigned NOT NULL DEFAULT 0,
  `change_status` mediumtext DEFAULT NULL COMMENT 'json encoded array of from/dest allowed status change',
  `managed_domainrecordtypes` mediumtext DEFAULT NULL,
  `date_creation` timestamp NULL DEFAULT NULL,
  PRIMARY KEY (`id`),
  KEY `interface` (`interface`),
  KEY `is_default` (`is_default`),
  KEY `date_mod` (`date_mod`),
  KEY `date_creation` (`date_creation`),
  KEY `tickettemplates_id` (`tickettemplates_id`),
  KEY `changetemplates_id` (`changetemplates_id`),
  KEY `problemtemplates_id` (`problemtemplates_id`),
  KEY `name` (`name`)
) ENGINE=InnoDB AUTO_INCREMENT=43 DEFAULT CHARSET=utf8mb4 COLLATE=utf8mb4_unicode_ci;

--
-- Dumping data for table `glpi_profiles`
--

INSERT INTO `glpi_profiles` VALUES
(1,'1-Utilisateur du Portail WEB Libre service','helpdesk',1,3,'[\"Computer\",\"Monitor\",\"NetworkEquipment\",\"Peripheral\",\"Phone\",\"Printer\",\"Software\"]','{\"1\":{\"2\":0,\"3\":0,\"4\":0,\"5\":0,\"6\":0},\"2\":{\"1\":0,\"3\":0,\"4\":0,\"5\":0,\"6\":0},\"3\":{\"1\":0,\"2\":0,\"4\":0,\"5\":0,\"6\":0},\"4\":{\"1\":0,\"2\":0,\"3\":0,\"5\":0,\"6\":0},\"5\":{\"1\":0,\"2\":0,\"3\":0,\"4\":0},\"6\":{\"1\":0,\"2\":0,\"3\":0,\"4\":0,\"5\":0}}','2025-09-10 14:31:56','Le profil Libre-service est le profil par défaut de l’ensemble des usagers permettant de déposer une demande de service ou d’assistance sur l’entité.','[]',0,0,0,0,NULL,NULL,'2017-11-21 22:38:10'),
(2,'Observer','central',0,1,'[\"Computer\",\"Monitor\",\"NetworkEquipment\",\"Peripheral\",\"Phone\",\"Printer\",\"Software\"]','[]','2020-08-05 22:41:49',NULL,'[]',0,0,0,0,NULL,NULL,'2017-11-21 22:38:10'),
(4,'6-Super-Admin','central',0,3,'[\"Computer\",\"Monitor\",\"NetworkEquipment\",\"Peripheral\",\"Phone\",\"Printer\",\"Software\",\"SoftwareLicense\",\"Certificate\",\"Line\",\"DCRoom\",\"Rack\",\"Enclosure\",\"Cluster\",\"PDU\",\"Domain\",\"DomainRecord\",\"Appliance\",\"Item_DeviceSimcard\",\"PassiveDCEquipment\",\"DatabaseInstance\",\"Database\",\"Cable\",\"PluginOrderOrder\",\"PluginFormcreatorFormAnswer\",\"PluginAccountsAccount\"]','[]','2024-11-26 19:40:47',NULL,'[]',0,0,0,0,NULL,'[]','2017-11-17 20:36:53'),
(5,'Hotliner','central',0,3,'[\"Computer\",\"Monitor\",\"NetworkEquipment\",\"Peripheral\",\"Phone\",\"Printer\",\"Software\"]','[]','2020-08-05 22:41:49',NULL,'[]',1,0,0,0,NULL,NULL,'2017-11-21 22:38:10'),
(6,'3-Analyste de tickets','central',0,3,'[\"Computer\",\"Monitor\",\"NetworkEquipment\",\"Peripheral\",\"Phone\",\"Printer\",\"Software\",\"SoftwareLicense\",\"Certificate\",\"Line\",\"DCRoom\",\"Rack\",\"Enclosure\",\"Cluster\",\"PDU\",\"Domain\",\"DomainRecord\",\"Appliance\",\"Item_DeviceSimcard\",\"PassiveDCEquipment\",\"DatabaseInstance\",\"Database\",\"Cable\",\"PluginOrderOrder\",\"PluginSimcardSimcard\"]','[]','2026-03-05 20:36:51','Ce prodil est utilisé par l\'équipe d\'analystes du centre de services en charge du support de niveau 1.','[]',0,0,0,0,'[]','[]','2017-11-21 22:38:10'),
(7,'Supervisor','central',0,3,'[\"Computer\",\"Monitor\",\"NetworkEquipment\",\"Peripheral\",\"Phone\",\"Printer\",\"Software\"]','[]','2020-08-05 22:41:49',NULL,'[]',0,0,0,0,NULL,NULL,'2017-11-21 22:38:10'),
(8,'7-Consultation','central',0,0,'[]','{\"1\":{\"2\":0,\"3\":0,\"4\":0,\"5\":0,\"6\":0},\n                       \"2\":{\"1\":0,\"3\":0,\"4\":0,\"5\":0,\"6\":0},\n                       \"3\":{\"1\":0,\"2\":0,\"4\":0,\"5\":0,\"6\":0},\n                       \"4\":{\"1\":0,\"2\":0,\"3\":0,\"5\":0,\"6\":0},\n                       \"5\":{\"1\":0,\"2\":0,\"3\":0,\"4\":0,\"6\":0},\n                       \"6\":{\"1\":0,\"2\":0,\"3\":0,\"4\":0,\"5\":0}}','2024-11-26 19:36:43','This profile defines read-only access. It is used when objects are locked. It can also be used to give to users rights to unlock objects.','{\"1\":{\"7\":0,\"2\":0,\"3\":0,\"4\":0,\"5\":0,\"8\":0,\"6\":0},\n                      \"7\":{\"1\":0,\"2\":0,\"3\":0,\"4\":0,\"5\":0,\"8\":0,\"6\":0},\n                      \"2\":{\"1\":0,\"7\":0,\"3\":0,\"4\":0,\"5\":0,\"8\":0,\"6\":0},\n                      \"3\":{\"1\":0,\"7\":0,\"2\":0,\"4\":0,\"5\":0,\"8\":0,\"6\":0},\n                      \"4\":{\"1\":0,\"7\":0,\"2\":0,\"3\":0,\"5\":0,\"8\":0,\"6\":0},\n                      \"5\":{\"1\":0,\"7\":0,\"2\":0,\"3\":0,\"4\":0,\"8\":0,\"6\":0},\n                      \"8\":{\"1\":0,\"7\":0,\"2\":0,\"3\":0,\"4\":0,\"5\":0,\"6\":0},\n                      \"6\":{\"1\":0,\"7\":0,\"2\":0,\"3\":0,\"4\":0,\"5\":0,\"8\":0}}',0,0,0,0,'{\"1\":{\"9\":0,\"10\":0,\"7\":0,\"4\":0,\"11\":0,\"12\":0,\"5\":0,\"8\":0,\"6\":0},\n                       \"9\":{\"1\":0,\"10\":0,\"7\":0,\"4\":0,\"11\":0,\"12\":0,\"5\":0,\"8\":0,\"6\":0},\n                       \"10\":{\"1\":0,\"9\":0,\"7\":0,\"4\":0,\"11\":0,\"12\":0,\"5\":0,\"8\":0,\"6\":0},\n                       \"7\":{\"1\":0,\"9\":0,\"10\":0,\"4\":0,\"11\":0,\"12\":0,\"5\":0,\"8\":0,\"6\":0},\n                       \"4\":{\"1\":0,\"9\":0,\"10\":0,\"7\":0,\"11\":0,\"12\":0,\"5\":0,\"8\":0,\"6\":0},\n                       \"11\":{\"1\":0,\"9\":0,\"10\":0,\"7\":0,\"4\":0,\"12\":0,\"5\":0,\"8\":0,\"6\":0},\n                       \"12\":{\"1\":0,\"9\":0,\"10\":0,\"7\":0,\"4\":0,\"11\":0,\"5\":0,\"8\":0,\"6\":0},\n                       \"5\":{\"1\":0,\"9\":0,\"10\":0,\"7\":0,\"4\":0,\"11\":0,\"12\":0,\"8\":0,\"6\":0},\n                       \"8\":{\"1\":0,\"9\":0,\"10\":0,\"7\":0,\"4\":0,\"11\":0,\"12\":0,\"5\":0,\"6\":0},\n                       \"6\":{\"1\":0,\"9\":0,\"10\":0,\"7\":0,\"4\":0,\"11\":0,\"12\":0,\"5\":0,\"8\":0}}',NULL,'2016-02-08 21:57:46'),
(13,'2-Gestionnaire- Portail WEB Libre-service','helpdesk',0,0,'[\"Computer\",\"Monitor\",\"NetworkEquipment\",\"Peripheral\",\"Phone\",\"Printer\",\"Software\",\"SoftwareLicense\",\"Certificate\",\"Line\"]','{\"1\":{\"2\":0,\"3\":0,\"4\":0,\"5\":0,\"6\":0},\"2\":{\"1\":0,\"3\":0,\"4\":0,\"5\":0,\"6\":0},\"3\":{\"1\":0,\"2\":0,\"4\":0,\"5\":0,\"6\":0},\"4\":{\"1\":0,\"2\":0,\"3\":0,\"5\":0,\"6\":0},\"5\":{\"1\":0,\"2\":0,\"3\":0,\"4\":0},\"6\":{\"1\":0,\"2\":0,\"3\":0,\"4\":0,\"5\":0}}','2024-01-09 22:55:53',NULL,'[]',0,0,0,0,NULL,NULL,'2018-01-23 15:10:09'),
(36,'5-Administrateur fonctionnel','central',0,3,'[\"Computer\",\"Monitor\",\"NetworkEquipment\",\"Peripheral\",\"Phone\",\"Printer\",\"Software\",\"SoftwareLicense\",\"Certificate\",\"Line\",\"DCRoom\",\"Rack\",\"Enclosure\",\"PDU\",\"PluginFormcreatorFormAnswer\",\"PluginOrderOrder\",\"PluginDatabasesDatabase\",\"PluginWebapplicationsWebapplication\",\"PluginDomainsDomain\",\"PluginGenericobjectCircuit\"]','[]','2024-11-26 19:36:23',NULL,'[]',0,0,0,0,NULL,NULL,'2020-02-03 18:35:53'),
(38,'4-Coordonnateur de gestion du parc informatique','central',0,0,'[\"Computer\",\"Monitor\",\"PluginOrderOrder\"]','{\"1\":{\"2\":0,\"3\":0,\"4\":0,\"5\":0,\"6\":0},\"2\":{\"1\":0,\"3\":0,\"4\":0,\"5\":0,\"6\":0},\"3\":{\"1\":0,\"2\":0,\"4\":0,\"5\":0,\"6\":0},\"4\":{\"1\":0,\"2\":0,\"3\":0,\"5\":0,\"6\":0},\"5\":{\"1\":0,\"2\":0,\"3\":0,\"4\":0,\"6\":0},\"6\":{\"1\":0,\"2\":0,\"3\":0,\"4\":0,\"5\":0}}','2024-11-26 19:36:12','',NULL,0,0,0,0,NULL,'[]','2021-04-02 08:16:42'),
(42,'8-Analyste de ticket DAF','central',0,3,'[\"Appliance\"]','[]','2025-09-26 13:12:09','','{\"1\":{\"7\":0,\"2\":0,\"3\":0,\"4\":0,\"5\":0,\"8\":0,\"6\":0},\"7\":{\"1\":0,\"2\":0,\"3\":0,\"4\":0,\"5\":0,\"8\":0,\"6\":0},\"2\":{\"1\":0,\"7\":0,\"3\":0,\"4\":0,\"5\":0,\"8\":0,\"6\":0},\"3\":{\"1\":0,\"7\":0,\"2\":0,\"4\":0,\"5\":0,\"8\":0,\"6\":0},\"4\":{\"1\":0,\"7\":0,\"2\":0,\"3\":0,\"5\":0,\"8\":0,\"6\":0},\"5\":{\"1\":0,\"7\":0,\"2\":0,\"3\":0,\"4\":0,\"8\":0,\"6\":0},\"8\":{\"1\":0,\"7\":0,\"2\":0,\"3\":0,\"4\":0,\"5\":0,\"6\":0},\"6\":{\"1\":0,\"7\":0,\"2\":0,\"3\":0,\"4\":0,\"5\":0,\"8\":0}}',0,0,0,0,'{\"1\":{\"9\":0,\"10\":0,\"7\":0,\"4\":0,\"11\":0,\"12\":0,\"5\":0,\"8\":0,\"6\":0,\"14\":0,\"13\":0},\"9\":{\"1\":0,\"10\":0,\"7\":0,\"4\":0,\"11\":0,\"12\":0,\"5\":0,\"8\":0,\"6\":0,\"14\":0,\"13\":0},\"10\":{\"1\":0,\"9\":0,\"7\":0,\"4\":0,\"11\":0,\"12\":0,\"5\":0,\"8\":0,\"6\":0,\"14\":0,\"13\":0},\"7\":{\"1\":0,\"9\":0,\"10\":0,\"4\":0,\"11\":0,\"12\":0,\"5\":0,\"8\":0,\"6\":0,\"14\":0,\"13\":0},\"4\":{\"1\":0,\"9\":0,\"10\":0,\"7\":0,\"11\":0,\"12\":0,\"5\":0,\"8\":0,\"6\":0,\"14\":0,\"13\":0},\"11\":{\"1\":0,\"9\":0,\"10\":0,\"7\":0,\"4\":0,\"12\":0,\"5\":0,\"8\":0,\"6\":0,\"14\":0,\"13\":0},\"12\":{\"1\":0,\"9\":0,\"10\":0,\"7\":0,\"4\":0,\"11\":0,\"5\":0,\"8\":0,\"6\":0,\"14\":0,\"13\":0},\"5\":{\"1\":0,\"9\":0,\"10\":0,\"7\":0,\"4\":0,\"11\":0,\"12\":0,\"8\":0,\"6\":0,\"14\":0,\"13\":0},\"8\":{\"1\":0,\"9\":0,\"10\":0,\"7\":0,\"4\":0,\"11\":0,\"12\":0,\"5\":0,\"6\":0,\"14\":0,\"13\":0},\"6\":{\"1\":0,\"9\":0,\"10\":0,\"7\":0,\"4\":0,\"11\":0,\"12\":0,\"5\":0,\"8\":0,\"14\":0,\"13\":0},\"14\":{\"1\":0,\"9\":0,\"10\":0,\"7\":0,\"4\":0,\"11\":0,\"12\":0,\"5\":0,\"8\":0,\"6\":0,\"13\":0},\"13\":{\"1\":0,\"9\":0,\"10\":0,\"7\":0,\"4\":0,\"11\":0,\"12\":0,\"5\":0,\"8\":0,\"6\":0,\"14\":0}}','[]','2025-09-26 12:25:25');

--
-- Table structure for table `glpi_profiles_reminders`
--

CREATE TABLE `glpi_profiles_reminders` (
  `id` int(10) unsigned NOT NULL AUTO_INCREMENT,
  `reminders_id` int(10) unsigned NOT NULL DEFAULT 0,
  `profiles_id` int(10) unsigned NOT NULL DEFAULT 0,
  `entities_id` int(10) unsigned DEFAULT NULL,
  `is_recursive` tinyint(1) NOT NULL DEFAULT 0,
  `no_entity_restriction` tinyint(4) NOT NULL DEFAULT 0,
  PRIMARY KEY (`id`),
  KEY `reminders_id` (`reminders_id`),
  KEY `profiles_id` (`profiles_id`),
  KEY `entities_id` (`entities_id`),
  KEY `is_recursive` (`is_recursive`)
) ENGINE=InnoDB DEFAULT CHARSET=utf8mb4 COLLATE=utf8mb4_unicode_ci;

--
-- Dumping data for table `glpi_profiles_reminders`
--


--
-- Table structure for table `glpi_profiles_rssfeeds`
--

CREATE TABLE `glpi_profiles_rssfeeds` (
  `id` int(10) unsigned NOT NULL AUTO_INCREMENT,
  `rssfeeds_id` int(10) unsigned NOT NULL DEFAULT 0,
  `profiles_id` int(10) unsigned NOT NULL DEFAULT 0,
  `entities_id` int(10) unsigned DEFAULT NULL,
  `is_recursive` tinyint(1) NOT NULL DEFAULT 0,
  `no_entity_restriction` tinyint(4) NOT NULL DEFAULT 0,
  PRIMARY KEY (`id`),
  KEY `rssfeeds_id` (`rssfeeds_id`),
  KEY `profiles_id` (`profiles_id`),
  KEY `entities_id` (`entities_id`),
  KEY `is_recursive` (`is_recursive`)
) ENGINE=InnoDB DEFAULT CHARSET=utf8mb4 COLLATE=utf8mb4_unicode_ci;

--
-- Dumping data for table `glpi_profiles_rssfeeds`
--


--
-- Table structure for table `glpi_profiles_users`
--

CREATE TABLE `glpi_profiles_users` (
  `id` int(10) unsigned NOT NULL AUTO_INCREMENT,
  `users_id` int(10) unsigned NOT NULL DEFAULT 0,
  `profiles_id` int(10) unsigned NOT NULL DEFAULT 0,
  `entities_id` int(10) unsigned NOT NULL DEFAULT 0,
  `is_recursive` tinyint(1) NOT NULL DEFAULT 1,
  `is_dynamic` tinyint(1) NOT NULL DEFAULT 0,
  `is_default_profile` tinyint(1) NOT NULL DEFAULT 0,
  PRIMARY KEY (`id`),
  KEY `entities_id` (`entities_id`),
  KEY `profiles_id` (`profiles_id`),
  KEY `users_id` (`users_id`),
  KEY `is_recursive` (`is_recursive`),
  KEY `is_dynamic` (`is_dynamic`)
) ENGINE=InnoDB AUTO_INCREMENT=441 DEFAULT CHARSET=utf8mb4 COLLATE=utf8mb4_unicode_ci;

--
-- Dumping data for table `glpi_profiles_users`
--

INSERT INTO `glpi_profiles_users` VALUES
(2,2,4,0,1,0,0),
(249,60,36,0,1,0,0),
(256,60,4,0,1,0,0),
(259,2,1,0,1,0,0),
(289,2,8,0,1,0,0),
(298,2,6,0,1,0,0),
(305,18,6,0,1,0,0),
(316,72,1,0,0,1,1),
(321,27,6,0,1,0,0),
(326,73,1,0,0,1,1),
(423,22,1,5,1,0,0),
(424,16,1,5,1,0,0),
(425,84,1,12,1,0,0),
(427,23,1,5,1,0,0),
(428,85,4,0,1,0,0),
(429,86,1,0,0,0,0),
(430,87,1,0,0,0,0),
(431,88,1,0,0,0,0),
(432,89,1,0,0,0,0),
(433,90,1,0,0,0,0),
(434,84,6,12,0,0,0),
(437,41,6,5,0,0,0),
(439,91,42,13,0,0,0),
(440,22,13,0,1,0,0);

--
-- Table structure for table `glpi_projectcosts`
--

CREATE TABLE `glpi_projectcosts` (
  `id` int(10) unsigned NOT NULL AUTO_INCREMENT,
  `projects_id` int(10) unsigned NOT NULL DEFAULT 0,
  `name` varchar(255) DEFAULT NULL,
  `comment` mediumtext DEFAULT NULL,
  `begin_date` date DEFAULT NULL,
  `end_date` date DEFAULT NULL,
  `cost` decimal(20,4) NOT NULL DEFAULT 0.0000,
  `budgets_id` int(10) unsigned NOT NULL DEFAULT 0,
  `entities_id` int(10) unsigned NOT NULL DEFAULT 0,
  `is_recursive` tinyint(1) NOT NULL DEFAULT 0,
  PRIMARY KEY (`id`),
  KEY `name` (`name`),
  KEY `projects_id` (`projects_id`),
  KEY `begin_date` (`begin_date`),
  KEY `end_date` (`end_date`),
  KEY `entities_id` (`entities_id`),
  KEY `is_recursive` (`is_recursive`),
  KEY `budgets_id` (`budgets_id`)
) ENGINE=InnoDB AUTO_INCREMENT=2 DEFAULT CHARSET=utf8mb4 COLLATE=utf8mb4_unicode_ci;

--
-- Dumping data for table `glpi_projectcosts`
--

INSERT INTO `glpi_projectcosts` VALUES
(1,4,'Licence temporaire du serveur de DEV','','2023-03-01','2023-03-01',5000.0000,2,0,1);

--
-- Table structure for table `glpi_projects`
--

CREATE TABLE `glpi_projects` (
  `id` int(10) unsigned NOT NULL AUTO_INCREMENT,
  `name` varchar(255) DEFAULT NULL,
  `code` varchar(255) DEFAULT NULL,
  `priority` int(11) NOT NULL DEFAULT 1,
  `entities_id` int(10) unsigned NOT NULL DEFAULT 0,
  `is_recursive` tinyint(1) NOT NULL DEFAULT 0,
  `projects_id` int(10) unsigned NOT NULL DEFAULT 0,
  `projectstates_id` int(10) unsigned NOT NULL DEFAULT 0,
  `projecttypes_id` int(10) unsigned NOT NULL DEFAULT 0,
  `date` timestamp NULL DEFAULT NULL,
  `date_mod` timestamp NULL DEFAULT NULL,
  `users_id` int(10) unsigned NOT NULL DEFAULT 0,
  `groups_id` int(10) unsigned NOT NULL DEFAULT 0,
  `plan_start_date` timestamp NULL DEFAULT NULL,
  `plan_end_date` timestamp NULL DEFAULT NULL,
  `real_start_date` timestamp NULL DEFAULT NULL,
  `real_end_date` timestamp NULL DEFAULT NULL,
  `percent_done` int(11) NOT NULL DEFAULT 0,
  `auto_percent_done` tinyint(1) NOT NULL DEFAULT 0,
  `show_on_global_gantt` tinyint(1) NOT NULL DEFAULT 0,
  `content` longtext DEFAULT NULL,
  `comment` longtext DEFAULT NULL,
  `is_deleted` tinyint(1) NOT NULL DEFAULT 0,
  `date_creation` timestamp NULL DEFAULT NULL,
  `projecttemplates_id` int(10) unsigned NOT NULL DEFAULT 0,
  `is_template` tinyint(1) NOT NULL DEFAULT 0,
  `template_name` varchar(255) DEFAULT NULL,
  PRIMARY KEY (`id`),
  KEY `name` (`name`),
  KEY `code` (`code`),
  KEY `entities_id` (`entities_id`),
  KEY `is_recursive` (`is_recursive`),
  KEY `projects_id` (`projects_id`),
  KEY `projectstates_id` (`projectstates_id`),
  KEY `projecttypes_id` (`projecttypes_id`),
  KEY `priority` (`priority`),
  KEY `date` (`date`),
  KEY `date_mod` (`date_mod`),
  KEY `users_id` (`users_id`),
  KEY `groups_id` (`groups_id`),
  KEY `plan_start_date` (`plan_start_date`),
  KEY `plan_end_date` (`plan_end_date`),
  KEY `real_start_date` (`real_start_date`),
  KEY `real_end_date` (`real_end_date`),
  KEY `percent_done` (`percent_done`),
  KEY `show_on_global_gantt` (`show_on_global_gantt`),
  KEY `date_creation` (`date_creation`),
  KEY `projecttemplates_id` (`projecttemplates_id`),
  KEY `is_template` (`is_template`),
  KEY `is_deleted` (`is_deleted`)
) ENGINE=InnoDB AUTO_INCREMENT=7 DEFAULT CHARSET=utf8mb4 COLLATE=utf8mb4_unicode_ci;

--
-- Dumping data for table `glpi_projects`
--

INSERT INTO `glpi_projects` VALUES
(2,'P450S Plan d\'implantation','P450S',3,0,1,0,2,0,'2018-04-24 15:09:51','2020-07-02 21:05:38',0,0,NULL,NULL,NULL,NULL,0,0,1,'','',0,'2018-04-24 15:17:47',0,1,'P450S Plan d\'implantation'),
(4,'Projet d\'implantation infrastructure de surveillance vidéo de site','P450S',3,0,1,0,2,0,'2018-04-24 15:09:51','2024-11-27 15:19:03',0,0,'2018-05-01 12:00:00','2018-07-31 20:00:00',NULL,NULL,0,0,1,'','',0,'2018-05-16 18:28:43',0,0,'P450S Plan d'),
(5,'Déploiement de la solution Kalendho','KHO2023',3,0,1,0,2,1,'2023-03-31 12:02:58','2024-11-26 19:28:36',0,0,'2023-01-02 13:00:00',NULL,'2023-01-02 13:00:00',NULL,0,0,1,'Le projet vise au déploiement de la solution infonuagique Kalendho.','',0,'2023-03-31 12:04:56',0,0,NULL),
(6,'Plan d\'implantation d\'un nouveau module de création d\'horaire dans Kalendo','P450S',3,0,1,0,2,1,'2023-03-31 15:06:47','2023-03-31 15:08:52',0,0,NULL,NULL,NULL,NULL,0,0,1,'','',0,'2023-03-31 15:07:49',0,0,NULL);

--
-- Table structure for table `glpi_projectstates`
--

CREATE TABLE `glpi_projectstates` (
  `id` int(10) unsigned NOT NULL AUTO_INCREMENT,
  `name` varchar(255) DEFAULT NULL,
  `comment` mediumtext DEFAULT NULL,
  `color` varchar(255) DEFAULT NULL,
  `is_finished` tinyint(1) NOT NULL DEFAULT 0,
  `date_mod` timestamp NULL DEFAULT NULL,
  `date_creation` timestamp NULL DEFAULT NULL,
  PRIMARY KEY (`id`),
  KEY `name` (`name`),
  KEY `is_finished` (`is_finished`),
  KEY `date_mod` (`date_mod`),
  KEY `date_creation` (`date_creation`)
) ENGINE=InnoDB AUTO_INCREMENT=6 DEFAULT CHARSET=utf8mb4 COLLATE=utf8mb4_unicode_ci;

--
-- Dumping data for table `glpi_projectstates`
--

INSERT INTO `glpi_projectstates` VALUES
(1,'Nouveau',NULL,'#06ff00',0,'2022-09-12 12:44:46',NULL),
(2,'En cours',NULL,'#ffb800',0,'2022-09-12 12:44:24',NULL),
(3,'Clos',NULL,'#ff0000',1,'2022-09-12 12:44:14',NULL),
(4,'Décision',NULL,'#eeeeee',0,'2023-03-31 12:49:46','2020-11-24 15:11:52'),
(5,'En évaluation','','#dddddd',0,'2021-04-02 09:03:57','2021-04-02 09:03:57');

--
-- Table structure for table `glpi_projecttasklinks`
--

CREATE TABLE `glpi_projecttasklinks` (
  `id` int(10) unsigned NOT NULL AUTO_INCREMENT,
  `projecttasks_id_source` int(10) unsigned NOT NULL,
  `source_uuid` varchar(255) NOT NULL,
  `projecttasks_id_target` int(10) unsigned NOT NULL,
  `target_uuid` varchar(255) NOT NULL,
  `type` tinyint(4) NOT NULL DEFAULT 0,
  `lag` smallint(6) DEFAULT 0,
  `lead` smallint(6) DEFAULT 0,
  PRIMARY KEY (`id`),
  KEY `projecttasks_id_source` (`projecttasks_id_source`),
  KEY `projecttasks_id_target` (`projecttasks_id_target`)
) ENGINE=InnoDB AUTO_INCREMENT=4 DEFAULT CHARSET=utf8mb4 COLLATE=utf8mb4_unicode_ci ROW_FORMAT=DYNAMIC;

--
-- Dumping data for table `glpi_projecttasklinks`
--

INSERT INTO `glpi_projecttasklinks` VALUES
(2,33,'65adfab5-bb15-11ea-a06a-fa163ed3325c',34,'65adfbf5-bb15-11ea-a06a-fa163ed3325c',0,0,0),
(3,62,'d906d9ca-ae43-4713-bcb4-7661b6e1401e',51,'1abe6240-d18f-4c71-a7fd-8ff686a28a83',1,0,0);

--
-- Table structure for table `glpi_projecttasks`
--

CREATE TABLE `glpi_projecttasks` (
  `id` int(10) unsigned NOT NULL AUTO_INCREMENT,
  `uuid` varchar(255) DEFAULT NULL,
  `name` varchar(255) DEFAULT NULL,
  `content` longtext DEFAULT NULL,
  `comment` longtext DEFAULT NULL,
  `entities_id` int(10) unsigned NOT NULL DEFAULT 0,
  `is_recursive` tinyint(1) NOT NULL DEFAULT 0,
  `projects_id` int(10) unsigned NOT NULL DEFAULT 0,
  `projecttasks_id` int(10) unsigned NOT NULL DEFAULT 0,
  `date_creation` timestamp NULL DEFAULT NULL,
  `date_mod` timestamp NULL DEFAULT NULL,
  `plan_start_date` timestamp NULL DEFAULT NULL,
  `plan_end_date` timestamp NULL DEFAULT NULL,
  `real_start_date` timestamp NULL DEFAULT NULL,
  `real_end_date` timestamp NULL DEFAULT NULL,
  `planned_duration` int(11) NOT NULL DEFAULT 0,
  `effective_duration` int(11) NOT NULL DEFAULT 0,
  `projectstates_id` int(10) unsigned NOT NULL DEFAULT 0,
  `projecttasktypes_id` int(10) unsigned NOT NULL DEFAULT 0,
  `users_id` int(10) unsigned NOT NULL DEFAULT 0,
  `percent_done` int(11) NOT NULL DEFAULT 0,
  `auto_percent_done` tinyint(1) NOT NULL DEFAULT 0,
  `is_milestone` tinyint(1) NOT NULL DEFAULT 0,
  `projecttasktemplates_id` int(10) unsigned NOT NULL DEFAULT 0,
  `is_template` tinyint(1) NOT NULL DEFAULT 0,
  `template_name` varchar(255) DEFAULT NULL,
  PRIMARY KEY (`id`),
  UNIQUE KEY `uuid` (`uuid`),
  KEY `name` (`name`),
  KEY `entities_id` (`entities_id`),
  KEY `is_recursive` (`is_recursive`),
  KEY `projects_id` (`projects_id`),
  KEY `projecttasks_id` (`projecttasks_id`),
  KEY `date_mod` (`date_mod`),
  KEY `users_id` (`users_id`),
  KEY `plan_start_date` (`plan_start_date`),
  KEY `plan_end_date` (`plan_end_date`),
  KEY `real_start_date` (`real_start_date`),
  KEY `real_end_date` (`real_end_date`),
  KEY `percent_done` (`percent_done`),
  KEY `projectstates_id` (`projectstates_id`),
  KEY `projecttasktypes_id` (`projecttasktypes_id`),
  KEY `projecttasktemplates_id` (`projecttasktemplates_id`),
  KEY `is_template` (`is_template`),
  KEY `is_milestone` (`is_milestone`),
  KEY `date_creation` (`date_creation`)
) ENGINE=InnoDB AUTO_INCREMENT=86 DEFAULT CHARSET=utf8mb4 COLLATE=utf8mb4_unicode_ci;

--
-- Dumping data for table `glpi_projecttasks`
--

INSERT INTO `glpi_projecttasks` VALUES
(1,'65add6b3-bb15-11ea-a06a-fa163ed3325c','2.1 Plan d\'implantation général de la livraison','','',0,1,2,0,'2018-04-24 15:27:30','2020-07-02 21:03:57',NULL,NULL,NULL,NULL,0,0,2,2,2,0,0,1,2,0,NULL),
(2,'65add925-bb15-11ea-a06a-fa163ed3325c','2.2 Plan d\'essai d\'acceptation','','',0,1,2,0,'2018-04-24 15:30:00','2020-07-02 21:04:23',NULL,NULL,NULL,NULL,0,0,2,3,2,0,0,1,3,0,NULL),
(3,'65addacf-bb15-11ea-a06a-fa163ed3325c','2.3 Plan de formation','','',0,1,2,0,'2018-04-24 15:33:59','2020-11-24 15:12:42',NULL,NULL,NULL,NULL,0,0,4,4,2,0,0,1,4,0,NULL),
(4,'65addc37-bb15-11ea-a06a-fa163ed3325c','2.4 Plan de communication','','',0,1,2,0,'2018-04-24 19:00:13','2020-07-02 21:04:07',NULL,NULL,NULL,NULL,0,0,2,5,2,0,0,1,5,0,NULL),
(5,'65addd8a-bb15-11ea-a06a-fa163ed3325c','2.5 Plan d\'affectation des ressources humaines','','Bla bla',0,1,2,0,'2018-04-24 19:01:11','2022-02-15 16:05:05',NULL,NULL,NULL,NULL,0,0,4,6,2,0,0,1,6,0,NULL),
(6,'65added6-bb15-11ea-a06a-fa163ed3325c','2.6 Plan de préparation et d\'installation des sites','','',0,1,2,0,'2018-04-24 19:01:40','2020-11-24 15:15:48',NULL,NULL,NULL,NULL,0,0,2,7,2,0,0,1,7,0,NULL),
(7,'65ade1b9-bb15-11ea-a06a-fa163ed3325c','2.7 Plan de conversion','','',0,1,2,0,'2018-04-24 19:02:21','2020-07-02 21:06:02',NULL,NULL,NULL,NULL,0,0,2,8,2,0,0,1,8,0,NULL),
(8,'65ade362-bb15-11ea-a06a-fa163ed3325c','2.8 Plan de retour arrière','','',0,1,2,0,'2018-04-24 19:02:43','2020-11-24 15:16:20',NULL,NULL,NULL,NULL,0,0,2,9,60,0,0,1,9,0,NULL),
(17,'65ade4b9-bb15-11ea-a06a-fa163ed3325c','2.1.1 Acquisition d’équipement et de ressources d’infrastructure technologique','•	Planifier l’acquisition\r\n•	Communiquer avec des fournisseurs\r\n•	Revoir et compléter les commandes\r\n•	Déterminer les dates de livraison et les retards','',0,1,2,1,'2018-05-16 17:47:18','2020-07-02 21:06:22','2018-05-16 12:00:00','2018-05-18 20:00:00',NULL,NULL,0,0,1,2,2,0,0,0,2,0,NULL),
(18,'65ade6c5-bb15-11ea-a06a-fa163ed3325c','2.1.2 Installation de l’équipement et des ressources d’infrastructure technologique','•	Installer l’équipement et le logiciel dans la bibliothèque centrale\r\n•	Installer l’équipement et le logiciel dans le bibliobus\r\n','',0,1,2,1,'2018-05-16 17:49:21','2022-02-15 16:58:33',NULL,NULL,NULL,NULL,0,0,4,2,2,0,0,0,2,0,NULL),
(19,'65ade843-bb15-11ea-a06a-fa163ed3325c','2.2.1 Installer l’environnement d’essai d’acceptation','','',0,1,2,2,'2018-05-16 18:04:03','2018-05-16 18:04:03',NULL,NULL,NULL,NULL,0,0,0,3,2,0,0,0,3,0,NULL),
(20,'65ade995-bb15-11ea-a06a-fa163ed3325c','2.2.2 Exécuter les essais d’acceptation','•	Compléter la définition des groupes et des cas d’essai d’acceptation\r\n•	Exécuter les essais conformément au plan d’essai d’acceptation\r\n•	Évaluer l’exécution des essais d’acceptation\r\n•	Exécuter les demandes de correction et de changement\r\n•	Approuver l’évaluation de l’exécution des essais','',0,1,2,2,'2018-05-16 18:05:13','2020-07-02 21:06:31',NULL,NULL,NULL,NULL,0,0,1,3,2,0,0,0,3,0,NULL),
(21,'65adeb02-bb15-11ea-a06a-fa163ed3325c','2.1.3 Recrutement et acquisition de ressources humaines','•	Définir les besoins\r\n•	Afficher les postes à combler\r\n•	Rencontrer et sélectionner les candidats\r\n•	Conclure des contrats de maintenance du système avec les fournisseurs','',0,1,2,1,'2018-05-16 18:15:02','2020-07-02 21:06:25',NULL,NULL,NULL,NULL,0,0,1,2,2,0,0,0,2,0,NULL),
(22,'65adec55-bb15-11ea-a06a-fa163ed3325c','2.1.4 Installer les ressources humaines','','',0,1,2,1,'2018-05-16 18:15:36','2020-11-24 15:16:45',NULL,NULL,NULL,NULL,0,0,4,2,2,0,0,0,2,0,NULL),
(23,'65aded9d-bb15-11ea-a06a-fa163ed3325c','2.2.3 	Exécution des modifications demandées','•	Planifier l’exécution des demandes de correction et de changement touchant le système et les guides de l’utilisateur\r\n•	Effectuer les modifications demandées aux système\r\n•	Effectuer les modifications demandées aux guides de l’utilisateur\r\n•	Valider les modifications\r\n•	Approuver les modifications','',0,1,2,2,'2018-05-16 18:17:54','2018-05-16 18:17:54',NULL,NULL,NULL,NULL,0,0,0,3,2,0,0,0,3,0,NULL),
(24,'65adeefa-bb15-11ea-a06a-fa163ed3325c','2.2.4 Approuver les essais d’acceptation','•	Approuver la mise en production de la livraison','',0,1,2,2,'2018-05-16 18:18:36','2018-05-16 18:18:36',NULL,NULL,NULL,NULL,0,0,0,3,2,0,0,0,3,0,NULL),
(25,'65adf046-bb15-11ea-a06a-fa163ed3325c','2.4.1 •	Revoir le plan d’implantation','','',0,1,2,4,'2018-05-16 18:20:40','2018-05-16 18:20:40',NULL,NULL,NULL,NULL,0,0,0,5,2,0,0,0,5,0,NULL),
(26,'65adf18e-bb15-11ea-a06a-fa163ed3325c','2.4.2 •	Approuver le plan d’implantation','','',0,1,2,4,'2018-05-16 18:21:16','2018-05-16 18:21:16',NULL,NULL,NULL,NULL,0,0,0,5,2,0,0,0,5,0,NULL),
(27,'65adf2de-bb15-11ea-a06a-fa163ed3325c','2.7.1 Préparer les données','•	S’assurer que les cartes de membre et les cartes de prêt sont lisibles pour la conversion\r\n•	Obtenir les données manquantes des membres et des fournisseurs','',0,1,2,7,'2018-05-16 18:22:20','2018-05-16 18:23:03',NULL,NULL,NULL,NULL,0,0,0,8,2,0,0,0,8,0,NULL),
(28,'65adf436-bb15-11ea-a06a-fa163ed3325c','2.7.2 Convertir les données','•	Charger les données de pilotage\r\n•	Introduire les données sur les membres à l’aide d’un lecteur optique\r\n•	Introduire les données sur les prêts\r\n•	Introduire les données sur les fournisseurs à l’aide d’un lecteur optique\r\n•	Effectuer les conversions manuelle et automatisée des données\r\n•	Valider les résultats de la conversion\r\n•	Corriger les erreurs et répéter la conversion','',0,1,2,7,'2018-05-16 18:23:57','2018-05-16 18:23:57',NULL,NULL,NULL,NULL,0,0,0,8,2,0,0,0,8,0,NULL),
(29,'65adf59a-bb15-11ea-a06a-fa163ed3325c','2.7.3 Gérer la conversion','•	Superviser le groupe de pilotage\r\n•	Superviser l’équipe de développement\r\n•	Préparer le compte rendu de la conversion\r\n•	Revoir le compte rendu de la conversion','',0,1,2,7,'2018-05-16 18:24:38','2018-05-16 18:24:38',NULL,NULL,NULL,NULL,0,0,0,8,2,0,0,0,8,0,NULL),
(30,'65adf6e6-bb15-11ea-a06a-fa163ed3325c','2.1 Plan d\'implantation général de la livraison','','',0,1,4,0,'2018-04-24 15:27:30','2022-09-12 12:38:52','2022-01-01 05:00:00','2023-12-29 05:00:00','2021-12-31 17:00:00','2021-12-31 17:00:00',0,0,5,2,2,0,0,0,2,0,''),
(31,'65adf834-bb15-11ea-a06a-fa163ed3325c','2.2 Plan d\'essai d\'acceptation','','',0,1,4,0,'2018-04-24 15:30:00','2022-08-04 12:58:46','2022-01-17 05:00:00','2023-01-01 05:00:00',NULL,NULL,0,0,0,3,2,0,0,0,3,0,''),
(32,'65adf976-bb15-11ea-a06a-fa163ed3325c','2.3 Plan de formation','','',0,1,4,0,'2018-04-24 15:33:59','2018-05-16 18:28:43',NULL,NULL,NULL,NULL,0,0,0,4,2,0,0,1,4,0,''),
(33,'65adfab5-bb15-11ea-a06a-fa163ed3325c','2.4 Plan de communication','','',0,1,4,0,'2018-04-24 19:00:13','2024-11-27 15:19:03','2023-03-27 04:00:00','2023-03-27 04:00:00',NULL,NULL,0,0,0,5,2,0,0,0,5,0,''),
(34,'65adfbf5-bb15-11ea-a06a-fa163ed3325c','2.5 Plan d\'affectation des ressources humaines','','',0,1,4,0,'2018-04-24 19:01:11','2023-03-31 12:00:12',NULL,NULL,NULL,NULL,0,0,2,6,2,0,0,1,6,0,''),
(35,'65adfd3b-bb15-11ea-a06a-fa163ed3325c','2.6 Plan de préparation et d\'installation des sites','','',0,1,4,0,'2018-04-24 19:01:40','2020-07-02 21:07:24',NULL,NULL,NULL,NULL,0,0,1,7,2,0,0,1,7,0,''),
(36,'65adfe80-bb15-11ea-a06a-fa163ed3325c','2.7 Plan de conversion','','',0,1,4,0,'2018-04-24 19:02:21','2020-07-02 21:07:23',NULL,NULL,NULL,NULL,0,0,1,8,2,0,0,1,8,0,''),
(37,'65adffc6-bb15-11ea-a06a-fa163ed3325c','2.8 Plan de retour arrière','','',0,1,4,0,'2018-04-24 19:02:43','2020-07-02 21:06:56',NULL,NULL,NULL,NULL,0,0,1,9,2,0,0,1,9,0,''),
(38,'65ae0109-bb15-11ea-a06a-fa163ed3325c','2.1.1 Acquisition d’équipement et de ressources d’infrastructure technologique','•	Planifier l’acquisition\r\n•	Communiquer avec des fournisseurs\r\n•	Revoir et compléter les commandes\r\n•	Déterminer les dates de livraison et les retards','',0,1,4,1,'2018-05-16 17:47:18','2018-05-16 18:28:43','2018-05-16 12:00:00','2018-05-18 20:00:00',NULL,NULL,0,0,0,2,2,0,0,0,2,0,''),
(39,'65ae0271-bb15-11ea-a06a-fa163ed3325c','2.1.2 Installation de l’équipement et des ressources d’infrastructure technologique','•	Installer l’équipement et le logiciel dans la bibliothèque centrale\r\n•	Installer l’équipement et le logiciel dans le bibliobus\r\n','',0,1,4,1,'2018-05-16 17:49:21','2018-05-16 18:28:43',NULL,NULL,NULL,NULL,0,0,0,2,2,0,0,0,2,0,''),
(40,'65ae04fd-bb15-11ea-a06a-fa163ed3325c','2.2.1 Installer l’environnement d’essai d’acceptation','','',0,1,4,2,'2018-05-16 18:04:03','2020-07-02 21:06:49',NULL,NULL,NULL,NULL,0,0,1,3,2,0,0,0,3,0,''),
(41,'65ae0657-bb15-11ea-a06a-fa163ed3325c','2.2.2 Exécuter les essais d’acceptation','•	Compléter la définition des groupes et des cas d’essai d’acceptation\r\n•	Exécuter les essais conformément au plan d’essai d’acceptation\r\n•	Évaluer l’exécution des essais d’acceptation\r\n•	Exécuter les demandes de correction et de changement\r\n•	Approuver l’évaluation de l’exécution des essais','',0,1,4,2,'2018-05-16 18:05:13','2020-07-02 21:06:51',NULL,NULL,NULL,NULL,0,0,1,3,2,0,0,0,3,0,''),
(42,'65ae07b0-bb15-11ea-a06a-fa163ed3325c','2.1.3 Recrutement et formation de l\'équipe spécialisée d\'exploitation','&#60;p&#62;• Définir les besoins&#60;br&#62;• Afficher les postes à combler&#60;br&#62;• Rencontrer et sélectionner les candidats&#60;br&#62;• Conclure des contrats de maintenance du système avec les fournisseurs&#60;/p&#62;','',0,1,4,1,'2018-05-16 18:15:02','2023-03-31 12:01:13','2018-05-21 12:00:00','2018-05-25 20:00:00',NULL,NULL,0,0,1,2,2,0,0,0,2,0,''),
(43,'65ae0917-bb15-11ea-a06a-fa163ed3325c','2.1.4 Installer les ressources humaines','','',0,1,4,1,'2018-05-16 18:15:36','2020-07-02 21:06:52',NULL,NULL,NULL,NULL,0,0,1,2,2,0,0,0,2,0,''),
(44,'65ae0a5f-bb15-11ea-a06a-fa163ed3325c','2.2.3 	Exécution des modifications demandées','•	Planifier l’exécution des demandes de correction et de changement touchant le système et les guides de l’utilisateur\r\n•	Effectuer les modifications demandées aux système\r\n•	Effectuer les modifications demandées aux guides de l’utilisateur\r\n•	Valider les modifications\r\n•	Approuver les modifications','',0,1,4,2,'2018-05-16 18:17:54','2020-07-02 21:06:41',NULL,NULL,NULL,NULL,0,0,1,3,2,0,0,0,3,0,''),
(45,'65ae0bbf-bb15-11ea-a06a-fa163ed3325c','2.2.4 Approuver les essais d’acceptation','•	Approuver la mise en production de la livraison','',0,1,4,2,'2018-05-16 18:18:36','2020-07-02 21:06:53',NULL,NULL,NULL,NULL,0,0,1,3,2,0,0,0,3,0,''),
(46,'65ae0d0d-bb15-11ea-a06a-fa163ed3325c','2.4.1 •	Revoir le plan d’implantation','','',0,1,4,4,'2018-05-16 18:20:40','2023-03-30 18:10:40',NULL,NULL,NULL,NULL,0,0,3,5,2,100,0,0,5,0,''),
(47,'65ae0e59-bb15-11ea-a06a-fa163ed3325c','2.4.2 •	Approuver le plan d’implantation','','',0,1,4,4,'2018-05-16 18:21:16','2020-07-02 21:06:39',NULL,NULL,NULL,NULL,0,0,1,5,2,0,0,0,5,0,''),
(48,'65ae0f9e-bb15-11ea-a06a-fa163ed3325c','2.7.1 Préparer les données','•	S’assurer que les cartes de membre et les cartes de prêt sont lisibles pour la conversion\r\n•	Obtenir les données manquantes des membres et des fournisseurs','',0,1,4,7,'2018-05-16 18:22:20','2020-07-02 21:06:54',NULL,NULL,NULL,NULL,0,0,1,8,2,0,0,0,8,0,''),
(49,'65ae10f3-bb15-11ea-a06a-fa163ed3325c','2.7.2 Convertir les données','•	Charger les données de pilotage\r\n•	Introduire les données sur les membres à l’aide d’un lecteur optique\r\n•	Introduire les données sur les prêts\r\n•	Introduire les données sur les fournisseurs à l’aide d’un lecteur optique\r\n•	Effectuer les conversions manuelle et automatisée des données\r\n•	Valider les résultats de la conversion\r\n•	Corriger les erreurs et répéter la conversion','',0,1,4,7,'2018-05-16 18:23:57','2020-07-02 21:06:38',NULL,NULL,NULL,NULL,0,0,1,8,2,0,0,0,8,0,''),
(50,'65ae1259-bb15-11ea-a06a-fa163ed3325c','2.7.3 Gérer la conversion','•	Superviser le groupe de pilotage\r\n•	Superviser l’équipe de développement\r\n•	Préparer le compte rendu de la conversion\r\n•	Revoir le compte rendu de la conversion','',0,1,4,7,'2018-05-16 18:24:38','2020-07-02 21:06:35',NULL,NULL,NULL,NULL,0,0,1,8,2,0,0,0,8,0,''),
(51,'1abe6240-d18f-4c71-a7fd-8ff686a28a83','2.3 Plan de formation','','',0,1,5,0,'2023-03-31 12:04:56','2023-03-31 12:04:56',NULL,NULL,NULL,NULL,0,0,4,4,2,0,0,1,4,0,NULL),
(52,'22091f00-ffe6-46af-a417-6b10ee38a1f5','2.4 Plan de communication','','',0,1,5,0,'2023-03-31 12:04:56','2023-03-31 12:04:56',NULL,NULL,NULL,NULL,0,0,2,5,2,0,0,1,5,0,NULL),
(53,'b1e89fc6-a312-4796-b4c1-4a5342d852c4','2.7 Plan de conversion','','',0,1,5,0,'2023-03-31 12:04:56','2023-03-31 12:04:56',NULL,NULL,NULL,NULL,0,0,2,8,2,0,0,1,8,0,NULL),
(54,'70f4d7aa-8800-4782-84d7-4c79484e152b','2.8 Plan de retour arrière','','',0,1,5,0,'2023-03-31 12:04:56','2023-03-31 12:04:56',NULL,NULL,NULL,NULL,0,0,2,9,60,0,0,1,9,0,NULL),
(55,'239f41b9-4a6a-4e6a-9471-97dbd1df1671','2.1.1 Acquisition d’équipement et de ressources d’infrastructure technologique','•	Planifier l’acquisition\r\n•	Communiquer avec des fournisseurs\r\n•	Revoir et compléter les commandes\r\n•	Déterminer les dates de livraison et les retards','',0,1,5,0,'2023-03-31 12:04:56','2023-03-31 15:40:52','2018-05-16 12:00:00','2018-05-18 20:00:00',NULL,NULL,0,0,2,2,2,0,0,0,2,0,NULL),
(56,'d4094e33-e898-4c93-a6c6-15413d3887dd','2.1.2 Installation de l’équipement et des ressources d’infrastructure technologique','•	Installer l’équipement et le logiciel dans la bibliothèque centrale\r\n•	Installer l’équipement et le logiciel dans le bibliobus\r\n','',0,1,5,0,'2023-03-31 12:04:56','2023-03-31 12:04:56',NULL,NULL,NULL,NULL,0,0,4,2,2,0,0,0,2,0,NULL),
(57,'a7516ca5-817a-419c-812a-8dc0a173404c','2.2.1 Installer l’environnement d’essai d’acceptation','','',0,1,5,0,'2023-03-31 12:04:56','2023-03-31 12:45:22',NULL,NULL,NULL,NULL,0,0,1,3,2,0,0,0,3,0,NULL),
(58,'158c0fe2-1095-4171-a34c-03ebbfebdb0b','2.2.2 Exécuter les essais d’acceptation','•	Compléter la définition des groupes et des cas d’essai d’acceptation\r\n•	Exécuter les essais conformément au plan d’essai d’acceptation\r\n•	Évaluer l’exécution des essais d’acceptation\r\n•	Exécuter les demandes de correction et de changement\r\n•	Approuver l’évaluation de l’exécution des essais','',0,1,5,0,'2023-03-31 12:04:56','2023-03-31 12:04:56',NULL,NULL,NULL,NULL,0,0,1,3,2,0,0,0,3,0,NULL),
(59,'c7a68690-583a-4d33-a8e1-34330d3fd026','2.1.3 Recrutement et acquisition de ressources humaines','•	Définir les besoins\r\n•	Afficher les postes à combler\r\n•	Rencontrer et sélectionner les candidats\r\n•	Conclure des contrats de maintenance du système avec les fournisseurs','',0,1,5,0,'2023-03-31 12:04:56','2023-03-31 12:04:56',NULL,NULL,NULL,NULL,0,0,1,2,2,0,0,0,2,0,NULL),
(60,'dffffcdc-c40d-42d5-8a70-c5e75d09fb67','2.1.4 Installer les ressources humaines','','',0,1,5,0,'2023-03-31 12:04:56','2023-03-31 12:04:56',NULL,NULL,NULL,NULL,0,0,4,2,2,0,0,0,2,0,NULL),
(61,'29bc5db1-7a33-4514-a672-f42747d8c784','2.2.3 	Exécution des modifications demandées','•	Planifier l’exécution des demandes de correction et de changement touchant le système et les guides de l’utilisateur\r\n•	Effectuer les modifications demandées aux système\r\n•	Effectuer les modifications demandées aux guides de l’utilisateur\r\n•	Valider les modifications\r\n•	Approuver les modifications','',0,1,5,0,'2023-03-31 12:04:56','2023-03-31 12:04:56',NULL,NULL,NULL,NULL,0,0,0,3,2,0,0,0,3,0,NULL),
(62,'d906d9ca-ae43-4713-bcb4-7661b6e1401e','2.2.4 Approuver les essais d’acceptation','•	Approuver la mise en production de la livraison','',0,1,5,0,'2023-03-31 12:04:56','2023-03-31 12:04:56',NULL,NULL,NULL,NULL,0,0,0,3,2,0,0,0,3,0,NULL),
(63,'32d86fec-5146-4416-9504-acb208861cf6','2.4.1 •	Revoir le plan d’implantation','','',0,1,5,52,'2023-03-31 12:04:56','2023-03-31 12:04:56',NULL,NULL,NULL,NULL,0,0,0,5,2,0,0,0,5,0,NULL),
(64,'e1700ec4-ed0d-42bc-ac56-5b9839eaf9a4','2.4.2 •	Approuver le plan d’implantation','','',0,1,5,52,'2023-03-31 12:04:56','2023-03-31 12:04:56',NULL,NULL,NULL,NULL,0,0,0,5,2,0,0,0,5,0,NULL),
(65,'95132105-dfc3-4094-a53b-b38ac1d606c5','2.7.1 Préparer les données','•	S’assurer que les cartes de membre et les cartes de prêt sont lisibles pour la conversion\r\n•	Obtenir les données manquantes des membres et des fournisseurs','',0,1,5,53,'2023-03-31 12:04:56','2023-03-31 12:04:56',NULL,NULL,NULL,NULL,0,0,0,8,2,0,0,0,8,0,NULL),
(66,'e5e8e3e2-6487-4275-a59b-e6e7dc08cc3e','2.7.2 Convertir les données','•	Charger les données de pilotage\r\n•	Introduire les données sur les membres à l’aide d’un lecteur optique\r\n•	Introduire les données sur les prêts\r\n•	Introduire les données sur les fournisseurs à l’aide d’un lecteur optique\r\n•	Effectuer les conversions manuelle et automatisée des données\r\n•	Valider les résultats de la conversion\r\n•	Corriger les erreurs et répéter la conversion','',0,1,5,53,'2023-03-31 12:04:56','2023-03-31 12:04:56',NULL,NULL,NULL,NULL,0,0,0,8,2,0,0,0,8,0,NULL),
(67,'7f9f4c1a-69a4-4e85-804c-4a3685d0cb3d','2.7.3 Gérer la conversion','•	Superviser le groupe de pilotage\r\n•	Superviser l’équipe de développement\r\n•	Préparer le compte rendu de la conversion\r\n•	Revoir le compte rendu de la conversion','',0,1,5,53,'2023-03-31 12:04:56','2023-03-31 12:04:56',NULL,NULL,NULL,NULL,0,0,0,8,2,0,0,0,8,0,NULL),
(68,'86f1b136-1da5-47f6-819d-2c4c7eb1d21f','2.3 Plan de formation','','',0,1,6,0,'2023-03-31 15:07:49','2023-03-31 15:07:49',NULL,NULL,NULL,NULL,0,0,4,4,2,0,0,1,4,0,NULL),
(69,'302428cd-53c1-459b-bdb5-5732c5ec6489','2.4 Plan de communication','','',0,1,6,0,'2023-03-31 15:07:49','2023-03-31 15:07:49',NULL,NULL,NULL,NULL,0,0,2,5,2,0,0,1,5,0,NULL),
(70,'fd0b1152-774f-478c-b989-0d574c935939','2.7 Plan de conversion','','',0,1,6,0,'2023-03-31 15:07:49','2023-03-31 15:07:49',NULL,NULL,NULL,NULL,0,0,2,8,2,0,0,1,8,0,NULL),
(71,'f1c46656-6ece-421d-9052-80405195ab7d','2.8 Plan de retour arrière','','',0,1,6,0,'2023-03-31 15:07:49','2023-03-31 15:07:49',NULL,NULL,NULL,NULL,0,0,2,9,60,0,0,1,9,0,NULL),
(72,'54afb469-585c-46ae-b6c6-bd9de0351c4e','2.1.1 Acquisition d’équipement et de ressources d’infrastructure technologique','•	Planifier l’acquisition\r\n•	Communiquer avec des fournisseurs\r\n•	Revoir et compléter les commandes\r\n•	Déterminer les dates de livraison et les retards','',0,1,6,0,'2023-03-31 15:07:49','2023-03-31 15:07:49','2018-05-16 12:00:00','2018-05-18 20:00:00',NULL,NULL,0,0,1,2,2,0,0,0,2,0,NULL),
(73,'a2f6cd15-8633-4b1c-b24d-c767b323f41f','2.1.2 Installation de l’équipement et des ressources d’infrastructure technologique','•	Installer l’équipement et le logiciel dans la bibliothèque centrale\r\n•	Installer l’équipement et le logiciel dans le bibliobus\r\n','',0,1,6,0,'2023-03-31 15:07:49','2023-03-31 15:07:49',NULL,NULL,NULL,NULL,0,0,4,2,2,0,0,0,2,0,NULL),
(74,'b568ee79-d2de-445c-bbff-d9c256cb2d36','2.2.1 Installer l’environnement d’essai d’acceptation','','',0,1,6,0,'2023-03-31 15:07:49','2023-03-31 15:07:49',NULL,NULL,NULL,NULL,0,0,0,3,2,0,0,0,3,0,NULL),
(75,'afe46386-d859-4035-b212-d4913ae427b9','2.2.2 Exécuter les essais d’acceptation','•	Compléter la définition des groupes et des cas d’essai d’acceptation\r\n•	Exécuter les essais conformément au plan d’essai d’acceptation\r\n•	Évaluer l’exécution des essais d’acceptation\r\n•	Exécuter les demandes de correction et de changement\r\n•	Approuver l’évaluation de l’exécution des essais','',0,1,6,0,'2023-03-31 15:07:49','2023-03-31 15:07:49',NULL,NULL,NULL,NULL,0,0,1,3,2,0,0,0,3,0,NULL),
(76,'8dd3c750-0849-4107-852f-0b21edd91579','2.1.3 Recrutement et acquisition de ressources humaines','•	Définir les besoins\r\n•	Afficher les postes à combler\r\n•	Rencontrer et sélectionner les candidats\r\n•	Conclure des contrats de maintenance du système avec les fournisseurs','',0,1,6,0,'2023-03-31 15:07:49','2023-03-31 15:07:49',NULL,NULL,NULL,NULL,0,0,1,2,2,0,0,0,2,0,NULL),
(77,'5d0e13a1-851e-4af0-bad1-9f155d6d2e80','2.1.4 Installer les ressources humaines','','',0,1,6,0,'2023-03-31 15:07:49','2023-03-31 15:07:49',NULL,NULL,NULL,NULL,0,0,4,2,2,0,0,0,2,0,NULL),
(78,'229130c8-e026-4e3b-93bb-56ba2d690563','2.2.3 	Exécution des modifications demandées','•	Planifier l’exécution des demandes de correction et de changement touchant le système et les guides de l’utilisateur\r\n•	Effectuer les modifications demandées aux système\r\n•	Effectuer les modifications demandées aux guides de l’utilisateur\r\n•	Valider les modifications\r\n•	Approuver les modifications','',0,1,6,0,'2023-03-31 15:07:49','2023-03-31 15:07:49',NULL,NULL,NULL,NULL,0,0,0,3,2,0,0,0,3,0,NULL),
(79,'00552c09-8874-418a-aa32-0ea273671e37','2.2.4 Approuver les essais d’acceptation','•	Approuver la mise en production de la livraison','',0,1,6,0,'2023-03-31 15:07:49','2023-03-31 15:07:49',NULL,NULL,NULL,NULL,0,0,0,3,2,0,0,0,3,0,NULL),
(80,'c10ad994-7db0-452f-8f84-bbc0e9d3bfc4','2.4.1 •	Revoir le plan d’implantation','','',0,1,6,69,'2023-03-31 15:07:49','2023-03-31 15:07:49',NULL,NULL,NULL,NULL,0,0,0,5,2,0,0,0,5,0,NULL),
(81,'0493916b-ce88-4973-b1ac-ca6315834579','2.4.2 •	Approuver le plan d’implantation','','',0,1,6,69,'2023-03-31 15:07:49','2023-03-31 15:07:49',NULL,NULL,NULL,NULL,0,0,0,5,2,0,0,0,5,0,NULL),
(82,'d09acb97-0fc2-49c9-901c-4f9cf8f62786','2.7.1 Préparer les données','•	S’assurer que les cartes de membre et les cartes de prêt sont lisibles pour la conversion\r\n•	Obtenir les données manquantes des membres et des fournisseurs','',0,1,6,70,'2023-03-31 15:07:49','2023-03-31 15:07:49',NULL,NULL,NULL,NULL,0,0,0,8,2,0,0,0,8,0,NULL),
(83,'8214d29b-a910-429b-9abf-f7003782139b','2.7.2 Convertir les données','•	Charger les données de pilotage\r\n•	Introduire les données sur les membres à l’aide d’un lecteur optique\r\n•	Introduire les données sur les prêts\r\n•	Introduire les données sur les fournisseurs à l’aide d’un lecteur optique\r\n•	Effectuer les conversions manuelle et automatisée des données\r\n•	Valider les résultats de la conversion\r\n•	Corriger les erreurs et répéter la conversion','',0,1,6,70,'2023-03-31 15:07:49','2023-03-31 15:07:49',NULL,NULL,NULL,NULL,0,0,0,8,2,0,0,0,8,0,NULL),
(84,'762ba3f8-b24a-499d-b663-7d06ec61e427','2.7.3 Gérer la conversion','•	Superviser le groupe de pilotage\r\n•	Superviser l’équipe de développement\r\n•	Préparer le compte rendu de la conversion\r\n•	Revoir le compte rendu de la conversion','',0,1,6,70,'2023-03-31 15:07:49','2023-03-31 15:07:49',NULL,NULL,NULL,NULL,0,0,0,8,2,0,0,0,8,0,NULL),
(85,'99888cfe-a24f-43ae-b4b1-1e22df7aac71','Sous-tâche sur Plan d\'implantation d\'un nouveau module de création d\'horaire dans Kalendo','Sous-tâche sur Plan d\'implantation d\'un nouveau module de création d\'horaire dans Kalendo',NULL,8,0,5,0,'2023-05-01 19:00:06','2023-05-01 19:00:06',NULL,NULL,NULL,NULL,0,0,2,0,27,0,0,0,0,0,NULL);

--
-- Table structure for table `glpi_projecttasks_tickets`
--

CREATE TABLE `glpi_projecttasks_tickets` (
  `id` int(10) unsigned NOT NULL AUTO_INCREMENT,
  `tickets_id` int(10) unsigned NOT NULL DEFAULT 0,
  `projecttasks_id` int(10) unsigned NOT NULL DEFAULT 0,
  PRIMARY KEY (`id`),
  UNIQUE KEY `unicity` (`tickets_id`,`projecttasks_id`),
  KEY `projects_id` (`projecttasks_id`)
) ENGINE=InnoDB AUTO_INCREMENT=3 DEFAULT CHARSET=utf8mb4 COLLATE=utf8mb4_unicode_ci;

--
-- Dumping data for table `glpi_projecttasks_tickets`
--


--
-- Table structure for table `glpi_projecttaskteams`
--

CREATE TABLE `glpi_projecttaskteams` (
  `id` int(10) unsigned NOT NULL AUTO_INCREMENT,
  `projecttasks_id` int(10) unsigned NOT NULL DEFAULT 0,
  `itemtype` varchar(100) DEFAULT NULL,
  `items_id` int(10) unsigned NOT NULL DEFAULT 0,
  PRIMARY KEY (`id`),
  UNIQUE KEY `unicity` (`projecttasks_id`,`itemtype`,`items_id`),
  KEY `item` (`itemtype`,`items_id`)
) ENGINE=InnoDB AUTO_INCREMENT=10 DEFAULT CHARSET=utf8mb4 COLLATE=utf8mb4_unicode_ci;

--
-- Dumping data for table `glpi_projecttaskteams`
--

INSERT INTO `glpi_projecttaskteams` VALUES
(9,52,'Group',209),
(8,53,'User',27);

--
-- Table structure for table `glpi_projecttasktemplates`
--

CREATE TABLE `glpi_projecttasktemplates` (
  `id` int(10) unsigned NOT NULL AUTO_INCREMENT,
  `entities_id` int(10) unsigned NOT NULL DEFAULT 0,
  `is_recursive` tinyint(1) NOT NULL DEFAULT 0,
  `name` varchar(255) DEFAULT NULL,
  `description` longtext DEFAULT NULL,
  `comment` longtext DEFAULT NULL,
  `projects_id` int(10) unsigned NOT NULL DEFAULT 0,
  `projecttasks_id` int(10) unsigned NOT NULL DEFAULT 0,
  `plan_start_date` timestamp NULL DEFAULT NULL,
  `plan_end_date` timestamp NULL DEFAULT NULL,
  `real_start_date` timestamp NULL DEFAULT NULL,
  `real_end_date` timestamp NULL DEFAULT NULL,
  `planned_duration` int(11) NOT NULL DEFAULT 0,
  `effective_duration` int(11) NOT NULL DEFAULT 0,
  `projectstates_id` int(10) unsigned NOT NULL DEFAULT 0,
  `projecttasktypes_id` int(10) unsigned NOT NULL DEFAULT 0,
  `users_id` int(10) unsigned NOT NULL DEFAULT 0,
  `percent_done` int(11) NOT NULL DEFAULT 0,
  `is_milestone` tinyint(1) NOT NULL DEFAULT 0,
  `comments` mediumtext DEFAULT NULL,
  `date_mod` timestamp NULL DEFAULT NULL,
  `date_creation` timestamp NULL DEFAULT NULL,
  PRIMARY KEY (`id`),
  KEY `name` (`name`),
  KEY `entities_id` (`entities_id`),
  KEY `is_recursive` (`is_recursive`),
  KEY `projects_id` (`projects_id`),
  KEY `projecttasks_id` (`projecttasks_id`),
  KEY `date_creation` (`date_creation`),
  KEY `date_mod` (`date_mod`),
  KEY `users_id` (`users_id`),
  KEY `plan_start_date` (`plan_start_date`),
  KEY `plan_end_date` (`plan_end_date`),
  KEY `real_start_date` (`real_start_date`),
  KEY `real_end_date` (`real_end_date`),
  KEY `percent_done` (`percent_done`),
  KEY `projectstates_id` (`projectstates_id`),
  KEY `projecttasktypes_id` (`projecttasktypes_id`),
  KEY `is_milestone` (`is_milestone`)
) ENGINE=InnoDB AUTO_INCREMENT=10 DEFAULT CHARSET=utf8mb4 COLLATE=utf8mb4_unicode_ci;

--
-- Dumping data for table `glpi_projecttasktemplates`
--

INSERT INTO `glpi_projecttasktemplates` VALUES
(2,0,1,'2.1 Plan d\'implantation général de la livraison','','',0,0,NULL,NULL,NULL,NULL,0,0,0,2,0,0,1,'','2018-05-16 16:24:54','2018-05-16 16:12:10'),
(3,0,1,'2.2 Plan d\'essai d\'acceptation','','',0,0,NULL,NULL,NULL,NULL,0,0,0,3,0,0,1,'','2018-05-16 16:24:44','2018-05-16 16:13:04'),
(4,0,1,'2.3 Plan de formation','','',0,0,NULL,NULL,NULL,NULL,0,0,0,4,0,0,1,'','2018-05-16 16:25:10','2018-05-16 16:13:49'),
(5,0,1,'2.4 Plan de communication','','',0,0,NULL,NULL,NULL,NULL,0,0,0,5,0,0,1,'','2018-05-16 16:25:24','2018-05-16 16:15:38'),
(6,0,1,'2.5 Plan d\'affectation des ressources humaines','','',0,0,NULL,NULL,NULL,NULL,0,0,0,6,0,0,1,'','2018-05-16 16:25:43','2018-05-16 16:16:48'),
(7,0,1,'2.6 Plan de préparation et d\'installation des sites','','',0,0,NULL,NULL,NULL,NULL,0,0,0,7,0,0,1,'','2018-05-16 16:26:00','2018-05-16 16:17:16'),
(8,0,1,'2.7 Plan de conversion','','',0,0,NULL,NULL,NULL,NULL,0,0,0,8,0,0,1,'','2018-05-16 16:26:15','2018-05-16 16:18:07'),
(9,0,1,'2.8 Plan de retour arrière','','',0,0,NULL,NULL,NULL,NULL,0,0,0,9,0,0,1,'','2018-05-16 16:26:29','2018-05-16 16:18:32');

--
-- Table structure for table `glpi_projecttasktypes`
--

CREATE TABLE `glpi_projecttasktypes` (
  `id` int(10) unsigned NOT NULL AUTO_INCREMENT,
  `name` varchar(255) DEFAULT NULL,
  `comment` mediumtext DEFAULT NULL,
  `date_mod` timestamp NULL DEFAULT NULL,
  `date_creation` timestamp NULL DEFAULT NULL,
  PRIMARY KEY (`id`),
  KEY `name` (`name`),
  KEY `date_mod` (`date_mod`),
  KEY `date_creation` (`date_creation`)
) ENGINE=InnoDB AUTO_INCREMENT=10 DEFAULT CHARSET=utf8mb4 COLLATE=utf8mb4_unicode_ci;

--
-- Dumping data for table `glpi_projecttasktypes`
--

INSERT INTO `glpi_projecttasktypes` VALUES
(2,'Plan d\'implantation général de la livraison','','2018-04-24 15:23:22','2018-04-24 15:23:22'),
(3,'Plan d\'essai d\'acceptation','','2018-04-24 15:23:57','2018-04-24 15:23:57'),
(4,'Plan de formation','','2018-04-24 15:24:07','2018-04-24 15:24:07'),
(5,'Plan de communication','','2018-04-24 15:24:17','2018-04-24 15:24:17'),
(6,'Plan d\'affectation des ressources humaines','','2018-04-24 15:24:33','2018-04-24 15:24:33'),
(7,'Plan de préparation et d\'installation des sites','','2018-04-24 15:24:44','2018-04-24 15:24:44'),
(8,'Plan de conversion','','2018-04-24 15:24:56','2018-04-24 15:24:56'),
(9,'Plan de retour arrière','','2018-04-24 15:25:07','2018-04-24 15:25:07');

--
-- Table structure for table `glpi_projectteams`
--

CREATE TABLE `glpi_projectteams` (
  `id` int(10) unsigned NOT NULL AUTO_INCREMENT,
  `projects_id` int(10) unsigned NOT NULL DEFAULT 0,
  `itemtype` varchar(100) DEFAULT NULL,
  `items_id` int(10) unsigned NOT NULL DEFAULT 0,
  PRIMARY KEY (`id`),
  UNIQUE KEY `unicity` (`projects_id`,`itemtype`,`items_id`),
  KEY `item` (`itemtype`,`items_id`)
) ENGINE=InnoDB DEFAULT CHARSET=utf8mb4 COLLATE=utf8mb4_unicode_ci;

--
-- Dumping data for table `glpi_projectteams`
--


--
-- Table structure for table `glpi_projecttypes`
--

CREATE TABLE `glpi_projecttypes` (
  `id` int(10) unsigned NOT NULL AUTO_INCREMENT,
  `name` varchar(255) DEFAULT NULL,
  `comment` mediumtext DEFAULT NULL,
  `date_mod` timestamp NULL DEFAULT NULL,
  `date_creation` timestamp NULL DEFAULT NULL,
  PRIMARY KEY (`id`),
  KEY `name` (`name`),
  KEY `date_mod` (`date_mod`),
  KEY `date_creation` (`date_creation`)
) ENGINE=InnoDB AUTO_INCREMENT=2 DEFAULT CHARSET=utf8mb4 COLLATE=utf8mb4_unicode_ci;

--
-- Dumping data for table `glpi_projecttypes`
--

INSERT INTO `glpi_projecttypes` VALUES
(1,'Déploiement de solution informatique','','2023-03-31 12:03:54','2023-03-31 12:03:54');

--
-- Table structure for table `glpi_queuednotifications`
--

CREATE TABLE `glpi_queuednotifications` (
  `id` int(10) unsigned NOT NULL AUTO_INCREMENT,
  `itemtype` varchar(100) DEFAULT NULL,
  `items_id` int(10) unsigned NOT NULL DEFAULT 0,
  `notificationtemplates_id` int(10) unsigned NOT NULL DEFAULT 0,
  `entities_id` int(10) unsigned NOT NULL DEFAULT 0,
  `is_deleted` tinyint(1) NOT NULL DEFAULT 0,
  `sent_try` int(11) NOT NULL DEFAULT 0,
  `create_time` timestamp NULL DEFAULT NULL,
  `send_time` timestamp NULL DEFAULT NULL,
  `sent_time` timestamp NULL DEFAULT NULL,
  `name` mediumtext DEFAULT NULL,
  `sender` mediumtext DEFAULT NULL,
  `sendername` mediumtext DEFAULT NULL,
  `recipient` mediumtext DEFAULT NULL,
  `recipientname` mediumtext DEFAULT NULL,
  `replyto` mediumtext DEFAULT NULL,
  `replytoname` mediumtext DEFAULT NULL,
  `headers` mediumtext DEFAULT NULL,
  `body_html` longtext DEFAULT NULL,
  `body_text` longtext DEFAULT NULL,
  `messageid` mediumtext DEFAULT NULL,
  `documents` mediumtext DEFAULT NULL,
  `mode` varchar(20) NOT NULL COMMENT 'See Notification_NotificationTemplate::MODE_* constants',
  `event` varchar(255) DEFAULT NULL,
  PRIMARY KEY (`id`),
  KEY `item` (`itemtype`,`items_id`,`notificationtemplates_id`),
  KEY `is_deleted` (`is_deleted`),
  KEY `entities_id` (`entities_id`),
  KEY `sent_try` (`sent_try`),
  KEY `create_time` (`create_time`),
  KEY `send_time` (`send_time`),
  KEY `sent_time` (`sent_time`),
  KEY `mode` (`mode`),
  KEY `notificationtemplates_id` (`notificationtemplates_id`),
  KEY `recipient` (`recipient`(255))
) ENGINE=InnoDB AUTO_INCREMENT=5049 DEFAULT CHARSET=utf8mb4 COLLATE=utf8mb4_unicode_ci;

--
-- Dumping data for table `glpi_queuednotifications`
--


--
-- Table structure for table `glpi_rackmodels`
--

CREATE TABLE `glpi_rackmodels` (
  `id` int(10) unsigned NOT NULL AUTO_INCREMENT,
  `name` varchar(255) DEFAULT NULL,
  `comment` mediumtext DEFAULT NULL,
  `product_number` varchar(255) DEFAULT NULL,
  `date_mod` timestamp NULL DEFAULT NULL,
  `date_creation` timestamp NULL DEFAULT NULL,
  `pictures` text DEFAULT NULL,
  PRIMARY KEY (`id`),
  KEY `name` (`name`),
  KEY `product_number` (`product_number`),
  KEY `date_creation` (`date_creation`),
  KEY `date_mod` (`date_mod`)
) ENGINE=InnoDB DEFAULT CHARSET=utf8mb4 COLLATE=utf8mb4_unicode_ci;

--
-- Dumping data for table `glpi_rackmodels`
--


--
-- Table structure for table `glpi_racks`
--

CREATE TABLE `glpi_racks` (
  `id` int(10) unsigned NOT NULL AUTO_INCREMENT,
  `name` varchar(255) DEFAULT NULL,
  `comment` mediumtext DEFAULT NULL,
  `entities_id` int(10) unsigned NOT NULL DEFAULT 0,
  `is_recursive` tinyint(1) NOT NULL DEFAULT 0,
  `locations_id` int(10) unsigned NOT NULL DEFAULT 0,
  `serial` varchar(255) DEFAULT NULL,
  `otherserial` varchar(255) DEFAULT NULL,
  `rackmodels_id` int(10) unsigned DEFAULT NULL,
  `manufacturers_id` int(10) unsigned NOT NULL DEFAULT 0,
  `racktypes_id` int(10) unsigned NOT NULL DEFAULT 0,
  `states_id` int(10) unsigned NOT NULL DEFAULT 0,
  `users_id_tech` int(10) unsigned NOT NULL DEFAULT 0,
  `groups_id_tech` int(10) unsigned NOT NULL DEFAULT 0,
  `width` int(11) DEFAULT NULL,
  `height` int(11) DEFAULT NULL,
  `depth` int(11) DEFAULT NULL,
  `number_units` int(11) DEFAULT 0,
  `is_template` tinyint(1) NOT NULL DEFAULT 0,
  `template_name` varchar(255) DEFAULT NULL,
  `is_deleted` tinyint(1) NOT NULL DEFAULT 0,
  `dcrooms_id` int(10) unsigned NOT NULL DEFAULT 0,
  `room_orientation` int(11) NOT NULL DEFAULT 0,
  `position` varchar(50) DEFAULT NULL,
  `bgcolor` varchar(7) DEFAULT NULL,
  `max_power` int(11) NOT NULL DEFAULT 0,
  `mesured_power` int(11) NOT NULL DEFAULT 0,
  `max_weight` int(11) NOT NULL DEFAULT 0,
  `date_mod` timestamp NULL DEFAULT NULL,
  `date_creation` timestamp NULL DEFAULT NULL,
  PRIMARY KEY (`id`),
  KEY `entities_id` (`entities_id`),
  KEY `is_recursive` (`is_recursive`),
  KEY `locations_id` (`locations_id`),
  KEY `rackmodels_id` (`rackmodels_id`),
  KEY `manufacturers_id` (`manufacturers_id`),
  KEY `racktypes_id` (`racktypes_id`),
  KEY `states_id` (`states_id`),
  KEY `users_id_tech` (`users_id_tech`),
  KEY `group_id_tech` (`groups_id_tech`),
  KEY `is_template` (`is_template`),
  KEY `is_deleted` (`is_deleted`),
  KEY `dcrooms_id` (`dcrooms_id`),
  KEY `date_creation` (`date_creation`),
  KEY `date_mod` (`date_mod`),
  KEY `name` (`name`)
) ENGINE=InnoDB AUTO_INCREMENT=3 DEFAULT CHARSET=utf8mb4 COLLATE=utf8mb4_unicode_ci;

--
-- Dumping data for table `glpi_racks`
--

INSERT INTO `glpi_racks` VALUES
(1,'BAIEA01','',0,1,0,'','',0,0,0,22,0,0,0,0,0,8,0,NULL,0,0,1,NULL,'#fec95c',450,0,100,'2024-11-27 15:19:52','2021-09-09 14:25:09');

--
-- Table structure for table `glpi_racktypes`
--

CREATE TABLE `glpi_racktypes` (
  `id` int(10) unsigned NOT NULL AUTO_INCREMENT,
  `entities_id` int(10) unsigned NOT NULL DEFAULT 0,
  `is_recursive` tinyint(1) NOT NULL DEFAULT 0,
  `name` varchar(255) DEFAULT NULL,
  `comment` mediumtext DEFAULT NULL,
  `date_creation` timestamp NULL DEFAULT NULL,
  `date_mod` timestamp NULL DEFAULT NULL,
  PRIMARY KEY (`id`),
  KEY `entities_id` (`entities_id`),
  KEY `is_recursive` (`is_recursive`),
  KEY `name` (`name`),
  KEY `date_creation` (`date_creation`),
  KEY `date_mod` (`date_mod`)
) ENGINE=InnoDB DEFAULT CHARSET=utf8mb4 COLLATE=utf8mb4_unicode_ci;

--
-- Dumping data for table `glpi_racktypes`
--


--
-- Table structure for table `glpi_recurrentchanges`
--

CREATE TABLE `glpi_recurrentchanges` (
  `id` int(10) unsigned NOT NULL AUTO_INCREMENT,
  `name` varchar(255) DEFAULT NULL,
  `comment` mediumtext DEFAULT NULL,
  `entities_id` int(10) unsigned NOT NULL DEFAULT 0,
  `is_recursive` tinyint(1) NOT NULL DEFAULT 0,
  `is_active` tinyint(1) NOT NULL DEFAULT 0,
  `changetemplates_id` int(10) unsigned NOT NULL DEFAULT 0,
  `begin_date` timestamp NULL DEFAULT NULL,
  `periodicity` varchar(255) DEFAULT NULL,
  `create_before` int(11) NOT NULL DEFAULT 0,
  `next_creation_date` timestamp NULL DEFAULT NULL,
  `calendars_id` int(10) unsigned NOT NULL DEFAULT 0,
  `end_date` timestamp NULL DEFAULT NULL,
  PRIMARY KEY (`id`),
  KEY `entities_id` (`entities_id`),
  KEY `is_recursive` (`is_recursive`),
  KEY `is_active` (`is_active`),
  KEY `changetemplates_id` (`changetemplates_id`),
  KEY `next_creation_date` (`next_creation_date`),
  KEY `calendars_id` (`calendars_id`),
  KEY `name` (`name`)
) ENGINE=InnoDB AUTO_INCREMENT=4 DEFAULT CHARSET=utf8mb4 COLLATE=utf8mb4_unicode_ci;

--
-- Dumping data for table `glpi_recurrentchanges`
--

INSERT INTO `glpi_recurrentchanges` VALUES
(1,'Mise à jour des serveurs de production','',0,1,1,1,'2021-02-12 22:00:00','1MONTH',86400,NULL,0,'2021-02-13 00:00:00'),
(2,'  Mise à jour des serveurs de test','',0,0,1,1,'2021-02-12 17:00:00','7200',3600,NULL,0,'2021-02-12 20:00:00'),
(3,'Test changement récurrent','',0,1,1,0,'2024-07-23 17:00:00','86400',43200,'2024-07-24 05:00:00',3,'2024-07-26 16:00:00');

--
-- Table structure for table `glpi_refusedequipments`
--

CREATE TABLE `glpi_refusedequipments` (
  `id` int(10) unsigned NOT NULL AUTO_INCREMENT,
  `name` varchar(255) DEFAULT NULL,
  `itemtype` varchar(100) DEFAULT NULL,
  `entities_id` int(10) unsigned NOT NULL DEFAULT 0,
  `ip` text DEFAULT NULL,
  `mac` text DEFAULT NULL,
  `rules_id` int(10) unsigned NOT NULL DEFAULT 0,
  `method` varchar(255) DEFAULT NULL,
  `serial` varchar(255) DEFAULT NULL,
  `uuid` varchar(255) DEFAULT NULL,
  `agents_id` int(10) unsigned NOT NULL DEFAULT 0,
  `autoupdatesystems_id` int(10) unsigned NOT NULL DEFAULT 0,
  `date_creation` timestamp NULL DEFAULT NULL,
  `date_mod` timestamp NULL DEFAULT NULL,
  PRIMARY KEY (`id`),
  KEY `entities_id` (`entities_id`),
  KEY `agents_id` (`agents_id`),
  KEY `autoupdatesystems_id` (`autoupdatesystems_id`),
  KEY `rules_id` (`rules_id`),
  KEY `date_creation` (`date_creation`),
  KEY `date_mod` (`date_mod`),
  KEY `name` (`name`)
) ENGINE=InnoDB AUTO_INCREMENT=223 DEFAULT CHARSET=utf8mb4 COLLATE=utf8mb4_unicode_ci ROW_FORMAT=DYNAMIC;

--
-- Dumping data for table `glpi_refusedequipments`
--

INSERT INTO `glpi_refusedequipments` VALUES
(80,'','Computer',0,'','',453,NULL,'','',0,6,'2023-03-29 15:21:39','2023-03-29 15:21:39'),
(81,'','Computer',0,'','',453,NULL,'','',0,6,'2023-03-29 15:28:35','2023-03-29 15:28:35'),
(82,'','Unmanaged',0,'[\"192.168.1.128\"]','08:00:27:29:f5:a9',493,NULL,'','',0,6,'2023-03-29 15:29:09','2023-03-29 15:29:09'),
(83,'','Unmanaged',0,'[\"192.168.1.209\"]','70:f0:88:c0:bb:ce',493,NULL,'','',0,6,'2023-03-29 15:29:28','2023-03-29 15:29:28'),
(84,'','Computer',0,'','',453,NULL,'','',0,6,'2023-03-29 16:15:58','2023-03-29 16:15:58'),
(85,'','Unmanaged',0,'[\"192.168.1.209\"]','70:f0:88:c0:bb:ce',493,NULL,'','',0,6,'2023-03-29 16:16:49','2023-03-29 16:16:49'),
(86,'','Computer',0,'','',453,NULL,'','',0,6,'2023-03-30 16:08:18','2023-03-30 16:08:18'),
(87,'','Unmanaged',0,'[\"192.168.1.204\"]','9c:fc:e8:3e:02:56',493,NULL,'','',0,6,'2023-03-30 16:09:05','2023-03-30 16:09:05'),
(88,'','Unmanaged',0,'[\"192.168.1.209\"]','70:f0:88:c0:bb:ce',493,NULL,'','',0,6,'2023-03-30 16:09:06','2023-03-30 16:09:06'),
(89,'','Computer',0,'','',453,NULL,'','',0,6,'2023-03-30 21:51:48','2023-03-30 21:51:48'),
(90,'','Unmanaged',0,'[\"192.168.1.204\"]','9c:fc:e8:3e:02:56',493,NULL,'','',0,6,'2023-03-30 21:52:36','2023-03-30 21:52:36'),
(91,'','Unmanaged',0,'[\"192.168.1.209\"]','70:f0:88:c0:bb:ce',493,NULL,'','',0,6,'2023-03-30 21:52:37','2023-03-30 21:52:37'),
(92,'','Computer',0,'','',453,NULL,'','',0,6,'2023-03-31 13:18:09','2023-03-31 13:18:09'),
(93,'','Unmanaged',0,'[\"192.168.1.127\"]','dc:e9:94:4d:86:d5',493,NULL,'','',0,6,'2023-03-31 13:18:41','2023-03-31 13:18:41'),
(94,'','Unmanaged',0,'[\"192.168.1.209\"]','70:f0:88:c0:bb:ce',493,NULL,'','',0,6,'2023-03-31 13:18:59','2023-03-31 13:18:59'),
(95,'','Computer',0,'','',453,NULL,'','',0,6,'2023-04-19 14:06:12','2023-04-19 14:06:12'),
(96,'','Unmanaged',0,'[\"192.168.1.209\"]','70:f0:88:c0:bb:ce',493,NULL,'','',0,6,'2023-04-19 14:07:02','2023-04-19 14:07:02'),
(97,'','Computer',0,'','',453,NULL,'','',0,6,'2023-04-19 18:57:13','2023-04-19 18:57:13'),
(98,'','Unmanaged',0,'[\"192.168.1.209\"]','70:f0:88:c0:bb:ce',493,NULL,'','',0,6,'2023-04-19 18:58:02','2023-04-19 18:58:02'),
(99,'','Computer',0,'','',453,NULL,'','',0,6,'2023-04-20 18:34:51','2023-04-20 18:34:51'),
(100,'','Unmanaged',0,'[\"192.168.1.165\"]','9a:44:d8:42:44:2b',493,NULL,'','',0,6,'2023-04-20 18:35:31','2023-04-20 18:35:31'),
(101,'','Unmanaged',0,'[\"192.168.1.204\"]','9c:fc:e8:3e:02:56',493,NULL,'','',0,6,'2023-04-20 18:35:40','2023-04-20 18:35:40'),
(102,'','Unmanaged',0,'[\"192.168.1.209\"]','70:f0:88:c0:bb:ce',493,NULL,'','',0,6,'2023-04-20 18:35:41','2023-04-20 18:35:41'),
(103,'','Computer',0,'','',453,NULL,'','',0,6,'2023-04-20 21:00:42','2023-04-20 21:00:42'),
(104,'','Unmanaged',0,'[\"192.168.1.204\"]','9c:fc:e8:3e:02:56',493,NULL,'','',0,6,'2023-04-20 21:01:30','2023-04-20 21:01:30'),
(105,'','Unmanaged',0,'[\"192.168.1.209\"]','70:f0:88:c0:bb:ce',493,NULL,'','',0,6,'2023-04-20 21:01:32','2023-04-20 21:01:32'),
(106,'','Computer',0,'','',453,NULL,'','',0,6,'2023-04-21 20:25:35','2023-04-21 20:25:35'),
(107,'','Unmanaged',0,'[\"192.168.1.209\"]','70:f0:88:c0:bb:ce',493,NULL,'','',0,6,'2023-04-21 20:26:25','2023-04-21 20:26:25'),
(108,'','Computer',0,'','',453,NULL,'','',0,6,'2023-04-26 13:10:34','2023-04-26 13:10:34'),
(109,'','Unmanaged',0,'[\"192.168.1.209\"]','70:f0:88:c0:bb:ce',493,NULL,'','',0,6,'2023-04-26 13:11:24','2023-04-26 13:11:24'),
(110,'','Computer',0,'','',453,NULL,'','',0,6,'2023-04-27 12:40:23','2023-04-27 12:40:23'),
(111,'','Unmanaged',0,'[\"192.168.1.197\"]','44:91:60:63:47:4a',493,NULL,'','',0,6,'2023-04-27 12:41:08','2023-04-27 12:41:08'),
(112,'','Unmanaged',0,'[\"192.168.1.204\"]','9c:fc:e8:3e:02:56',493,NULL,'','',0,6,'2023-04-27 12:41:11','2023-04-27 12:41:11'),
(113,'','Unmanaged',0,'[\"192.168.1.209\"]','70:f0:88:c0:bb:ce',493,NULL,'','',0,6,'2023-04-27 12:41:12','2023-04-27 12:41:12'),
(114,'','Computer',0,'','',453,NULL,'','',0,6,'2023-04-28 12:12:44','2023-04-28 12:12:44'),
(115,'','Unmanaged',0,'[\"192.168.1.209\"]','70:f0:88:c0:bb:ce',493,NULL,'','',0,6,'2023-04-28 12:13:35','2023-04-28 12:13:35'),
(116,'','Computer',0,'','',453,NULL,'','',0,6,'2023-05-01 12:23:39','2023-05-01 12:23:39'),
(117,'','Unmanaged',0,'[\"192.168.1.204\"]','9c:fc:e8:3e:02:56',493,NULL,'','',0,6,'2023-05-01 12:24:27','2023-05-01 12:24:27'),
(118,'','Unmanaged',0,'[\"192.168.1.209\"]','70:f0:88:c0:bb:ce',493,NULL,'','',0,6,'2023-05-01 12:24:30','2023-05-01 12:24:30'),
(119,'','Computer',0,'','',453,NULL,'','',0,6,'2023-05-12 12:00:08','2023-05-12 12:00:08'),
(120,'','Unmanaged',0,'[\"192.168.1.209\"]','70:f0:88:c0:bb:ce',493,NULL,'','',0,6,'2023-05-12 12:00:57','2023-05-12 12:00:57'),
(121,'','Computer',0,'','',453,NULL,'','',0,6,'2023-05-26 11:54:00','2023-05-26 11:54:00'),
(122,'','Unmanaged',0,'[\"192.168.1.156\"]','7a:03:1a:eb:f3:7b',493,NULL,'','',0,6,'2023-05-26 11:54:36','2023-05-26 11:54:36'),
(123,'','Unmanaged',0,'[\"192.168.1.204\"]','9c:fc:e8:3e:02:56',493,NULL,'','',0,6,'2023-05-26 11:54:47','2023-05-26 11:54:47'),
(124,'','Unmanaged',0,'[\"192.168.1.209\"]','70:f0:88:c0:bb:ce',493,NULL,'','',0,6,'2023-05-26 11:54:49','2023-05-26 11:54:49'),
(125,'','Computer',0,'','',453,NULL,'','',0,6,'2023-05-31 12:31:25','2023-05-31 12:31:25'),
(126,'','Unmanaged',0,'[\"192.168.1.204\"]','9c:fc:e8:3e:02:56',493,NULL,'','',0,6,'2023-05-31 12:32:18','2023-05-31 12:32:18'),
(127,'','Unmanaged',0,'[\"192.168.1.209\"]','70:f0:88:c0:bb:ce',493,NULL,'','',0,6,'2023-05-31 12:32:20','2023-05-31 12:32:20'),
(128,'','Computer',0,'','',453,NULL,'','',0,6,'2023-06-01 12:31:59','2023-06-01 12:31:59'),
(129,'','Unmanaged',0,'[\"192.168.1.204\"]','9c:fc:e8:3e:02:56',493,NULL,'','',0,6,'2023-06-01 12:32:47','2023-06-01 12:32:47'),
(130,'','Unmanaged',0,'[\"192.168.1.209\"]','70:f0:88:c0:bb:ce',493,NULL,'','',0,6,'2023-06-01 12:32:48','2023-06-01 12:32:48'),
(131,'','Computer',0,'','',453,NULL,'','',0,6,'2023-06-02 12:29:17','2023-06-02 12:29:17'),
(132,'','Unmanaged',0,'[\"192.168.1.209\"]','70:f0:88:c0:bb:ce',493,NULL,'','',0,6,'2023-06-02 12:30:07','2023-06-02 12:30:07'),
(133,'','Computer',0,'','',453,NULL,'','',0,6,'2023-06-05 12:11:09','2023-06-05 12:11:09'),
(134,'','Unmanaged',0,'[\"192.168.1.114\"]','08:00:27:9f:a8:e8',493,NULL,'','',0,6,'2023-06-05 12:11:37','2023-06-05 12:11:37'),
(135,'','Unmanaged',0,'[\"192.168.1.209\"]','70:f0:88:c0:bb:ce',493,NULL,'','',0,6,'2023-06-05 12:12:05','2023-06-05 12:12:05'),
(136,'','Computer',0,'','',453,NULL,'','',0,6,'2023-06-06 12:32:30','2023-06-06 12:32:30'),
(137,'','Unmanaged',0,'[\"192.168.1.204\"]','9c:fc:e8:3e:02:56',493,NULL,'','',0,6,'2023-06-06 12:33:18','2023-06-06 12:33:18'),
(138,'','Unmanaged',0,'[\"192.168.1.209\"]','70:f0:88:c0:bb:ce',493,NULL,'','',0,6,'2023-06-06 12:33:21','2023-06-06 12:33:21'),
(139,'','Computer',0,'','',453,NULL,'','',0,6,'2023-06-12 13:33:50','2023-06-12 13:33:50'),
(140,'','Unmanaged',0,'[\"192.168.1.204\"]','9c:fc:e8:3e:02:56',493,NULL,'','',0,6,'2023-06-12 13:34:45','2023-06-12 13:34:45'),
(141,'','Unmanaged',0,'[\"192.168.1.209\"]','70:f0:88:c0:bb:ce',493,NULL,'','',0,6,'2023-06-12 13:34:47','2023-06-12 13:34:47'),
(142,'','Computer',0,'','',453,NULL,'','',0,6,'2023-06-13 13:32:55','2023-06-13 13:32:55'),
(143,'','Unmanaged',0,'[\"192.168.1.204\"]','9c:fc:e8:3e:02:56',493,NULL,'','',0,6,'2023-06-13 13:33:44','2023-06-13 13:33:44'),
(144,'','Unmanaged',0,'[\"192.168.1.209\"]','70:f0:88:c0:bb:ce',493,NULL,'','',0,6,'2023-06-13 13:33:45','2023-06-13 13:33:45'),
(145,'','Computer',0,'','',453,NULL,'','',0,6,'2023-06-14 13:24:45','2023-06-14 13:24:45'),
(146,'','Unmanaged',0,'[\"192.168.1.209\"]','70:f0:88:c0:bb:ce',493,NULL,'','',0,6,'2023-06-14 13:25:41','2023-06-14 13:25:41'),
(147,'','Computer',0,'','',453,NULL,'','',0,6,'2023-06-15 12:33:30','2023-06-15 12:33:30'),
(148,'','Unmanaged',0,'[\"192.168.1.204\"]','9c:fc:e8:3e:02:56',493,NULL,'','',0,6,'2023-06-15 12:34:18','2023-06-15 12:34:18'),
(149,'','Unmanaged',0,'[\"192.168.1.209\"]','70:f0:88:c0:bb:ce',493,NULL,'','',0,6,'2023-06-15 12:34:20','2023-06-15 12:34:20'),
(150,'','Computer',0,'','',453,NULL,'','',0,6,'2023-06-16 12:24:26','2023-06-16 12:24:26'),
(151,'','Unmanaged',0,'[\"192.168.1.209\"]','70:f0:88:c0:bb:ce',493,NULL,'','',0,6,'2023-06-16 12:25:15','2023-06-16 12:25:15'),
(152,'','Computer',0,'','',453,NULL,'','',0,6,'2023-06-26 12:04:28','2023-06-26 12:04:28'),
(153,'','Unmanaged',0,'[\"192.168.1.209\"]','70:f0:88:c0:bb:ce',493,NULL,'','',0,6,'2023-06-26 12:05:22','2023-06-26 12:05:22'),
(154,'','Computer',0,'','',453,NULL,'','',0,6,'2023-06-30 20:25:27','2023-06-30 20:25:27'),
(155,'','Unmanaged',0,'[\"192.168.1.209\"]','70:f0:88:c0:bb:ce',493,NULL,'','',0,6,'2023-06-30 20:26:17','2023-06-30 20:26:17'),
(156,'','Computer',0,'','',453,NULL,'','',0,6,'2023-06-30 20:57:26','2023-06-30 20:57:26'),
(157,'','Unmanaged',0,'[\"192.168.1.209\"]','70:f0:88:c0:bb:ce',493,NULL,'','',0,6,'2023-06-30 20:58:16','2023-06-30 20:58:16'),
(158,'','Computer',0,'','',453,NULL,'','',0,6,'2023-07-06 12:02:25','2023-07-06 12:02:25'),
(159,'','Unmanaged',0,'[\"192.168.1.204\"]','9c:fc:e8:3e:02:56',493,NULL,'','',0,6,'2023-07-06 12:03:14','2023-07-06 12:03:14'),
(160,'','Unmanaged',0,'[\"192.168.1.209\"]','70:f0:88:c0:bb:ce',493,NULL,'','',0,6,'2023-07-06 12:03:21','2023-07-06 12:03:21'),
(161,'','Computer',0,'','',453,NULL,'','',0,6,'2023-07-07 12:03:44','2023-07-07 12:03:44'),
(162,'','Unmanaged',0,'[\"192.168.1.209\"]','70:f0:88:c0:bb:ce',493,NULL,'','',0,6,'2023-07-07 12:04:36','2023-07-07 12:04:36'),
(163,'','Computer',0,'','',453,NULL,'','',0,6,'2023-10-16 15:12:25','2023-10-16 15:12:25'),
(164,'','Computer',0,'','',453,NULL,'','',0,6,'2023-10-16 17:00:00','2023-10-16 17:00:00'),
(165,'','Computer',0,'','',453,NULL,'','',0,6,'2023-10-16 17:00:01','2023-10-16 17:00:01'),
(166,'','Computer',0,'','',453,NULL,'','',0,6,'2023-10-17 13:11:50','2023-10-17 13:11:50'),
(167,'','Computer',0,'','',453,NULL,'','',0,6,'2023-10-17 13:11:51','2023-10-17 13:11:51'),
(168,'','Unmanaged',0,'[\"192.168.1.204\"]','9c:fc:e8:3e:02:56',493,NULL,'','',0,6,'2023-10-17 18:11:37','2023-10-17 18:11:37'),
(169,'','Unmanaged',0,'[\"192.168.1.204\"]','9c:fc:e8:3e:02:56',493,NULL,'','',0,6,'2023-10-17 18:12:11','2023-10-17 18:12:11'),
(170,'','Unmanaged',0,'[\"192.168.1.209\"]','70:f0:88:c0:bb:ce',493,NULL,'','',0,6,'2023-10-17 18:17:03','2023-10-17 18:17:03'),
(171,'','Unmanaged',0,'[\"192.168.1.209\"]','70:f0:88:c0:bb:ce',493,NULL,'','',0,6,'2023-10-17 18:17:36','2023-10-17 18:17:36'),
(172,'','Computer',0,'','',453,NULL,'','',0,6,'2023-10-17 21:26:02','2023-10-17 21:26:02'),
(173,'','Computer',0,'','',453,NULL,'','',0,6,'2023-10-17 21:26:03','2023-10-17 21:26:03'),
(174,'','Unmanaged',0,'[\"192.168.1.208\"]','70:1c:e7:d5:a9:21',493,NULL,'','',0,6,'2023-10-17 21:33:59','2023-10-17 21:33:59'),
(175,'','Unmanaged',0,'[\"192.168.1.208\"]','70:1c:e7:d5:a9:21',493,NULL,'','',0,6,'2023-10-17 21:34:00','2023-10-17 21:34:00'),
(176,'','Unmanaged',0,'[\"192.168.1.209\"]','70:f0:88:c0:bb:ce',493,NULL,'','',0,6,'2023-10-17 21:34:01','2023-10-17 21:34:01'),
(177,'','Unmanaged',0,'[\"192.168.1.209\"]','70:f0:88:c0:bb:ce',493,NULL,'','',0,6,'2023-10-17 21:34:01','2023-10-17 21:34:01'),
(178,'','Computer',0,'','',453,NULL,'','',0,6,'2023-10-18 20:37:37','2023-10-18 20:37:37'),
(179,'','Unmanaged',0,'[\"192.168.1.204\"]','9c:fc:e8:3e:02:56',493,NULL,'','',0,6,'2023-10-18 20:41:46','2023-10-18 20:41:46'),
(180,'','Unmanaged',0,'[\"192.168.1.209\"]','70:f0:88:c0:bb:ce',493,NULL,'','',0,6,'2023-10-18 20:41:48','2023-10-18 20:41:48'),
(181,'','Computer',0,'','',453,NULL,'','',0,6,'2023-10-24 12:25:46','2023-10-24 12:25:46'),
(182,'','Unmanaged',0,'[\"192.168.1.204\"]','9c:fc:e8:3e:02:56',493,NULL,'','',0,6,'2023-10-24 12:29:56','2023-10-24 12:29:56'),
(183,'','Unmanaged',0,'[\"192.168.1.209\"]','70:f0:88:c0:bb:ce',493,NULL,'','',0,6,'2023-10-24 12:29:58','2023-10-24 12:29:58'),
(184,'','Computer',0,'','',453,NULL,'','',0,6,'2023-10-25 12:31:50','2023-10-25 12:31:50'),
(185,'','Unmanaged',0,'[\"192.168.1.204\"]','9c:fc:e8:3e:02:56',493,NULL,'','',0,6,'2023-10-25 12:35:59','2023-10-25 12:35:59'),
(186,'','Unmanaged',0,'[\"192.168.1.209\"]','70:f0:88:c0:bb:ce',493,NULL,'','',0,6,'2023-10-25 12:36:01','2023-10-25 12:36:01'),
(187,'','Computer',0,'','',453,NULL,'','',0,6,'2023-10-26 12:20:50','2023-10-26 12:20:50'),
(188,'','Computer',0,'','',453,NULL,'','',0,6,'2023-10-27 12:08:01','2023-10-27 12:08:01'),
(189,'','Unmanaged',0,'[\"192.168.1.209\"]','70:f0:88:c0:bb:ce',493,NULL,'','',0,6,'2023-10-27 12:12:13','2023-10-27 12:12:13'),
(190,'','Computer',0,'','',453,NULL,'','',0,6,'2023-10-30 12:28:57','2023-10-30 12:28:57'),
(191,'','Unmanaged',0,'[\"192.168.1.209\"]','70:f0:88:c0:bb:ce',493,NULL,'','',0,6,'2023-10-30 12:33:11','2023-10-30 12:33:11'),
(192,'','Computer',0,'','',453,NULL,'','',0,6,'2023-10-31 12:22:24','2023-10-31 12:22:24'),
(193,'','Unmanaged',0,'[\"192.168.1.209\"]','70:f0:88:c0:bb:ce',493,NULL,'','',0,6,'2023-10-31 12:26:36','2023-10-31 12:26:36'),
(194,'','Computer',0,'','',453,NULL,'','',0,6,'2023-11-01 12:25:04','2023-11-01 12:25:04'),
(195,'','Unmanaged',0,'[\"192.168.1.204\"]','9c:fc:e8:3e:02:56',493,NULL,'','',0,6,'2023-11-01 12:29:18','2023-11-01 12:29:18'),
(196,'','Unmanaged',0,'[\"192.168.1.209\"]','70:f0:88:c0:bb:ce',493,NULL,'','',0,6,'2023-11-01 12:29:22','2023-11-01 12:29:22'),
(197,'','Computer',0,'','',453,NULL,'','',0,6,'2023-11-02 12:24:27','2023-11-02 12:24:27'),
(198,'','Unmanaged',0,'[\"192.168.1.209\"]','70:f0:88:c0:bb:ce',493,NULL,'','',0,6,'2023-11-02 12:28:41','2023-11-02 12:28:41'),
(199,'','Computer',0,'','',453,NULL,'','',0,6,'2023-11-03 12:14:31','2023-11-03 12:14:31'),
(200,'','Unmanaged',0,'[\"192.168.1.209\"]','70:f0:88:c0:bb:ce',493,NULL,'','',0,6,'2023-11-03 12:18:42','2023-11-03 12:18:42'),
(201,'','Computer',0,'','',453,NULL,'','',0,6,'2023-11-06 13:06:18','2023-11-06 13:06:18'),
(202,'','Unmanaged',0,'[\"192.168.1.209\"]','70:f0:88:c0:bb:ce',493,NULL,'','',0,6,'2023-11-06 13:10:34','2023-11-06 13:10:34'),
(203,'','Computer',0,'','',453,NULL,'','',0,6,'2023-12-05 22:15:33','2023-12-05 22:15:33'),
(204,'','Unmanaged',0,'[\"192.168.1.209\"]','70:f0:88:c0:bb:ce',493,NULL,'','',0,6,'2023-12-05 22:19:45','2023-12-05 22:19:45'),
(205,'','Computer',0,'','',453,NULL,'','',0,6,'2023-12-06 13:16:30','2023-12-06 13:16:30'),
(206,'','Unmanaged',0,'[\"192.168.1.204\"]','9c:fc:e8:3e:02:56',493,NULL,'','',0,6,'2023-12-06 13:20:39','2023-12-06 13:20:39'),
(207,'','Unmanaged',0,'[\"192.168.1.209\"]','70:f0:88:c0:bb:ce',493,NULL,'','',0,6,'2023-12-06 13:20:42','2023-12-06 13:20:42'),
(208,'','Computer',0,'','',453,NULL,'','',0,6,'2023-12-07 12:50:57','2023-12-07 12:50:57'),
(209,'','Unmanaged',0,'[\"192.168.1.209\"]','70:f0:88:c0:bb:ce',493,NULL,'','',0,6,'2023-12-07 12:55:08','2023-12-07 12:55:08'),
(210,'','Computer',0,'','',453,NULL,'','',0,6,'2023-12-08 12:36:47','2023-12-08 12:36:47'),
(211,'','Unmanaged',0,'[\"192.168.1.209\"]','70:f0:88:c0:bb:ce',493,NULL,'','',0,6,'2023-12-08 12:40:58','2023-12-08 12:40:58'),
(212,'','Computer',0,'','',453,NULL,'','',0,6,'2023-12-09 11:54:23','2023-12-09 11:54:23'),
(213,'','Unmanaged',0,'[\"192.168.1.209\"]','70:f0:88:c0:bb:ce',493,NULL,'','',0,6,'2023-12-09 11:58:33','2023-12-09 11:58:33'),
(214,'','Computer',0,'','',453,NULL,'','',0,6,'2023-12-11 13:16:16','2023-12-11 13:16:16'),
(215,'','Unmanaged',0,'[\"192.168.1.165\"]','9a:44:d8:42:44:2b',493,NULL,'','',0,6,'2023-12-11 13:19:43','2023-12-11 13:19:43'),
(216,'','Unmanaged',0,'[\"192.168.1.204\"]','9c:fc:e8:3e:02:56',493,NULL,'','',0,6,'2023-12-11 13:20:28','2023-12-11 13:20:28'),
(217,'','Unmanaged',0,'[\"192.168.1.209\"]','70:f0:88:c0:bb:ce',493,NULL,'','',0,6,'2023-12-11 13:20:32','2023-12-11 13:20:32'),
(218,'','Computer',0,'','',453,NULL,'','',0,6,'2023-12-12 12:32:18','2023-12-12 12:32:18'),
(219,'','Unmanaged',0,'[\"192.168.1.209\"]','70:f0:88:c0:bb:ce',493,NULL,'','',0,6,'2023-12-12 12:36:30','2023-12-12 12:36:30'),
(220,'','Computer',0,'','',453,NULL,'','',0,6,'2023-12-13 13:42:05','2023-12-13 13:42:05'),
(221,'','Unmanaged',0,'[\"192.168.1.204\"]','9c:fc:e8:3e:02:56',493,NULL,'','',0,6,'2023-12-13 13:46:20','2023-12-13 13:46:20'),
(222,'','Unmanaged',0,'[\"192.168.1.209\"]','70:f0:88:c0:bb:ce',493,NULL,'','',0,6,'2023-12-13 13:46:23','2023-12-13 13:46:23');

--
-- Table structure for table `glpi_registeredids`
--

CREATE TABLE `glpi_registeredids` (
  `id` int(10) unsigned NOT NULL AUTO_INCREMENT,
  `name` varchar(255) DEFAULT NULL,
  `items_id` int(10) unsigned NOT NULL DEFAULT 0,
  `itemtype` varchar(100) NOT NULL,
  `device_type` varchar(100) NOT NULL COMMENT 'USB, PCI ...',
  PRIMARY KEY (`id`),
  KEY `name` (`name`),
  KEY `device_type` (`device_type`),
  KEY `item` (`itemtype`,`items_id`)
) ENGINE=InnoDB DEFAULT CHARSET=utf8mb4 COLLATE=utf8mb4_unicode_ci;

--
-- Dumping data for table `glpi_registeredids`
--


--
-- Table structure for table `glpi_reminders`
--

CREATE TABLE `glpi_reminders` (
  `id` int(10) unsigned NOT NULL AUTO_INCREMENT,
  `uuid` varchar(255) DEFAULT NULL,
  `date` timestamp NULL DEFAULT NULL,
  `users_id` int(10) unsigned NOT NULL DEFAULT 0,
  `name` varchar(255) DEFAULT NULL,
  `text` mediumtext DEFAULT NULL,
  `begin` timestamp NULL DEFAULT NULL,
  `end` timestamp NULL DEFAULT NULL,
  `is_planned` tinyint(1) NOT NULL DEFAULT 0,
  `date_mod` timestamp NULL DEFAULT NULL,
  `state` int(11) NOT NULL DEFAULT 0,
  `begin_view_date` timestamp NULL DEFAULT NULL,
  `end_view_date` timestamp NULL DEFAULT NULL,
  `date_creation` timestamp NULL DEFAULT NULL,
  PRIMARY KEY (`id`),
  UNIQUE KEY `uuid` (`uuid`),
  KEY `date` (`date`),
  KEY `begin` (`begin`),
  KEY `end` (`end`),
  KEY `users_id` (`users_id`),
  KEY `is_planned` (`is_planned`),
  KEY `state` (`state`),
  KEY `date_mod` (`date_mod`),
  KEY `date_creation` (`date_creation`),
  KEY `name` (`name`)
) ENGINE=InnoDB AUTO_INCREMENT=12 DEFAULT CHARSET=utf8mb4 COLLATE=utf8mb4_unicode_ci;

--
-- Dumping data for table `glpi_reminders`
--

INSERT INTO `glpi_reminders` VALUES
(4,'65ad5414-bb15-11ea-a06a-fa163ed3325c','2018-05-29 19:55:06',27,'Note privée','&lt;p&gt;Conversion de note privée en note publique&lt;/p&gt;',NULL,NULL,0,'2018-05-29 20:43:48',0,'2018-05-29 20:42:00',NULL,'2018-05-29 19:55:06'),
(5,'65ad5735-bb15-11ea-a06a-fa163ed3325c','2018-05-29 19:57:30',2,'Note public créée par l\'admin','&lt;p&gt;Juste un test de note public&lt;/p&gt;',NULL,NULL,0,'2018-05-29 19:57:30',0,'2018-05-29 19:56:00',NULL,'2018-05-29 19:57:30'),
(6,'65ad5a5e-bb15-11ea-a06a-fa163ed3325c','2018-10-12 14:56:44',18,'Test problème solution','Juste un test',NULL,NULL,0,'2018-10-12 14:56:44',0,NULL,NULL,'2018-10-12 14:56:44'),
(7,'65ad5c2e-bb15-11ea-a06a-fa163ed3325c','2018-12-13 20:43:07',27,'Nouvelle note','&lt;p&gt;Juste un test&lt;/p&gt;',NULL,NULL,0,'2018-12-13 20:43:07',0,NULL,NULL,'2018-12-13 20:43:07'),
(9,'65ad5da3-bb15-11ea-a06a-fa163ed3325c','2019-01-30 15:18:25',27,'Test note privée','&lt;p&gt;Juste un test de note privée&lt;/p&gt;',NULL,NULL,0,'2019-01-30 15:18:25',0,'2019-01-30 15:18:00',NULL,'2019-01-30 15:18:25'),
(10,'65ad5f0d-bb15-11ea-a06a-fa163ed3325c','2019-01-30 15:25:58',27,'Test note privée avec droit maj','&lt;p&gt;Juste un test de note publique avec droit maj&lt;/p&gt;',NULL,NULL,0,'2020-05-13 15:26:28',0,'2019-01-30 15:25:00','2019-04-30 04:00:00','2019-01-30 15:25:58'),
(11,'65ad606c-bb15-11ea-a06a-fa163ed3325c','2019-02-04 22:20:18',27,'Test personnel','&lt;p&gt;Test personnel&lt;/p&gt;',NULL,NULL,0,'2019-02-04 22:20:18',0,NULL,NULL,'2019-02-04 22:20:18');

--
-- Table structure for table `glpi_reminders_users`
--

CREATE TABLE `glpi_reminders_users` (
  `id` int(10) unsigned NOT NULL AUTO_INCREMENT,
  `reminders_id` int(10) unsigned NOT NULL DEFAULT 0,
  `users_id` int(10) unsigned NOT NULL DEFAULT 0,
  PRIMARY KEY (`id`),
  KEY `reminders_id` (`reminders_id`),
  KEY `users_id` (`users_id`)
) ENGINE=InnoDB DEFAULT CHARSET=utf8mb4 COLLATE=utf8mb4_unicode_ci;

--
-- Dumping data for table `glpi_reminders_users`
--


--
-- Table structure for table `glpi_remindertranslations`
--

CREATE TABLE `glpi_remindertranslations` (
  `id` int(10) unsigned NOT NULL AUTO_INCREMENT,
  `reminders_id` int(10) unsigned NOT NULL DEFAULT 0,
  `language` varchar(5) DEFAULT NULL,
  `name` mediumtext DEFAULT NULL,
  `text` longtext DEFAULT NULL,
  `users_id` int(10) unsigned NOT NULL DEFAULT 0,
  `date_mod` timestamp NULL DEFAULT NULL,
  `date_creation` timestamp NULL DEFAULT NULL,
  PRIMARY KEY (`id`),
  KEY `item` (`reminders_id`,`language`),
  KEY `users_id` (`users_id`),
  KEY `date_creation` (`date_creation`),
  KEY `date_mod` (`date_mod`)
) ENGINE=InnoDB DEFAULT CHARSET=utf8mb4 COLLATE=utf8mb4_unicode_ci;

--
-- Dumping data for table `glpi_remindertranslations`
--


--
-- Table structure for table `glpi_requesttypes`
--

CREATE TABLE `glpi_requesttypes` (
  `id` int(10) unsigned NOT NULL AUTO_INCREMENT,
  `name` varchar(255) DEFAULT NULL,
  `is_helpdesk_default` tinyint(1) NOT NULL DEFAULT 0,
  `is_followup_default` tinyint(1) NOT NULL DEFAULT 0,
  `is_mail_default` tinyint(1) NOT NULL DEFAULT 0,
  `is_mailfollowup_default` tinyint(1) NOT NULL DEFAULT 0,
  `is_active` tinyint(1) NOT NULL DEFAULT 1,
  `is_ticketheader` tinyint(1) NOT NULL DEFAULT 1,
  `is_itilfollowup` tinyint(1) NOT NULL DEFAULT 1,
  `comment` mediumtext DEFAULT NULL,
  `date_mod` timestamp NULL DEFAULT NULL,
  `date_creation` timestamp NULL DEFAULT NULL,
  PRIMARY KEY (`id`),
  KEY `name` (`name`),
  KEY `is_helpdesk_default` (`is_helpdesk_default`),
  KEY `is_followup_default` (`is_followup_default`),
  KEY `is_mail_default` (`is_mail_default`),
  KEY `is_mailfollowup_default` (`is_mailfollowup_default`),
  KEY `date_mod` (`date_mod`),
  KEY `date_creation` (`date_creation`),
  KEY `is_active` (`is_active`),
  KEY `is_ticketheader` (`is_ticketheader`),
  KEY `is_itilfollowup` (`is_itilfollowup`)
) ENGINE=InnoDB AUTO_INCREMENT=9 DEFAULT CHARSET=utf8mb4 COLLATE=utf8mb4_unicode_ci;

--
-- Dumping data for table `glpi_requesttypes`
--

INSERT INTO `glpi_requesttypes` VALUES
(1,'Helpdesk',1,1,0,0,1,1,1,NULL,NULL,NULL),
(2,'E-Mail',0,0,1,1,1,1,1,NULL,NULL,NULL),
(3,'Phone',0,0,0,0,1,1,1,NULL,NULL,NULL),
(4,'Direct',0,0,0,0,1,1,1,NULL,NULL,NULL),
(5,'Written',0,0,0,0,1,1,1,NULL,NULL,NULL),
(6,'Other',0,0,0,0,1,1,1,NULL,NULL,NULL),
(7,'Formcreator',0,0,0,0,1,1,1,NULL,NULL,NULL),
(8,'Portail libre-service',0,0,0,0,1,1,0,'','2025-07-01 13:01:05','2025-07-01 12:56:55');

--
-- Table structure for table `glpi_reservationitems`
--

CREATE TABLE `glpi_reservationitems` (
  `id` int(10) unsigned NOT NULL AUTO_INCREMENT,
  `itemtype` varchar(100) NOT NULL,
  `entities_id` int(10) unsigned NOT NULL DEFAULT 0,
  `is_recursive` tinyint(1) NOT NULL DEFAULT 0,
  `items_id` int(10) unsigned NOT NULL DEFAULT 0,
  `comment` mediumtext DEFAULT NULL,
  `is_active` tinyint(1) NOT NULL DEFAULT 1,
  PRIMARY KEY (`id`),
  UNIQUE KEY `unicity` (`itemtype`,`items_id`),
  KEY `is_active` (`is_active`),
  KEY `item` (`itemtype`,`items_id`),
  KEY `entities_id` (`entities_id`),
  KEY `is_recursive` (`is_recursive`)
) ENGINE=InnoDB AUTO_INCREMENT=10 DEFAULT CHARSET=utf8mb4 COLLATE=utf8mb4_unicode_ci;

--
-- Dumping data for table `glpi_reservationitems`
--

INSERT INTO `glpi_reservationitems` VALUES
(1,'Computer',0,0,3,NULL,1),
(2,'Computer',1,0,9845,NULL,1),
(3,'Computer',3,0,10044,NULL,1),
(5,'Computer',6,0,10039,'Ordinateur pouvant être réservé',0),
(7,'Peripheral',5,0,405,NULL,1);

--
-- Table structure for table `glpi_reservations`
--

CREATE TABLE `glpi_reservations` (
  `id` int(10) unsigned NOT NULL AUTO_INCREMENT,
  `reservationitems_id` int(10) unsigned NOT NULL DEFAULT 0,
  `begin` timestamp NULL DEFAULT NULL,
  `end` timestamp NULL DEFAULT NULL,
  `users_id` int(10) unsigned NOT NULL DEFAULT 0,
  `comment` mediumtext DEFAULT NULL,
  `group` int(11) NOT NULL DEFAULT 0,
  PRIMARY KEY (`id`),
  KEY `begin` (`begin`),
  KEY `end` (`end`),
  KEY `users_id` (`users_id`),
  KEY `resagroup` (`reservationitems_id`,`group`)
) ENGINE=InnoDB AUTO_INCREMENT=17 DEFAULT CHARSET=utf8mb4 COLLATE=utf8mb4_unicode_ci;

--
-- Dumping data for table `glpi_reservations`
--

INSERT INTO `glpi_reservations` VALUES
(1,1,'2018-05-28 20:00:00','2018-05-28 21:00:00',2,'Parce que',232629475),
(2,3,'2020-08-06 17:00:00','2020-08-06 18:00:00',22,'Réunion de travail en salle A',734382020),
(3,3,'2020-08-18 19:00:00','2020-08-18 20:30:00',23,'Démonstration client',803076104),
(4,3,'2020-08-19 13:00:00','2020-08-20 09:00:00',27,'Comité de travail',186963395),
(13,7,'2022-05-06 17:00:00','2022-05-06 18:00:00',16,'',504198810),
(15,7,'2022-06-14 00:00:00','2022-06-15 00:00:00',16,'',1161874347),
(16,7,'2023-01-26 16:00:00','2023-01-26 17:00:00',18,'',0);

--
-- Table structure for table `glpi_rssfeeds`
--

CREATE TABLE `glpi_rssfeeds` (
  `id` int(10) unsigned NOT NULL AUTO_INCREMENT,
  `name` varchar(255) DEFAULT NULL,
  `users_id` int(10) unsigned NOT NULL DEFAULT 0,
  `comment` mediumtext DEFAULT NULL,
  `url` mediumtext DEFAULT NULL,
  `refresh_rate` int(11) NOT NULL DEFAULT 86400,
  `max_items` int(11) NOT NULL DEFAULT 20,
  `have_error` tinyint(1) NOT NULL DEFAULT 0,
  `is_active` tinyint(1) NOT NULL DEFAULT 0,
  `date_mod` timestamp NULL DEFAULT NULL,
  `date_creation` timestamp NULL DEFAULT NULL,
  PRIMARY KEY (`id`),
  KEY `name` (`name`),
  KEY `users_id` (`users_id`),
  KEY `date_mod` (`date_mod`),
  KEY `have_error` (`have_error`),
  KEY `is_active` (`is_active`),
  KEY `date_creation` (`date_creation`)
) ENGINE=InnoDB DEFAULT CHARSET=utf8mb4 COLLATE=utf8mb4_unicode_ci;

--
-- Dumping data for table `glpi_rssfeeds`
--


--
-- Table structure for table `glpi_rssfeeds_users`
--

CREATE TABLE `glpi_rssfeeds_users` (
  `id` int(10) unsigned NOT NULL AUTO_INCREMENT,
  `rssfeeds_id` int(10) unsigned NOT NULL DEFAULT 0,
  `users_id` int(10) unsigned NOT NULL DEFAULT 0,
  PRIMARY KEY (`id`),
  KEY `rssfeeds_id` (`rssfeeds_id`),
  KEY `users_id` (`users_id`)
) ENGINE=InnoDB DEFAULT CHARSET=utf8mb4 COLLATE=utf8mb4_unicode_ci;

--
-- Dumping data for table `glpi_rssfeeds_users`
--


--
-- Table structure for table `glpi_ruleactions`
--

CREATE TABLE `glpi_ruleactions` (
  `id` int(10) unsigned NOT NULL AUTO_INCREMENT,
  `rules_id` int(10) unsigned NOT NULL DEFAULT 0,
  `action_type` varchar(255) DEFAULT NULL COMMENT 'VALUE IN (assign, regex_result, append_regex_result, affectbyip, affectbyfqdn, affectbymac)',
  `field` varchar(255) DEFAULT NULL,
  `value` varchar(255) DEFAULT NULL,
  PRIMARY KEY (`id`),
  KEY `rules_id` (`rules_id`),
  KEY `field_value` (`field`(50),`value`(50))
) ENGINE=InnoDB AUTO_INCREMENT=2119 DEFAULT CHARSET=utf8mb4 COLLATE=utf8mb4_unicode_ci;

--
-- Dumping data for table `glpi_ruleactions`
--

INSERT INTO `glpi_ruleactions` VALUES
(3,3,'assign','entities_id','0'),
(6,6,'fromitem','locations_id','1'),
(70,2,'assign','entities_id','12'),
(87,2,'assign','profiles_id','1'),
(88,2,'assign','is_recursive','1'),
(91,91,'regex_result','_affect_user_by_regex','#0'),
(92,92,'regex_result','_affect_user_by_regex','#0'),
(93,93,'regex_result','_affect_user_by_regex','#0'),
(105,105,'assign','_inventory','0'),
(106,106,'assign','entities_id','0'),
(117,8,'assign','softwarecategories_id','10'),
(121,114,'assign','plugin_typology_typologies_id','3'),
(480,444,'assign','_inventory','2'),
(481,445,'assign','_inventory','0'),
(482,446,'assign','_inventory','0'),
(483,447,'assign','_inventory','0'),
(484,448,'assign','_inventory','0'),
(485,449,'assign','_inventory','0'),
(486,450,'assign','_inventory','0'),
(487,451,'assign','_inventory','0'),
(488,452,'assign','_inventory','0'),
(489,453,'assign','_inventory','2'),
(490,454,'assign','_inventory','0'),
(491,455,'assign','_inventory','0'),
(492,456,'assign','_inventory','0'),
(493,457,'assign','_inventory','0'),
(494,458,'assign','_inventory','0'),
(495,459,'assign','_inventory','0'),
(496,460,'assign','_inventory','0'),
(497,461,'assign','_inventory','0'),
(498,462,'assign','_inventory','0'),
(499,463,'assign','_inventory','0'),
(500,464,'assign','_inventory','2'),
(501,465,'assign','_inventory','2'),
(502,466,'assign','_inventory','0'),
(503,467,'assign','_inventory','0'),
(504,468,'assign','_inventory','0'),
(505,469,'assign','_inventory','0'),
(506,470,'assign','_inventory','2'),
(507,471,'assign','_inventory','2'),
(508,472,'assign','_inventory','0'),
(509,473,'assign','_inventory','0'),
(510,474,'assign','_inventory','0'),
(511,475,'assign','_inventory','0'),
(512,476,'assign','_inventory','2'),
(513,477,'assign','_inventory','0'),
(514,478,'assign','_inventory','0'),
(515,479,'assign','_inventory','2'),
(516,480,'assign','_inventory','0'),
(517,481,'assign','_inventory','0'),
(518,482,'assign','_inventory','2'),
(519,483,'assign','_inventory','2'),
(520,484,'assign','_inventory','0'),
(521,485,'assign','_inventory','0'),
(522,486,'assign','_inventory','2'),
(523,487,'assign','_inventory','0'),
(524,488,'assign','_inventory','0'),
(525,489,'assign','_inventory','2'),
(526,490,'assign','_inventory','0'),
(527,491,'assign','_inventory','0'),
(528,492,'assign','_inventory','2'),
(529,493,'assign','_inventory','2'),
(530,494,'assign','_inventory','0'),
(531,495,'assign','_inventory','0'),
(532,496,'assign','_inventory','0'),
(533,497,'assign','_inventory','0'),
(534,498,'assign','_inventory','2'),
(535,499,'assign','_inventory','0'),
(536,500,'assign','_inventory','0'),
(537,501,'assign','_inventory','2'),
(539,503,'assign','_inventory','0'),
(540,504,'assign','_inventory','0'),
(541,505,'assign','_inventory','2'),
(545,509,'append_regex_result','name','#1'),
(546,510,'append_regex_result','name','#2'),
(547,511,'append_regex_result','name','#3'),
(548,512,'append_regex_result','name','#2'),
(549,513,'append_regex_result','name','#4'),
(550,514,'append_regex_result','name','#4'),
(1282,1114,'assign','_ignore_import','1'),
(1283,1115,'assign','_ignore_import','1'),
(1284,1116,'assign','_ignore_import','1'),
(1285,1117,'assign','_ignore_import','1'),
(1286,1118,'assign','name','Inkscape'),
(1287,1118,'assign','softwarecategories_id','9'),
(1724,1548,'regex_result','version','#0'),
(1725,1548,'assign','name','7-Zip'),
(1726,1548,'assign','manufacturer','Igor Pavlov'),
(1727,1549,'assign','name','WinRAR'),
(1728,1550,'assign','name','WinZip'),
(1730,1552,'regex_result','name','Mozilla #0'),
(1731,1552,'append_regex_result','manufacturer','Mozilla'),
(1732,1553,'assign','name','Cisco Systems VPN Client'),
(1733,1554,'regex_result','version','#0'),
(1734,1554,'assign','name','FileZilla Client'),
(2026,1721,'regex_result','version','#0'),
(2027,1721,'assign','name','PuTTY'),
(2029,1548,'assign','softwarecategories_id','9'),
(2039,1726,'assign','_ignore_import','1'),
(2040,1728,'assign','_ignore_import','1'),
(2043,1557,'regex_result','name','LibreOffice #0'),
(2044,1557,'assign','manufacturer','The Document Foundation'),
(2047,1730,'regex_result','name','OCS Inventory NG #0'),
(2048,1730,'assign','manufacturer','OCS Inventory NG Team'),
(2049,1731,'regex_result','name','AutoCAD #0'),
(2050,1731,'assign','manufacturer','Autodesk, Inc.'),
(2051,1732,'regex_result','name','Microsoft Office #0'),
(2052,1732,'regex_result','version','#0 #1'),
(2053,1732,'assign','manufacturer','Microsoft'),
(2054,1733,'assign','_ignore_import','1'),
(2056,1735,'assign','_inventory','0'),
(2057,1075,'assign','_inventory','0'),
(2058,1736,'assign','_inventory','0'),
(2059,1737,'assign','_inventory','0'),
(2060,1738,'assign','_inventory','0'),
(2061,1739,'assign','_inventory','0'),
(2065,1742,'assign','entities_id','6'),
(2066,502,'assign','_refuse_email_with_response','1'),
(2073,4,'assign','_refuse_email_no_response','1'),
(2074,5,'assign','_refuse_email_no_response','1'),
(2082,1758,'assign','_ignore_import','1'),
(2085,1740,'assign','slas_id_ttr','32'),
(2086,1762,'assign','_refuse_email_with_response','1'),
(2089,1763,'assign','slas_id_ttr','33'),
(2091,1764,'assign','slas_id_ttr','34'),
(2093,1765,'assign','slas_id_ttr','35'),
(2095,1766,'assign','slas_id_ttr','36'),
(2097,1767,'assign','slas_id_ttr','37'),
(2099,1768,'assign','slas_id_ttr','36'),
(2102,1769,'assign','_plugin_tag_tag_from_rules','7'),
(2104,1770,'assign','status','2'),
(2105,1771,'assign','status','4'),
(2106,1772,'assign','status','2'),
(2107,1773,'assign','status','4'),
(2108,1774,'assign','status','4'),
(2109,1775,'assign','status','2'),
(2110,1776,'assign','status','4'),
(2111,1777,'assign','status','4'),
(2115,1779,'assign','status','6'),
(2118,1780,'assign','status','6');

--
-- Table structure for table `glpi_rulecriterias`
--

CREATE TABLE `glpi_rulecriterias` (
  `id` int(10) unsigned NOT NULL AUTO_INCREMENT,
  `rules_id` int(10) unsigned NOT NULL DEFAULT 0,
  `criteria` varchar(255) DEFAULT NULL,
  `condition` int(11) NOT NULL DEFAULT 0 COMMENT 'see define.php PATTERN_* and REGEX_* constant',
  `pattern` mediumtext DEFAULT NULL,
  PRIMARY KEY (`id`),
  KEY `rules_id` (`rules_id`),
  KEY `condition` (`condition`)
) ENGINE=InnoDB AUTO_INCREMENT=3401 DEFAULT CHARSET=utf8mb4 COLLATE=utf8mb4_unicode_ci;

--
-- Dumping data for table `glpi_rulecriterias`
--

INSERT INTO `glpi_rulecriterias` VALUES
(2,2,'dn',2,'company'),
(5,3,'subject',6,'/.*/'),
(9,6,'locations_id',9,'1'),
(10,6,'_locations_id_of_item',8,'1'),
(13,8,'name',0,'*'),
(14,6,'priority',0,'5'),
(170,91,'_itemtype',0,'Computer'),
(171,91,'_auto',0,'1'),
(172,91,'contact',6,'/(.*)@/'),
(173,92,'_itemtype',0,'Computer'),
(174,92,'_auto',0,'1'),
(175,92,'contact',6,'/(.*),/'),
(176,93,'_itemtype',0,'Computer'),
(177,93,'_auto',0,'1'),
(178,93,'contact',6,'/(.*)/'),
(218,105,'serial',10,'1'),
(219,106,'TAG',0,'*'),
(220,106,'OCS_SERVER',0,'1'),
(247,114,'computertypes_id',0,'2'),
(248,114,'states_id',0,'22'),
(1032,444,'partial',0,'1'),
(1033,444,'itemtype',9,'1'),
(1034,445,'itemtype',9,'1'),
(1035,445,'mac',10,'1'),
(1036,445,'mac',8,'1'),
(1037,445,'ifnumber',10,'1'),
(1038,445,'ifnumber',8,'1'),
(1039,445,'link_criteria_port',203,'1'),
(1040,446,'itemtype',9,'1'),
(1041,446,'mac',10,'1'),
(1042,446,'mac',8,'1'),
(1043,446,'ifnumber',10,'1'),
(1044,446,'ifnumber',8,'1'),
(1045,447,'itemtype',9,'1'),
(1046,447,'mac',8,'1'),
(1047,447,'ifnumber',8,'1'),
(1048,448,'itemtype',9,'1'),
(1049,448,'ip',10,'1'),
(1050,448,'ip',8,'1'),
(1051,448,'ifdescr',10,'1'),
(1052,448,'ifdescr',8,'1'),
(1053,448,'link_criteria_port',203,'1'),
(1054,449,'itemtype',9,'1'),
(1055,449,'ip',10,'1'),
(1056,449,'ip',8,'1'),
(1057,449,'ifdescr',10,'1'),
(1058,449,'ifdescr',8,'1'),
(1059,450,'itemtype',9,'1'),
(1060,450,'ip',8,'1'),
(1061,450,'ifdescr',8,'1'),
(1062,451,'itemtype',9,'1'),
(1063,451,'mac',10,'1'),
(1064,451,'mac',8,'1'),
(1065,451,'only_these_criteria',204,'1'),
(1066,452,'itemtype',9,'1'),
(1067,452,'mac',8,'1'),
(1068,452,'only_these_criteria',204,'1'),
(1069,453,'itemtype',0,'Computer'),
(1070,453,'name',9,'1'),
(1071,454,'itemtype',0,'Computer'),
(1072,454,'serial',10,'1'),
(1073,454,'serial',8,'1'),
(1074,454,'uuid',10,'1'),
(1075,454,'uuid',8,'1'),
(1076,455,'itemtype',0,'Computer'),
(1077,455,'uuid',8,'1'),
(1078,455,'serial',8,'1'),
(1079,456,'itemtype',0,'Computer'),
(1080,456,'serial',10,'1'),
(1081,456,'serial',8,'1'),
(1082,457,'itemtype',0,'Computer'),
(1083,457,'uuid',10,'1'),
(1084,457,'uuid',8,'1'),
(1085,458,'itemtype',0,'Computer'),
(1086,458,'mac',10,'1'),
(1087,458,'mac',8,'1'),
(1088,459,'itemtype',0,'Computer'),
(1089,459,'name',10,'1'),
(1090,459,'name',8,'1'),
(1091,460,'itemtype',0,'Computer'),
(1092,460,'serial',8,'1'),
(1093,461,'itemtype',0,'Computer'),
(1094,461,'uuid',8,'1'),
(1095,462,'itemtype',0,'Computer'),
(1096,462,'mac',8,'1'),
(1097,463,'itemtype',0,'Computer'),
(1098,463,'name',8,'1'),
(1099,464,'itemtype',0,'Computer'),
(1100,465,'itemtype',0,'Printer'),
(1101,465,'name',9,'1'),
(1102,466,'itemtype',0,'Printer'),
(1103,466,'serial',8,'1'),
(1104,466,'serial',10,'1'),
(1105,467,'itemtype',0,'Printer'),
(1106,467,'mac',8,'1'),
(1107,467,'mac',10,'1'),
(1108,468,'itemtype',0,'Printer'),
(1109,468,'serial',8,'1'),
(1110,469,'itemtype',0,'Printer'),
(1111,469,'mac',8,'1'),
(1112,470,'itemtype',0,'Printer'),
(1113,471,'itemtype',0,'NetworkEquipment'),
(1114,471,'name',9,'1'),
(1115,472,'itemtype',0,'NetworkEquipment'),
(1116,472,'serial',8,'1'),
(1117,472,'serial',10,'1'),
(1118,473,'itemtype',0,'NetworkEquipment'),
(1119,473,'mac',8,'1'),
(1120,473,'mac',10,'1'),
(1121,474,'itemtype',0,'NetworkEquipment'),
(1122,474,'serial',8,'1'),
(1123,475,'itemtype',0,'NetworkEquipment'),
(1124,475,'mac',8,'1'),
(1125,476,'itemtype',0,'NetworkEquipment'),
(1126,477,'itemtype',0,'Peripheral'),
(1127,477,'serial',8,'1'),
(1128,477,'serial',10,'1'),
(1129,478,'itemtype',0,'Peripheral'),
(1130,478,'serial',8,'1'),
(1131,479,'itemtype',0,'Peripheral'),
(1132,480,'itemtype',0,'Monitor'),
(1133,480,'serial',8,'1'),
(1134,480,'serial',10,'1'),
(1135,481,'itemtype',0,'Monitor'),
(1136,481,'serial',8,'1'),
(1137,482,'itemtype',0,'Monitor'),
(1138,483,'itemtype',0,'Phone'),
(1139,483,'name',9,'1'),
(1140,484,'itemtype',0,'Phone'),
(1141,484,'mac',10,'1'),
(1142,484,'mac',8,'1'),
(1143,485,'itemtype',0,'Phone'),
(1144,485,'mac',8,'1'),
(1145,486,'itemtype',0,'Phone'),
(1146,487,'itemtype',0,'Cluster'),
(1147,487,'uuid',8,'1'),
(1148,487,'uuid',10,'1'),
(1149,488,'itemtype',0,'Cluster'),
(1150,488,'uuid',8,'1'),
(1151,489,'itemtype',0,'Cluster'),
(1152,490,'itemtype',0,'Enclosure'),
(1153,490,'serial',8,'1'),
(1154,490,'serial',10,'1'),
(1155,491,'itemtype',0,'Enclosure'),
(1156,491,'serial',8,'1'),
(1157,492,'itemtype',0,'Enclosure'),
(1158,493,'name',9,'1'),
(1159,494,'serial',8,'1'),
(1160,494,'serial',10,'1'),
(1161,495,'mac',8,'1'),
(1162,495,'mac',10,'1'),
(1163,496,'serial',8,'1'),
(1164,497,'mac',8,'1'),
(1165,498,'itemtype',0,''),
(1166,499,'itemtype',0,'DatabaseInstance'),
(1167,499,'name',8,'1'),
(1168,499,'name',10,'1'),
(1169,499,'linked_item',10,'1'),
(1170,500,'itemtype',0,'DatabaseInstance'),
(1171,500,'name',8,'1'),
(1172,501,'itemtype',0,'DatabaseInstance'),
(1173,502,'mailcollector',0,'2'),
(1174,503,'itemtype',0,'Unmanaged'),
(1175,503,'name',8,'1'),
(1176,503,'name',10,'1'),
(1177,504,'itemtype',0,'Unmanaged'),
(1178,504,'name',8,'1'),
(1179,505,'itemtype',0,'Unmanaged'),
(1183,509,'os_name',6,'/(SUSE|SunOS|Red Hat|CentOS|Ubuntu|Debian|Fedora|AlmaLinux|Oracle)(?:\\D+|)([\\d.]+) ?(?:\\(?([\\w ]+)\\)?)?/'),
(1184,510,'os_name',6,'/(Microsoft)(?&#62;\\(R\\)|®)? (Windows) (XP|\\d\\.\\d|\\d{1,4}|Vista)(™)? ?(.*)/'),
(1185,511,'os_name',6,'/(Microsoft)(?&#62;\\(R\\)|®)? (?:(Hyper-V|Windows)(?:\\(R\\))?) ((?:Server|))(?:\\(R\\)|®)? (\\d{4}(?: R2)?)(?:[,\\s]++)?([^\\s]*)(?: Edition(?: x64)?)?$/'),
(1186,512,'os_name',6,'/(SUSE|SunOS|Red Hat|CentOS|Ubuntu|Debian|Fedora|AlmaLinux|Oracle)(?:\\D+|)([\\d.]+) ?(?:\\(?([\\w ]+)\\)?)?/'),
(1187,513,'os_name',6,'/(Microsoft)(?&#62;\\(R\\)|®)? (Windows) (XP|\\d\\.\\d|\\d{1,4}|Vista)(™)? ?(.*)/'),
(1188,514,'os_name',6,'/(Microsoft)(?&#62;\\(R\\)|®)? (?:(Hyper-V|Windows)(?:\\(R\\))?) ((?:Server|))(?:\\(R\\)|®)? (\\d{4}(?: R2)?)(?:[,\\s]++)?([^\\s]*)(?: Edition(?: x64)?)?$/'),
(2193,1114,'name',4,'AMD'),
(2194,1115,'name',0,'64 Bit HP CIO Components Installer'),
(2195,1116,'name',0,'960 Grid System Overlay Unofficial'),
(2196,1117,'manufacturer',0,'Advanced Micro Devices, Inc.'),
(2197,1118,'name',2,'Inkscape'),
(2905,1548,'name',6,'/^7-Zip ([1-9].*)$/'),
(2906,1549,'manufacturer',0,'win.rar GmbH'),
(2907,1549,'name',6,'/WinRAR [0-9]/'),
(2908,1550,'manufacturer',0,'Winzip'),
(2909,1550,'name',6,'/Winzip [0-9]/'),
(2911,1552,'name',6,'/^Mozilla (Firefox|Thunderbird|Sunbird|seamonkey)/    '),
(2912,1552,'name',6,'/^(Firefox|Thunderbird|Sunbird|seamonkey)$/ '),
(2913,1552,'name',6,'/(firefox)-([0-9].[0-9])/'),
(2914,1552,'name',6,'/(firefox)(.*)-i[3|5|6]86$/'),
(2915,1552,'name',6,'/(firefox|thunderbird|thunbird|seamonkey).x86_64/'),
(2916,1553,'name',4,'Cisco Systems VPN Client'),
(2917,1554,'name',6,'/FileZilla Client (.*)/'),
(3210,1721,'name',6,'/^PuTTY release ([1-9].*)$/'),
(3224,1726,'name',7,'/(.*(Office).*)/'),
(3225,1728,'name',6,'/.*KB([0-9]*)/'),
(3226,1728,'name',6,'/Update.*KB([0-9]*)/'),
(3227,1728,'name',6,'/Service Pack.*KB([0-9]*)/'),
(3228,1728,'name',6,'/Security.*KB([0-9]*)/'),
(3229,1728,'name',6,'/{.*KB([0-9]*)/'),
(3230,1728,'name',6,'/Mise à jour.*KB([0-9]*)/'),
(3231,1728,'name',6,'/Correctif.*KB([0-9]*)/'),
(3232,1557,'name',6,'/^LibreOffice ([0-9\\.]*)$/'),
(3233,1557,'name',0,'libreoffice'),
(3236,1730,'name',6,'/OCS Inventory NG (Agent|Agent Deployment Tool)/'),
(3237,1730,'name',6,'/OCS Inventory (Agent)/'),
(3238,1731,'manufacturer',0,'Autodesk, Inc.'),
(3239,1731,'name',6,'/AutoCAD ([0-9]*) -/'),
(3240,1732,'name',6,'/^Microsoft Office (Professionnel Plus) (.*)/'),
(3241,1732,'name',6,'/^Microsoft Office (Standard Edition) (.*)/'),
(3242,1732,'name',6,'/Microsoft Office (Small Business) (.*)/'),
(3243,1732,'name',6,' /Microsoft Office (Standard) (.*)/'),
(3244,1732,'name',6,'/^Microsoft Office (Professional Hybrid) (.*)/'),
(3245,1732,'name',6,'/^Microsoft Office (Starter) (.*)/'),
(3246,1732,'name',6,'/Microsoft Office (Basic Edition) (.*)/'),
(3247,1732,'name',6,'/Microsoft Office (Professional Plus) (.*)/'),
(3248,1732,'name',6,'/Microsoft Office 365 (.*)/'),
(3249,1732,'name',6,'/Microsoft Outlook (.*)/'),
(3251,1726,'name',7,'/(.*(LibreOffice).*)/'),
(3252,1726,'name',7,'/(.*(Outlook).*)/'),
(3256,1726,'name',7,'/(.*(Kopano).*)/'),
(3262,1733,'name',6,'/Microsoft VC++(.*)/'),
(3263,1733,'name',6,'/Microsoft Visual C++(.*)/'),
(3265,1735,'itemtype',9,'1'),
(3266,1735,'mac',10,'1'),
(3267,1735,'mac',8,'1'),
(3268,1735,'ifnumber',10,'1'),
(3269,1735,'ifnumber',8,'1'),
(3270,1735,'link_criteria_port',203,'1'),
(3271,1075,'itemtype',0,'Computer'),
(3273,1075,'serial',10,'1'),
(3274,1075,'serial',8,'1'),
(3275,1075,'uuid',30,'1'),
(3276,1736,'itemtype',0,'Printer'),
(3277,1736,'ip',8,'1'),
(3278,1736,'ip',10,'1'),
(3279,1737,'itemtype',0,'Printer'),
(3280,1737,'ip',8,'1'),
(3281,1738,'itemtype',0,'NetworkEquipment'),
(3282,1738,'ip',8,'1'),
(3283,1738,'ip',10,'1'),
(3284,1739,'itemtype',0,'NetworkEquipment'),
(3285,1739,'ip',8,'1'),
(3290,1740,'_groups_id_of_requester',0,'231'),
(3291,1742,'name',0,'Cacaoyer'),
(3292,502,'subject',7,'/.*(\\[GLPI\\s#[0-9]{7}\\]\\s*).*$/'),
(3308,4,'x-auto-response-suppress',6,'/\\S+/'),
(3309,5,'auto-submitted',6,'/^(?!.*no).+$/i'),
(3328,1758,'subnet',333,'10.35.10.0/26'),
(3330,1760,'dn',2,'test vip'),
(3331,1740,'type',0,'1'),
(3332,1762,'mailcollector',0,'2'),
(3338,1764,'itilcategories_id_code',3,'IMPACT'),
(3340,1765,'type',0,'2'),
(3345,1763,'type',0,'1'),
(3346,1764,'type',0,'1'),
(3347,1766,'type',0,'2'),
(3348,1767,'type',0,'2'),
(3349,1764,'_groups_id_of_requester',1,'231'),
(3353,1768,'type',0,'2'),
(3354,1765,'_groups_id_of_requester',0,'231'),
(3355,1765,'itilcategories_id_code',2,'INDISP'),
(3356,1768,'_groups_id_of_requester',0,'231'),
(3358,1766,'_groups_id_of_requester',1,'231'),
(3359,1766,'itilcategories_id_code',2,'INDISP'),
(3361,1769,'_groups_id_of_requester',0,'231'),
(3364,1764,'_groups_id_of_requester',1,'248'),
(3365,1764,'_groups_id_of_requester',1,'249'),
(3366,1763,'itilcategories_id_code',2,'IMPACT'),
(3367,1767,'itilcategories_id_code',3,'INDISP'),
(3368,1740,'itilcategories_id_code',3,'IMPACT'),
(3369,1768,'itilcategories_id_code',3,'INDISP'),
(3370,1767,'_groups_id_of_requester',1,'249'),
(3371,1767,'_groups_id_of_requester',1,'231'),
(3372,1767,'_groups_id_of_requester',1,'248'),
(3373,1770,'_groups_id_assign',0,'209'),
(3374,1770,'status',0,'4'),
(3375,1771,'_groups_id_assign',1,'209'),
(3376,1771,'status',1,'4'),
(3378,1770,'requesttypes_id',0,'8'),
(3379,1771,'requesttypes_id',0,'8'),
(3380,1772,'_groups_id_assign',1,'254'),
(3381,1772,'status',0,'4'),
(3383,1773,'_groups_id_assign',0,'254'),
(3384,1773,'status',1,'5'),
(3386,1774,'_groups_id_assign',0,'255'),
(3388,1775,'_groups_id_assign',1,'255'),
(3389,1775,'status',0,'4'),
(3391,1774,'status',1,'5'),
(3393,1776,'_groups_id_assign',0,'254'),
(3394,1776,'status',1,'6'),
(3395,1777,'_groups_id_assign',0,'255'),
(3396,1777,'status',1,'6'),
(3398,1779,'itilcategories_id',0,'550'),
(3399,1780,'itilcategories_id',0,'551');

--
-- Table structure for table `glpi_rulematchedlogs`
--

CREATE TABLE `glpi_rulematchedlogs` (
  `id` int(10) unsigned NOT NULL AUTO_INCREMENT,
  `date` timestamp NULL DEFAULT NULL,
  `items_id` int(10) unsigned NOT NULL DEFAULT 0,
  `itemtype` varchar(100) DEFAULT NULL,
  `rules_id` int(10) unsigned DEFAULT NULL,
  `agents_id` int(10) unsigned NOT NULL DEFAULT 0,
  `method` varchar(255) DEFAULT NULL,
  PRIMARY KEY (`id`),
  KEY `item` (`itemtype`,`items_id`),
  KEY `agents_id` (`agents_id`),
  KEY `rules_id` (`rules_id`)
) ENGINE=InnoDB AUTO_INCREMENT=3254 DEFAULT CHARSET=utf8mb4 COLLATE=utf8mb4_unicode_ci ROW_FORMAT=DYNAMIC;

--
-- Dumping data for table `glpi_rulematchedlogs`
--

INSERT INTO `glpi_rulematchedlogs` VALUES
(5,'2022-05-13 19:39:23',407,'Peripheral',179,2,'inventory'),
(11,'2022-05-13 20:16:45',407,'Peripheral',178,2,'inventory'),
(114,'2022-06-30 19:53:17',71,'Monitor',423,10,'inventory'),
(115,'2022-06-30 19:53:17',72,'Monitor',423,10,'inventory'),
(117,'2022-06-30 19:53:18',410,'Peripheral',420,10,'inventory'),
(118,'2022-06-30 19:53:18',411,'Peripheral',420,10,'inventory'),
(119,'2022-06-30 19:53:18',412,'Peripheral',420,10,'inventory'),
(121,'2022-06-30 19:53:18',413,'Peripheral',420,10,'inventory'),
(125,'2022-06-30 21:09:25',71,'Monitor',422,10,'inventory'),
(126,'2022-06-30 21:09:25',72,'Monitor',422,10,'inventory'),
(128,'2022-06-30 21:09:26',410,'Peripheral',419,10,'inventory'),
(129,'2022-06-30 21:09:26',411,'Peripheral',419,10,'inventory'),
(130,'2022-06-30 21:09:26',412,'Peripheral',419,10,'inventory'),
(132,'2022-06-30 21:09:26',413,'Peripheral',419,10,'inventory'),
(136,'2022-06-30 21:25:31',71,'Monitor',422,10,'inventory'),
(137,'2022-06-30 21:25:31',72,'Monitor',422,10,'inventory'),
(139,'2022-06-30 21:25:31',410,'Peripheral',419,10,'inventory'),
(140,'2022-06-30 21:25:31',411,'Peripheral',419,10,'inventory'),
(141,'2022-06-30 21:25:31',412,'Peripheral',419,10,'inventory'),
(143,'2022-06-30 21:25:31',413,'Peripheral',419,10,'inventory'),
(147,'2022-06-30 21:31:48',71,'Monitor',422,10,'inventory'),
(148,'2022-06-30 21:31:48',72,'Monitor',422,10,'inventory'),
(150,'2022-06-30 21:31:48',410,'Peripheral',419,10,'inventory'),
(151,'2022-06-30 21:31:48',411,'Peripheral',419,10,'inventory'),
(152,'2022-06-30 21:31:48',412,'Peripheral',419,10,'inventory'),
(154,'2022-06-30 21:31:48',413,'Peripheral',419,10,'inventory'),
(197,'2022-07-19 18:01:41',33871,'Computer',405,11,'inventory'),
(198,'2022-07-19 20:32:48',33871,'Computer',401,11,'inventory'),
(199,'2022-07-19 20:32:49',33871,'Computer',401,11,'inventory'),
(200,'2022-07-19 20:34:04',33871,'Computer',401,11,'inventory'),
(201,'2022-07-19 20:34:04',33871,'Computer',401,11,'inventory'),
(202,'2022-07-19 20:47:29',33871,'Computer',401,11,'inventory'),
(203,'2022-07-19 20:47:30',33871,'Computer',401,11,'inventory'),
(204,'2022-07-19 20:53:56',33871,'Computer',401,11,'inventory'),
(205,'2022-07-19 20:53:56',33871,'Computer',401,11,'inventory'),
(218,'2022-07-21 16:00:05',33871,'Computer',401,11,'inventory'),
(219,'2022-07-21 16:00:05',33871,'Computer',401,11,'inventory'),
(220,'2022-07-21 16:57:25',33871,'Computer',401,11,'inventory'),
(221,'2022-07-21 16:57:25',33871,'Computer',401,11,'inventory'),
(287,'2022-08-01 05:13:12',408,'Peripheral',419,0,'inventory'),
(288,'2022-08-01 05:13:12',409,'Peripheral',419,0,'inventory'),
(297,'2022-08-02 08:32:38',408,'Peripheral',419,0,'inventory'),
(298,'2022-08-02 08:32:38',409,'Peripheral',419,0,'inventory'),
(313,'2022-08-04 08:30:55',408,'Peripheral',419,0,'inventory'),
(314,'2022-08-04 08:30:55',409,'Peripheral',419,0,'inventory'),
(328,'2022-08-06 10:04:23',408,'Peripheral',419,0,'inventory'),
(329,'2022-08-06 10:04:23',409,'Peripheral',419,0,'inventory'),
(339,'2022-08-08 13:53:33',408,'Peripheral',419,0,'inventory'),
(340,'2022-08-08 13:53:33',409,'Peripheral',419,0,'inventory'),
(350,'2022-08-09 13:34:12',408,'Peripheral',419,0,'inventory'),
(351,'2022-08-09 13:34:12',409,'Peripheral',419,0,'inventory'),
(361,'2022-08-11 06:48:09',408,'Peripheral',419,0,'inventory'),
(362,'2022-08-11 06:48:09',409,'Peripheral',419,0,'inventory'),
(371,'2022-08-12 06:31:51',408,'Peripheral',419,0,'inventory'),
(372,'2022-08-12 06:31:51',409,'Peripheral',419,0,'inventory'),
(397,'2022-08-15 17:15:39',408,'Peripheral',419,0,'inventory'),
(398,'2022-08-15 17:15:39',409,'Peripheral',419,0,'inventory'),
(417,'2022-08-18 11:59:42',408,'Peripheral',419,0,'inventory'),
(418,'2022-08-18 11:59:42',409,'Peripheral',419,0,'inventory'),
(433,'2022-08-22 13:51:52',408,'Peripheral',419,0,'inventory'),
(434,'2022-08-22 13:51:52',409,'Peripheral',419,0,'inventory'),
(455,'2022-08-26 08:11:56',408,'Peripheral',419,0,'inventory'),
(456,'2022-08-26 08:11:56',409,'Peripheral',419,0,'inventory'),
(471,'2022-08-29 14:01:45',408,'Peripheral',419,0,'inventory'),
(472,'2022-08-29 14:01:45',409,'Peripheral',419,0,'inventory'),
(482,'2022-08-30 13:47:44',408,'Peripheral',419,0,'inventory'),
(483,'2022-08-30 13:47:44',409,'Peripheral',419,0,'inventory'),
(493,'2022-09-01 06:55:37',408,'Peripheral',419,0,'inventory'),
(494,'2022-09-01 06:55:37',409,'Peripheral',419,0,'inventory'),
(495,'2022-09-01 06:55:37',414,'Peripheral',420,0,'inventory'),
(530,'2022-09-02 20:11:58',285,'Printer',408,10,'inventory'),
(551,'2022-09-05 06:41:57',408,'Peripheral',419,0,'inventory'),
(552,'2022-09-05 06:41:57',409,'Peripheral',419,0,'inventory'),
(559,'2022-09-06 06:31:56',408,'Peripheral',419,0,'inventory'),
(560,'2022-09-06 06:31:56',409,'Peripheral',419,0,'inventory'),
(561,'2022-09-06 06:31:56',414,'Peripheral',419,0,'inventory'),
(639,'2022-09-15 06:30:19',408,'Peripheral',419,0,'inventory'),
(640,'2022-09-15 06:30:19',409,'Peripheral',419,0,'inventory'),
(652,'2022-09-16 11:40:23',408,'Peripheral',419,0,'inventory'),
(653,'2022-09-16 11:40:23',409,'Peripheral',419,0,'inventory'),
(673,'2022-09-18 11:22:55',2,'DatabaseInstance',441,12,'inventory'),
(676,'2022-09-19 11:15:58',2,'DatabaseInstance',441,12,'inventory'),
(684,'2022-09-20 10:26:13',2,'DatabaseInstance',441,12,'inventory'),
(688,'2022-09-20 12:53:28',71,'Monitor',422,10,'inventory'),
(689,'2022-09-20 12:53:28',72,'Monitor',422,10,'inventory'),
(691,'2022-09-20 12:53:28',410,'Peripheral',419,10,'inventory'),
(692,'2022-09-20 12:53:28',411,'Peripheral',419,10,'inventory'),
(693,'2022-09-20 12:53:28',412,'Peripheral',419,10,'inventory'),
(695,'2022-09-20 12:53:28',413,'Peripheral',419,10,'inventory'),
(699,'2022-09-21 06:34:05',414,'Peripheral',419,0,'inventory'),
(700,'2022-09-21 06:34:05',408,'Peripheral',419,0,'inventory'),
(701,'2022-09-21 06:34:05',409,'Peripheral',419,0,'inventory'),
(704,'2022-09-21 09:33:13',2,'DatabaseInstance',441,12,'inventory'),
(713,'2022-09-22 06:34:20',408,'Peripheral',419,0,'inventory'),
(714,'2022-09-22 06:34:20',409,'Peripheral',419,0,'inventory'),
(717,'2022-09-22 08:50:22',2,'DatabaseInstance',441,12,'inventory'),
(726,'2022-09-23 06:33:59',408,'Peripheral',419,0,'inventory'),
(727,'2022-09-23 06:33:59',409,'Peripheral',419,0,'inventory'),
(728,'2022-09-23 06:33:59',414,'Peripheral',419,0,'inventory'),
(731,'2022-09-23 07:59:50',2,'DatabaseInstance',441,12,'inventory'),
(739,'2022-09-24 07:33:39',2,'DatabaseInstance',441,12,'inventory'),
(742,'2022-09-25 07:29:44',2,'DatabaseInstance',441,12,'inventory'),
(745,'2022-09-26 06:35:40',2,'DatabaseInstance',441,12,'inventory'),
(749,'2022-09-26 12:26:07',71,'Monitor',422,10,'inventory'),
(750,'2022-09-26 12:26:07',72,'Monitor',422,10,'inventory'),
(752,'2022-09-26 12:26:08',410,'Peripheral',419,10,'inventory'),
(753,'2022-09-26 12:26:08',411,'Peripheral',419,10,'inventory'),
(754,'2022-09-26 12:26:08',412,'Peripheral',419,10,'inventory'),
(756,'2022-09-26 12:26:08',413,'Peripheral',419,10,'inventory'),
(759,'2022-09-27 05:55:27',2,'DatabaseInstance',441,12,'inventory'),
(767,'2022-09-28 05:02:57',2,'DatabaseInstance',441,12,'inventory'),
(776,'2022-09-29 04:31:11',2,'DatabaseInstance',441,12,'inventory'),
(780,'2022-09-29 12:33:34',73,'Monitor',423,10,'inventory'),
(782,'2022-09-29 12:33:35',411,'Peripheral',419,10,'inventory'),
(784,'2022-09-29 12:33:35',415,'Peripheral',420,10,'inventory'),
(785,'2022-09-29 12:33:35',413,'Peripheral',419,10,'inventory'),
(788,'2022-09-30 04:11:56',2,'DatabaseInstance',441,12,'inventory'),
(791,'2022-10-01 03:41:12',2,'DatabaseInstance',441,12,'inventory'),
(795,'2022-10-01 15:55:45',416,'Peripheral',420,0,'inventory'),
(796,'2022-10-01 15:55:45',408,'Peripheral',419,0,'inventory'),
(797,'2022-10-01 15:55:45',409,'Peripheral',419,0,'inventory'),
(800,'2022-10-02 02:56:30',2,'DatabaseInstance',441,12,'inventory'),
(803,'2022-10-03 02:07:37',2,'DatabaseInstance',441,12,'inventory'),
(807,'2022-10-03 09:14:48',408,'Peripheral',419,0,'inventory'),
(808,'2022-10-03 09:14:48',409,'Peripheral',419,0,'inventory'),
(816,'2022-10-04 01:49:01',2,'DatabaseInstance',441,12,'inventory'),
(820,'2022-10-04 08:39:49',408,'Peripheral',419,0,'inventory'),
(821,'2022-10-04 08:39:49',409,'Peripheral',419,0,'inventory'),
(829,'2022-10-05 01:09:55',2,'DatabaseInstance',441,12,'inventory'),
(839,'2022-10-05 13:38:18',408,'Peripheral',419,0,'inventory'),
(840,'2022-10-05 13:38:18',409,'Peripheral',419,0,'inventory'),
(843,'2022-10-06 00:36:47',2,'DatabaseInstance',441,12,'inventory'),
(851,'2022-10-07 00:02:55',2,'DatabaseInstance',441,12,'inventory'),
(855,'2022-10-07 06:56:44',408,'Peripheral',419,0,'inventory'),
(856,'2022-10-07 06:56:44',409,'Peripheral',419,0,'inventory'),
(865,'2022-10-07 23:26:38',2,'DatabaseInstance',441,12,'inventory'),
(868,'2022-10-08 23:19:45',2,'DatabaseInstance',441,12,'inventory'),
(871,'2022-10-09 22:38:46',2,'DatabaseInstance',441,12,'inventory'),
(875,'2022-10-10 06:55:13',408,'Peripheral',419,0,'inventory'),
(876,'2022-10-10 06:55:13',409,'Peripheral',419,0,'inventory'),
(879,'2022-10-10 22:28:55',2,'DatabaseInstance',441,12,'inventory'),
(888,'2022-10-11 22:27:48',2,'DatabaseInstance',441,12,'inventory'),
(892,'2022-10-12 11:37:35',408,'Peripheral',419,0,'inventory'),
(893,'2022-10-12 11:37:36',409,'Peripheral',419,0,'inventory'),
(902,'2022-10-12 22:13:08',2,'DatabaseInstance',441,12,'inventory'),
(908,'2022-10-13 12:10:42',33868,'Computer',401,10,'inventory'),
(910,'2022-10-13 21:57:18',2,'DatabaseInstance',441,12,'inventory'),
(913,'2022-10-14 06:28:13',408,'Peripheral',419,0,'inventory'),
(914,'2022-10-14 06:28:13',409,'Peripheral',419,0,'inventory'),
(916,'2022-10-14 12:14:56',33868,'Computer',401,10,'inventory'),
(921,'2022-10-14 12:14:57',33868,'Computer',401,10,'inventory'),
(922,'2022-10-17 12:12:18',33868,'Computer',401,10,'inventory'),
(927,'2022-10-17 12:12:19',33868,'Computer',401,10,'inventory'),
(928,'2022-10-18 12:07:02',33868,'Computer',401,10,'inventory'),
(933,'2022-10-18 12:07:03',33868,'Computer',401,10,'inventory'),
(934,'2022-10-19 12:08:45',33868,'Computer',401,10,'inventory'),
(939,'2022-10-19 12:08:46',33868,'Computer',401,10,'inventory'),
(940,'2022-10-20 11:43:33',33868,'Computer',401,10,'inventory'),
(945,'2022-10-20 11:43:34',33868,'Computer',401,10,'inventory'),
(946,'2022-10-21 12:08:31',33868,'Computer',401,10,'inventory'),
(950,'2022-10-21 12:08:32',33868,'Computer',401,10,'inventory'),
(951,'2022-10-24 12:17:19',33868,'Computer',401,10,'inventory'),
(956,'2022-10-24 12:17:20',33868,'Computer',401,10,'inventory'),
(957,'2022-10-25 12:28:07',33868,'Computer',401,10,'inventory'),
(962,'2022-10-25 12:28:08',33868,'Computer',401,10,'inventory'),
(963,'2022-10-26 11:39:34',33868,'Computer',401,10,'inventory'),
(968,'2022-10-26 11:39:34',33868,'Computer',401,10,'inventory'),
(969,'2022-10-27 16:07:09',33868,'Computer',401,10,'inventory'),
(974,'2022-10-27 16:07:10',33868,'Computer',401,10,'inventory'),
(975,'2022-11-02 15:56:51',33868,'Computer',454,10,'inventory'),
(980,'2022-11-02 15:56:52',33868,'Computer',454,10,'inventory'),
(985,'2022-11-14 17:36:38',33868,'Computer',454,10,'inventory'),
(990,'2022-11-15 17:03:31',33868,'Computer',454,10,'inventory'),
(995,'2022-11-16 16:11:06',33868,'Computer',454,10,'inventory'),
(1000,'2022-11-21 13:29:40',33868,'Computer',454,10,'inventory'),
(1004,'2022-11-22 13:19:29',33868,'Computer',454,10,'inventory'),
(1009,'2022-11-29 16:47:00',33868,'Computer',454,10,'inventory'),
(1014,'2022-11-30 16:14:55',33868,'Computer',454,10,'inventory'),
(1152,'2023-03-13 12:19:21',358,'Peripheral',477,15,'inventory'),
(1157,'2023-03-14 12:26:30',358,'Peripheral',477,15,'inventory'),
(1161,'2023-03-15 12:12:57',358,'Peripheral',477,15,'inventory'),
(1165,'2023-03-16 12:08:39',358,'Peripheral',477,15,'inventory'),
(1170,'2023-03-17 12:31:49',358,'Peripheral',477,15,'inventory'),
(1174,'2023-03-20 12:49:52',358,'Peripheral',477,15,'inventory'),
(1178,'2023-03-21 12:23:09',358,'Peripheral',477,15,'inventory'),
(1183,'2023-03-22 12:21:28',358,'Peripheral',477,15,'inventory'),
(1187,'2023-03-23 12:21:36',358,'Peripheral',477,15,'inventory'),
(1192,'2023-03-24 12:13:13',358,'Peripheral',477,15,'inventory'),
(1197,'2023-03-24 13:55:06',358,'Peripheral',477,15,'inventory'),
(1202,'2023-03-27 12:49:54',358,'Peripheral',477,15,'inventory'),
(1207,'2023-03-27 19:59:51',358,'Peripheral',477,15,'inventory'),
(1212,'2023-03-28 19:47:21',358,'Peripheral',477,15,'inventory'),
(1217,'2023-03-28 20:57:54',358,'Peripheral',477,15,'inventory'),
(1222,'2023-03-28 21:02:36',358,'Peripheral',477,15,'inventory'),
(1227,'2023-03-28 21:18:42',358,'Peripheral',477,15,'inventory'),
(1232,'2023-03-29 13:18:39',358,'Peripheral',477,15,'inventory'),
(1237,'2023-03-29 13:34:10',358,'Peripheral',477,16,'inventory'),
(1240,'2023-03-29 13:39:11',69,'Monitor',480,16,'inventory'),
(1242,'2023-03-29 13:39:11',358,'Peripheral',477,16,'inventory'),
(1245,'2023-03-29 13:42:37',69,'Monitor',480,16,'inventory'),
(1247,'2023-03-29 13:42:38',358,'Peripheral',477,16,'inventory'),
(1251,'2023-03-29 14:18:08',69,'Monitor',480,0,'inventory'),
(1252,'2023-03-29 14:18:08',358,'Peripheral',477,0,'inventory'),
(1257,'2023-03-29 14:22:11',53,'NetworkEquipment',504,0,'inventory'),
(1258,'2023-03-29 14:22:21',54,'NetworkEquipment',504,0,'inventory'),
(1259,'2023-03-29 14:22:31',55,'NetworkEquipment',504,0,'inventory'),
(1260,'2023-03-29 14:22:35',56,'NetworkEquipment',504,0,'inventory'),
(1261,'2023-03-29 14:22:41',285,'Printer',466,0,'inventory'),
(1263,'2023-03-29 14:24:58',69,'Monitor',480,0,'inventory'),
(1264,'2023-03-29 14:24:58',358,'Peripheral',477,0,'inventory'),
(1268,'2023-03-29 14:26:02',53,'NetworkEquipment',503,0,'inventory'),
(1269,'2023-03-29 14:26:12',54,'NetworkEquipment',503,0,'inventory'),
(1270,'2023-03-29 14:26:21',55,'NetworkEquipment',503,0,'inventory'),
(1271,'2023-03-29 14:26:26',56,'NetworkEquipment',503,0,'inventory'),
(1272,'2023-03-29 14:26:48',285,'Printer',466,0,'inventory'),
(1274,'2023-03-29 14:28:54',69,'Monitor',480,0,'inventory'),
(1275,'2023-03-29 14:28:54',358,'Peripheral',477,0,'inventory'),
(1279,'2023-03-29 14:38:02',53,'NetworkEquipment',503,0,'inventory'),
(1280,'2023-03-29 14:38:12',54,'NetworkEquipment',503,0,'inventory'),
(1281,'2023-03-29 14:38:22',55,'NetworkEquipment',503,0,'inventory'),
(1282,'2023-03-29 14:38:26',56,'NetworkEquipment',503,0,'inventory'),
(1283,'2023-03-29 14:38:50',285,'Printer',466,0,'inventory'),
(1285,'2023-03-29 14:40:55',69,'Monitor',480,0,'inventory'),
(1286,'2023-03-29 14:40:55',358,'Peripheral',477,0,'inventory'),
(1290,'2023-03-29 14:48:09',53,'NetworkEquipment',503,0,'inventory'),
(1291,'2023-03-29 14:48:20',54,'NetworkEquipment',503,0,'inventory'),
(1292,'2023-03-29 14:48:29',55,'NetworkEquipment',503,0,'inventory'),
(1293,'2023-03-29 14:48:34',56,'NetworkEquipment',503,0,'inventory'),
(1294,'2023-03-29 14:48:51',285,'Printer',466,0,'inventory'),
(1296,'2023-03-29 14:51:54',69,'Monitor',480,0,'inventory'),
(1297,'2023-03-29 14:51:54',358,'Peripheral',477,0,'inventory'),
(1301,'2023-03-29 14:55:37',53,'NetworkEquipment',503,0,'inventory'),
(1302,'2023-03-29 14:55:47',54,'NetworkEquipment',503,0,'inventory'),
(1303,'2023-03-29 14:55:56',55,'NetworkEquipment',503,0,'inventory'),
(1304,'2023-03-29 14:56:01',56,'NetworkEquipment',503,0,'inventory'),
(1305,'2023-03-29 14:56:23',285,'Printer',466,0,'inventory'),
(1307,'2023-03-29 14:58:16',69,'Monitor',480,0,'inventory'),
(1308,'2023-03-29 14:58:16',358,'Peripheral',477,0,'inventory'),
(1312,'2023-03-29 15:24:21',69,'Monitor',480,0,'inventory'),
(1314,'2023-03-29 15:24:22',358,'Peripheral',477,0,'inventory'),
(1317,'2023-03-29 15:27:26',33871,'Computer',454,11,'inventory'),
(1319,'2023-03-29 15:29:02',53,'NetworkEquipment',503,0,'inventory'),
(1320,'2023-03-29 15:29:14',54,'NetworkEquipment',503,0,'inventory'),
(1321,'2023-03-29 15:29:23',55,'NetworkEquipment',503,0,'inventory'),
(1322,'2023-03-29 15:29:27',56,'NetworkEquipment',503,0,'inventory'),
(1323,'2023-03-29 15:29:50',285,'Printer',466,0,'inventory'),
(1324,'2023-03-29 15:32:03',69,'Monitor',480,0,'inventory'),
(1326,'2023-03-29 15:32:03',358,'Peripheral',477,0,'inventory'),
(1330,'2023-03-29 16:16:24',53,'NetworkEquipment',503,0,'inventory'),
(1331,'2023-03-29 16:16:35',54,'NetworkEquipment',503,0,'inventory'),
(1332,'2023-03-29 16:16:45',55,'NetworkEquipment',503,0,'inventory'),
(1333,'2023-03-29 16:16:49',56,'NetworkEquipment',503,0,'inventory'),
(1334,'2023-03-29 16:19:14',69,'Monitor',480,0,'inventory'),
(1336,'2023-03-29 16:19:14',358,'Peripheral',477,0,'inventory'),
(1339,'2023-03-29 16:19:22',285,'Printer',466,0,'inventory'),
(1340,'2023-03-29 21:19:41',2,'DatabaseInstance',499,0,'inventory'),
(1343,'2023-03-30 16:08:42',53,'NetworkEquipment',503,0,'inventory'),
(1344,'2023-03-30 16:08:51',54,'NetworkEquipment',503,0,'inventory'),
(1345,'2023-03-30 16:08:55',57,'NetworkEquipment',504,0,'inventory'),
(1346,'2023-03-30 16:09:05',56,'NetworkEquipment',503,0,'inventory'),
(1357,'2023-03-30 21:51:39',407,'Peripheral',477,0,'inventory'),
(1359,'2023-03-30 21:52:04',8,'Unmanaged',504,0,'inventory'),
(1361,'2023-03-30 21:52:12',53,'NetworkEquipment',503,0,'inventory'),
(1362,'2023-03-30 21:52:23',54,'NetworkEquipment',503,0,'inventory'),
(1363,'2023-03-30 21:52:26',57,'NetworkEquipment',503,0,'inventory'),
(1364,'2023-03-30 21:52:32',55,'NetworkEquipment',503,0,'inventory'),
(1365,'2023-03-30 21:52:36',56,'NetworkEquipment',503,0,'inventory'),
(1367,'2023-03-31 13:16:39',285,'Printer',466,0,'inventory'),
(1369,'2023-03-31 13:17:59',69,'Monitor',480,0,'inventory'),
(1374,'2023-03-31 13:18:35',53,'NetworkEquipment',503,0,'inventory'),
(1375,'2023-03-31 13:18:44',54,'NetworkEquipment',503,0,'inventory'),
(1376,'2023-03-31 13:18:55',55,'NetworkEquipment',503,0,'inventory'),
(1377,'2023-03-31 13:18:58',56,'NetworkEquipment',503,0,'inventory'),
(1413,'2023-04-18 18:47:41',2,'DatabaseInstance',499,0,'inventory'),
(1415,'2023-04-18 21:04:37',2,'DatabaseInstance',499,0,'inventory'),
(1417,'2023-04-19 14:05:46',69,'Monitor',480,0,'inventory'),
(1423,'2023-04-19 14:06:38',9,'Unmanaged',504,0,'inventory'),
(1424,'2023-04-19 14:06:47',54,'NetworkEquipment',504,0,'inventory'),
(1425,'2023-04-19 14:06:56',55,'NetworkEquipment',504,0,'inventory'),
(1426,'2023-04-19 14:07:01',56,'NetworkEquipment',504,0,'inventory'),
(1427,'2023-04-19 18:57:03',69,'Monitor',480,0,'inventory'),
(1433,'2023-04-19 18:57:38',9,'Unmanaged',503,0,'inventory'),
(1434,'2023-04-19 18:57:47',54,'NetworkEquipment',504,0,'inventory'),
(1435,'2023-04-19 18:57:57',55,'NetworkEquipment',504,0,'inventory'),
(1436,'2023-04-19 18:58:01',56,'NetworkEquipment',504,0,'inventory'),
(1442,'2023-04-20 18:35:08',10,'Unmanaged',504,0,'inventory'),
(1444,'2023-04-20 18:35:16',9,'Unmanaged',503,0,'inventory'),
(1445,'2023-04-20 18:35:26',54,'NetworkEquipment',504,0,'inventory'),
(1446,'2023-04-20 18:35:35',55,'NetworkEquipment',504,0,'inventory'),
(1447,'2023-04-20 18:35:40',56,'NetworkEquipment',504,0,'inventory'),
(1449,'2023-04-20 21:00:59',8,'Unmanaged',503,0,'inventory'),
(1450,'2023-04-20 21:00:59',10,'Unmanaged',503,0,'inventory'),
(1452,'2023-04-20 21:01:07',9,'Unmanaged',503,0,'inventory'),
(1453,'2023-04-20 21:01:17',54,'NetworkEquipment',504,0,'inventory'),
(1454,'2023-04-20 21:01:20',57,'NetworkEquipment',504,0,'inventory'),
(1455,'2023-04-20 21:01:25',11,'Unmanaged',504,0,'inventory'),
(1456,'2023-04-20 21:01:26',55,'NetworkEquipment',504,0,'inventory'),
(1457,'2023-04-20 21:01:31',56,'NetworkEquipment',504,0,'inventory'),
(1464,'2023-04-21 20:25:51',10,'Unmanaged',503,0,'inventory'),
(1466,'2023-04-21 20:25:59',9,'Unmanaged',503,0,'inventory'),
(1467,'2023-04-21 20:26:10',54,'NetworkEquipment',504,0,'inventory'),
(1468,'2023-04-21 20:26:24',56,'NetworkEquipment',504,0,'inventory'),
(1469,'2023-04-21 20:27:40',69,'Monitor',480,0,'inventory'),
(1481,'2023-04-25 13:24:50',426,'Peripheral',478,0,'inventory'),
(1482,'2023-04-25 13:24:50',411,'Peripheral',477,0,'inventory'),
(1483,'2023-04-25 13:24:50',412,'Peripheral',477,0,'inventory'),
(1485,'2023-04-25 13:24:50',413,'Peripheral',477,0,'inventory'),
(1488,'2023-04-26 13:11:00',9,'Unmanaged',503,0,'inventory'),
(1489,'2023-04-26 13:11:09',54,'NetworkEquipment',504,0,'inventory'),
(1490,'2023-04-26 13:11:18',55,'NetworkEquipment',504,0,'inventory'),
(1491,'2023-04-26 13:11:22',56,'NetworkEquipment',504,0,'inventory'),
(1492,'2023-04-26 13:12:34',69,'Monitor',480,0,'inventory'),
(1497,'2023-04-27 12:40:39',8,'Unmanaged',503,0,'inventory'),
(1499,'2023-04-27 12:40:48',9,'Unmanaged',503,0,'inventory'),
(1514,'2023-04-28 12:13:02',8,'Unmanaged',503,0,'inventory'),
(1516,'2023-04-28 12:13:09',9,'Unmanaged',503,0,'inventory'),
(1525,'2023-05-01 12:23:55',8,'Unmanaged',503,0,'inventory'),
(1527,'2023-05-01 12:24:04',9,'Unmanaged',503,0,'inventory'),
(1537,'2023-05-03 12:13:47',69,'Monitor',480,0,'inventory'),
(1572,'2023-05-12 12:00:35',9,'Unmanaged',503,0,'inventory'),
(1603,'2023-05-19 12:42:42',69,'Monitor',480,0,'inventory'),
(1620,'2023-05-26 11:54:16',8,'Unmanaged',503,0,'inventory'),
(1621,'2023-05-26 11:54:18',10,'Unmanaged',503,0,'inventory'),
(1623,'2023-05-26 11:54:25',9,'Unmanaged',503,0,'inventory'),
(1641,'2023-05-31 12:31:46',8,'Unmanaged',503,0,'inventory'),
(1642,'2023-05-31 12:31:49',10,'Unmanaged',503,0,'inventory'),
(1644,'2023-05-31 12:31:55',9,'Unmanaged',503,0,'inventory'),
(1653,'2023-06-01 12:32:16',8,'Unmanaged',503,0,'inventory'),
(1655,'2023-06-01 12:32:24',9,'Unmanaged',503,0,'inventory'),
(1656,'2023-06-01 12:32:25',16,'Unmanaged',504,0,'inventory'),
(1658,'2023-06-01 12:32:37',13,'Unmanaged',503,0,'inventory'),
(1660,'2023-06-01 12:32:48',7,'Unmanaged',503,0,'inventory'),
(1671,'2023-06-02 12:29:34',8,'Unmanaged',503,0,'inventory'),
(1673,'2023-06-02 12:29:42',9,'Unmanaged',503,0,'inventory'),
(1681,'2023-06-05 12:11:25',8,'Unmanaged',503,0,'inventory'),
(1683,'2023-06-05 12:11:34',9,'Unmanaged',503,0,'inventory'),
(1685,'2023-06-05 12:11:47',13,'Unmanaged',503,0,'inventory'),
(1686,'2023-06-05 12:12:06',7,'Unmanaged',503,0,'inventory'),
(1692,'2023-06-06 12:32:47',8,'Unmanaged',503,0,'inventory'),
(1694,'2023-06-06 12:32:55',9,'Unmanaged',503,0,'inventory'),
(1696,'2023-06-06 12:33:09',13,'Unmanaged',503,0,'inventory'),
(1699,'2023-06-06 12:33:19',7,'Unmanaged',503,0,'inventory'),
(1706,'2023-06-12 13:34:17',9,'Unmanaged',503,0,'inventory'),
(1707,'2023-06-12 13:34:28',17,'Unmanaged',504,0,'inventory'),
(1709,'2023-06-12 13:34:33',13,'Unmanaged',503,0,'inventory'),
(1712,'2023-06-12 13:34:47',7,'Unmanaged',503,0,'inventory'),
(1718,'2023-06-13 13:33:21',9,'Unmanaged',503,0,'inventory'),
(1720,'2023-06-13 13:33:33',13,'Unmanaged',503,0,'inventory'),
(1723,'2023-06-13 13:33:44',7,'Unmanaged',503,0,'inventory'),
(1725,'2023-06-14 13:24:32',69,'Monitor',480,0,'inventory'),
(1730,'2023-06-14 13:25:12',9,'Unmanaged',503,0,'inventory'),
(1734,'2023-06-15 12:33:47',8,'Unmanaged',503,0,'inventory'),
(1736,'2023-06-15 12:33:55',9,'Unmanaged',503,0,'inventory'),
(1738,'2023-06-15 12:34:08',13,'Unmanaged',503,0,'inventory'),
(1740,'2023-06-15 12:34:19',7,'Unmanaged',503,0,'inventory'),
(1746,'2023-06-16 12:24:42',8,'Unmanaged',503,0,'inventory'),
(1748,'2023-06-16 12:24:51',9,'Unmanaged',503,0,'inventory'),
(1753,'2023-06-16 12:26:54',69,'Monitor',480,0,'inventory'),
(1768,'2023-06-21 12:31:51',69,'Monitor',480,0,'inventory'),
(1776,'2023-06-26 12:04:48',8,'Unmanaged',503,0,'inventory'),
(1778,'2023-06-26 12:04:56',9,'Unmanaged',503,0,'inventory'),
(1780,'2023-06-26 12:05:09',13,'Unmanaged',503,0,'inventory'),
(1783,'2023-06-26 12:05:22',7,'Unmanaged',503,0,'inventory'),
(1807,'2023-06-30 20:24:12',285,'Printer',466,0,'inventory'),
(1813,'2023-06-30 20:25:44',10,'Unmanaged',503,0,'inventory'),
(1815,'2023-06-30 20:25:52',9,'Unmanaged',503,0,'inventory'),
(1817,'2023-06-30 20:26:11',11,'Unmanaged',503,0,'inventory'),
(1820,'2023-06-30 20:56:12',285,'Printer',466,0,'inventory'),
(1826,'2023-06-30 20:57:44',8,'Unmanaged',503,0,'inventory'),
(1827,'2023-06-30 20:57:44',10,'Unmanaged',503,0,'inventory'),
(1829,'2023-06-30 20:57:52',9,'Unmanaged',503,0,'inventory'),
(1831,'2023-06-30 20:58:10',11,'Unmanaged',503,0,'inventory'),
(1832,'2023-06-30 20:58:12',15,'Unmanaged',503,0,'inventory'),
(1848,'2023-07-06 12:02:42',8,'Unmanaged',503,0,'inventory'),
(1850,'2023-07-06 12:02:51',9,'Unmanaged',503,0,'inventory'),
(1852,'2023-07-06 12:03:04',13,'Unmanaged',503,0,'inventory'),
(1854,'2023-07-06 12:03:21',7,'Unmanaged',503,0,'inventory'),
(1860,'2023-07-07 12:04:03',8,'Unmanaged',503,0,'inventory'),
(1862,'2023-07-07 12:04:11',9,'Unmanaged',503,0,'inventory'),
(1864,'2023-07-07 12:04:31',15,'Unmanaged',503,0,'inventory'),
(2062,'2023-08-02 20:20:34',84,'Monitor',480,0,'inventory'),
(2064,'2023-08-02 20:20:34',103,'Monitor',480,0,'inventory'),
(2065,'2023-08-02 20:20:34',444,'Peripheral',477,0,'inventory'),
(2074,'2023-08-03 19:24:37',84,'Monitor',480,0,'inventory'),
(2076,'2023-08-03 19:24:37',103,'Monitor',480,0,'inventory'),
(2077,'2023-08-03 19:24:38',444,'Peripheral',477,0,'inventory'),
(2086,'2023-08-04 19:05:45',84,'Monitor',480,0,'inventory'),
(2088,'2023-08-04 19:05:45',103,'Monitor',480,0,'inventory'),
(2089,'2023-08-04 19:05:46',444,'Peripheral',477,0,'inventory'),
(2093,'2023-08-07 11:39:41',84,'Monitor',480,0,'inventory'),
(2095,'2023-08-07 11:39:42',103,'Monitor',480,0,'inventory'),
(2096,'2023-08-07 11:39:43',444,'Peripheral',477,0,'inventory'),
(2105,'2023-08-08 11:27:20',84,'Monitor',480,0,'inventory'),
(2106,'2023-08-08 11:27:20',103,'Monitor',480,0,'inventory'),
(2107,'2023-08-08 11:27:21',444,'Peripheral',477,0,'inventory'),
(2116,'2023-08-09 11:33:36',84,'Monitor',480,0,'inventory'),
(2118,'2023-08-09 11:33:36',103,'Monitor',480,0,'inventory'),
(2119,'2023-08-09 11:33:36',444,'Peripheral',477,0,'inventory'),
(2128,'2023-08-09 12:30:04',84,'Monitor',480,0,'inventory'),
(2130,'2023-08-09 12:30:04',103,'Monitor',480,0,'inventory'),
(2131,'2023-08-09 12:30:05',444,'Peripheral',477,0,'inventory'),
(2136,'2023-08-10 12:16:04',103,'Monitor',480,0,'inventory'),
(2137,'2023-08-10 12:16:04',84,'Monitor',480,0,'inventory'),
(2138,'2023-08-10 12:16:04',444,'Peripheral',477,0,'inventory'),
(2147,'2023-08-11 12:11:30',69,'Monitor',480,0,'inventory'),
(2153,'2023-08-11 13:56:16',103,'Monitor',480,0,'inventory'),
(2154,'2023-08-11 13:56:16',84,'Monitor',480,0,'inventory'),
(2155,'2023-08-11 13:56:17',444,'Peripheral',477,0,'inventory'),
(2187,'2023-08-21 14:43:59',103,'Monitor',480,0,'inventory'),
(2188,'2023-08-21 14:43:59',84,'Monitor',480,0,'inventory'),
(2189,'2023-08-21 14:43:59',444,'Peripheral',477,0,'inventory'),
(2199,'2023-08-22 16:12:04',103,'Monitor',480,0,'inventory'),
(2200,'2023-08-22 16:12:04',84,'Monitor',480,0,'inventory'),
(2201,'2023-08-22 16:12:05',444,'Peripheral',477,0,'inventory'),
(2220,'2023-08-28 01:06:45',103,'Monitor',480,0,'inventory'),
(2221,'2023-08-28 01:06:45',84,'Monitor',480,0,'inventory'),
(2222,'2023-08-28 01:06:46',444,'Peripheral',477,0,'inventory'),
(2231,'2023-08-29 01:02:43',103,'Monitor',480,0,'inventory'),
(2233,'2023-08-29 01:02:44',84,'Monitor',480,0,'inventory'),
(2234,'2023-08-29 01:02:44',444,'Peripheral',477,0,'inventory'),
(2243,'2023-08-30 00:54:03',84,'Monitor',480,0,'inventory'),
(2245,'2023-08-30 00:54:03',103,'Monitor',480,0,'inventory'),
(2246,'2023-08-30 00:54:04',444,'Peripheral',477,0,'inventory'),
(2255,'2023-08-31 00:29:09',84,'Monitor',480,0,'inventory'),
(2257,'2023-08-31 00:29:09',103,'Monitor',480,0,'inventory'),
(2258,'2023-08-31 00:29:10',444,'Peripheral',477,0,'inventory'),
(2262,'2023-08-31 23:53:03',84,'Monitor',480,0,'inventory'),
(2264,'2023-08-31 23:53:03',103,'Monitor',480,0,'inventory'),
(2265,'2023-08-31 23:53:04',444,'Peripheral',477,0,'inventory'),
(2266,'2023-08-31 23:53:04',445,'Peripheral',477,0,'inventory'),
(2267,'2023-08-31 23:53:04',446,'Peripheral',477,0,'inventory'),
(2269,'2023-09-03 16:10:15',105,'Monitor',481,0,'inventory'),
(2271,'2023-09-03 16:10:15',106,'Monitor',481,0,'inventory'),
(2272,'2023-09-03 16:10:16',445,'Peripheral',477,0,'inventory'),
(2273,'2023-09-03 16:10:16',446,'Peripheral',477,0,'inventory'),
(2275,'2023-09-04 15:19:18',105,'Monitor',480,0,'inventory'),
(2277,'2023-09-04 15:19:18',106,'Monitor',480,0,'inventory'),
(2278,'2023-09-04 15:19:19',445,'Peripheral',477,0,'inventory'),
(2279,'2023-09-04 15:19:19',446,'Peripheral',477,0,'inventory'),
(2286,'2023-09-05 14:37:48',84,'Monitor',480,0,'inventory'),
(2288,'2023-09-05 14:37:48',103,'Monitor',480,0,'inventory'),
(2289,'2023-09-05 14:37:49',444,'Peripheral',477,0,'inventory'),
(2290,'2023-09-05 14:37:49',445,'Peripheral',477,0,'inventory'),
(2291,'2023-09-05 14:37:49',446,'Peripheral',477,0,'inventory'),
(2297,'2023-09-06 14:27:22',84,'Monitor',480,0,'inventory'),
(2299,'2023-09-06 14:27:22',103,'Monitor',480,0,'inventory'),
(2300,'2023-09-06 14:27:23',444,'Peripheral',477,0,'inventory'),
(2301,'2023-09-06 14:27:23',445,'Peripheral',477,0,'inventory'),
(2302,'2023-09-06 14:27:23',446,'Peripheral',477,0,'inventory'),
(2310,'2023-09-07 14:19:04',105,'Monitor',480,0,'inventory'),
(2311,'2023-09-07 14:19:04',106,'Monitor',480,0,'inventory'),
(2312,'2023-09-07 14:19:05',445,'Peripheral',477,0,'inventory'),
(2313,'2023-09-07 14:19:05',446,'Peripheral',477,0,'inventory'),
(2321,'2023-09-08 13:58:17',105,'Monitor',480,0,'inventory'),
(2322,'2023-09-08 13:58:17',106,'Monitor',480,0,'inventory'),
(2323,'2023-09-08 13:58:18',445,'Peripheral',477,0,'inventory'),
(2324,'2023-09-08 13:58:18',446,'Peripheral',477,0,'inventory'),
(2327,'2023-09-10 19:21:53',105,'Monitor',480,0,'inventory'),
(2328,'2023-09-10 19:21:53',106,'Monitor',480,0,'inventory'),
(2329,'2023-09-10 19:21:54',445,'Peripheral',477,0,'inventory'),
(2330,'2023-09-10 19:21:54',446,'Peripheral',477,0,'inventory'),
(2338,'2023-09-11 19:18:48',103,'Monitor',480,0,'inventory'),
(2339,'2023-09-11 19:18:48',84,'Monitor',480,0,'inventory'),
(2340,'2023-09-11 19:18:48',444,'Peripheral',477,0,'inventory'),
(2341,'2023-09-11 19:18:48',445,'Peripheral',477,0,'inventory'),
(2342,'2023-09-11 19:18:48',446,'Peripheral',477,0,'inventory'),
(2350,'2023-09-12 18:55:42',103,'Monitor',480,0,'inventory'),
(2351,'2023-09-12 18:55:42',84,'Monitor',480,0,'inventory'),
(2352,'2023-09-12 18:55:43',444,'Peripheral',477,0,'inventory'),
(2353,'2023-09-12 18:55:43',445,'Peripheral',477,0,'inventory'),
(2354,'2023-09-12 18:55:43',446,'Peripheral',477,0,'inventory'),
(2356,'2023-09-13 18:23:26',103,'Monitor',480,0,'inventory'),
(2357,'2023-09-13 18:23:27',84,'Monitor',480,0,'inventory'),
(2359,'2023-09-13 18:23:27',444,'Peripheral',477,0,'inventory'),
(2360,'2023-09-13 18:23:27',445,'Peripheral',477,0,'inventory'),
(2361,'2023-09-13 18:23:27',446,'Peripheral',477,0,'inventory'),
(2363,'2023-09-14 18:21:28',84,'Monitor',480,0,'inventory'),
(2365,'2023-09-14 18:21:28',103,'Monitor',480,0,'inventory'),
(2366,'2023-09-14 18:21:28',444,'Peripheral',477,0,'inventory'),
(2367,'2023-09-14 18:21:28',445,'Peripheral',477,0,'inventory'),
(2368,'2023-09-14 18:21:28',446,'Peripheral',477,0,'inventory'),
(2370,'2023-09-15 17:51:46',84,'Monitor',480,0,'inventory'),
(2372,'2023-09-15 17:51:46',103,'Monitor',480,0,'inventory'),
(2373,'2023-09-15 17:51:47',444,'Peripheral',477,0,'inventory'),
(2374,'2023-09-15 17:51:47',445,'Peripheral',477,0,'inventory'),
(2375,'2023-09-15 17:51:47',446,'Peripheral',477,0,'inventory'),
(2378,'2023-09-17 22:17:46',445,'Peripheral',477,0,'inventory'),
(2379,'2023-09-17 22:17:46',446,'Peripheral',477,0,'inventory'),
(2381,'2023-09-18 22:12:52',84,'Monitor',480,0,'inventory'),
(2383,'2023-09-18 22:12:52',103,'Monitor',480,0,'inventory'),
(2384,'2023-09-18 22:12:53',444,'Peripheral',477,0,'inventory'),
(2385,'2023-09-18 22:12:53',445,'Peripheral',477,0,'inventory'),
(2386,'2023-09-18 22:12:53',446,'Peripheral',477,0,'inventory'),
(2388,'2023-09-19 21:47:15',84,'Monitor',480,0,'inventory'),
(2390,'2023-09-19 21:47:15',103,'Monitor',480,0,'inventory'),
(2391,'2023-09-19 21:47:16',444,'Peripheral',477,0,'inventory'),
(2392,'2023-09-19 21:47:16',445,'Peripheral',477,0,'inventory'),
(2393,'2023-09-19 21:47:16',446,'Peripheral',477,0,'inventory'),
(2395,'2023-09-20 21:07:40',84,'Monitor',480,0,'inventory'),
(2397,'2023-09-20 21:07:40',103,'Monitor',480,0,'inventory'),
(2398,'2023-09-20 21:07:41',444,'Peripheral',477,0,'inventory'),
(2399,'2023-09-20 21:07:41',445,'Peripheral',477,0,'inventory'),
(2400,'2023-09-20 21:07:41',446,'Peripheral',477,0,'inventory'),
(2402,'2023-09-21 20:27:03',105,'Monitor',480,0,'inventory'),
(2403,'2023-09-21 20:27:03',106,'Monitor',480,0,'inventory'),
(2405,'2023-09-21 20:27:04',445,'Peripheral',477,0,'inventory'),
(2406,'2023-09-21 20:27:04',446,'Peripheral',477,0,'inventory'),
(2408,'2023-09-22 19:47:47',105,'Monitor',480,0,'inventory'),
(2409,'2023-09-22 19:47:47',106,'Monitor',480,0,'inventory'),
(2411,'2023-09-22 19:47:48',445,'Peripheral',477,0,'inventory'),
(2412,'2023-09-22 19:47:48',446,'Peripheral',477,0,'inventory'),
(2415,'2023-09-25 12:18:35',445,'Peripheral',477,0,'inventory'),
(2416,'2023-09-25 12:18:35',446,'Peripheral',477,0,'inventory'),
(2418,'2023-09-26 12:45:32',103,'Monitor',480,0,'inventory'),
(2420,'2023-09-26 12:45:33',84,'Monitor',480,0,'inventory'),
(2421,'2023-09-26 12:45:33',444,'Peripheral',477,0,'inventory'),
(2422,'2023-09-26 12:45:33',445,'Peripheral',477,0,'inventory'),
(2423,'2023-09-26 12:45:33',446,'Peripheral',477,0,'inventory'),
(2425,'2023-09-26 13:26:42',103,'Monitor',480,0,'inventory'),
(2427,'2023-09-26 13:26:42',84,'Monitor',480,0,'inventory'),
(2428,'2023-09-26 13:26:43',444,'Peripheral',477,0,'inventory'),
(2429,'2023-09-26 13:26:43',445,'Peripheral',477,0,'inventory'),
(2430,'2023-09-26 13:26:43',446,'Peripheral',477,0,'inventory'),
(2446,'2023-09-26 18:01:30',33952,'Computer',455,0,'inventory'),
(2447,'2023-09-27 12:51:32',69,'Monitor',480,0,'inventory'),
(2451,'2023-09-27 12:51:33',33953,'Computer',455,0,'inventory'),
(2453,'2023-09-27 13:02:02',69,'Monitor',480,0,'inventory'),
(2497,'2023-10-12 13:04:28',84,'Monitor',480,0,'inventory'),
(2498,'2023-10-12 13:04:28',103,'Monitor',480,0,'inventory'),
(2500,'2023-10-12 13:04:29',444,'Peripheral',477,0,'inventory'),
(2501,'2023-10-12 13:04:29',445,'Peripheral',477,0,'inventory'),
(2502,'2023-10-12 13:04:29',446,'Peripheral',477,0,'inventory'),
(2508,'2023-10-13 12:58:04',72,'Monitor',480,0,'inventory'),
(2510,'2023-10-13 12:58:04',71,'Monitor',480,0,'inventory'),
(2511,'2023-10-13 12:58:04',410,'Peripheral',477,0,'inventory'),
(2512,'2023-10-13 12:58:04',411,'Peripheral',477,0,'inventory'),
(2513,'2023-10-13 12:58:04',412,'Peripheral',477,0,'inventory'),
(2514,'2023-10-13 12:58:04',445,'Peripheral',477,0,'inventory'),
(2515,'2023-10-13 12:58:04',413,'Peripheral',477,0,'inventory'),
(2516,'2023-10-13 12:58:04',446,'Peripheral',477,0,'inventory'),
(2518,'2023-10-13 13:41:49',72,'Monitor',480,0,'inventory'),
(2520,'2023-10-13 13:41:49',71,'Monitor',480,0,'inventory'),
(2521,'2023-10-13 13:41:50',410,'Peripheral',477,0,'inventory'),
(2522,'2023-10-13 13:41:50',411,'Peripheral',477,0,'inventory'),
(2523,'2023-10-13 13:41:50',412,'Peripheral',477,0,'inventory'),
(2524,'2023-10-13 13:41:50',445,'Peripheral',477,0,'inventory'),
(2525,'2023-10-13 13:41:50',413,'Peripheral',477,0,'inventory'),
(2526,'2023-10-13 13:41:50',446,'Peripheral',477,0,'inventory'),
(2528,'2023-10-13 21:21:55',69,'Monitor',480,0,'inventory'),
(2533,'2023-10-16 11:58:33',84,'Monitor',480,0,'inventory'),
(2535,'2023-10-16 11:58:33',103,'Monitor',480,0,'inventory'),
(2536,'2023-10-16 11:58:35',444,'Peripheral',477,0,'inventory'),
(2537,'2023-10-16 11:58:35',445,'Peripheral',477,0,'inventory'),
(2538,'2023-10-16 11:58:35',446,'Peripheral',477,0,'inventory'),
(2558,'2023-10-16 16:41:18',13,'Unmanaged',503,0,'inventory'),
(2559,'2023-10-16 16:58:47',285,'Printer',466,0,'inventory'),
(2570,'2023-10-17 12:19:47',445,'Peripheral',477,0,'inventory'),
(2571,'2023-10-17 12:19:47',446,'Peripheral',477,0,'inventory'),
(2579,'2023-10-17 14:51:21',1,'Unmanaged',503,0,'inventory'),
(2581,'2023-10-17 15:03:15',18,'Unmanaged',503,0,'inventory'),
(2583,'2023-10-17 15:59:28',12,'Unmanaged',503,0,'inventory'),
(2584,'2023-10-17 16:08:38',13,'Unmanaged',503,0,'inventory'),
(2585,'2023-10-17 16:09:09',13,'Unmanaged',503,0,'inventory'),
(2586,'2023-10-17 18:04:04',15,'Unmanaged',503,0,'inventory'),
(2587,'2023-10-17 18:04:35',15,'Unmanaged',503,0,'inventory'),
(2589,'2023-10-17 18:26:12',14,'Unmanaged',503,0,'inventory'),
(2590,'2023-10-17 18:29:58',7,'Unmanaged',504,0,'inventory'),
(2591,'2023-10-17 18:30:29',7,'Unmanaged',503,0,'inventory'),
(2592,'2023-10-17 21:24:37',285,'Printer',466,0,'inventory'),
(2593,'2023-10-17 21:24:37',285,'Printer',466,0,'inventory'),
(2599,'2023-10-17 21:29:02',8,'Unmanaged',503,0,'inventory'),
(2600,'2023-10-17 21:29:02',8,'Unmanaged',503,0,'inventory'),
(2601,'2023-10-17 21:29:46',1,'Unmanaged',503,0,'inventory'),
(2602,'2023-10-17 21:29:46',1,'Unmanaged',503,0,'inventory'),
(2603,'2023-10-17 21:30:09',18,'Unmanaged',503,0,'inventory'),
(2604,'2023-10-17 21:30:10',18,'Unmanaged',503,0,'inventory'),
(2605,'2023-10-17 21:30:58',19,'Unmanaged',504,0,'inventory'),
(2606,'2023-10-17 21:30:58',20,'Unmanaged',504,0,'inventory'),
(2607,'2023-10-17 21:32:02',12,'Unmanaged',503,0,'inventory'),
(2608,'2023-10-17 21:32:07',12,'Unmanaged',503,0,'inventory'),
(2609,'2023-10-17 21:32:23',13,'Unmanaged',503,0,'inventory'),
(2610,'2023-10-17 21:32:24',13,'Unmanaged',503,0,'inventory'),
(2611,'2023-10-17 21:33:34',15,'Unmanaged',503,0,'inventory'),
(2612,'2023-10-17 21:33:37',15,'Unmanaged',503,0,'inventory'),
(2613,'2023-10-17 21:34:17',14,'Unmanaged',503,0,'inventory'),
(2614,'2023-10-17 21:34:21',14,'Unmanaged',503,0,'inventory'),
(2615,'2023-10-17 21:34:22',7,'Unmanaged',503,0,'inventory'),
(2616,'2023-10-17 21:34:23',7,'Unmanaged',503,0,'inventory'),
(2622,'2023-10-18 20:39:08',8,'Unmanaged',503,0,'inventory'),
(2623,'2023-10-18 20:39:09',10,'Unmanaged',503,0,'inventory'),
(2624,'2023-10-18 20:39:31',1,'Unmanaged',503,0,'inventory'),
(2625,'2023-10-18 20:39:52',18,'Unmanaged',503,0,'inventory'),
(2626,'2023-10-18 20:40:40',12,'Unmanaged',503,0,'inventory'),
(2627,'2023-10-18 20:41:00',13,'Unmanaged',503,0,'inventory'),
(2628,'2023-10-18 20:41:24',11,'Unmanaged',503,0,'inventory'),
(2629,'2023-10-18 20:41:26',15,'Unmanaged',503,0,'inventory'),
(2630,'2023-10-18 20:41:48',14,'Unmanaged',503,0,'inventory'),
(2631,'2023-10-18 20:41:50',7,'Unmanaged',503,0,'inventory'),
(2633,'2023-10-19 15:37:08',445,'Peripheral',477,0,'inventory'),
(2634,'2023-10-19 15:37:08',446,'Peripheral',477,0,'inventory'),
(2646,'2023-10-24 12:27:41',1,'Unmanaged',503,0,'inventory'),
(2647,'2023-10-24 12:28:02',18,'Unmanaged',503,0,'inventory'),
(2648,'2023-10-24 12:28:50',12,'Unmanaged',503,0,'inventory'),
(2649,'2023-10-24 12:29:10',13,'Unmanaged',503,0,'inventory'),
(2650,'2023-10-24 12:29:36',15,'Unmanaged',503,0,'inventory'),
(2651,'2023-10-24 12:29:58',14,'Unmanaged',503,0,'inventory'),
(2652,'2023-10-24 12:30:00',7,'Unmanaged',503,0,'inventory'),
(2658,'2023-10-25 12:33:44',1,'Unmanaged',503,0,'inventory'),
(2659,'2023-10-25 12:34:05',18,'Unmanaged',503,0,'inventory'),
(2660,'2023-10-25 12:34:53',12,'Unmanaged',503,0,'inventory'),
(2661,'2023-10-25 12:35:13',13,'Unmanaged',503,0,'inventory'),
(2662,'2023-10-25 12:36:01',14,'Unmanaged',503,0,'inventory'),
(2663,'2023-10-25 12:36:02',7,'Unmanaged',503,0,'inventory'),
(2668,'2023-10-26 12:22:44',1,'Unmanaged',503,0,'inventory'),
(2669,'2023-10-26 12:23:06',18,'Unmanaged',503,0,'inventory'),
(2670,'2023-10-26 12:23:54',12,'Unmanaged',503,0,'inventory'),
(2671,'2023-10-26 12:24:41',15,'Unmanaged',503,0,'inventory'),
(2672,'2023-10-26 12:25:02',14,'Unmanaged',503,0,'inventory'),
(2679,'2023-10-26 14:03:26',445,'Peripheral',477,0,'inventory'),
(2680,'2023-10-26 14:03:26',446,'Peripheral',477,0,'inventory'),
(2687,'2023-10-27 12:09:56',1,'Unmanaged',503,0,'inventory'),
(2688,'2023-10-27 12:10:17',18,'Unmanaged',503,0,'inventory'),
(2689,'2023-10-27 12:11:06',12,'Unmanaged',503,0,'inventory'),
(2690,'2023-10-27 12:11:52',15,'Unmanaged',503,0,'inventory'),
(2691,'2023-10-27 12:12:14',14,'Unmanaged',503,0,'inventory'),
(2697,'2023-10-30 12:30:31',10,'Unmanaged',503,0,'inventory'),
(2698,'2023-10-30 12:30:53',1,'Unmanaged',503,0,'inventory'),
(2699,'2023-10-30 12:31:14',18,'Unmanaged',503,0,'inventory'),
(2700,'2023-10-30 12:32:03',12,'Unmanaged',503,0,'inventory'),
(2701,'2023-10-30 12:32:22',13,'Unmanaged',503,0,'inventory'),
(2702,'2023-10-30 12:32:50',15,'Unmanaged',503,0,'inventory'),
(2703,'2023-10-30 12:33:12',14,'Unmanaged',503,0,'inventory'),
(2704,'2023-10-30 12:33:14',7,'Unmanaged',503,0,'inventory'),
(2710,'2023-10-31 12:24:19',1,'Unmanaged',503,0,'inventory'),
(2711,'2023-10-31 12:24:40',18,'Unmanaged',503,0,'inventory'),
(2712,'2023-10-31 12:25:29',12,'Unmanaged',503,0,'inventory'),
(2713,'2023-10-31 12:25:48',13,'Unmanaged',503,0,'inventory'),
(2714,'2023-10-31 12:26:15',15,'Unmanaged',503,0,'inventory'),
(2715,'2023-10-31 12:26:37',14,'Unmanaged',503,0,'inventory'),
(2716,'2023-10-31 12:26:39',7,'Unmanaged',503,0,'inventory'),
(2717,'2023-11-01 12:27:01',1,'Unmanaged',503,0,'inventory'),
(2718,'2023-11-01 12:27:20',18,'Unmanaged',503,0,'inventory'),
(2719,'2023-11-01 12:28:14',12,'Unmanaged',503,0,'inventory'),
(2720,'2023-11-01 12:28:31',13,'Unmanaged',503,0,'inventory'),
(2721,'2023-11-01 12:29:02',15,'Unmanaged',503,0,'inventory'),
(2722,'2023-11-01 12:29:25',14,'Unmanaged',503,0,'inventory'),
(2723,'2023-11-01 12:29:28',7,'Unmanaged',503,0,'inventory'),
(2729,'2023-11-02 12:26:24',1,'Unmanaged',503,0,'inventory'),
(2730,'2023-11-02 12:26:44',18,'Unmanaged',503,0,'inventory'),
(2731,'2023-11-02 12:27:33',12,'Unmanaged',503,0,'inventory'),
(2732,'2023-11-02 12:28:19',15,'Unmanaged',503,0,'inventory'),
(2733,'2023-11-02 12:28:42',14,'Unmanaged',503,0,'inventory'),
(2734,'2023-11-02 12:30:43',69,'Monitor',480,0,'inventory'),
(2739,'2023-11-03 12:16:25',1,'Unmanaged',503,0,'inventory'),
(2740,'2023-11-03 12:16:47',18,'Unmanaged',503,0,'inventory'),
(2741,'2023-11-03 12:17:35',12,'Unmanaged',503,0,'inventory'),
(2742,'2023-11-03 12:18:21',15,'Unmanaged',503,0,'inventory'),
(2743,'2023-11-03 12:18:43',14,'Unmanaged',503,0,'inventory'),
(2744,'2023-11-03 12:20:30',69,'Monitor',480,0,'inventory'),
(2750,'2023-11-03 18:39:55',445,'Peripheral',477,0,'inventory'),
(2751,'2023-11-03 18:39:55',446,'Peripheral',477,0,'inventory'),
(2753,'2023-11-06 13:07:52',8,'Unmanaged',503,0,'inventory'),
(2754,'2023-11-06 13:08:16',1,'Unmanaged',503,0,'inventory'),
(2755,'2023-11-06 13:08:36',18,'Unmanaged',503,0,'inventory'),
(2756,'2023-11-06 13:09:28',12,'Unmanaged',503,0,'inventory'),
(2757,'2023-11-06 13:09:44',13,'Unmanaged',503,0,'inventory'),
(2758,'2023-11-06 13:10:36',14,'Unmanaged',503,0,'inventory'),
(2759,'2023-11-06 13:10:38',7,'Unmanaged',503,0,'inventory'),
(2770,'2023-12-05 22:14:03',285,'Printer',466,0,'inventory'),
(2771,'2023-12-05 22:15:27',69,'Monitor',480,0,'inventory'),
(2776,'2023-12-05 22:17:05',8,'Unmanaged',503,0,'inventory'),
(2777,'2023-12-05 22:17:28',1,'Unmanaged',503,0,'inventory'),
(2778,'2023-12-05 22:17:48',18,'Unmanaged',503,0,'inventory'),
(2779,'2023-12-05 22:18:12',19,'Unmanaged',503,0,'inventory'),
(2780,'2023-12-05 22:18:37',12,'Unmanaged',503,0,'inventory'),
(2781,'2023-12-05 22:18:56',13,'Unmanaged',503,0,'inventory'),
(2782,'2023-12-05 22:19:21',11,'Unmanaged',503,0,'inventory'),
(2783,'2023-12-05 22:19:23',15,'Unmanaged',503,0,'inventory'),
(2784,'2023-12-05 22:19:47',14,'Unmanaged',503,0,'inventory'),
(2785,'2023-12-05 22:19:48',7,'Unmanaged',504,0,'inventory'),
(2786,'2023-12-06 13:18:25',1,'Unmanaged',503,0,'inventory'),
(2787,'2023-12-06 13:18:46',18,'Unmanaged',503,0,'inventory'),
(2788,'2023-12-06 13:19:35',12,'Unmanaged',503,0,'inventory'),
(2789,'2023-12-06 13:19:53',13,'Unmanaged',503,0,'inventory'),
(2790,'2023-12-06 13:20:20',15,'Unmanaged',503,0,'inventory'),
(2791,'2023-12-06 13:20:43',14,'Unmanaged',503,0,'inventory'),
(2792,'2023-12-06 13:20:44',7,'Unmanaged',503,0,'inventory'),
(2798,'2023-12-07 12:52:51',1,'Unmanaged',503,0,'inventory'),
(2799,'2023-12-07 12:53:13',18,'Unmanaged',503,0,'inventory'),
(2800,'2023-12-07 12:54:01',12,'Unmanaged',503,0,'inventory'),
(2801,'2023-12-07 12:54:46',15,'Unmanaged',503,0,'inventory'),
(2802,'2023-12-07 12:55:09',14,'Unmanaged',503,0,'inventory'),
(2807,'2023-12-08 12:38:18',8,'Unmanaged',503,0,'inventory'),
(2808,'2023-12-08 12:38:41',1,'Unmanaged',503,0,'inventory'),
(2809,'2023-12-08 12:39:03',18,'Unmanaged',503,0,'inventory'),
(2810,'2023-12-08 12:39:51',12,'Unmanaged',503,0,'inventory'),
(2811,'2023-12-08 12:40:10',13,'Unmanaged',503,0,'inventory'),
(2812,'2023-12-08 12:40:37',15,'Unmanaged',503,0,'inventory'),
(2813,'2023-12-08 12:40:58',14,'Unmanaged',503,0,'inventory'),
(2814,'2023-12-08 12:41:00',7,'Unmanaged',503,0,'inventory'),
(2819,'2023-12-09 11:55:54',8,'Unmanaged',503,0,'inventory'),
(2820,'2023-12-09 11:55:54',10,'Unmanaged',503,0,'inventory'),
(2821,'2023-12-09 11:56:16',1,'Unmanaged',503,0,'inventory'),
(2822,'2023-12-09 11:56:38',18,'Unmanaged',503,0,'inventory'),
(2823,'2023-12-09 11:57:26',12,'Unmanaged',503,0,'inventory'),
(2824,'2023-12-09 11:57:45',13,'Unmanaged',503,0,'inventory'),
(2825,'2023-12-09 11:58:12',15,'Unmanaged',503,0,'inventory'),
(2826,'2023-12-09 11:58:34',14,'Unmanaged',503,0,'inventory'),
(2827,'2023-12-09 11:58:35',7,'Unmanaged',503,0,'inventory'),
(2832,'2023-12-11 13:17:52',8,'Unmanaged',503,0,'inventory'),
(2833,'2023-12-11 13:18:14',1,'Unmanaged',503,0,'inventory'),
(2834,'2023-12-11 13:18:33',18,'Unmanaged',503,0,'inventory'),
(2835,'2023-12-11 13:19:24',12,'Unmanaged',503,0,'inventory'),
(2836,'2023-12-11 13:20:10',15,'Unmanaged',503,0,'inventory'),
(2837,'2023-12-11 13:20:33',14,'Unmanaged',503,0,'inventory'),
(2838,'2023-12-11 13:20:34',7,'Unmanaged',503,0,'inventory'),
(2844,'2023-12-12 12:33:50',8,'Unmanaged',503,0,'inventory'),
(2845,'2023-12-12 12:34:12',1,'Unmanaged',503,0,'inventory'),
(2846,'2023-12-12 12:34:34',18,'Unmanaged',503,0,'inventory'),
(2847,'2023-12-12 12:35:22',12,'Unmanaged',503,0,'inventory'),
(2848,'2023-12-12 12:35:42',13,'Unmanaged',503,0,'inventory'),
(2849,'2023-12-12 12:36:08',15,'Unmanaged',503,0,'inventory'),
(2850,'2023-12-12 12:36:30',14,'Unmanaged',503,0,'inventory'),
(2851,'2023-12-12 12:36:31',7,'Unmanaged',503,0,'inventory'),
(2856,'2023-12-13 13:43:39',8,'Unmanaged',503,0,'inventory'),
(2857,'2023-12-13 13:44:02',1,'Unmanaged',503,0,'inventory'),
(2858,'2023-12-13 13:44:21',18,'Unmanaged',503,0,'inventory'),
(2859,'2023-12-13 13:45:13',12,'Unmanaged',503,0,'inventory'),
(2860,'2023-12-13 13:45:33',13,'Unmanaged',503,0,'inventory'),
(2861,'2023-12-13 13:46:01',15,'Unmanaged',503,0,'inventory'),
(2862,'2023-12-13 13:46:24',14,'Unmanaged',503,0,'inventory'),
(2863,'2023-12-13 13:46:26',7,'Unmanaged',503,0,'inventory'),
(2874,'2023-12-14 13:50:40',8,'Unmanaged',503,0,'inventory'),
(2875,'2023-12-14 13:51:03',1,'Unmanaged',503,0,'inventory'),
(2876,'2023-12-14 13:51:23',18,'Unmanaged',503,0,'inventory'),
(2877,'2023-12-14 13:52:13',12,'Unmanaged',503,0,'inventory'),
(2878,'2023-12-14 13:52:58',15,'Unmanaged',503,0,'inventory'),
(2879,'2023-12-14 13:53:21',14,'Unmanaged',503,0,'inventory'),
(2885,'2023-12-15 13:34:04',1,'Unmanaged',503,0,'inventory'),
(2886,'2023-12-15 13:34:24',18,'Unmanaged',503,0,'inventory'),
(2887,'2023-12-15 13:35:13',12,'Unmanaged',503,0,'inventory'),
(2888,'2023-12-15 13:36:00',15,'Unmanaged',503,0,'inventory'),
(2889,'2023-12-15 13:36:22',14,'Unmanaged',503,0,'inventory'),
(2894,'2023-12-18 13:23:02',1,'Unmanaged',503,0,'inventory'),
(2895,'2023-12-18 13:23:21',18,'Unmanaged',503,0,'inventory'),
(2896,'2023-12-18 13:24:12',12,'Unmanaged',503,0,'inventory'),
(2897,'2023-12-18 13:24:29',13,'Unmanaged',503,0,'inventory'),
(2898,'2023-12-18 13:24:58',15,'Unmanaged',503,0,'inventory'),
(2899,'2023-12-18 13:25:20',14,'Unmanaged',503,0,'inventory'),
(2900,'2023-12-18 13:25:22',7,'Unmanaged',503,0,'inventory'),
(2906,'2023-12-19 13:32:35',1,'Unmanaged',503,0,'inventory'),
(2907,'2023-12-19 13:32:56',18,'Unmanaged',503,0,'inventory'),
(2908,'2023-12-19 13:33:45',12,'Unmanaged',503,0,'inventory'),
(2909,'2023-12-19 13:34:03',13,'Unmanaged',503,0,'inventory'),
(2910,'2023-12-19 13:34:31',15,'Unmanaged',503,0,'inventory'),
(2911,'2023-12-19 13:34:53',14,'Unmanaged',503,0,'inventory'),
(2912,'2023-12-19 13:34:54',7,'Unmanaged',503,0,'inventory'),
(2918,'2023-12-20 13:25:31',1,'Unmanaged',503,0,'inventory'),
(2919,'2023-12-20 13:25:53',18,'Unmanaged',503,0,'inventory'),
(2920,'2023-12-20 13:26:40',12,'Unmanaged',503,0,'inventory'),
(2921,'2023-12-20 13:27:00',13,'Unmanaged',503,0,'inventory'),
(2922,'2023-12-20 13:27:37',15,'Unmanaged',503,0,'inventory'),
(2923,'2023-12-20 13:27:58',14,'Unmanaged',503,0,'inventory'),
(2924,'2023-12-20 13:28:02',7,'Unmanaged',503,0,'inventory'),
(2929,'2023-12-21 12:43:10',1,'Unmanaged',503,0,'inventory'),
(2930,'2023-12-21 12:43:32',18,'Unmanaged',503,0,'inventory'),
(2931,'2023-12-21 12:44:19',12,'Unmanaged',503,0,'inventory'),
(2932,'2023-12-21 12:45:06',15,'Unmanaged',503,0,'inventory'),
(2933,'2023-12-21 12:45:28',14,'Unmanaged',503,0,'inventory'),
(2935,'2023-12-22 13:20:35',69,'Monitor',480,0,'inventory'),
(2939,'2023-12-22 13:22:39',1,'Unmanaged',503,0,'inventory'),
(2940,'2023-12-22 13:23:00',18,'Unmanaged',503,0,'inventory'),
(2941,'2023-12-22 13:23:49',12,'Unmanaged',503,0,'inventory'),
(2942,'2023-12-22 13:24:36',15,'Unmanaged',503,0,'inventory'),
(2943,'2023-12-22 13:24:58',14,'Unmanaged',503,0,'inventory'),
(2948,'2023-12-27 17:33:40',8,'Unmanaged',503,0,'inventory'),
(2949,'2023-12-27 17:34:02',1,'Unmanaged',503,0,'inventory'),
(2950,'2023-12-27 17:34:23',18,'Unmanaged',503,0,'inventory'),
(2951,'2023-12-27 17:35:12',12,'Unmanaged',503,0,'inventory'),
(2952,'2023-12-27 17:35:30',13,'Unmanaged',503,0,'inventory'),
(2953,'2023-12-27 17:35:54',11,'Unmanaged',503,0,'inventory'),
(2954,'2023-12-27 17:36:20',14,'Unmanaged',503,0,'inventory'),
(2955,'2023-12-27 17:36:21',7,'Unmanaged',503,0,'inventory'),
(3073,'2024-03-11 12:23:00',68,'Monitor',480,0,'inventory'),
(3078,'2024-03-12 12:19:38',68,'Monitor',480,0,'inventory'),
(3083,'2024-03-13 12:47:31',68,'Monitor',480,0,'inventory'),
(3088,'2024-03-14 12:18:54',68,'Monitor',480,0,'inventory'),
(3093,'2024-03-15 12:19:44',68,'Monitor',480,0,'inventory'),
(3098,'2024-03-18 12:17:00',68,'Monitor',480,0,'inventory'),
(3103,'2024-03-19 12:36:18',68,'Monitor',480,0,'inventory'),
(3105,'2024-03-19 12:36:19',386,'Peripheral',477,0,'inventory'),
(3106,'2024-03-19 12:36:19',406,'Peripheral',477,0,'inventory'),
(3108,'2024-03-20 12:30:15',68,'Monitor',480,0,'inventory'),
(3109,'2024-03-20 12:30:15',70,'Monitor',480,0,'inventory'),
(3110,'2024-03-20 12:30:16',386,'Peripheral',477,0,'inventory'),
(3111,'2024-03-20 12:30:16',406,'Peripheral',477,0,'inventory'),
(3113,'2024-03-21 12:24:42',68,'Monitor',480,0,'inventory'),
(3114,'2024-03-21 12:24:42',70,'Monitor',480,0,'inventory'),
(3115,'2024-03-21 12:24:43',386,'Peripheral',477,0,'inventory'),
(3116,'2024-03-21 12:24:43',406,'Peripheral',477,0,'inventory'),
(3118,'2024-03-22 12:19:31',68,'Monitor',480,0,'inventory'),
(3119,'2024-03-22 12:19:31',70,'Monitor',480,0,'inventory'),
(3120,'2024-03-22 12:19:32',386,'Peripheral',477,0,'inventory'),
(3121,'2024-03-22 12:19:32',406,'Peripheral',477,0,'inventory'),
(3123,'2024-03-24 14:30:22',68,'Monitor',480,0,'inventory'),
(3124,'2024-03-24 14:30:22',70,'Monitor',480,0,'inventory'),
(3125,'2024-03-24 14:30:23',386,'Peripheral',477,0,'inventory'),
(3126,'2024-03-24 14:30:23',406,'Peripheral',477,0,'inventory'),
(3128,'2024-03-25 16:02:59',68,'Monitor',480,0,'inventory'),
(3129,'2024-03-25 16:02:59',70,'Monitor',480,0,'inventory'),
(3130,'2024-03-25 16:02:59',386,'Peripheral',477,0,'inventory'),
(3131,'2024-03-25 16:02:59',406,'Peripheral',477,0,'inventory'),
(3133,'2024-03-27 12:38:55',70,'Monitor',480,0,'inventory'),
(3134,'2024-03-27 12:38:56',386,'Peripheral',477,0,'inventory'),
(3135,'2024-03-27 12:38:56',406,'Peripheral',477,0,'inventory'),
(3137,'2024-03-28 12:14:47',69,'Monitor',480,0,'inventory'),
(3138,'2024-03-28 12:14:47',70,'Monitor',480,0,'inventory'),
(3139,'2024-03-28 12:14:48',386,'Peripheral',477,0,'inventory'),
(3140,'2024-03-28 12:14:48',406,'Peripheral',477,0,'inventory'),
(3142,'2024-03-29 12:05:52',68,'Monitor',480,0,'inventory'),
(3143,'2024-03-29 12:05:52',70,'Monitor',480,0,'inventory'),
(3144,'2024-03-29 12:05:53',386,'Peripheral',477,0,'inventory'),
(3145,'2024-03-29 12:05:53',406,'Peripheral',477,0,'inventory'),
(3147,'2024-04-01 01:32:15',68,'Monitor',480,0,'inventory'),
(3148,'2024-04-01 01:32:15',70,'Monitor',480,0,'inventory'),
(3149,'2024-04-01 01:32:15',386,'Peripheral',477,0,'inventory'),
(3150,'2024-04-01 01:32:15',406,'Peripheral',477,0,'inventory'),
(3152,'2024-04-02 12:12:34',68,'Monitor',480,0,'inventory'),
(3153,'2024-04-02 12:12:34',70,'Monitor',480,0,'inventory'),
(3154,'2024-04-02 12:12:34',386,'Peripheral',477,0,'inventory'),
(3155,'2024-04-02 12:12:34',406,'Peripheral',477,0,'inventory'),
(3157,'2024-04-03 15:48:44',68,'Monitor',480,0,'inventory'),
(3158,'2024-04-03 15:48:44',70,'Monitor',480,0,'inventory'),
(3159,'2024-04-03 15:48:44',386,'Peripheral',477,0,'inventory'),
(3160,'2024-04-03 15:48:44',406,'Peripheral',477,0,'inventory'),
(3162,'2024-04-08 12:10:56',68,'Monitor',480,0,'inventory'),
(3163,'2024-04-08 12:10:56',70,'Monitor',480,0,'inventory'),
(3164,'2024-04-08 12:10:56',386,'Peripheral',477,0,'inventory'),
(3165,'2024-04-08 12:10:56',406,'Peripheral',477,0,'inventory'),
(3167,'2024-04-10 19:07:57',70,'Monitor',480,0,'inventory'),
(3168,'2024-04-10 19:07:58',386,'Peripheral',477,0,'inventory'),
(3169,'2024-04-10 19:07:58',406,'Peripheral',477,0,'inventory'),
(3171,'2024-04-24 21:44:54',68,'Monitor',480,0,'inventory'),
(3172,'2024-04-24 21:44:54',70,'Monitor',480,0,'inventory'),
(3173,'2024-04-24 21:44:55',386,'Peripheral',477,0,'inventory'),
(3174,'2024-04-24 21:44:55',406,'Peripheral',477,0,'inventory'),
(3176,'2024-05-08 12:21:43',70,'Monitor',480,0,'inventory'),
(3177,'2024-05-08 12:21:44',386,'Peripheral',477,0,'inventory'),
(3178,'2024-05-08 12:21:44',406,'Peripheral',477,0,'inventory'),
(3180,'2024-05-09 12:14:40',68,'Monitor',480,0,'inventory'),
(3181,'2024-05-09 12:14:41',70,'Monitor',480,0,'inventory'),
(3182,'2024-05-09 12:14:41',386,'Peripheral',477,0,'inventory'),
(3183,'2024-05-09 12:14:41',406,'Peripheral',477,0,'inventory'),
(3185,'2024-05-10 12:06:05',68,'Monitor',480,0,'inventory'),
(3186,'2024-05-10 12:06:05',70,'Monitor',480,0,'inventory'),
(3187,'2024-05-10 12:06:06',386,'Peripheral',477,0,'inventory'),
(3188,'2024-05-10 12:06:06',406,'Peripheral',477,0,'inventory'),
(3190,'2024-05-13 12:23:52',68,'Monitor',480,0,'inventory'),
(3191,'2024-05-13 12:23:53',70,'Monitor',480,0,'inventory'),
(3192,'2024-05-13 12:23:54',386,'Peripheral',477,0,'inventory'),
(3193,'2024-05-13 12:23:54',406,'Peripheral',477,0,'inventory'),
(3195,'2024-05-14 12:26:33',68,'Monitor',480,0,'inventory'),
(3196,'2024-05-14 12:26:33',70,'Monitor',480,0,'inventory'),
(3197,'2024-05-14 12:26:34',386,'Peripheral',477,0,'inventory'),
(3198,'2024-05-14 12:26:34',406,'Peripheral',477,0,'inventory'),
(3200,'2024-05-15 12:26:47',70,'Monitor',480,0,'inventory'),
(3201,'2024-05-15 12:26:48',386,'Peripheral',477,0,'inventory'),
(3202,'2024-05-15 12:26:48',406,'Peripheral',477,0,'inventory'),
(3204,'2024-05-16 12:36:54',70,'Monitor',480,0,'inventory'),
(3205,'2024-05-16 12:36:54',68,'Monitor',480,0,'inventory'),
(3206,'2024-05-16 12:36:54',386,'Peripheral',477,0,'inventory'),
(3207,'2024-05-16 12:36:54',406,'Peripheral',477,0,'inventory'),
(3209,'2024-05-17 12:40:52',70,'Monitor',480,0,'inventory'),
(3210,'2024-05-17 12:40:52',68,'Monitor',480,0,'inventory'),
(3211,'2024-05-17 12:40:53',386,'Peripheral',477,0,'inventory'),
(3212,'2024-05-17 12:40:53',406,'Peripheral',477,0,'inventory'),
(3214,'2024-05-21 14:11:58',70,'Monitor',480,0,'inventory'),
(3215,'2024-05-21 14:11:58',68,'Monitor',480,0,'inventory'),
(3216,'2024-05-21 14:11:59',386,'Peripheral',477,0,'inventory'),
(3217,'2024-05-21 14:11:59',406,'Peripheral',477,0,'inventory'),
(3219,'2024-05-22 14:06:03',68,'Monitor',480,0,'inventory'),
(3220,'2024-05-22 14:06:03',70,'Monitor',480,0,'inventory'),
(3221,'2024-05-22 14:06:04',386,'Peripheral',477,0,'inventory'),
(3222,'2024-05-22 14:06:04',406,'Peripheral',477,0,'inventory'),
(3224,'2024-05-23 13:43:07',68,'Monitor',480,0,'inventory'),
(3225,'2024-05-23 13:43:07',70,'Monitor',480,0,'inventory'),
(3226,'2024-05-23 13:43:08',386,'Peripheral',477,0,'inventory'),
(3227,'2024-05-23 13:43:08',406,'Peripheral',477,0,'inventory'),
(3229,'2024-05-24 13:17:54',68,'Monitor',480,0,'inventory'),
(3230,'2024-05-24 13:17:55',70,'Monitor',480,0,'inventory'),
(3231,'2024-05-24 13:17:55',386,'Peripheral',477,0,'inventory'),
(3232,'2024-05-24 13:17:55',406,'Peripheral',477,0,'inventory'),
(3234,'2024-05-27 12:22:02',68,'Monitor',480,0,'inventory'),
(3235,'2024-05-27 12:22:02',70,'Monitor',480,0,'inventory'),
(3236,'2024-05-27 12:22:03',386,'Peripheral',477,0,'inventory'),
(3237,'2024-05-27 12:22:03',406,'Peripheral',477,0,'inventory'),
(3239,'2024-05-28 12:22:00',70,'Monitor',480,0,'inventory'),
(3240,'2024-05-28 12:22:01',386,'Peripheral',477,0,'inventory'),
(3241,'2024-05-28 12:22:01',406,'Peripheral',477,0,'inventory'),
(3243,'2024-06-04 14:57:51',3,'DatabaseInstance',500,0,'inventory'),
(3245,'2024-06-04 15:55:07',4,'DatabaseInstance',500,0,'inventory'),
(3247,'2024-11-25 22:54:04',70,'Monitor',480,0,'inventory'),
(3248,'2024-11-25 22:54:04',68,'Monitor',480,0,'inventory'),
(3249,'2024-11-25 22:54:04',386,'Peripheral',477,0,'inventory'),
(3250,'2024-11-25 22:54:04',406,'Peripheral',477,0,'inventory'),
(3252,'2024-11-25 23:49:26',70,'Monitor',480,0,'inventory');

--
-- Table structure for table `glpi_rulerightparameters`
--

CREATE TABLE `glpi_rulerightparameters` (
  `id` int(10) unsigned NOT NULL AUTO_INCREMENT,
  `name` varchar(255) DEFAULT NULL,
  `value` varchar(255) DEFAULT NULL,
  `comment` text DEFAULT NULL,
  `date_mod` timestamp NULL DEFAULT NULL,
  `date_creation` timestamp NULL DEFAULT NULL,
  PRIMARY KEY (`id`),
  KEY `date_mod` (`date_mod`),
  KEY `date_creation` (`date_creation`),
  KEY `name` (`name`)
) ENGINE=InnoDB AUTO_INCREMENT=16 DEFAULT CHARSET=utf8mb4 COLLATE=utf8mb4_unicode_ci;

--
-- Dumping data for table `glpi_rulerightparameters`
--

INSERT INTO `glpi_rulerightparameters` VALUES
(1,'(LDAP)Organization','o','',NULL,NULL),
(2,'(LDAP)Common Name','cn','',NULL,NULL),
(3,'(LDAP)Department Number','departmentnumber','',NULL,NULL),
(4,'(LDAP)Email','mail','',NULL,NULL),
(5,'Object Class','objectclass','',NULL,NULL),
(6,'(LDAP)User ID','uid','',NULL,NULL),
(7,'(LDAP)Telephone Number','phone','',NULL,NULL),
(8,'(LDAP)Employee Number','employeenumber','',NULL,NULL),
(9,'(LDAP)Manager','manager','',NULL,NULL),
(10,'(LDAP)DistinguishedName','dn','',NULL,NULL),
(12,'(AD)User ID','samaccountname','',NULL,NULL),
(13,'(LDAP) Title','title','',NULL,NULL),
(14,'(LDAP) MemberOf','memberof','',NULL,NULL),
(15,'(LDAP)Location','l','','2023-11-28 22:36:02','2023-11-28 22:35:16');

--
-- Table structure for table `glpi_rules`
--

CREATE TABLE `glpi_rules` (
  `id` int(10) unsigned NOT NULL AUTO_INCREMENT,
  `entities_id` int(10) unsigned NOT NULL DEFAULT 0,
  `sub_type` varchar(255) NOT NULL DEFAULT '',
  `ranking` int(11) NOT NULL DEFAULT 0,
  `name` varchar(255) DEFAULT NULL,
  `description` mediumtext DEFAULT NULL,
  `match` char(10) DEFAULT NULL COMMENT 'see define.php *_MATCHING constant',
  `is_active` tinyint(1) NOT NULL DEFAULT 1,
  `comment` mediumtext DEFAULT NULL,
  `date_mod` timestamp NULL DEFAULT NULL,
  `is_recursive` tinyint(1) NOT NULL DEFAULT 0,
  `uuid` varchar(255) DEFAULT NULL,
  `condition` int(11) NOT NULL DEFAULT 0,
  `date_creation` timestamp NULL DEFAULT NULL,
  PRIMARY KEY (`id`),
  KEY `entities_id` (`entities_id`),
  KEY `is_active` (`is_active`),
  KEY `sub_type` (`sub_type`),
  KEY `date_mod` (`date_mod`),
  KEY `is_recursive` (`is_recursive`),
  KEY `condition` (`condition`),
  KEY `date_creation` (`date_creation`),
  KEY `name` (`name`)
) ENGINE=InnoDB AUTO_INCREMENT=1783 DEFAULT CHARSET=utf8mb4 COLLATE=utf8mb4_unicode_ci;

--
-- Dumping data for table `glpi_rules`
--

INSERT INTO `glpi_rules` VALUES
(2,0,'RuleRight',1,'Root','','OR',0,NULL,'2020-08-04 13:36:33',0,'500717c8-2bd6e957-53a12b5fd35745.02608131',0,'2018-09-05 15:43:25'),
(3,0,'RuleMailCollector',2,'Root','','OR',0,NULL,'2024-01-10 22:42:10',0,'500717c8-2bd6e957-53a12b5fd36404.54713349',0,NULL),
(4,0,'RuleMailCollector',1,'X-Auto-Response-Suppress','Exclude Auto-Reply emails using X-Auto-Response-Suppress header','AND',1,NULL,'2024-06-20 14:31:33',1,'500717c8-2bd6e957-53a12b5fd36d97.94503423',0,NULL),
(5,0,'RuleMailCollector',2,'Auto-Reply Auto-Submitted','Exclude Auto-Reply emails using Auto-Submitted header','OR',1,NULL,'2024-06-20 14:31:33',1,'500717c8-2bd6e957-53a12b5fd376c2.87642651',0,NULL),
(6,0,'RuleTicket',1,'Ticket location from item','','AND',0,'Automatically generated by GLPI 0.84','2026-01-29 13:22:33',1,'500717c8-2bd6e957-53a12b5fd37f94.10365341',1,'2017-11-16 22:37:38'),
(8,0,'RuleSoftwareCategory',1,'Import category from inventory tool','','AND',1,'Automatically generated by GLPI 9.2','2020-02-11 21:20:07',1,'500717c8-2bd6e957-53a12b5fd38869.86003425',1,NULL),
(91,0,'RuleAsset',1,'Domain user assignation','','AND',1,'Généré automatiquement par GLPI 9.4.0',NULL,1,'fbeb1115-7a37b143-5a3a6fc1afdc17.92779763',3,NULL),
(92,0,'RuleAsset',2,'Multiple users: assign to the first','','AND',1,'Généré automatiquement par GLPI 9.4.0',NULL,1,'fbeb1115-7a37b143-5a3a6fc1b03762.88595154',3,NULL),
(93,0,'RuleAsset',3,'One user assignation','','AND',1,'Généré automatiquement par GLPI 9.4.0',NULL,1,'fbeb1115-7a37b143-5a3a6fc1b073e1.16257440',3,NULL),
(105,0,'RuleImportComputer',1,'RootComputerOcs','','AND',1,'Généré automatiquement par GLPI 150',NULL,0,NULL,0,NULL),
(106,0,'RuleImportEntity',1,'RootEntityOcs','','AND',1,'Généré automatiquement par GLPI 150','2023-11-01 15:57:42',1,NULL,0,NULL),
(114,0,'PluginTypologyRuleTypology',1,'Typologie Ordinateur','','AND',1,'','2020-02-12 10:15:37',1,'57400b18-52cd3cbf-5e4304af9d8a43.82073149',0,'2020-02-11 19:46:55'),
(444,0,'RuleImportAsset',0,'No creation on partial import',NULL,'AND',1,NULL,'2022-11-02 15:40:24',0,NULL,0,'2022-11-02 15:40:24'),
(445,0,'RuleImportAsset',1,'Device update (by mac+ifnumber restricted port)',NULL,'AND',1,NULL,'2022-11-02 15:40:24',0,NULL,0,'2022-11-02 15:40:24'),
(446,0,'RuleImportAsset',2,'Device update (by mac+ifnumber not restricted port)',NULL,'AND',1,NULL,'2022-11-02 15:40:24',0,NULL,0,'2022-11-02 15:40:24'),
(447,0,'RuleImportAsset',3,'Device import (by mac+ifnumber)',NULL,'AND',1,NULL,'2022-11-02 15:40:24',0,NULL,0,'2022-11-02 15:40:24'),
(448,0,'RuleImportAsset',4,'Device update (by ip+ifdescr restricted port)',NULL,'AND',1,NULL,'2022-11-02 15:40:24',0,NULL,0,'2022-11-02 15:40:24'),
(449,0,'RuleImportAsset',5,'Device update (by ip+ifdescr not restricted port)',NULL,'AND',1,NULL,'2022-11-02 15:40:24',0,NULL,0,'2022-11-02 15:40:24'),
(450,0,'RuleImportAsset',6,'Device import (by ip+ifdescr)',NULL,'AND',1,NULL,'2022-11-02 15:40:24',0,NULL,0,'2022-11-02 15:40:24'),
(451,0,'RuleImportAsset',7,'Update only mac address (mac on switch port)',NULL,'AND',1,NULL,'2022-11-02 15:40:24',0,NULL,0,'2022-11-02 15:40:24'),
(452,0,'RuleImportAsset',8,'Import only mac address (mac on switch port)',NULL,'AND',1,NULL,'2022-11-02 15:40:24',0,NULL,0,'2022-11-02 15:40:24'),
(453,0,'RuleImportAsset',9,'Computer constraint (name)',NULL,'AND',1,NULL,'2022-11-02 15:40:24',0,NULL,0,'2022-11-02 15:40:24'),
(454,0,'RuleImportAsset',11,'Computer update (by serial + uuid)',NULL,'AND',1,NULL,'2023-09-27 12:59:37',0,NULL,0,'2022-11-02 15:40:24'),
(455,0,'RuleImportAsset',12,'Computer import (by serial + uuid)',NULL,'AND',1,NULL,'2023-09-27 12:59:30',0,NULL,0,'2022-11-02 15:40:24'),
(456,0,'RuleImportAsset',13,'Computer update (by serial)',NULL,'AND',1,NULL,'2023-09-27 12:59:30',0,NULL,0,'2022-11-02 15:40:24'),
(457,0,'RuleImportAsset',14,'Computer update (by uuid)',NULL,'AND',0,NULL,'2023-09-27 12:59:30',0,NULL,0,'2022-11-02 15:40:24'),
(458,0,'RuleImportAsset',15,'Computer update (by mac)',NULL,'AND',0,NULL,'2023-09-27 12:59:30',0,NULL,0,'2022-11-02 15:40:24'),
(459,0,'RuleImportAsset',10,'Computer update (by name)',NULL,'AND',1,NULL,'2023-09-27 12:59:37',0,NULL,0,'2022-11-02 15:40:24'),
(460,0,'RuleImportAsset',16,'Computer import (by serial)',NULL,'AND',1,NULL,'2022-11-02 15:40:24',0,NULL,0,'2022-11-02 15:40:24'),
(461,0,'RuleImportAsset',17,'Computer import (by uuid)',NULL,'AND',0,NULL,'2022-11-02 15:40:24',0,NULL,0,'2022-11-02 15:40:24'),
(462,0,'RuleImportAsset',18,'Computer import (by mac)',NULL,'AND',0,NULL,'2022-11-02 15:40:24',0,NULL,0,'2022-11-02 15:40:24'),
(463,0,'RuleImportAsset',19,'Computer import (by name)',NULL,'AND',1,NULL,'2022-11-02 15:40:24',0,NULL,0,'2022-11-02 15:40:24'),
(464,0,'RuleImportAsset',20,'Computer import denied',NULL,'AND',1,NULL,'2022-11-02 15:40:24',0,NULL,0,'2022-11-02 15:40:24'),
(465,0,'RuleImportAsset',21,'Printer constraint (name)',NULL,'AND',1,NULL,'2022-11-02 15:40:24',0,NULL,0,'2022-11-02 15:40:24'),
(466,0,'RuleImportAsset',22,'Printer update (by serial)',NULL,'AND',1,NULL,'2022-11-02 15:40:24',0,NULL,0,'2022-11-02 15:40:24'),
(467,0,'RuleImportAsset',23,'Printer update (by mac)',NULL,'AND',1,NULL,'2023-03-29 14:36:20',0,NULL,0,'2022-11-02 15:40:24'),
(468,0,'RuleImportAsset',24,'Printer import (by serial)',NULL,'AND',1,NULL,'2022-11-02 15:40:24',0,NULL,0,'2022-11-02 15:40:24'),
(469,0,'RuleImportAsset',25,'Printer import (by mac)',NULL,'AND',1,NULL,'2023-03-29 14:36:36',0,NULL,0,'2022-11-02 15:40:24'),
(470,0,'RuleImportAsset',26,'Printer import denied',NULL,'AND',1,NULL,'2022-11-02 15:40:24',0,NULL,0,'2022-11-02 15:40:24'),
(471,0,'RuleImportAsset',27,'NetworkEquipment constraint (name)',NULL,'AND',1,NULL,'2022-11-02 15:40:24',0,NULL,0,'2022-11-02 15:40:24'),
(472,0,'RuleImportAsset',28,'NetworkEquipment update (by serial)',NULL,'AND',1,NULL,'2022-11-02 15:40:24',0,NULL,0,'2022-11-02 15:40:24'),
(473,0,'RuleImportAsset',29,'NetworkEquipment update (by mac)',NULL,'AND',1,NULL,'2023-03-29 14:34:58',0,NULL,0,'2022-11-02 15:40:24'),
(474,0,'RuleImportAsset',30,'NetworkEquipment import (by serial)',NULL,'AND',1,NULL,'2022-11-02 15:40:24',0,NULL,0,'2022-11-02 15:40:24'),
(475,0,'RuleImportAsset',31,'NetworkEquipment import (by mac)',NULL,'AND',1,NULL,'2023-03-29 14:35:42',0,NULL,0,'2022-11-02 15:40:24'),
(476,0,'RuleImportAsset',32,'NetworkEquipment import denied',NULL,'AND',1,NULL,'2022-11-02 15:40:24',0,NULL,0,'2022-11-02 15:40:24'),
(477,0,'RuleImportAsset',33,'Peripheral update (by serial)',NULL,'AND',1,NULL,'2022-11-02 15:40:24',0,NULL,0,'2022-11-02 15:40:24'),
(478,0,'RuleImportAsset',34,'Peripheral import (by serial)',NULL,'AND',1,NULL,'2022-11-02 15:40:24',0,NULL,0,'2022-11-02 15:40:24'),
(479,0,'RuleImportAsset',35,'Peripheral import denied',NULL,'AND',1,NULL,'2022-11-02 15:40:24',0,NULL,0,'2022-11-02 15:40:24'),
(480,0,'RuleImportAsset',36,'Monitor update (by serial)',NULL,'AND',1,NULL,'2022-11-02 15:40:24',0,NULL,0,'2022-11-02 15:40:24'),
(481,0,'RuleImportAsset',37,'Monitor import (by serial)',NULL,'AND',1,NULL,'2022-11-02 15:40:24',0,NULL,0,'2022-11-02 15:40:24'),
(482,0,'RuleImportAsset',38,'Monitor import denied',NULL,'AND',1,NULL,'2022-11-02 15:40:24',0,NULL,0,'2022-11-02 15:40:24'),
(483,0,'RuleImportAsset',39,'Phone constraint (name)',NULL,'AND',1,NULL,'2023-03-29 15:15:09',0,NULL,0,'2022-11-02 15:40:24'),
(484,0,'RuleImportAsset',40,'Phone update (by mac)',NULL,'AND',1,NULL,'2023-03-29 15:15:16',0,NULL,0,'2022-11-02 15:40:24'),
(485,0,'RuleImportAsset',41,'Phone import (by mac)',NULL,'AND',1,NULL,'2023-03-29 15:15:24',0,NULL,0,'2022-11-02 15:40:24'),
(486,0,'RuleImportAsset',42,'Phone import denied',NULL,'AND',1,NULL,'2023-03-29 15:15:57',0,NULL,0,'2022-11-02 15:40:24'),
(487,0,'RuleImportAsset',43,'Cluster update (by uuid)',NULL,'AND',1,NULL,'2022-11-02 15:40:24',0,NULL,0,'2022-11-02 15:40:24'),
(488,0,'RuleImportAsset',44,'Cluster import (by uuid)',NULL,'AND',1,NULL,'2022-11-02 15:40:24',0,NULL,0,'2022-11-02 15:40:24'),
(489,0,'RuleImportAsset',45,'Cluster import denied',NULL,'AND',1,NULL,'2022-11-02 15:40:24',0,NULL,0,'2022-11-02 15:40:24'),
(490,0,'RuleImportAsset',46,'Enclosure update (by serial)',NULL,'AND',1,NULL,'2022-11-02 15:40:24',0,NULL,0,'2022-11-02 15:40:24'),
(491,0,'RuleImportAsset',47,'Enclosure import (by serial)',NULL,'AND',1,NULL,'2022-11-02 15:40:24',0,NULL,0,'2022-11-02 15:40:24'),
(492,0,'RuleImportAsset',48,'Enclosure import denied',NULL,'AND',1,NULL,'2022-11-02 15:40:24',0,NULL,0,'2022-11-02 15:40:24'),
(493,0,'RuleImportAsset',49,'Global constraint (name)',NULL,'AND',1,NULL,'2022-11-02 15:40:24',0,NULL,0,'2022-11-02 15:40:24'),
(494,0,'RuleImportAsset',50,'Global update (by serial)',NULL,'AND',1,NULL,'2022-11-02 15:40:24',0,NULL,0,'2022-11-02 15:40:24'),
(495,0,'RuleImportAsset',51,'Global update (by mac)',NULL,'AND',0,NULL,'2022-11-02 15:40:24',0,NULL,0,'2022-11-02 15:40:24'),
(496,0,'RuleImportAsset',52,'Global import (by serial)',NULL,'AND',1,NULL,'2022-11-02 15:40:24',0,NULL,0,'2022-11-02 15:40:24'),
(497,0,'RuleImportAsset',53,'Global import (by mac)',NULL,'AND',0,NULL,'2022-11-02 15:40:24',0,NULL,0,'2022-11-02 15:40:24'),
(498,0,'RuleImportAsset',54,'Global import denied',NULL,'AND',1,NULL,'2022-11-02 15:40:24',0,NULL,0,'2022-11-02 15:40:24'),
(499,0,'RuleImportAsset',55,'Database update (by name)',NULL,'AND',1,NULL,'2022-11-02 15:40:24',0,NULL,0,'2022-11-02 15:40:24'),
(500,0,'RuleImportAsset',56,'Database import (by name)',NULL,'AND',1,NULL,'2022-11-02 15:40:24',0,NULL,0,'2022-11-02 15:40:24'),
(501,0,'RuleImportAsset',57,'Database import denied',NULL,'AND',1,NULL,'2022-11-02 15:40:24',0,NULL,0,'2022-11-02 15:40:24'),
(502,0,'RuleMailCollector',3,'Collecteur Addlys','','AND',0,'','2024-02-09 17:17:40',0,'4d389754-f85abdce-63d05b1d4a9530.27436551',0,'2023-01-24 22:26:37'),
(503,0,'RuleImportAsset',58,'Unmanaged update (by name)','','AND',1,'Généré automatiquement par GLPI 10.0.6',NULL,0,'glpi_rule_import_asset_unmanaged_update_name',0,NULL),
(504,0,'RuleImportAsset',59,'Unmanaged import (by name)','','AND',1,'Généré automatiquement par GLPI 10.0.6',NULL,0,'glpi_rule_import_asset_unmanaged_import_name',0,NULL),
(505,0,'RuleImportAsset',60,'Unmanaged import denied','','AND',1,'Généré automatiquement par GLPI 10.0.6',NULL,0,'glpi_rule_import_asset_unmanaged_import_denied',0,NULL),
(509,0,'RuleDictionnaryOperatingSystemVersion',1,'Clean Linux OS Version','','AND',0,'/(SUSE|SunOS|Red Hat|CentOS|Ubuntu|Debian|Fedora|AlmaLinux|Oracle)(?:\\D+|)([\\d.]+) ?(?:\\(?([\\w ]+)\\)?)?/\n\n            Example :\n            Ubuntu 22.04.1 LTS -&#62; #1 = 22.04.1\n            SUSE Linux Enterprise Server 11 (x86_64) -&#62; #1 =  11\n            SunOS 5.10 -&#62; #1 = 5.10\n            Red Hat Enterprise Linux Server release 7.9 (Maipo) -&#62; #1 = 7.9\n            Oracle Linux Server release 7.3 -&#62; #1 = 7.3\n            Fedora release 36 (Thirty Six) -&#62; #1 =  36\n            Debian GNU/Linux 9.5 (stretch) -&#62; #1 = 9.5\n            CentOS release 6.9 (Final) -&#62; #1 = 6.9\n            AlmaLinux 9.0 (Emerald Puma) -&#62; #1 = 9.0','2023-01-25 23:55:07',1,'clean_linux_os_version',0,'2023-01-25 23:55:07'),
(510,0,'RuleDictionnaryOperatingSystemVersion',2,'Clean Windows OS Version','','AND',0,'/(Microsoft)(?&#62;\\(R\\)|®)? (Windows) (XP|\\d\\.\\d|\\d{1,4}|Vista)(™)? ?(.*)/\n\n            Example :\n            Microsoft Windows XP Professionnel -&#62; #2 : XP\n            Microsoft Windows 7 Enterprise  -&#62; #2 : 7\n            Microsoft® Windows Vista Professionnel  -&#62; #2 : Vista\n            Microsoft Windows XP Édition familiale  -&#62; #2 : XP\n            Microsoft Windows 10 Entreprise  -&#62; #2 : 10\n            Microsoft Windows 10 Professionnel  -&#62; #2 : 10\n            Microsoft Windows 11 Professionnel  -&#62; #2 : 11','2023-01-25 23:55:07',1,'clean_windows_os_version',0,'2023-01-25 23:55:07'),
(511,0,'RuleDictionnaryOperatingSystemVersion',3,'Clean Windows Server OS Version','','AND',0,'/(Microsoft)(?&#62;\\(R\\)|®)? (?:(Hyper-V|Windows)(?:\\(R\\))?) ((?:Server|))(?:\\(R\\)|®)? (\\d{4}(?: R2)?)(?:[,\\s]++)?([^\\s]*)(?: Edition(?: x64)?)?$/\n\n            Example :\n            Microsoft Windows Server 2012 R2 Datacenter -&#62; #3 : 2012 R2\n            Microsoft(R) Windows(R) Server 2003, Standard Edition x64 -&#62; #3 : 2003\n            Microsoft Hyper-V Server 2012 R2 -&#62; #3 : 2012 R2\n            Microsoft® Windows Server® 2008 Standard -&#62; #3 : 2008','2023-01-25 23:55:07',1,'clean_windows_server_os_version',0,'2023-01-25 23:55:07'),
(512,0,'RuleDictionnaryOperatingSystemEdition',1,'Clean Linux OS Edition','','AND',0,'/(SUSE|SunOS|Red Hat|CentOS|Ubuntu|Debian|Fedora|AlmaLinux|Oracle)(?:\\D+|)([\\d.]+) ?(?:\\(?([\\w ]+)\\)?)?/\n\n        Example :\n        Ubuntu 22.04.1 LTS -&#62; #2 = LTS\n        SUSE Linux Enterprise Server 11 (x86_64) -&#62; #2 = x86_64\n        Red Hat Enterprise Linux Server release 7.9 (Maipo) -&#62; #2 = Maipo\n        Red Hat Enterprise Linux Server release 6.10 (Santiago) -&#62; #2 = Santiago\n        Fedora release 36 (Thirty Six) -&#62; #2 = Thirty Six\n        Debian GNU/Linux 9.5 (stretch) -&#62; #2 = stretch\n        Debian GNU/Linux 8.9 (jessie) -&#62; #2 = jessie\n        CentOS Linux release 7.2.1511 (Core) -&#62; #2 = Core\n        AlmaLinux 9.0 (Emerald Puma) -&#62; #2 = Emerald Puma\n        AlmaLinux 8.6 (Sky Tiger) -&#62; #2 = Sky Tiger','2023-01-25 23:55:07',1,'clean_linux_os_edition',0,'2023-01-25 23:55:07'),
(513,0,'RuleDictionnaryOperatingSystemEdition',2,'Clean Windows OS Edition','','AND',0,'/(Microsoft)(?&#62;\\(R\\)|®)? (Windows) (XP|\\d\\.\\d|\\d{1,4}|Vista)(™)? ?(.*)/\n\n        Example :\n        Microsoft Windows XP Professionnel -&#62; #4 : Professionnel\n        Microsoft Windows 7 Enterprise  -&#62; #4 : Enterprise\n        Microsoft® Windows Vista Professionnel  -&#62; #4 : Professionnel\n        Microsoft Windows XP Édition familiale  -&#62; #4 : Édition familiale\n        Microsoft Windows 10 Entreprise  -&#62; #4 : Entreprise\n        Microsoft Windows 10 Professionnel  -&#62; #4 : Professionnel\n        Microsoft Windows 11 Professionnel  -&#62; #4 : Professionnel','2023-01-25 23:55:07',1,'clean_windows_os_edition',0,'2023-01-25 23:55:07'),
(514,0,'RuleDictionnaryOperatingSystemEdition',3,'Clean Windows Server OS Edition','','AND',0,'/(Microsoft)(?&#62;\\(R\\)|®)? (?:(Hyper-V|Windows)(?:\\(R\\))?) ((?:Server|))(?:\\(R\\)|®)? (\\d{4}(?: R2)?)(?:[,\\s]++)?([^\\s]*)(?: Edition(?: x64)?)?$/\n\n        Example :\n        Microsoft Windows Server 2012 R2 Datacenter -&#62; #4 : Datacenter\n        Microsoft(R) Windows(R) Server 2003, Standard Edition x64 -&#62; #4 : Standard\n        Microsoft Hyper-V Server 2012 R2 -&#62; #4 :\n        Microsoft® Windows Server® 2008 Standard -&#62; #4: Standard','2023-01-25 23:55:07',1,'clean_windows_server_os_edition',0,'2023-01-25 23:55:07'),
(1075,0,'RuleImportAsset',12,'Computer update (by serial + uuid is empty in GLPI)','','AND',1,'','2023-09-27 12:59:30',0,'',0,'2022-11-02 15:40:24'),
(1114,0,'RuleDictionnarySoftware',2,'AIR - Exclusion AMD','Règle pour ignorer AMD','AND',0,'','2023-06-30 19:20:19',0,'57400b18-52cd3cbf-5e430cb1482034.81281073',0,'2020-02-11 20:21:05'),
(1115,0,'RuleDictionnarySoftware',2,'AIR - 64 bit HP','Exclusion de ce logiciel','AND',0,'64 Bit HP CIO Components Installer','2023-04-21 19:40:22',0,'57400b18-52cd3cbf-5e431f2ae190e1.88845493',0,'2020-02-11 21:39:54'),
(1116,0,'RuleDictionnarySoftware',4,'AIR - 960 Grid System Overlay Unofficial','Exclusion','AND',0,'','2023-04-21 19:40:22',0,'57400b18-52cd3cbf-5e43d66b9403c3.57183299',0,'2020-02-12 10:41:47'),
(1117,0,'RuleDictionnarySoftware',5,'AIR - Advanced Micro Devices, Inc.','Exclusion de cet éditeur','AND',0,'','2023-04-21 19:40:22',0,'57400b18-52cd3cbf-5e43e237a0a6f0.90717738',0,'2020-02-12 11:32:07'),
(1118,0,'RuleDictionnarySoftware',6,'AIR - Inkscape','Regroupement','AND',0,'','2023-04-21 19:40:22',0,'57400b18-52cd3cbf-5e43e6c2a31f46.73507444',0,'2020-02-12 11:51:30'),
(1548,0,'RuleDictionnarySoftware',1,'AIR - 7-Zip','Logiciel 7-Zip','AND',0,'','2023-06-30 19:20:19',0,'f862f693-bed2c499-5367f5863842f3.60427650',0,'2018-07-04 18:36:57'),
(1549,0,'RuleDictionnarySoftware',2,'AIR- WinRAR','','AND',0,'','2023-06-30 19:20:19',0,'f862f693-bed2c499-5367f58638c0f4.89881965',0,'2018-07-04 18:36:57'),
(1550,0,'RuleDictionnarySoftware',2,'AIR - Winzip','','AND',0,'','2023-06-30 19:20:19',0,'f862f693-bed2c499-5367f5863929f2.37484269',0,'2018-07-04 18:36:57'),
(1552,0,'RuleDictionnarySoftware',2,'AIR - Mozilla','Logiciels Mozilla','OR',0,'Supprimer le numéro de version du nom de chaque logiciel Mozilla','2023-06-30 19:20:19',0,'f862f693-bed2c499-5367f5863a0861.03805258',0,'2018-07-04 18:36:57'),
(1553,0,'RuleDictionnarySoftware',2,'AIR - Cisco Systems VPN Client','','OR',0,'','2023-06-30 20:59:11',0,'f862f693-bed2c499-5367f5863a7013.17959513',0,'2018-07-04 18:36:57'),
(1554,0,'RuleDictionnarySoftware',3,'AIR - FileZilla Client','','OR',0,'','2023-06-30 19:20:19',0,'f862f693-bed2c499-5367f5863ada81.85432170',0,'2018-07-04 18:36:57'),
(1557,0,'RuleDictionnarySoftware',11,'AIR - LibreOffice','','OR',1,'','2023-06-30 19:58:34',0,'f862f693-bed2c499-5367f5863c4923.84941786',0,'2018-07-04 18:36:57'),
(1721,0,'RuleDictionnarySoftware',10,'AIR - PuTTY','Logiciel PuTTY','AND',0,'','2023-06-30 19:58:34',0,'e40c7dcc-7b3efcfd-64556b6399bb99.48869633',0,'2023-05-05 20:47:31'),
(1726,0,'RuleDictionnarySoftware',108,'AIR - Import logiciel gérés','','AND',0,'','2023-06-30 20:50:31',0,'e40c7dcc-7b3efcfd-649f2b18c0aeb7.92921135',0,'2023-06-30 19:20:56'),
(1728,0,'RuleDictionnarySoftware',31,'AIR - Exclusion Mises à jour Microsoft','','OR',1,'','2023-06-30 21:13:49',0,'5f592554-f37490bd-54c76190bd3e35.92025736',0,'2018-07-04 18:36:57'),
(1730,0,'RuleDictionnarySoftware',19,'AIR - OCS Inventory Agent','','OR',1,'','2023-06-30 20:58:05',0,'f862f693-bed2c499-5367f586412263.88451853',0,'2018-07-04 18:36:57'),
(1731,0,'RuleDictionnarySoftware',28,'AIR - AutoCAD','','AND',1,'','2023-06-30 20:58:25',0,'f862f693-bed2c499-5367f5864616f7.69363293',0,'2018-07-04 18:36:57'),
(1732,0,'RuleDictionnarySoftware',45,'AIR - Microsoft Office','','OR',1,'','2023-06-30 20:18:18',0,'5f592554-f37490bd-54c761910bf624.25031726',0,'2018-07-04 18:36:57'),
(1733,0,'RuleDictionnarySoftware',109,'AIR - Exclusion Microsoft Visual C++','','OR',1,'','2023-06-30 21:13:28',0,'e40c7dcc-7b3efcfd-649f42b169fdd7.70814066',0,'2023-06-30 21:01:37'),
(1735,0,'RuleImportAsset',2,'Global update (by mac+ifnumber restricted port)','','AND',1,'','2023-09-26 18:04:29',1,'glpi_rule_import_asset_global_update_mac_ifnumber_restricted_port',0,'2023-06-10 15:48:13'),
(1736,0,'RuleImportAsset',61,'Printer update (by IP)',NULL,'AND',1,NULL,'2023-10-16 16:52:40',0,'b9405272-7b3efcfd-652d69f26360d0.15476926',0,'2023-10-16 16:50:58'),
(1737,0,'RuleImportAsset',62,'Printer import (by IP)',NULL,'AND',1,NULL,'2023-10-16 16:53:52',0,'b9405272-7b3efcfd-652d69f28956e3.47759181',0,'2023-10-16 16:50:58'),
(1738,0,'RuleImportAsset',63,'NetworkEquipment update (by IP)',NULL,'AND',1,NULL,'2023-10-16 16:55:43',0,'b9405272-7b3efcfd-652d6ad24fbfe9.37009283',0,'2023-10-16 16:54:42'),
(1739,0,'RuleImportAsset',64,'NetworkEquipment import (by IP)',NULL,'AND',1,NULL,'2023-10-16 16:56:36',0,'b9405272-7b3efcfd-652d6ad264db47.15337217',0,'2023-10-16 16:54:42'),
(1740,0,'RuleTicket',34,'Assignation SLA Incident Priorité A Critique - TTR 2h - Demandeur dans Groupe VIP','Assignation SLA Incident Priorité A Critique - TTR 2h - Demandeur dans Groupe VIP','AND',1,'Assignation d’un temps de résolution de 2h au ticket de type Incident si le demandeur fait partie d’un groupe VIP.','2026-01-29 13:21:30',1,'b9405272-7b3efcfd-654c03f8344c33.26544866',3,'2023-11-08 21:56:08'),
(1742,0,'RuleImportEntity',2,'Règle Tranfert ','','AND',0,'','2024-11-27 15:19:52',0,'b9405272-7b3efcfd-656e4fec2ae380.98138261',0,'2023-12-04 22:17:16'),
(1758,0,'RuleImportEntity',3,'Test ip','','AND',0,'','2024-10-15 13:53:39',0,'9b1df500-7b3efcfd-670e735b665e84.29010375',0,'2024-10-15 13:51:23'),
(1760,0,'PluginVipRuleVip',1,'Test VIP','','AND',0,'','2024-10-16 19:33:28',0,'9b1df500-7b3efcfd-670e9507ab6493.56162524',0,'2024-10-15 16:15:03'),
(1762,0,'RuleMailCollector',4,'Collecteur Addlys sur Y.GILAT','','AND',1,'','2024-11-26 19:22:33',0,'9b1df500-6942ee77-67461fc9cc4660.20076749',0,'2024-11-26 19:21:45'),
(1763,0,'RuleTicket',35,'Assignation SLA Incident Priorité B Forte - TTR 4h - Interruption de service pour 10 utilisateurs ou plus','','AND',1,'','2026-01-29 13:21:30',1,'9b1df500-4213a2c1-67644a06cff147.45387059',3,'2024-12-19 16:29:58'),
(1764,0,'RuleTicket',36,'Assignation SLA Incident Priorité C Faible - TTR 16h - Interruption service pour les incidents dits faibles','','AND',1,'','2026-01-29 13:21:30',1,'9b1df500-4213a2c1-6765af711d3c72.25670233',3,'2024-12-20 17:54:57'),
(1765,0,'RuleTicket',37,'Assignation SLA Demande Priorité A Critique - TTR 8h - Demandeur dans Groupe VIP','','AND',1,'','2026-01-29 13:21:30',1,'453c8a4c-4213a2c1-678fc35bd15de0.99435775',3,'2025-01-21 15:55:07'),
(1766,0,'RuleTicket',39,'Assignation SLA Demande Priorité B Forte - TTR 24h - Demande indispensable au travail quotidien d\'un agent','','AND',1,'','2026-01-29 13:21:30',1,'453c8a4c-4213a2c1-678fc35bdd6613.86555373',3,'2025-01-21 15:55:07'),
(1767,0,'RuleTicket',40,'Assignation SLA Demande Priorité C Normale - TTR 36h - Demande ordinaire d\'un utilisateur générique','','AND',1,'','2026-01-29 13:21:30',1,'453c8a4c-4213a2c1-678fc35be4d240.67610687',3,'2025-01-21 15:55:07'),
(1768,0,'RuleTicket',38,'Assignation SLA Demande Priorité B Forte - TTR 24h - Demande ordinaire personnel prioritaire','','AND',1,'','2026-01-29 13:21:30',1,'453c8a4c-4213a2c1-67ab81f98c43f3.74905791',3,'2025-02-11 16:59:37'),
(1769,0,'RuleTicket',33,'Indication demandeur VIP sur le ticket','','AND',1,'','2026-01-29 13:21:30',1,'453c8a4c-4213a2c1-67ac7afc846ee9.01857138',3,'2025-02-12 10:42:04'),
(1770,0,'RuleTicket',41,'Changement de statut du ticket à En cours après réassignation au groupe SPIE par une équipe MEAE','','AND',0,'','2026-02-18 20:18:14',1,'453c8a4c-669ff193-680be83942fe67.67825490',2,'2025-04-25 19:53:29'),
(1771,0,'RuleTicket',42,'Mettre le ticket En Attente après assignation à une équipe MEAE par SPIE','','AND',0,'','2026-02-18 20:18:14',1,'453c8a4c-669ff193-680bea06caca48.68176502',2,'2025-04-25 20:01:10'),
(1772,0,'RuleTicket',47,'\"En attente\" -&#62; \"En cours\" après réassignation au groupe CDSn1 par HL2','','AND',0,'','2026-02-18 20:18:14',1,'53f3523f-42398f1c-6953f4c6101015.58866932',2,'2025-12-30 15:50:29'),
(1773,0,'RuleTicket',43,'Mettre le ticket En Attente après assignation à HL2 par CDSn1 - Non Résolu','','AND',0,'','2026-02-18 20:18:14',1,'53f3523f-42398f1c-6953f4c61de497.94014236',2,'2025-12-30 15:50:29'),
(1774,0,'RuleTicket',45,'Mettre le ticket En Attente après assignation à HL3 par CDSn1 - Non Résolu','','AND',0,'','2026-02-18 20:18:14',1,'53f3523f-42398f1c-6953fa7e779901.22880232',2,'2025-12-30 16:14:54'),
(1775,0,'RuleTicket',48,'\"En attente\" -&#62; \"En cours\" après réassignation au groupe CDSn1 par HL3','','AND',0,'','2026-02-18 20:18:14',1,'53f3523f-42398f1c-6954012d2e8508.42181180',2,'2025-12-30 16:43:25'),
(1776,0,'RuleTicket',44,'Mettre le ticket En Attente après assignation à HL2 par CDSn1 - Non clos','','AND',0,'','2026-02-18 20:18:14',1,'53f3523f-42398f1c-695446ca737af3.66507280',2,'2025-12-30 21:40:26'),
(1777,0,'RuleTicket',46,'Mettre le ticket En Attente après assignation à HL3 par CDSn1 - Non Clos','','AND',0,'','2026-02-18 20:18:14',1,'53f3523f-42398f1c-69544789b2b519.62472315',2,'2025-12-30 21:43:37'),
(1779,0,'RuleTicket',49,'Ticket pour fournisseur - catégorie TEST','','AND',1,'','2026-01-30 08:56:51',1,'53f3523f-42398f1c-697b46c5100ba9.83536552',3,'2026-01-29 11:38:44'),
(1780,0,'RuleTicket',50,'Ticket pour fournisseur - catégorie TEST Application A','','AND',1,'','2026-01-30 09:15:59',1,'53f3523f-42398f1c-697c76bab1c4e3.73314563',3,'2026-01-30 09:15:38');

--
-- Table structure for table `glpi_savedsearches`
--

CREATE TABLE `glpi_savedsearches` (
  `id` int(10) unsigned NOT NULL AUTO_INCREMENT,
  `name` varchar(255) DEFAULT NULL,
  `type` int(11) NOT NULL DEFAULT 0 COMMENT 'see SavedSearch:: constants',
  `itemtype` varchar(100) NOT NULL,
  `users_id` int(10) unsigned NOT NULL DEFAULT 0,
  `is_private` tinyint(1) NOT NULL DEFAULT 1,
  `entities_id` int(10) unsigned NOT NULL DEFAULT 0,
  `is_recursive` tinyint(1) NOT NULL DEFAULT 0,
  `query` mediumtext DEFAULT NULL,
  `last_execution_time` int(11) DEFAULT NULL,
  `do_count` tinyint(1) NOT NULL DEFAULT 2 COMMENT 'Do or do not count results on list display; see SavedSearch::COUNT_* constants',
  `last_execution_date` timestamp NULL DEFAULT NULL,
  `counter` int(11) NOT NULL DEFAULT 0,
  PRIMARY KEY (`id`),
  KEY `type` (`type`),
  KEY `itemtype` (`itemtype`),
  KEY `entities_id` (`entities_id`),
  KEY `users_id` (`users_id`),
  KEY `is_private` (`is_private`),
  KEY `is_recursive` (`is_recursive`),
  KEY `last_execution_time` (`last_execution_time`),
  KEY `last_execution_date` (`last_execution_date`),
  KEY `do_count` (`do_count`),
  KEY `name` (`name`)
) ENGINE=InnoDB AUTO_INCREMENT=32 DEFAULT CHARSET=utf8mb4 COLLATE=utf8mb4_unicode_ci;

--
-- Dumping data for table `glpi_savedsearches`
--

INSERT INTO `glpi_savedsearches` VALUES
(9,'Tickets non résolus Admin',1,'Ticket',2,1,0,1,'',0,2,'2023-08-01 14:52:11',5),
(10,'Tickets non résolus',1,'PluginFormcreatorIssue',16,1,0,0,'criteria%5B0%5D%5Bfield%5D=4&criteria%5B0%5D%5Bsearchtype%5D=equals&criteria%5B0%5D%5Bvalue%5D=notold&search=Rechercher&itemtype=PluginFormcreatorIssue',3,2,'2025-09-24 05:36:58',314),
(11,'Liste des ordinateurs en stock-préparé',1,'Computer',60,0,0,1,'is_deleted=0&as_map=0&criteria%5B0%5D%5Blink%5D=AND&criteria%5B0%5D%5Bfield%5D=31&criteria%5B0%5D%5Bsearchtype%5D=equals&criteria%5B0%5D%5Bvalue%5D=10&search=Rechercher&itemtype=Computer',0,2,'2023-03-30 17:28:04',19),
(12,'List of requests from internal employees',1,'Ticket',27,0,0,1,'criteria%5B1%5D%5Blink%5D=AND&criteria%5B1%5D%5Bfield%5D=12&criteria%5B1%5D%5Bsearchtype%5D=equals&criteria%5B1%5D%5Bvalue%5D=all&criteria%5B2%5D%5Blink%5D=AND&criteria%5B2%5D%5Bfield%5D=80&criteria%5B2%5D%5Bsearchtype%5D=equals&criteria%5B2%5D%5Bvalue%5D=3&search=Rechercher&itemtype=Ticket',0,2,'2022-05-06 09:43:14',5),
(13,'List of unresolved tickets',1,'Ticket',27,0,0,1,'is_deleted=0&as_map=0&criteria%5B0%5D%5Blink%5D=AND&criteria%5B0%5D%5Bfield%5D=12&criteria%5B0%5D%5Bsearchtype%5D=equals&criteria%5B0%5D%5Bvalue%5D=notold&search=Rechercher&itemtype=Ticket',6,2,'2025-03-25 13:09:43',565),
(14,'List- Tickets assigned to Application support group',1,'Ticket',60,0,0,1,'is_deleted=0&as_map=0&criteria%5B0%5D%5Blink%5D=AND&criteria%5B0%5D%5Bfield%5D=12&criteria%5B0%5D%5Bsearchtype%5D=equals&criteria%5B0%5D%5Bvalue%5D=2&criteria%5B1%5D%5Blink%5D=AND&criteria%5B1%5D%5Bfield%5D=8&criteria%5B1%5D%5Bsearchtype%5D=equals&criteria%5B1%5D%5Bvalue%5D=191&search=Rechercher&itemtype=Ticket',0,2,'2023-01-26 15:58:54',12),
(15,'Materiel preparé',1,'Phone',2,0,0,1,'is_deleted=0&as_map=0&criteria%5B0%5D%5Blink%5D=AND&criteria%5B0%5D%5Bfield%5D=3&criteria%5B0%5D%5Bsearchtype%5D=equals&criteria%5B0%5D%5Bvalue%5D=2&criteria%5B1%5D%5Blink%5D=AND&criteria%5B1%5D%5Bfield%5D=31&criteria%5B1%5D%5Bsearchtype%5D=equals&criteria%5B1%5D%5Bvalue%5D=10&search=Rechercher&itemtype=Phone',3,2,'2025-03-25 13:09:43',553),
(16,'Liste de mes tickets ouverts',1,'PluginFormcreatorIssue',16,1,0,0,'reset=reset',1,2,'2022-02-15 14:52:05',1),
(17,'Liste des AVG avec installation',1,'Software',60,1,0,1,'is_deleted=0&as_map=0&criteria%5B0%5D%5Blink%5D=AND&criteria%5B0%5D%5Bfield%5D=72&criteria%5B0%5D%5Bsearchtype%5D=notcontains&criteria%5B0%5D%5Bvalue%5D=wind&criteria%5B1%5D%5Blink%5D=AND&criteria%5B1%5D%5Bfield%5D=1&criteria%5B1%5D%5Bsearchtype%5D=contains&criteria%5B1%5D%5Bvalue%5D=avg&search=Rechercher&itemtype=Software',13,2,'2025-03-25 13:09:43',2),
(18,'Tickets non résolus - Organisation & Profil Super-admin',1,'Ticket',2,1,0,0,'',0,2,'2023-01-26 15:59:24',9),
(19,'Tickets non résolus Super-Admin',1,'Ticket',2,1,0,0,'savedsearches_id=18&reset=reset',NULL,2,NULL,0),
(20,'Unassigned tickets to my groups',1,'Ticket',27,1,0,1,'is_deleted=0&as_map=0&browse=0&criteria%5B0%5D%5Blink%5D=AND&criteria%5B0%5D%5Bfield%5D=8&criteria%5B0%5D%5Bsearchtype%5D=equals&criteria%5B0%5D%5Bvalue%5D=mygroups&criteria%5B1%5D%5Blink%5D=AND&criteria%5B1%5D%5Bfield%5D=12&criteria%5B1%5D%5Bsearchtype%5D=equals&criteria%5B1%5D%5Bvalue%5D=process&criteria%5B2%5D%5Blink%5D=AND&criteria%5B2%5D%5Bfield%5D=5&criteria%5B2%5D%5Bsearchtype%5D=equals&criteria%5B2%5D%5Bvalue%5D=0&itemtype=Ticket&sort%5B0%5D=19&order%5B0%5D=DESC',0,2,'2023-08-01 14:48:50',4),
(21,'Tickets for Documentum',1,'Ticket',0,0,0,1,'is_deleted=0&as_map=0&browse=0&criteria%5B0%5D%5Blink%5D=AND&criteria%5B0%5D%5Bfield%5D=7&criteria%5B0%5D%5Bsearchtype%5D=under&criteria%5B0%5D%5Bvalue%5D=0&itemtype=Ticket&sort%5B0%5D=12&sort%5B1%5D=3&order%5B0%5D=ASC&order%5B1%5D=ASC',0,2,'2023-10-17 16:00:00',18),
(22,'Tickets Assigned without Technician',1,'Ticket',0,0,0,1,'is_deleted=0&as_map=0&browse=0&itemtype=Ticket&sort%5B0%5D=19&order%5B0%5D=DESC&savedsearches_id=22&criteria%5B0%5D%5Blink%5D=AND&criteria%5B0%5D%5Bfield%5D=12&criteria%5B0%5D%5Bsearchtype%5D=equals&criteria%5B0%5D%5Bvalue%5D=2&criteria%5B1%5D%5Blink%5D=AND&criteria%5B1%5D%5Bfield%5D=5&criteria%5B1%5D%5Bsearchtype%5D=equals&criteria%5B1%5D%5Bvalue%5D=0&reset=reset',0,2,'2023-08-01 14:47:25',24),
(23,'Liste des éléments de parc selon date de fin garantie',1,'Computer',60,1,0,1,'is_deleted=0&as_map=0&browse=0&criteria%5B0%5D%5Blink%5D=AND&criteria%5B0%5D%5Bfield%5D=31&criteria%5B0%5D%5Bsearchtype%5D=equals&criteria%5B0%5D%5Bvalue%5D=21&criteria%5B1%5D%5Blink%5D=AND&criteria%5B1%5D%5Bfield%5D=view&criteria%5B1%5D%5Bsearchtype%5D=contains&criteria%5B1%5D%5Bvalue%5D=&itemtype=Computer&sort%5B0%5D=1&order%5B0%5D=ASC',17,2,'2025-03-25 13:09:43',542),
(24,'Liste des fournisseur SOC3',1,'Supplier',60,0,0,1,'is_deleted=0&as_map=0&browse=0&criteria%5B0%5D%5Blink%5D=AND&criteria%5B0%5D%5Bfield%5D=76707&criteria%5B0%5D%5Bsearchtype%5D=equals&criteria%5B0%5D%5Bvalue%5D=1&itemtype=Supplier&sort%5B0%5D=1&order%5B0%5D=ASC',0,2,'2022-06-02 15:36:32',2),
(26,'Mes tickets non resolus',1,'Ticket',2,1,0,1,'is_deleted=0&as_map=0&browse=0&criteria%5B0%5D%5Blink%5D=AND&criteria%5B0%5D%5Bfield%5D=12&criteria%5B0%5D%5Bsearchtype%5D=equals&criteria%5B0%5D%5Bvalue%5D=notold&criteria%5B1%5D%5Blink%5D=AND&criteria%5B1%5D%5Bfield%5D=5&criteria%5B1%5D%5Bsearchtype%5D=equals&criteria%5B1%5D%5Bvalue%5D=27&itemtype=Ticket&sort%5B0%5D=19&order%5B0%5D=DESC',0,2,'2023-08-01 13:46:17',6),
(27,'Mes tickets non résolus',1,'Ticket',41,1,0,1,'is_deleted=0&as_map=0&browse=0&criteria%5B0%5D%5Blink%5D=AND&criteria%5B0%5D%5Bfield%5D=12&criteria%5B0%5D%5Bsearchtype%5D=equals&criteria%5B0%5D%5Bvalue%5D=notold&criteria%5B1%5D%5Blink%5D=AND&criteria%5B1%5D%5Bfield%5D=5&criteria%5B1%5D%5Bsearchtype%5D=equals&criteria%5B1%5D%5Bvalue%5D=27&itemtype=Ticket&sort%5B0%5D=19&order%5B0%5D=DESC',4,2,'2024-11-24 20:15:04',540),
(28,'Liste des demandes d\'Anita',1,'Ticket',27,0,0,1,'is_deleted=0&as_map=0&browse=0&criteria%5B0%5D%5Blink%5D=AND&criteria%5B0%5D%5Bfield%5D=12&criteria%5B0%5D%5Bsearchtype%5D=equals&criteria%5B0%5D%5Bvalue%5D=notold&criteria%5B1%5D%5Blink%5D=AND&criteria%5B1%5D%5Bfield%5D=4&criteria%5B1%5D%5Bsearchtype%5D=equals&criteria%5B1%5D%5Bvalue%5D=16&itemtype=Ticket&sort%5B0%5D=19&order%5B0%5D=DESC',4,2,'2025-03-25 13:09:43',7),
(29,'Liste des demandes de l\'équipe RH',1,'Ticket',27,1,0,1,'is_deleted=0&as_map=0&browse=0&criteria%5B0%5D%5Blink%5D=AND&criteria%5B0%5D%5Bfield%5D=12&criteria%5B0%5D%5Bsearchtype%5D=equals&criteria%5B0%5D%5Bvalue%5D=notold&criteria%5B1%5D%5Blink%5D=AND&criteria%5B1%5D%5Bfield%5D=8&criteria%5B1%5D%5Bsearchtype%5D=equals&criteria%5B1%5D%5Bvalue%5D=5&itemtype=Ticket&sort%5B0%5D=19&order%5B0%5D=DESC',0,2,'2023-08-01 14:48:57',4),
(30,'Liste des tickets résolus ou clos',1,'Ticket',2,0,0,1,'is_deleted=0&as_map=0&browse=0&criteria%5B0%5D%5Blink%5D=AND&criteria%5B0%5D%5Bfield%5D=12&criteria%5B0%5D%5Bsearchtype%5D=equals&criteria%5B0%5D%5Bvalue%5D=old&itemtype=Ticket&sort%5B0%5D=19&order%5B0%5D=DESC',3,2,'2025-03-25 13:09:43',18),
(31,'Indicateur TRA-0IA',1,'Ticket',2,0,0,1,'is_deleted=0&as_map=0&browse=0&criteria%5B0%5D%5Blink%5D=AND&criteria%5B0%5D%5Bfield%5D=12&criteria%5B0%5D%5Bsearchtype%5D=equals&criteria%5B0%5D%5Bvalue%5D=old&criteria%5B1%5D%5Blink%5D=AND&criteria%5B1%5D%5Bfield%5D=4&criteria%5B1%5D%5Bsearchtype%5D=equals&criteria%5B1%5D%5Bvalue%5D=26&criteria%5B3%5D%5Blink%5D=AND&criteria%5B3%5D%5Bfield%5D=8&criteria%5B3%5D%5Bsearchtype%5D=equals&criteria%5B3%5D%5Bvalue%5D=243&criteria%5B4%5D%5Blink%5D=AND&criteria%5B4%5D%5Bfield%5D=82&criteria%5B4%5D%5Bsearchtype%5D=equals&criteria%5B4%5D%5Bvalue%5D=0&itemtype=Ticket&sort%5B0%5D=19&order%5B0%5D=DESC',5,2,'2025-03-25 13:09:43',12);

--
-- Table structure for table `glpi_savedsearches_alerts`
--

CREATE TABLE `glpi_savedsearches_alerts` (
  `id` int(10) unsigned NOT NULL AUTO_INCREMENT,
  `savedsearches_id` int(10) unsigned NOT NULL DEFAULT 0,
  `name` varchar(255) DEFAULT NULL,
  `is_active` tinyint(1) NOT NULL DEFAULT 0,
  `operator` tinyint(1) NOT NULL,
  `value` int(11) NOT NULL,
  `date_mod` timestamp NULL DEFAULT NULL,
  `date_creation` timestamp NULL DEFAULT NULL,
  `frequency` int(11) NOT NULL DEFAULT 0,
  PRIMARY KEY (`id`),
  UNIQUE KEY `unicity` (`savedsearches_id`,`operator`,`value`),
  KEY `name` (`name`),
  KEY `is_active` (`is_active`),
  KEY `date_mod` (`date_mod`),
  KEY `date_creation` (`date_creation`)
) ENGINE=InnoDB AUTO_INCREMENT=6 DEFAULT CHARSET=utf8mb4 COLLATE=utf8mb4_unicode_ci;

--
-- Dumping data for table `glpi_savedsearches_alerts`
--

INSERT INTO `glpi_savedsearches_alerts` VALUES
(1,13,'Alerte billets non résolus',1,4,10,'2020-05-14 16:32:07','2020-05-14 16:32:07',0),
(2,15,'Stock prepare',1,0,3,'2020-07-22 14:16:48','2020-07-22 14:16:48',0),
(3,23,'Nombre supérieur à 10',1,4,10,'2022-06-02 15:28:46','2022-06-02 15:28:46',604800),
(5,27,'Alertes sur tickets non résolus',1,4,1,'2023-04-28 14:52:41','2023-04-28 14:52:13',1800);

--
-- Table structure for table `glpi_savedsearches_users`
--

CREATE TABLE `glpi_savedsearches_users` (
  `id` int(10) unsigned NOT NULL AUTO_INCREMENT,
  `users_id` int(10) unsigned NOT NULL DEFAULT 0,
  `itemtype` varchar(100) NOT NULL,
  `savedsearches_id` int(10) unsigned NOT NULL DEFAULT 0,
  PRIMARY KEY (`id`),
  UNIQUE KEY `unicity` (`users_id`,`itemtype`),
  KEY `savedsearches_id` (`savedsearches_id`)
) ENGINE=InnoDB AUTO_INCREMENT=3 DEFAULT CHARSET=utf8mb4 COLLATE=utf8mb4_unicode_ci;

--
-- Dumping data for table `glpi_savedsearches_users`
--

INSERT INTO `glpi_savedsearches_users` VALUES
(2,16,'PluginFormcreatorIssue',10);

--
-- Table structure for table `glpi_slalevelactions`
--

CREATE TABLE `glpi_slalevelactions` (
  `id` int(10) unsigned NOT NULL AUTO_INCREMENT,
  `slalevels_id` int(10) unsigned NOT NULL DEFAULT 0,
  `action_type` varchar(255) DEFAULT NULL,
  `field` varchar(255) DEFAULT NULL,
  `value` varchar(255) DEFAULT NULL,
  PRIMARY KEY (`id`),
  KEY `slalevels_id` (`slalevels_id`)
) ENGINE=InnoDB AUTO_INCREMENT=15 DEFAULT CHARSET=utf8mb4 COLLATE=utf8mb4_unicode_ci;

--
-- Dumping data for table `glpi_slalevelactions`
--

INSERT INTO `glpi_slalevelactions` VALUES
(13,9,'send','recall','1'),
(14,10,'send','recall','1');

--
-- Table structure for table `glpi_slalevelcriterias`
--

CREATE TABLE `glpi_slalevelcriterias` (
  `id` int(10) unsigned NOT NULL AUTO_INCREMENT,
  `slalevels_id` int(10) unsigned NOT NULL DEFAULT 0,
  `criteria` varchar(255) DEFAULT NULL,
  `condition` int(11) NOT NULL DEFAULT 0 COMMENT 'see define.php PATTERN_* and REGEX_* constant',
  `pattern` varchar(255) DEFAULT NULL,
  PRIMARY KEY (`id`),
  KEY `slalevels_id` (`slalevels_id`),
  KEY `condition` (`condition`)
) ENGINE=InnoDB AUTO_INCREMENT=18 DEFAULT CHARSET=utf8mb4 COLLATE=utf8mb4_unicode_ci;

--
-- Dumping data for table `glpi_slalevelcriterias`
--

INSERT INTO `glpi_slalevelcriterias` VALUES
(12,9,'status',1,'5'),
(13,9,'status',1,'6'),
(14,10,'status',1,'5'),
(15,10,'status',1,'6'),
(16,11,'status',1,'5'),
(17,11,'status',1,'6');

--
-- Table structure for table `glpi_slalevels`
--

CREATE TABLE `glpi_slalevels` (
  `id` int(10) unsigned NOT NULL AUTO_INCREMENT,
  `name` varchar(255) DEFAULT NULL,
  `slas_id` int(10) unsigned NOT NULL DEFAULT 0,
  `execution_time` int(11) NOT NULL,
  `is_active` tinyint(1) NOT NULL DEFAULT 1,
  `entities_id` int(10) unsigned NOT NULL DEFAULT 0,
  `is_recursive` tinyint(1) NOT NULL DEFAULT 0,
  `match` char(10) DEFAULT NULL COMMENT 'see define.php *_MATCHING constant',
  `uuid` varchar(255) DEFAULT NULL,
  PRIMARY KEY (`id`),
  KEY `name` (`name`),
  KEY `is_active` (`is_active`),
  KEY `slas_id` (`slas_id`),
  KEY `entities_id` (`entities_id`),
  KEY `is_recursive` (`is_recursive`)
) ENGINE=InnoDB AUTO_INCREMENT=12 DEFAULT CHARSET=utf8mb4 COLLATE=utf8mb4_unicode_ci;

--
-- Dumping data for table `glpi_slalevels`
--

INSERT INTO `glpi_slalevels` VALUES
(9,'SLA Incident Priorité A - TTR 2h à 30mn de la fin',32,-1800,1,0,1,'OR','9b1df500-7b3efcfd-6724ed6e0f1197.65270543'),
(10,'SLA Incident Priorité B - TTR 4h à 1h de la fin',33,-3600,1,0,1,'AND','9b1df500-4213a2c1-676443851b1402.34738267'),
(11,'SLA Incident Priorité C - TTR 16h à 4h de la fin',34,-14400,1,0,1,'AND','9b1df500-4213a2c1-6764453d250444.74306876');

--
-- Table structure for table `glpi_slalevels_tickets`
--

CREATE TABLE `glpi_slalevels_tickets` (
  `id` int(10) unsigned NOT NULL AUTO_INCREMENT,
  `tickets_id` int(10) unsigned NOT NULL DEFAULT 0,
  `slalevels_id` int(10) unsigned NOT NULL DEFAULT 0,
  `date` timestamp NULL DEFAULT NULL,
  PRIMARY KEY (`id`),
  UNIQUE KEY `unicity` (`tickets_id`,`slalevels_id`),
  KEY `slalevels_id` (`slalevels_id`)
) ENGINE=InnoDB AUTO_INCREMENT=280 DEFAULT CHARSET=utf8mb4 COLLATE=utf8mb4_unicode_ci;

--
-- Dumping data for table `glpi_slalevels_tickets`
--

INSERT INTO `glpi_slalevels_tickets` VALUES
(250,276,9,'2025-02-12 12:22:42'),
(251,277,11,'2025-02-13 14:59:41'),
(255,284,10,'2025-02-13 09:18:22'),
(256,285,11,'2025-02-20 13:00:00'),
(257,286,9,'2025-02-20 08:04:35'),
(259,289,10,'2025-02-22 09:42:39'),
(269,328,9,'2025-03-26 15:05:45'),
(270,340,9,'2025-09-24 10:08:03'),
(272,351,11,'2026-01-28 07:35:58'),
(273,352,11,'2026-01-28 07:37:56'),
(274,355,11,'2026-01-29 13:05:52'),
(275,357,11,'2026-01-29 13:12:22'),
(276,358,11,'2026-01-29 13:15:15'),
(277,359,11,'2026-01-29 13:18:07'),
(278,377,11,'2026-01-30 21:17:34'),
(279,379,11,'2026-01-30 21:18:43');

--
-- Table structure for table `glpi_slas`
--

CREATE TABLE `glpi_slas` (
  `id` int(10) unsigned NOT NULL AUTO_INCREMENT,
  `name` varchar(255) DEFAULT NULL,
  `entities_id` int(10) unsigned NOT NULL DEFAULT 0,
  `is_recursive` tinyint(1) NOT NULL DEFAULT 0,
  `type` int(11) NOT NULL DEFAULT 0,
  `comment` mediumtext DEFAULT NULL,
  `number_time` int(11) NOT NULL,
  `calendars_id` int(10) unsigned NOT NULL DEFAULT 0,
  `date_mod` timestamp NULL DEFAULT NULL,
  `definition_time` varchar(255) DEFAULT NULL,
  `end_of_working_day` tinyint(1) NOT NULL DEFAULT 0,
  `date_creation` timestamp NULL DEFAULT NULL,
  `slms_id` int(10) unsigned NOT NULL DEFAULT 0,
  `use_ticket_calendar` tinyint(4) NOT NULL DEFAULT 0,
  PRIMARY KEY (`id`),
  KEY `name` (`name`),
  KEY `date_mod` (`date_mod`),
  KEY `date_creation` (`date_creation`),
  KEY `calendars_id` (`calendars_id`),
  KEY `slms_id` (`slms_id`),
  KEY `entities_id` (`entities_id`),
  KEY `is_recursive` (`is_recursive`)
) ENGINE=InnoDB AUTO_INCREMENT=38 DEFAULT CHARSET=utf8mb4 COLLATE=utf8mb4_unicode_ci;

--
-- Dumping data for table `glpi_slas`
--

INSERT INTO `glpi_slas` VALUES
(32,'Incidents-Priorité A-Critique (TRA-0IA) - Temps de résolution : 2h',0,1,0,'La priorité d\'un incident de type A - Critique concerne une interruption de service ouverte par une personne dite prioritaire - VIP',2,3,'2025-02-21 16:08:28','hour',0,'2024-11-01 14:56:41',16,0),
(33,'Incidents-Priorité B-Forte (TRA-0IB) - Temps de résolution : 4h',0,1,0,'La priorité d\'un incident de type B - Forte - se détermine par rapport au nombre de personnes (10 ou plus) touchées par l’incident ce qui entraîne un délai de 4 heures pour sa résolution',4,3,'2025-02-21 16:10:14','hour',0,'2024-12-19 15:58:33',17,0),
(34,'Incidents-Priorité C-Faible (TRA-0IC) - Temps de résolution 16h',0,1,0,'La priorité d\'un incident de type C - dite Faible - concerne tous les autres cas d’incidents.',16,3,'2025-02-21 16:11:42','hour',0,'2024-12-19 16:08:40',18,0),
(35,'Demandes-Priorité A-Critique (TRA-0DA) - Temps de traitement : 8h',0,1,0,'La priorité d\'une demande de type A - Critique -  concerne une demande indispensable au travail quotidien ouvert par une personne dite prioritaire',8,3,'2025-02-21 16:14:26','hour',0,'2025-01-21 15:15:29',19,0),
(36,'Demandes-Priorité B-Forte (TRA-0DB) - Temps de résolution : 24h',0,1,0,'La priorité d\'une demande de type B - Forte - concerne les demandes indispensable au travail quotidien d\'un agent ou demande ordinaire d\'un \"personnel prioritaire\"',24,3,'2025-02-21 16:14:14','hour',0,'2025-01-21 15:15:43',20,0),
(37,'Demandes-Priorité C-Normale (TRA-0DC)- Temps de traitement : 36h',0,1,0,'La priorité d\'une demande de type C - dite Faible - concerne les demandes d\'un \"Utilisateur générique\"',36,3,'2025-02-21 16:13:56','hour',0,'2025-01-21 15:15:54',21,0);

--
-- Table structure for table `glpi_slms`
--

CREATE TABLE `glpi_slms` (
  `id` int(10) unsigned NOT NULL AUTO_INCREMENT,
  `name` varchar(255) DEFAULT NULL,
  `entities_id` int(10) unsigned NOT NULL DEFAULT 0,
  `is_recursive` tinyint(1) NOT NULL DEFAULT 0,
  `comment` mediumtext DEFAULT NULL,
  `calendars_id` int(10) unsigned NOT NULL DEFAULT 0,
  `date_mod` timestamp NULL DEFAULT NULL,
  `date_creation` timestamp NULL DEFAULT NULL,
  `use_ticket_calendar` tinyint(4) NOT NULL DEFAULT 0,
  PRIMARY KEY (`id`),
  KEY `name` (`name`),
  KEY `entities_id` (`entities_id`),
  KEY `is_recursive` (`is_recursive`),
  KEY `calendars_id` (`calendars_id`),
  KEY `date_mod` (`date_mod`),
  KEY `date_creation` (`date_creation`)
) ENGINE=InnoDB AUTO_INCREMENT=23 DEFAULT CHARSET=utf8mb4 COLLATE=utf8mb4_unicode_ci;

--
-- Dumping data for table `glpi_slms`
--

INSERT INTO `glpi_slms` VALUES
(16,'Incidents : Priorité A - Critique (TRA-0IA)',0,1,'TRA-0IA Respect des délais de Résolution définitive des Incidents de Priorité A',3,'2025-02-21 15:11:57','2024-11-01 14:55:08',0),
(17,'Incidents : Priorité B - Forte (TRA-0IB)',0,1,'TRA-0IB Respect des délais de Résolution définitive des Incidents de Priorité B',3,'2025-02-21 15:13:25','2024-12-19 15:58:12',0),
(18,'Incidents : Priorité C - Faible (TRA-0IC)',0,1,'TRA-0IC Respect des délais de Résolution définitive Incidents dits Faibles de Priorité C',3,'2025-02-21 15:13:56','2024-12-19 16:06:29',0),
(19,'Demandes : Priorité A - Critique (TRA-0DA)',0,1,'TRA-0DA Respect des délais de Résolution définitive des Demandes standards de Priorité A',3,'2025-02-21 15:14:27','2025-01-21 15:39:49',0),
(20,'Demandes : Priorité B - Forte (TRA-0DB)',0,1,'TRA-0DB Respect des délais de Résolution définitive des Demandes standards de Priorité B',3,'2025-02-21 15:14:55','2025-01-21 15:41:15',0),
(21,'Demandes : Priorité C - Normale (TRA-0DC)',0,1,'TRA-0DC Respect des délais de Résolution définitive des Demandes standards de Priorité C',3,'2025-02-21 15:15:27','2025-01-21 15:42:12',0);

--
-- Table structure for table `glpi_socketmodels`
--

CREATE TABLE `glpi_socketmodels` (
  `id` int(10) unsigned NOT NULL AUTO_INCREMENT,
  `name` varchar(255) DEFAULT NULL,
  `comment` text DEFAULT NULL,
  `date_mod` timestamp NULL DEFAULT NULL,
  `date_creation` timestamp NULL DEFAULT NULL,
  PRIMARY KEY (`id`),
  KEY `name` (`name`),
  KEY `date_mod` (`date_mod`),
  KEY `date_creation` (`date_creation`)
) ENGINE=InnoDB DEFAULT CHARSET=utf8mb4 COLLATE=utf8mb4_unicode_ci ROW_FORMAT=DYNAMIC;

--
-- Dumping data for table `glpi_socketmodels`
--


--
-- Table structure for table `glpi_sockets`
--

CREATE TABLE `glpi_sockets` (
  `id` int(10) unsigned NOT NULL AUTO_INCREMENT,
  `position` int(11) NOT NULL DEFAULT 0,
  `locations_id` int(10) unsigned NOT NULL DEFAULT 0,
  `name` varchar(255) DEFAULT NULL,
  `socketmodels_id` int(10) unsigned NOT NULL DEFAULT 0,
  `wiring_side` tinyint(4) DEFAULT 1,
  `itemtype` varchar(255) DEFAULT NULL,
  `items_id` int(10) unsigned NOT NULL DEFAULT 0,
  `networkports_id` int(10) unsigned NOT NULL DEFAULT 0,
  `comment` text DEFAULT NULL,
  `date_mod` timestamp NULL DEFAULT NULL,
  `date_creation` timestamp NULL DEFAULT NULL,
  PRIMARY KEY (`id`),
  KEY `name` (`name`),
  KEY `socketmodels_id` (`socketmodels_id`),
  KEY `location_name` (`locations_id`,`name`),
  KEY `item` (`itemtype`,`items_id`),
  KEY `networkports_id` (`networkports_id`),
  KEY `wiring_side` (`wiring_side`),
  KEY `date_mod` (`date_mod`),
  KEY `date_creation` (`date_creation`)
) ENGINE=InnoDB AUTO_INCREMENT=2 DEFAULT CHARSET=utf8mb4 COLLATE=utf8mb4_unicode_ci ROW_FORMAT=DYNAMIC;

--
-- Dumping data for table `glpi_sockets`
--

INSERT INTO `glpi_sockets` VALUES
(1,1,0,'Port 1',0,1,'NetworkEquipment',52,0,'','2023-03-31 14:10:26','2023-03-31 14:10:26');

--
-- Table structure for table `glpi_softwarecategories`
--

CREATE TABLE `glpi_softwarecategories` (
  `id` int(10) unsigned NOT NULL AUTO_INCREMENT,
  `name` varchar(255) DEFAULT NULL,
  `comment` mediumtext DEFAULT NULL,
  `softwarecategories_id` int(10) unsigned NOT NULL DEFAULT 0,
  `completename` mediumtext DEFAULT NULL,
  `level` int(11) NOT NULL DEFAULT 0,
  `ancestors_cache` longtext DEFAULT NULL,
  `sons_cache` longtext DEFAULT NULL,
  PRIMARY KEY (`id`),
  KEY `softwarecategories_id` (`softwarecategories_id`),
  KEY `name` (`name`),
  KEY `level` (`level`)
) ENGINE=InnoDB AUTO_INCREMENT=111 DEFAULT CHARSET=utf8mb4 COLLATE=utf8mb4_unicode_ci;

--
-- Dumping data for table `glpi_softwarecategories`
--

INSERT INTO `glpi_softwarecategories` VALUES
(9,'Autorisé','',0,'Autorisé',1,NULL,NULL),
(10,'À vérifier','',0,'À vérifier',1,NULL,NULL),
(11,'Non conforme','',0,'Non conforme',1,NULL,NULL),
(12,'À retirer','',0,'À retirer',1,NULL,NULL),
(13,'application','',0,'application',1,NULL,NULL),
(14,'system_component','',0,'system_component',1,NULL,NULL),
(15,'store','',0,'store',1,NULL,NULL),
(16,'system','',0,'system',1,NULL,NULL),
(17,'developer','',0,'developer',1,NULL,NULL),
(18,'13','',0,'13',1,NULL,NULL),
(19,'14','',0,'14',1,NULL,NULL),
(20,'9','',0,'9',1,NULL,NULL),
(21,'15','',0,'15',1,NULL,NULL),
(22,'16','',0,'16',1,NULL,NULL),
(23,'17','',0,'17',1,NULL,NULL),
(70,'update','',0,'update',1,NULL,NULL),
(71,'security_update','',0,'security_update',1,NULL,NULL),
(72,'admin','',0,'admin',1,NULL,NULL),
(73,'libs','',0,'libs',1,NULL,NULL),
(74,'sound','',0,'sound',1,NULL,NULL),
(75,'httpd','',0,'httpd',1,NULL,NULL),
(76,'utils','',0,'utils',1,NULL,NULL),
(77,'misc','',0,'misc',1,NULL,NULL),
(78,'shells','',0,'shells',1,NULL,NULL),
(79,'math','',0,'math',1,NULL,NULL),
(80,'net','',0,'net',1,NULL,NULL),
(81,'devel','',0,'devel',1,NULL,NULL),
(82,'java','',0,'java',1,NULL,NULL),
(83,'web','',0,'web',1,NULL,NULL),
(84,'php','',0,'php',1,NULL,NULL),
(85,'perl','',0,'perl',1,NULL,NULL),
(86,'interpreters','',0,'interpreters',1,NULL,NULL),
(87,'oldlibs','',0,'oldlibs',1,NULL,NULL),
(88,'otherosfs','',0,'otherosfs',1,NULL,NULL),
(89,'editors','',0,'editors',1,NULL,NULL),
(90,'fonts','',0,'fonts',1,NULL,NULL),
(91,'non-free/fonts','',0,'non-free/fonts',1,NULL,NULL),
(92,'introspection','',0,'introspection',1,NULL,NULL),
(93,'vcs','',0,'vcs',1,NULL,NULL),
(94,'doc','',0,'doc',1,NULL,NULL),
(95,'localization','',0,'localization',1,NULL,NULL),
(96,'graphics','',0,'graphics',1,NULL,NULL),
(97,'text','',0,'text',1,NULL,NULL),
(98,'gnome','',0,'gnome',1,NULL,NULL),
(99,'metapackages','',0,'metapackages',1,NULL,NULL),
(100,'libdevel','',0,'libdevel',1,NULL,NULL),
(101,'javascript','',0,'javascript',1,NULL,NULL),
(102,'mail','',0,'mail',1,NULL,NULL),
(103,'python','',0,'python',1,NULL,NULL),
(104,'x11','',0,'x11',1,NULL,NULL),
(105,'kernel','',0,'kernel',1,NULL,NULL),
(106,'database','',0,'database',1,NULL,NULL),
(107,'zope','',0,'zope',1,NULL,NULL),
(108,'comm','',0,'comm',1,NULL,NULL),
(109,'Infonuagique en ligne (SaaS)','Logiciel accessible en ligne et complètement géré par le fournisseur qui en est l\'éditeur.',0,'Infonuagique en ligne (SaaS)',1,NULL,NULL),
(110,'Sécurité-Antivirus','',0,'Sécurité-Antivirus',1,NULL,NULL);

--
-- Table structure for table `glpi_softwarelicenses`
--

CREATE TABLE `glpi_softwarelicenses` (
  `id` int(10) unsigned NOT NULL AUTO_INCREMENT,
  `softwares_id` int(10) unsigned NOT NULL DEFAULT 0,
  `softwarelicenses_id` int(10) unsigned NOT NULL DEFAULT 0,
  `completename` mediumtext DEFAULT NULL,
  `level` int(11) NOT NULL DEFAULT 0,
  `entities_id` int(10) unsigned NOT NULL DEFAULT 0,
  `is_recursive` tinyint(1) NOT NULL DEFAULT 0,
  `number` int(11) NOT NULL DEFAULT 0,
  `softwarelicensetypes_id` int(10) unsigned NOT NULL DEFAULT 0,
  `name` varchar(255) DEFAULT NULL,
  `serial` varchar(255) DEFAULT NULL,
  `otherserial` varchar(255) DEFAULT NULL,
  `softwareversions_id_buy` int(10) unsigned NOT NULL DEFAULT 0,
  `softwareversions_id_use` int(10) unsigned NOT NULL DEFAULT 0,
  `expire` date DEFAULT NULL,
  `comment` mediumtext DEFAULT NULL,
  `date_mod` timestamp NULL DEFAULT NULL,
  `is_valid` tinyint(1) NOT NULL DEFAULT 1,
  `date_creation` timestamp NULL DEFAULT NULL,
  `is_deleted` tinyint(1) NOT NULL DEFAULT 0,
  `locations_id` int(10) unsigned NOT NULL DEFAULT 0,
  `users_id_tech` int(10) unsigned NOT NULL DEFAULT 0,
  `users_id` int(10) unsigned NOT NULL DEFAULT 0,
  `groups_id_tech` int(10) unsigned NOT NULL DEFAULT 0,
  `groups_id` int(10) unsigned NOT NULL DEFAULT 0,
  `is_helpdesk_visible` tinyint(1) NOT NULL DEFAULT 0,
  `is_template` tinyint(1) NOT NULL DEFAULT 0,
  `template_name` varchar(255) DEFAULT NULL,
  `states_id` int(10) unsigned NOT NULL DEFAULT 0,
  `manufacturers_id` int(10) unsigned NOT NULL DEFAULT 0,
  `contact` varchar(255) DEFAULT NULL,
  `contact_num` varchar(255) DEFAULT NULL,
  `allow_overquota` tinyint(1) NOT NULL DEFAULT 0,
  `pictures` text DEFAULT NULL,
  `ancestors_cache` longtext DEFAULT NULL,
  `sons_cache` longtext DEFAULT NULL,
  PRIMARY KEY (`id`),
  KEY `name` (`name`),
  KEY `is_template` (`is_template`),
  KEY `serial` (`serial`),
  KEY `otherserial` (`otherserial`),
  KEY `expire` (`expire`),
  KEY `softwareversions_id_buy` (`softwareversions_id_buy`),
  KEY `entities_id` (`entities_id`),
  KEY `softwarelicensetypes_id` (`softwarelicensetypes_id`),
  KEY `softwareversions_id_use` (`softwareversions_id_use`),
  KEY `date_mod` (`date_mod`),
  KEY `locations_id` (`locations_id`),
  KEY `users_id_tech` (`users_id_tech`),
  KEY `users_id` (`users_id`),
  KEY `groups_id_tech` (`groups_id_tech`),
  KEY `groups_id` (`groups_id`),
  KEY `is_helpdesk_visible` (`is_helpdesk_visible`),
  KEY `is_deleted` (`is_deleted`),
  KEY `date_creation` (`date_creation`),
  KEY `manufacturers_id` (`manufacturers_id`),
  KEY `states_id` (`states_id`),
  KEY `softwares_id_expire_number` (`softwares_id`,`expire`,`number`),
  KEY `allow_overquota` (`allow_overquota`),
  KEY `is_recursive` (`is_recursive`),
  KEY `softwarelicenses_id` (`softwarelicenses_id`),
  KEY `level` (`level`)
) ENGINE=InnoDB AUTO_INCREMENT=19 DEFAULT CHARSET=utf8mb4 COLLATE=utf8mb4_unicode_ci;

--
-- Dumping data for table `glpi_softwarelicenses`
--

INSERT INTO `glpi_softwarelicenses` VALUES
(1,685,0,'Licence Acrobat',1,0,0,6,1,'Licence Acrobat','','',0,0,NULL,'','2024-11-27 15:19:52',1,'2020-02-04 16:31:46',1,0,0,0,0,0,0,0,NULL,26,0,NULL,NULL,0,NULL,NULL,NULL),
(2,900,0,'Licence Acrobat',1,0,0,1,1,'Licence Acrobat','','',0,0,NULL,'','2023-03-28 19:46:18',1,'2020-02-04 16:31:46',1,0,0,0,0,0,0,0,NULL,26,0,NULL,NULL,0,NULL,NULL,NULL),
(3,2625,0,'Licence AVG MTL',1,0,0,1,1,'Licence AVG MTL','','',0,0,NULL,'','2024-11-27 15:17:39',0,'2020-02-11 21:56:39',1,0,0,0,0,0,0,0,NULL,22,0,NULL,NULL,0,NULL,NULL,NULL),
(4,5024,0,'Licence AVG MTL',1,0,0,1,1,'Licence AVG MTL','','',0,0,NULL,'','2024-11-27 15:17:39',0,'2020-02-11 21:56:39',1,0,0,0,0,0,0,0,NULL,22,0,NULL,NULL,0,NULL,NULL,NULL),
(5,5848,0,'Licence AVG MTL',1,0,0,10,1,'Licence AVG MTL','','',0,0,'2021-12-31','','2024-11-27 15:19:52',1,'2020-02-11 21:56:39',1,0,0,0,0,0,0,0,NULL,22,0,NULL,NULL,0,NULL,NULL,NULL),
(6,3253,0,'Licence 7-zip',1,0,1,100,0,'Licence 7-zip','','',0,0,NULL,'','2023-03-28 19:43:17',1,'2020-02-12 18:50:25',1,0,0,0,0,0,0,0,NULL,22,0,NULL,NULL,0,NULL,NULL,NULL),
(7,2375,0,'Licence 2016',1,0,0,50,1,'Licence 2016','','',0,0,NULL,'','2024-02-07 00:39:47',1,'2022-02-15 15:58:05',1,85,0,0,0,0,0,0,NULL,22,0,NULL,NULL,0,NULL,NULL,NULL),
(8,5848,0,'Liecnce AVG',1,0,0,1,1,'Liecnce AVG','','',0,0,NULL,'','2023-02-01 22:41:24',1,'2022-02-15 16:01:39',1,0,0,0,0,0,0,0,NULL,22,0,NULL,NULL,0,NULL,NULL,NULL),
(9,8331,0,'Licence entreprise Pro Dbeaver',1,0,0,30,0,'Licence entreprise Pro Dbeaver','','',0,0,NULL,'','2023-02-01 22:42:18',1,'2022-06-02 15:20:33',1,0,0,0,0,0,0,0,NULL,22,0,NULL,NULL,0,NULL,NULL,NULL),
(10,10828,0,'Adobe Enterprise Term Licence',1,5,0,1,1,'Adobe Enterprise Term Licence','','',0,0,NULL,'','2023-06-30 21:09:34',1,'2023-03-28 19:31:15',1,91,0,0,0,0,0,0,NULL,22,2812,NULL,NULL,0,NULL,NULL,NULL),
(11,10790,0,'Office Petite Entreprise',1,5,0,1,1,'Office Petite Entreprise','','',17616,17616,NULL,'','2024-06-28 13:19:52',1,'2023-03-28 20:15:36',0,91,0,27,0,0,0,0,NULL,22,2852,NULL,NULL,0,NULL,NULL,NULL),
(12,10785,0,'AVG Business 01',1,5,0,9,5,'AVG Business 01','','',0,0,NULL,'','2023-06-30 21:09:34',1,'2023-03-30 21:46:44',1,0,0,0,0,0,0,0,NULL,22,2882,NULL,NULL,0,NULL,NULL,NULL),
(13,12552,0,'Abonnement kalendho',1,0,0,14,7,'Abonnement kalendho','','',0,0,NULL,'','2024-11-27 15:17:39',1,'2023-03-31 09:57:41',1,0,0,0,228,0,0,0,NULL,22,2880,NULL,NULL,0,NULL,NULL,NULL),
(14,14323,0,'Adobe Enterprise Term Licence',1,5,0,1,1,'Adobe Enterprise Term Licence','','',0,0,NULL,'','2023-06-30 21:09:34',1,'2023-03-28 19:31:15',1,91,0,0,0,0,0,0,NULL,22,2812,NULL,NULL,0,NULL,NULL,NULL),
(15,14391,0,'Abonnement kalendho',1,5,0,1,7,'Abonnement kalendho','','',0,0,NULL,'','2024-11-27 15:17:39',1,'2023-03-31 09:57:41',1,0,0,0,228,0,0,0,NULL,22,2880,NULL,NULL,0,NULL,NULL,NULL),
(16,14392,0,'AVG Business 01',1,5,0,1,5,'AVG Business 01','','',0,0,NULL,'','2023-06-30 21:09:34',1,'2023-03-30 21:46:44',1,0,0,0,0,0,0,0,NULL,22,2882,NULL,NULL,0,NULL,NULL,NULL),
(17,14473,0,'Adobe Enterprise Term Licence',1,0,0,2,1,'Adobe Enterprise Term Licence','','',23316,0,NULL,'','2023-09-26 15:19:10',1,'2023-03-28 19:31:15',1,91,0,0,0,0,0,0,NULL,22,2812,NULL,NULL,0,NULL,NULL,NULL),
(18,15821,0,'AVG Business 01',1,0,0,1,5,'AVG Business 01','','',0,0,NULL,'','2023-09-26 15:19:10',1,'2023-03-30 21:46:44',1,0,0,0,0,0,0,0,NULL,22,2882,NULL,NULL,0,NULL,NULL,NULL);

--
-- Table structure for table `glpi_softwarelicensetypes`
--

CREATE TABLE `glpi_softwarelicensetypes` (
  `id` int(10) unsigned NOT NULL AUTO_INCREMENT,
  `name` varchar(255) DEFAULT NULL,
  `comment` mediumtext DEFAULT NULL,
  `date_mod` timestamp NULL DEFAULT NULL,
  `date_creation` timestamp NULL DEFAULT NULL,
  `softwarelicensetypes_id` int(10) unsigned NOT NULL DEFAULT 0,
  `level` int(11) NOT NULL DEFAULT 0,
  `ancestors_cache` longtext DEFAULT NULL,
  `sons_cache` longtext DEFAULT NULL,
  `entities_id` int(10) unsigned NOT NULL DEFAULT 0,
  `is_recursive` tinyint(1) NOT NULL DEFAULT 0,
  `completename` mediumtext DEFAULT NULL,
  PRIMARY KEY (`id`),
  KEY `name` (`name`),
  KEY `date_mod` (`date_mod`),
  KEY `date_creation` (`date_creation`),
  KEY `softwarelicensetypes_id` (`softwarelicensetypes_id`),
  KEY `entities_id` (`entities_id`),
  KEY `is_recursive` (`is_recursive`),
  KEY `level` (`level`)
) ENGINE=InnoDB AUTO_INCREMENT=8 DEFAULT CHARSET=utf8mb4 COLLATE=utf8mb4_unicode_ci;

--
-- Dumping data for table `glpi_softwarelicensetypes`
--

INSERT INTO `glpi_softwarelicensetypes` VALUES
(1,'Licence OEM (fabricant dorigine)','Original Equipment Manufacturer (Fabricant d\'équipement d\'origine)\r\n-----\r\nLa licence OEM de Microsoft est destinée principalement aux intégrateurs système et aux fabricants du matériel informatique comme Dell, HP, Lenovo… qui achètent des composants d\'autres entreprises comme Intel et vendent des systèmes complets sous leurs propres marques, ce qui permet d’avoir un Windows préinstallé sur un PC à un coût réduit.\r\n\r\nAinsi, la licence Microsoft Windows ou Microsoft Office OEM ne peut être utilisée que sur un seul équipement à la fois.\r\n\r\nQuoiqu\'il s\'agit d\'une version complète du système d\'exploitation Windows ou de la suite bureautique Microsoft Office, la version OEM est beaucoup moins cher que la version Boite « Retail ». La principale raison de cette différence de prix est expliquée notamment par le fait que la version OEM est généralement destinée aux fabricants du matériel informatique, assembleurs et intégrateurs système et non pas aux particuliers.\r\n\r\nPar conséquence, d’un point de vue fonctionnalités, la version OEM est strictement identique à la version boite.','2023-03-31 09:30:28',NULL,2,2,NULL,NULL,0,1,'Licence propriétaire > Licence OEM (fabricant dorigine)'),
(2,'Licence propriétaire','','2023-03-31 09:29:45','2023-03-31 09:22:31',0,1,NULL,NULL,0,0,'Licence propriétaire'),
(3,'Par utilisation','','2023-03-31 09:26:11','2023-03-31 09:26:11',0,1,NULL,NULL,0,0,'Par utilisation'),
(4,'Licence Open Source','','2023-03-31 09:33:53','2023-03-31 09:26:31',0,1,NULL,NULL,0,0,'Licence Open Source'),
(5,'Licence nominative (par ordinateur)','La licence nominative a pour but de permettre l\'utilisation d\'un logiciel sur un ordinateur définie avec une adresse MAC par exemple ','2023-03-31 09:34:18','2023-03-31 09:31:33',2,2,NULL,NULL,0,0,'Licence propriétaire > Licence nominative (par ordinateur)'),
(6,'Licence flottante','La licence flottante fonctionne avec un ordinateur serveur de licence(s). Celui-ci décompte le nombre de licences utilisées à un instant « T » sur le réseau. Tant qu\'au moins une licence reste disponible, tout ordinateur du réseau réclamant une licence se la verra affecter temporairement durant le temps d\'utilisation du logiciel concerné. ','2023-03-31 09:32:37','2023-03-31 09:32:14',2,2,NULL,NULL,0,0,'Licence propriétaire > Licence flottante'),
(7,'Licence nominative (par personne)','La licence nominative par personne permet de relier une licence à une personne qui peut seule l\'utiliser, quelque soit le poste utilisée. \r\n\r\nElle utilisée par exemple dans le cas des services infonuagiques SaaS.','2023-03-31 09:36:47','2023-03-31 09:35:30',2,2,NULL,NULL,0,0,'Licence propriétaire > Licence nominative (par personne)');

--
-- Table structure for table `glpi_softwares`
--

CREATE TABLE `glpi_softwares` (
  `id` int(10) unsigned NOT NULL AUTO_INCREMENT,
  `entities_id` int(10) unsigned NOT NULL DEFAULT 0,
  `is_recursive` tinyint(1) NOT NULL DEFAULT 0,
  `name` varchar(255) DEFAULT NULL,
  `comment` mediumtext DEFAULT NULL,
  `locations_id` int(10) unsigned NOT NULL DEFAULT 0,
  `users_id_tech` int(10) unsigned NOT NULL DEFAULT 0,
  `groups_id_tech` int(10) unsigned NOT NULL DEFAULT 0,
  `is_update` tinyint(1) NOT NULL DEFAULT 0,
  `softwares_id` int(10) unsigned NOT NULL DEFAULT 0,
  `manufacturers_id` int(10) unsigned NOT NULL DEFAULT 0,
  `is_deleted` tinyint(1) NOT NULL DEFAULT 0,
  `is_template` tinyint(1) NOT NULL DEFAULT 0,
  `template_name` varchar(255) DEFAULT NULL,
  `date_mod` timestamp NULL DEFAULT NULL,
  `users_id` int(10) unsigned NOT NULL DEFAULT 0,
  `groups_id` int(10) unsigned NOT NULL DEFAULT 0,
  `ticket_tco` decimal(20,4) DEFAULT 0.0000,
  `is_helpdesk_visible` tinyint(1) NOT NULL DEFAULT 1,
  `softwarecategories_id` int(10) unsigned NOT NULL DEFAULT 0,
  `is_valid` tinyint(1) NOT NULL DEFAULT 1,
  `date_creation` timestamp NULL DEFAULT NULL,
  `pictures` text DEFAULT NULL,
  PRIMARY KEY (`id`),
  KEY `date_mod` (`date_mod`),
  KEY `name` (`name`),
  KEY `is_template` (`is_template`),
  KEY `is_update` (`is_update`),
  KEY `softwarecategories_id` (`softwarecategories_id`),
  KEY `entities_id` (`entities_id`),
  KEY `manufacturers_id` (`manufacturers_id`),
  KEY `groups_id` (`groups_id`),
  KEY `users_id` (`users_id`),
  KEY `locations_id` (`locations_id`),
  KEY `users_id_tech` (`users_id_tech`),
  KEY `softwares_id` (`softwares_id`),
  KEY `is_deleted` (`is_deleted`),
  KEY `is_helpdesk_visible` (`is_helpdesk_visible`),
  KEY `groups_id_tech` (`groups_id_tech`),
  KEY `date_creation` (`date_creation`),
  KEY `is_recursive` (`is_recursive`)
) ENGINE=InnoDB AUTO_INCREMENT=20592 DEFAULT CHARSET=utf8mb4 COLLATE=utf8mb4_unicode_ci;

--
-- Dumping data for table `glpi_softwares`
--

INSERT INTO `glpi_softwares` VALUES
(10786,0,0,'Package de pilotes Windows - Lenovo Monitor (08/16/2018 6.09.01.0)','\nLogiciel supprimé par la synchronisation OCSNG',0,0,0,0,0,2785,1,0,NULL,'2023-11-14 21:47:08',0,0,0.0000,1,10,1,NULL,NULL),
(10787,0,0,'DBeaver 22.1.0','Logiciel mis dans la corbeille par les règles du dictionnaire GLPI',0,0,0,0,0,2793,1,0,NULL,'2023-07-15 12:40:02',0,0,0.0000,1,10,1,NULL,NULL),
(10788,0,0,'HeidiSQL 12.0.0.6468','\nLogiciel supprimé par la synchronisation OCSNG',0,0,0,0,0,2794,1,0,NULL,'2023-09-13 20:10:03',0,0,0.0000,1,13,1,NULL,NULL),
(10790,5,0,'Microsoft Office Famille et Petite Entreprise 2016 - fr-fr',NULL,0,0,0,0,0,2852,0,0,NULL,'2023-04-26 15:00:15',0,0,0.0000,1,13,1,NULL,NULL),
(10792,0,0,'Mozilla Maintenance Service','\nLogiciel supprimé par la synchronisation OCSNG',0,0,0,0,0,2795,0,0,NULL,'2024-03-19 12:36:17',0,0,0.0000,1,13,1,NULL,NULL),
(10794,0,0,'Lenovo Power Management Driver','Logiciel mis dans la corbeille par les règles du dictionnaire GLPI',0,0,0,0,0,2785,1,0,NULL,'2024-03-19 12:36:17',0,0,0.0000,1,14,1,NULL,NULL),
(10795,0,0,'Speccy','\nLogiciel supprimé par la synchronisation OCSNG',0,0,0,0,0,2797,1,0,NULL,'2023-08-02 12:26:02',0,0,0.0000,1,13,1,NULL,NULL),
(10797,0,0,'Vulkan Run Time Libraries 1.0.33.0','Logiciel mis dans la corbeille par les règles du dictionnaire GLPI',0,0,0,0,0,2799,1,0,NULL,'2024-03-19 12:36:17',0,0,0.0000,1,13,1,NULL,NULL),
(10798,0,0,'WinMerge 2.16.20.0 x64','\nLogiciel supprimé par la synchronisation OCSNG',0,0,0,0,0,2800,1,0,NULL,'2023-09-13 20:10:03',0,0,0.0000,1,13,1,NULL,NULL),
(10800,0,0,'Kopano OL Extension','\nLogiciel supprimé par la synchronisation OCSNG',0,0,0,0,0,2801,1,0,NULL,'2023-11-14 21:47:08',0,0,0.0000,1,10,1,NULL,NULL),
(10801,0,0,'PuTTY release 0.76 (64-bit)','\nLogiciel supprimé par la synchronisation OCSNG',0,0,0,0,0,2802,1,0,NULL,'2023-09-13 20:10:03',0,0,0.0000,1,13,1,NULL,NULL),
(10806,0,0,'Kopano DeskApp','\nLogiciel supprimé par la synchronisation OCSNG',0,0,0,0,0,2801,0,0,NULL,'2024-03-19 12:36:17',0,0,0.0000,1,13,1,NULL,NULL),
(10817,0,0,'OpenLDAP for Windows','\nLogiciel supprimé par la synchronisation OCSNG',0,0,0,0,0,2810,1,0,NULL,'2023-09-13 20:10:03',0,0,0.0000,1,13,1,NULL,NULL),
(10830,0,0,'Bitvise SSH Client - FlowSshNet (x64)','\nLogiciel supprimé par la synchronisation OCSNG',0,0,0,0,0,2813,1,0,NULL,'2023-11-14 21:47:08',0,0,0.0000,1,10,1,NULL,NULL),
(10834,0,0,'Dolby Audio X2 Windows APP','\nLogiciel supprimé par la synchronisation OCSNG',0,0,0,0,0,2814,1,0,NULL,'2023-11-14 21:47:08',0,0,0.0000,1,10,1,NULL,NULL),
(10837,0,0,'Dolby Audio X2 Windows API SDK','Logiciel mis dans la corbeille par les règles du dictionnaire GLPI',0,0,0,0,0,2814,0,0,NULL,'2024-03-20 12:30:15',0,0,0.0000,1,14,1,NULL,NULL),
(10838,0,0,'FortiClient','\nLogiciel supprimé par la synchronisation OCSNG',0,0,0,0,0,2816,1,0,NULL,'2023-11-14 21:47:08',0,0,0.0000,1,10,1,NULL,NULL),
(10840,0,0,'Brackets','\nLogiciel supprimé par la synchronisation OCSNG',0,0,0,0,0,2817,1,0,NULL,'2024-03-19 12:36:17',0,0,0.0000,1,13,1,NULL,NULL),
(10841,0,0,'Brave','\nLogiciel supprimé par la synchronisation OCSNG',0,0,0,0,0,2818,1,0,NULL,'2024-03-19 12:36:17',0,0,0.0000,1,13,1,NULL,NULL),
(10842,0,0,'Bitvise SSH Client 8.44 (remove only)','\nLogiciel supprimé par la synchronisation OCSNG',0,0,0,0,0,2813,1,0,NULL,'2023-11-14 21:47:08',0,0,0.0000,1,10,1,NULL,NULL),
(10843,0,0,'DBeaver Community 5.1.5','\nLogiciel supprimé par la synchronisation OCSNG',0,0,0,0,0,2819,1,0,NULL,'2023-09-13 20:10:03',0,0,0.0000,1,13,1,NULL,NULL),
(10847,0,0,'KeePass Password Safe 2.40','Logiciel mis dans la corbeille par les règles du dictionnaire GLPI',0,0,0,0,0,2822,1,0,NULL,'2023-09-13 12:40:03',0,0,0.0000,1,13,1,NULL,NULL),
(10848,0,0,'Laragon 5.0.0','\nLogiciel supprimé par la synchronisation OCSNG',0,0,0,0,0,2823,1,0,NULL,'2023-09-13 20:10:03',0,0,0.0000,1,13,1,NULL,NULL),
(10852,0,0,'Notepad++ (32-bit x86)','\nLogiciel supprimé par la synchronisation OCSNG',0,0,0,0,0,2824,1,0,NULL,'2023-11-14 21:47:08',0,0,0.0000,1,10,1,NULL,NULL),
(10853,0,0,'PicPick','\nLogiciel supprimé par la synchronisation OCSNG',0,0,0,0,0,2825,1,0,NULL,'2024-03-19 12:36:17',0,0,0.0000,1,13,1,NULL,NULL),
(10859,0,0,'Bitvise SSH Client - FlowSshNet (x86)','\nLogiciel supprimé par la synchronisation OCSNG',0,0,0,0,0,2813,1,0,NULL,'2023-11-14 21:47:08',0,0,0.0000,1,10,1,NULL,NULL),
(10860,0,0,'Stormshield SSL VPN Client','\nLogiciel supprimé par la synchronisation OCSNG',0,0,0,0,0,2828,1,0,NULL,'2023-11-14 21:47:08',0,0,0.0000,1,10,1,NULL,NULL),
(10863,0,0,'mRemoteNG','Logiciel mis dans la corbeille par les règles du dictionnaire GLPI',0,0,0,0,0,2829,0,0,NULL,'2024-03-20 12:30:15',0,0,0.0000,1,13,1,NULL,NULL),
(10872,0,0,'Poedit','\nLogiciel supprimé par la synchronisation OCSNG',0,0,0,0,0,2833,0,0,NULL,'2023-11-01 15:58:14',0,0,0.0000,1,10,1,NULL,NULL),
(10875,0,0,'Graphviz','\nLogiciel supprimé par la synchronisation OCSNG',0,0,0,0,0,2836,0,0,NULL,'2023-11-01 15:58:14',0,0,0.0000,1,10,1,NULL,NULL),
(12626,0,0,'Microsoft Edge Update',NULL,0,0,0,0,0,2894,0,0,NULL,'2023-10-27 19:59:29',0,0,0.0000,1,10,1,'2023-04-19 18:36:23',NULL),
(12627,0,0,'GLPI Agent 1.4',NULL,0,0,0,0,0,2895,1,0,NULL,'2023-09-13 12:40:03',0,0,0.0000,1,10,1,'2023-04-19 18:36:23',NULL),
(12631,0,0,'AVG Business Security','Logiciel mis dans la corbeille par les règles du dictionnaire GLPI',0,0,0,0,0,2905,0,0,NULL,'2024-03-19 12:36:17',0,0,0.0000,1,13,1,NULL,NULL),
(12632,0,0,'Microsoft Office Home and Business 2016 - en-us','Logiciel supprimé par la synchronisation OCSNG',0,0,0,0,0,2900,1,0,NULL,'2023-11-14 21:47:08',0,0,0.0000,1,10,1,NULL,NULL),
(12633,0,0,'Microsoft Office Famille et Petite Entreprise 2016 - fr-fr','Logiciel supprimé par la synchronisation OCSNG',0,0,0,0,0,2900,1,0,NULL,'2023-11-14 21:47:08',0,0,0.0000,1,10,1,NULL,NULL),
(12636,0,0,'TeamViewer','\nLogiciel supprimé par la synchronisation OCSNG',0,0,0,0,0,2906,0,0,NULL,'2023-11-01 15:58:14',0,0,0.0000,1,10,1,NULL,NULL),
(12637,0,0,'Intel(R) Management Engine Components','Logiciel mis dans la corbeille par les règles du dictionnaire GLPI',0,0,0,0,0,2902,0,0,NULL,'2024-11-25 22:54:02',0,0,0.0000,1,14,1,NULL,NULL),
(12638,0,0,'MySQL Connector/ODBC 8.0','\nLogiciel supprimé par la synchronisation OCSNG',0,0,0,0,0,2907,1,0,NULL,'2023-11-14 21:47:08',0,0,0.0000,1,10,1,NULL,NULL),
(12640,0,0,'Java 8 Update 281 (64-bit)','\nLogiciel supprimé par la synchronisation OCSNG',0,0,0,0,0,2907,1,0,NULL,'2023-09-13 20:10:03',0,0,0.0000,1,13,1,NULL,NULL),
(12641,0,0,'Intel® PROSet/Wireless WiFi Software','\nLogiciel mis dans la corbeille par les règles du dictionnaire GLPI',0,0,0,0,0,2902,0,0,NULL,'2024-03-19 12:36:17',0,0,0.0000,1,14,1,NULL,NULL),
(12642,0,0,'Oracle VM VirtualBox 7.0.4','\nLogiciel supprimé par la synchronisation OCSNG',0,0,0,0,0,2908,1,0,NULL,'2023-09-13 20:10:03',0,0,0.0000,1,13,1,NULL,NULL),
(12646,0,0,'Java SE Development Kit 7 Update 80 (64-bit)','\nLogiciel supprimé par la synchronisation OCSNG',0,0,0,0,0,2808,1,0,NULL,'2023-09-13 20:10:03',0,0,0.0000,1,13,1,NULL,NULL),
(12648,0,0,'Google Drive','\nLogiciel supprimé par la synchronisation OCSNG',0,0,0,0,0,2909,0,0,NULL,'2024-03-19 12:36:17',0,0,0.0000,1,13,1,NULL,NULL),
(12649,0,0,'Intel(R) Chipset Device Software','Logiciel mis dans la corbeille par les règles du dictionnaire GLPI',0,0,0,0,0,2902,0,0,NULL,'2024-03-19 12:36:17',0,0,0.0000,1,14,1,NULL,NULL),
(12650,0,0,'Microsoft Update Health Tools','Logiciel mis dans la corbeille par les règles du dictionnaire GLPI',0,0,0,0,0,2900,0,0,NULL,'2024-03-19 12:36:17',0,0,0.0000,1,13,1,NULL,NULL),
(12652,0,0,'Office 16 Click-to-Run Licensing Component',NULL,0,0,0,0,0,2900,1,0,NULL,'2024-03-19 12:36:17',0,0,0.0000,1,14,1,NULL,NULL),
(12653,0,0,'Office 16 Click-to-Run Extensibility Component 64-bit Registration',NULL,0,0,0,0,0,2900,1,0,NULL,'2024-03-19 12:36:17',0,0,0.0000,1,14,1,NULL,NULL),
(12654,0,0,'Contrôle d’intégrité du PC Windows','\nLogiciel supprimé par la synchronisation OCSNG',0,0,0,0,0,2900,0,0,NULL,'2023-11-01 15:58:14',0,0,0.0000,1,10,1,NULL,NULL),
(12656,0,0,'Webex','\nLogiciel supprimé par la synchronisation OCSNG',0,0,0,0,0,2910,1,0,NULL,'2023-11-14 21:47:08',0,0,0.0000,1,10,1,NULL,NULL),
(12658,0,0,'Intel(R) Management Engine Driver','\nLogiciel supprimé par la synchronisation OCSNG',0,0,0,0,0,2902,0,0,NULL,'2023-11-01 15:58:14',0,0,0.0000,1,10,1,NULL,NULL),
(12659,0,0,'Intel(R) PRO/Wireless Driver','\nLogiciel mis dans la corbeille par les règles du dictionnaire GLPI',0,0,0,0,0,2902,0,0,NULL,'2024-03-19 12:36:17',0,0,0.0000,1,14,1,NULL,NULL),
(12661,0,0,'Microsoft HEVC Media Extension Installation for Microsoft.HEVCVideoExtension_1.0.2512.0_x64__8wekyb3d8bbwe (x64)','\nLogiciel supprimé par la synchronisation OCSNG',0,0,0,0,0,2900,1,0,NULL,'2023-11-14 21:47:08',0,0,0.0000,1,10,1,NULL,NULL),
(12662,0,0,'LibreOffice 7.5.2.2','\nLogiciel supprimé par la synchronisation OCSNG',0,0,0,0,0,2804,1,0,NULL,'2023-09-13 20:10:03',0,0,0.0000,1,13,1,NULL,NULL),
(12663,0,0,'Intel(R) Trusted Connect Service Client x64','\nLogiciel supprimé par la synchronisation OCSNG',0,0,0,0,0,2902,0,0,NULL,'2023-11-01 15:58:14',0,0,0.0000,1,10,1,NULL,NULL),
(12667,0,0,'Foxit Reader','\nLogiciel supprimé par la synchronisation OCSNG',0,0,0,0,0,2911,1,0,NULL,'2023-09-13 20:10:03',0,0,0.0000,1,13,1,NULL,NULL),
(12668,0,0,'Google Chrome','\nLogiciel supprimé par la synchronisation OCSNG',0,0,0,0,0,2909,0,0,NULL,'2024-03-19 12:36:17',0,0,0.0000,1,13,1,NULL,NULL),
(12669,0,0,'Microsoft Edge','Logiciel mis dans la corbeille par les règles du dictionnaire GLPI',0,0,0,0,0,2900,0,0,NULL,'2024-11-25 22:54:02',0,0,0.0000,1,17,1,NULL,NULL),
(12670,0,0,'Microsoft Edge WebView2 Runtime','Logiciel mis dans la corbeille par les règles du dictionnaire GLPI',0,0,0,0,0,2900,0,0,NULL,'2024-11-25 22:54:02',0,0,0.0000,1,14,1,NULL,NULL),
(12671,0,0,'Lenovo Vantage Service','\nLogiciel supprimé par la synchronisation OCSNG',0,0,0,0,0,2912,0,0,NULL,'2024-03-19 12:36:17',0,0,0.0000,1,13,1,NULL,NULL),
(12672,0,0,'VLC media player','\nLogiciel supprimé par la synchronisation OCSNG',0,0,0,0,0,2913,1,0,NULL,'2023-11-14 21:47:08',0,0,0.0000,1,10,1,NULL,NULL),
(12675,0,0,'Logiciel Thunderbolt™','\nLogiciel supprimé par la synchronisation OCSNG',0,0,0,0,0,2902,0,0,NULL,'2024-03-20 12:30:15',0,0,0.0000,1,13,1,NULL,NULL),
(12676,0,0,'Java 8 Update 281','\nLogiciel supprimé par la synchronisation OCSNG',0,0,0,0,0,2907,1,0,NULL,'2023-09-13 20:10:03',0,0,0.0000,1,13,1,NULL,NULL),
(12677,0,0,'Skype for Business Web App Plug-in','\nLogiciel supprimé par la synchronisation OCSNG',0,0,0,0,0,2900,1,0,NULL,'2023-11-14 21:47:08',0,0,0.0000,1,10,1,NULL,NULL),
(12680,0,0,'Java Auto Updater','\nLogiciel supprimé par la synchronisation OCSNG',0,0,0,0,0,2907,1,0,NULL,'2023-11-14 21:47:08',0,0,0.0000,1,10,1,NULL,NULL),
(12681,0,0,'Logiciel Intel® PROSet/Wireless','\nLogiciel supprimé par la synchronisation OCSNG',0,0,0,0,0,2902,0,0,NULL,'2023-11-01 15:58:14',0,0,0.0000,1,10,1,NULL,NULL),
(12682,0,0,'Outils de productivité Cisco Webex','\nLogiciel supprimé par la synchronisation OCSNG',0,0,0,0,0,2914,1,0,NULL,'2023-11-14 21:47:08',0,0,0.0000,1,10,1,NULL,NULL),
(12683,0,0,'Intel(R) Trusted Connect Services Client','\nLogiciel supprimé par la synchronisation OCSNG',0,0,0,0,0,2902,0,0,NULL,'2023-11-01 15:58:14',0,0,0.0000,1,10,1,NULL,NULL),
(12684,0,0,'Office 16 Click-to-Run Extensibility Component',NULL,0,0,0,0,0,2900,1,0,NULL,'2024-03-19 12:36:17',0,0,0.0000,1,14,1,NULL,NULL),
(12685,0,0,'Office 16 Click-to-Run Localization Component',NULL,0,0,0,0,0,2900,1,0,NULL,'2024-03-19 12:36:17',0,0,0.0000,1,14,1,NULL,NULL),
(12687,0,0,'Google Update Helper','\nLogiciel supprimé par la synchronisation OCSNG',0,0,0,0,0,2909,1,0,NULL,'2023-11-14 21:47:08',0,0,0.0000,1,10,1,NULL,NULL),
(12688,0,0,'Adobe Refresh Manager','\nLogiciel supprimé par la synchronisation OCSNG',0,0,0,0,0,2915,1,0,NULL,'2023-11-14 21:47:08',0,0,0.0000,1,10,1,NULL,NULL),
(12689,0,0,'Intel(R) Chipset Device Software','Logiciel mis dans la corbeille par les règles du dictionnaire GLPI',0,0,0,0,0,2903,0,0,NULL,'2024-03-19 12:36:17',0,0,0.0000,1,14,1,NULL,NULL),
(12690,0,0,'Intel(R) Trusted Connect Service Client x86','\nLogiciel supprimé par la synchronisation OCSNG',0,0,0,0,0,2902,0,0,NULL,'2023-11-01 15:58:14',0,0,0.0000,1,10,1,NULL,NULL),
(12693,0,0,'Realtek Audio Driver','\nLogiciel supprimé par la synchronisation OCSNG',0,0,0,0,0,2916,1,0,NULL,'2023-11-14 21:47:08',0,0,0.0000,1,10,1,NULL,NULL),
(12723,0,0,'Microsoft Windows 10 Professionnel','Logiciel mis dans la corbeille par les règles du dictionnaire GLPI',0,0,0,0,0,2900,0,0,NULL,'2023-10-27 19:59:29',0,0,0.0000,1,10,1,'2023-04-21 12:19:02',NULL),
(12777,0,0,'draw.io 21.2.1','\nLogiciel supprimé par la synchronisation OCSNG',0,0,0,0,0,2935,1,0,NULL,'2023-11-14 21:47:08',0,0,0.0000,1,10,1,NULL,NULL),
(14473,0,1,'Adobe Acrobat (64-bit)','Logiciel mis dans la corbeille par les règles du dictionnaire GLPI',0,0,0,0,0,2812,0,0,NULL,'2023-06-30 21:07:02',0,0,0.0000,1,10,1,'2023-05-05 06:29:01',NULL),
(15623,0,1,'OCS Inventory NG Agent',NULL,0,0,0,0,0,2796,0,0,NULL,'2023-10-27 19:59:29',0,0,0.0000,1,10,1,'2023-05-05 20:40:50',NULL),
(15809,0,0,'Microsoft MicrosoftOfficeHub',NULL,0,0,0,0,0,2852,1,0,NULL,'2023-09-13 12:40:03',0,0,0.0000,1,10,1,NULL,NULL),
(15901,0,0,'AnyDesk','Logiciel mis dans la corbeille par les règles du dictionnaire GLPI',0,0,0,0,0,3150,1,0,NULL,'2024-03-19 12:36:17',0,0,0.0000,1,13,1,NULL,NULL),
(15914,0,0,'WinSCP 6.1','\nLogiciel supprimé par la synchronisation OCSNG',0,0,0,0,0,2857,1,0,NULL,'2023-09-13 20:10:03',0,0,0.0000,1,13,1,NULL,NULL),
(15946,0,0,'DBeaver 23.1.1','Logiciel supprimé par la synchronisation OCSNG',0,0,0,0,0,2793,1,0,NULL,'2023-09-13 20:10:03',0,0,0.0000,1,13,1,NULL,NULL),
(15947,0,0,'Mozilla Firefox (x64 fr)','\nLogiciel supprimé par la synchronisation OCSNG',0,0,0,0,0,2795,1,0,NULL,'2024-03-19 12:36:17',0,0,0.0000,1,13,1,NULL,NULL),
(15948,0,0,'OCS Inventory NG Agent',NULL,0,0,0,0,0,2796,1,0,NULL,NULL,0,0,0.0000,1,13,1,NULL,NULL),
(15949,0,0,'7-Zip 19.00 (x64 edition)','Logiciel supprimé par la synchronisation OCSNG',0,0,0,0,0,2805,1,0,NULL,'2023-09-13 20:10:03',0,0,0.0000,1,13,1,NULL,NULL),
(15950,0,0,'{8D20975E-F62F-48AB-B868-45879DDDE77B}_is1','\nLogiciel supprimé par la synchronisation OCSNG',0,0,0,0,0,2904,1,0,NULL,'2023-09-12 17:40:03',0,0,0.0000,1,13,1,NULL,NULL),
(15951,0,0,'Internet Explorer (64bit)','\nLogiciel supprimé par la synchronisation OCSNG',0,0,0,0,0,2900,1,0,NULL,'2023-09-12 17:40:03',0,0,0.0000,1,0,1,NULL,NULL),
(15952,0,0,'Internet Explorer','\nLogiciel supprimé par la synchronisation OCSNG',0,0,0,0,0,2900,1,0,NULL,'2023-09-12 17:40:03',0,0,0.0000,1,0,1,NULL,NULL),
(15953,0,0,'Adobe Acrobat (64-bit)','',0,0,0,0,0,2812,1,0,NULL,NULL,0,0,0.0000,1,13,1,NULL,NULL),
(15954,0,0,'GLPI Agent 1.4','\nLogiciel supprimé par la synchronisation OCSNG',0,0,0,0,0,2815,1,0,NULL,'2023-09-13 20:10:03',0,0,0.0000,1,13,1,NULL,NULL),
(15955,0,0,'Microsoft Edge Update',NULL,0,0,0,0,0,0,1,0,NULL,NULL,0,0,0.0000,1,13,1,NULL,NULL),
(15956,0,0,'draw.io 20.8.16',NULL,0,0,0,0,0,2935,0,0,NULL,'2023-11-01 15:58:14',0,0,0.0000,1,10,1,NULL,NULL),
(15957,0,0,'Package de pilotes Windows - libusb-win32 DigiUSB (09/02/2014 1.2.6.1)',NULL,0,0,0,0,0,3006,0,0,NULL,'2023-11-01 15:58:14',0,0,0.0000,1,10,1,NULL,NULL),
(15958,0,0,'Package de pilotes Windows - Digistump LLC (usbser) Ports (08/16/2014 1.1.0.0)',NULL,0,0,0,0,0,3008,0,0,NULL,'2023-11-01 15:58:14',0,0,0.0000,1,10,1,NULL,NULL),
(15959,0,0,'7-Zip 18.05 (x64)',NULL,0,0,0,0,0,2805,0,0,NULL,'2023-11-01 15:58:14',0,0,0.0000,1,10,1,NULL,NULL),
(15960,0,0,'Package de pilotes Windows - Digistump LLC (digistump.com) (usbser) Ports (09/02/2014 5.1.2600.1)',NULL,0,0,0,0,0,3007,0,0,NULL,'2023-11-01 15:58:14',0,0,0.0000,1,10,1,NULL,NULL),
(15961,0,0,'Package de pilotes Windows - libusb-win32 Digispark Bootloader (01/17/2012 1.2.6.0)',NULL,0,0,0,0,0,3006,0,0,NULL,'2023-11-01 15:58:14',0,0,0.0000,1,10,1,NULL,NULL),
(15962,0,0,'cAudioFilterAgent',NULL,0,0,0,0,0,3002,1,0,NULL,NULL,0,0,0.0000,1,13,1,NULL,NULL),
(15963,0,0,'CxAudMsg',NULL,0,0,0,0,0,0,1,0,NULL,NULL,0,0,0.0000,1,13,1,NULL,NULL),
(15964,0,0,'DolbyAPI',NULL,0,0,0,0,0,3002,1,0,NULL,NULL,0,0,0.0000,1,13,1,NULL,NULL),
(15965,0,0,'doxygen 1.9.6',NULL,0,0,0,0,0,3005,0,0,NULL,'2023-11-01 15:58:14',0,0,0.0000,1,10,1,NULL,NULL),
(15966,0,0,'Git',NULL,0,0,0,0,0,3004,0,0,NULL,'2023-11-01 15:58:14',0,0,0.0000,1,10,1,NULL,NULL),
(15967,0,0,'HeidiSQL 12.5.0.6677',NULL,0,0,0,0,0,2794,0,0,NULL,'2024-03-20 12:30:15',0,0,0.0000,1,13,1,NULL,NULL),
(15968,0,0,'Logiciel Logitech Unifying 2.52',NULL,0,0,0,0,0,2923,0,0,NULL,'2023-11-01 15:58:14',0,0,0.0000,1,10,1,NULL,NULL),
(15969,0,0,'Microsoft Visual Studio 2010 Tools for Office Runtime (x64)',NULL,0,0,0,0,0,2900,0,0,NULL,'2023-11-01 15:58:14',0,0,0.0000,1,10,1,NULL,NULL),
(15970,0,0,'Mozilla Firefox (x64 en-US)','Mozilla Firefox 114.0.2 (x64 en-US)',0,0,0,0,0,2795,0,0,NULL,'2023-11-01 15:58:14',0,0,0.0000,1,10,1,NULL,NULL),
(15971,0,0,'Conexant SmartAudio',NULL,0,0,0,0,0,3002,0,0,NULL,'2023-11-01 15:58:14',0,0,0.0000,1,10,1,NULL,NULL),
(15972,0,0,'SSPConfig',NULL,0,0,0,0,0,3002,1,0,NULL,NULL,0,0,0.0000,1,13,1,NULL,NULL),
(15973,0,0,'Sierra Wireless Mobile Broadband Driver Package',NULL,0,0,0,0,0,3003,0,0,NULL,'2023-11-01 15:58:14',0,0,0.0000,1,10,1,NULL,NULL),
(15974,0,0,'ThinkPad USB-C Dock USB Audio',NULL,0,0,0,0,0,3002,0,0,NULL,'2023-11-01 15:58:14',0,0,0.0000,1,10,1,NULL,NULL),
(15975,0,0,'Vulkan Run Time Libraries 1.0.65.1',NULL,0,0,0,0,0,2799,0,0,NULL,'2023-11-01 15:58:14',0,0,0.0000,1,10,1,NULL,NULL),
(15976,0,0,'LibreOffice 7.3.2.2','LibreOffice 7.3 (multilanguage)',0,0,0,0,0,2804,0,0,NULL,'2023-11-01 15:58:14',0,0,0.0000,1,10,1,NULL,NULL),
(15977,0,0,'Lunacy',NULL,0,0,0,0,0,3001,0,0,NULL,'2023-11-01 15:58:14',0,0,0.0000,1,10,1,NULL,NULL),
(15978,0,0,'Eclipse Temurin JRE avec Hotspot 17.0.6+10 (x64)',NULL,0,0,0,0,0,3119,0,0,NULL,'2023-11-01 15:58:14',0,0,0.0000,1,10,1,NULL,NULL),
(15979,0,0,'FortiClient VPN',NULL,0,0,0,0,0,2816,1,0,NULL,'2024-03-19 12:36:17',0,0,0.0000,1,13,1,NULL,NULL),
(15980,0,0,'Microsoft .NET Runtime - 6.0.3 (x64)',NULL,0,0,0,0,0,2900,0,0,NULL,'2023-11-01 15:58:14',0,0,0.0000,1,10,1,NULL,NULL),
(15981,0,0,'Python 2.7.13 (64-bit)',NULL,0,0,0,0,0,2931,0,0,NULL,'2023-11-01 15:58:14',0,0,0.0000,1,10,1,NULL,NULL),
(15982,0,0,'SVG See 1.1.0',NULL,0,0,0,0,0,3000,0,0,NULL,'2023-11-01 15:58:14',0,0,0.0000,1,10,1,NULL,NULL),
(15983,0,0,'Java SE Development Kit 8 Update 144 (64-bit)',NULL,0,0,0,0,0,2907,0,0,NULL,'2023-11-01 15:58:14',0,0,0.0000,1,10,1,NULL,NULL),
(15984,0,0,'paint.net',NULL,0,0,0,0,0,2995,0,0,NULL,'2023-11-01 15:58:14',0,0,0.0000,1,10,1,NULL,NULL),
(15985,0,0,'Logi Options+',NULL,0,0,0,0,0,2923,0,0,NULL,'2023-11-01 15:58:14',0,0,0.0000,1,10,1,NULL,NULL),
(15986,0,0,'Citrix Gateway Endpoint Analysis',NULL,0,0,0,0,0,2999,0,0,NULL,'2023-11-01 15:58:14',0,0,0.0000,1,10,1,NULL,NULL),
(15987,0,0,'Microsoft .NET Host - 6.0.3 (x64)',NULL,0,0,0,0,0,2900,0,0,NULL,'2023-11-01 15:58:14',0,0,0.0000,1,10,1,NULL,NULL),
(15988,0,0,'Microsoft Windows Desktop Runtime - 6.0.3 (x64)',NULL,0,0,0,0,0,2900,0,0,NULL,'2023-11-01 15:58:14',0,0,0.0000,1,10,1,NULL,NULL),
(15989,0,0,'Microsoft .NET Host FX Resolver - 6.0.3 (x64)',NULL,0,0,0,0,0,2900,0,0,NULL,'2023-11-01 15:58:14',0,0,0.0000,1,10,1,NULL,NULL),
(15990,0,0,'Intel(R) Online Connect',NULL,0,0,0,0,0,2902,0,0,NULL,'2023-11-01 15:58:14',0,0,0.0000,1,10,1,NULL,NULL),
(15991,0,0,'GLPI Agent 1.5','GLPI Agent 1.5',0,0,0,0,0,2815,1,0,NULL,NULL,0,0,0.0000,1,13,1,NULL,NULL),
(15992,0,0,'Inkscape',NULL,0,0,0,0,0,2998,0,0,NULL,'2023-11-01 15:58:14',0,0,0.0000,1,10,1,NULL,NULL),
(15993,0,0,'TortoiseGit 2.14.0.0 (64 bit)','Windows Shell Integration For Git Source Control, v2.14.0.0',0,0,0,0,0,2997,0,0,NULL,'2023-11-01 15:58:14',0,0,0.0000,1,10,1,NULL,NULL),
(15994,0,0,'Python 2.7 mercurial-4.7.1',NULL,0,0,0,0,0,2996,0,0,NULL,'2023-11-01 15:58:14',0,0,0.0000,1,10,1,NULL,NULL),
(15995,0,0,'Intel® Online Connect Access',NULL,0,0,0,0,0,2863,0,0,NULL,'2023-11-01 15:58:14',0,0,0.0000,1,10,1,NULL,NULL),
(15996,0,0,'OpenVPN 2.5.3-I601 amd64',NULL,0,0,0,0,0,2994,0,0,NULL,'2023-11-01 15:58:14',0,0,0.0000,1,10,1,NULL,NULL),
(15997,0,0,'Pandoc 2.9.1.1',NULL,0,0,0,0,0,2993,0,0,NULL,'2023-11-01 15:58:14',0,0,0.0000,1,10,1,NULL,NULL),
(15998,0,0,'Apache Directory Studio - (remove only)',NULL,0,0,0,0,0,0,1,0,NULL,NULL,0,0,0.0000,1,13,1,NULL,NULL),
(15999,0,0,'EpocCam drivers 3.3.1',NULL,0,0,0,0,0,3017,0,0,NULL,'2023-11-01 15:58:14',0,0,0.0000,1,10,1,NULL,NULL),
(16000,0,0,'Foxit PDF Reader',NULL,0,0,0,0,0,2911,0,0,NULL,'2024-03-19 12:36:17',0,0,0.0000,1,13,1,NULL,NULL),
(16001,0,0,'HFSExplorer 2021.10.9',NULL,0,0,0,0,0,3156,0,0,NULL,'2023-11-01 15:58:14',0,0,0.0000,1,10,1,NULL,NULL),
(16002,0,0,'Inform 7',NULL,0,0,0,0,0,0,1,0,NULL,NULL,0,0,0.0000,1,13,1,NULL,NULL),
(16003,0,0,'Laragon 6.0.0',NULL,0,0,0,0,0,2823,0,0,NULL,'2024-03-20 12:30:15',0,0,0.0000,1,13,1,NULL,NULL),
(16004,0,0,'QNAP Qsync Client',NULL,0,0,0,0,0,3016,0,0,NULL,'2023-11-01 15:58:14',0,0,0.0000,1,10,1,NULL,NULL),
(16005,0,0,'SPRK_15_0_12',NULL,0,0,0,0,0,2915,1,0,NULL,NULL,0,0,0.0000,1,13,1,NULL,NULL),
(16006,0,0,'SPRK_18_2_12',NULL,0,0,0,0,0,2915,1,0,NULL,NULL,0,0,0.0000,1,13,1,NULL,NULL),
(16007,0,0,'SPRK_19_0_22',NULL,0,0,0,0,0,2915,1,0,NULL,NULL,0,0,0.0000,1,13,1,NULL,NULL),
(16008,0,0,'SPRK_19_2_22',NULL,0,0,0,0,0,2915,1,0,NULL,NULL,0,0,0.0000,1,13,1,NULL,NULL),
(16009,0,0,'SPRK_21_0_12',NULL,0,0,0,0,0,2915,1,0,NULL,NULL,0,0,0.0000,1,13,1,NULL,NULL),
(16010,0,0,'WinSCP 6.1.1',NULL,0,0,0,0,0,2857,1,0,NULL,NULL,0,0,0.0000,1,13,1,NULL,NULL),
(16011,0,0,'Thinkpad USB Ethernet Adapter Driver',NULL,0,0,0,0,0,2785,0,0,NULL,'2023-11-01 15:58:14',0,0,0.0000,1,10,1,NULL,NULL),
(16012,0,0,'Intel(R) Online Connect Software Asset Manager',NULL,0,0,0,0,0,2902,0,0,NULL,'2023-11-01 15:58:14',0,0,0.0000,1,10,1,NULL,NULL),
(16013,0,0,'TeighaX 3.09',NULL,0,0,0,0,0,3015,0,0,NULL,'2023-11-01 15:58:14',0,0,0.0000,1,10,1,NULL,NULL),
(16014,0,0,'QVPN Device Client',NULL,0,0,0,0,0,3011,0,0,NULL,'2023-11-01 15:58:14',0,0,0.0000,1,10,1,NULL,NULL),
(16015,0,0,'Microsoft .NET Framework 4.7.1 Targeting Pack',NULL,0,0,0,0,0,2900,0,0,NULL,'2023-11-01 15:58:14',0,0,0.0000,1,10,1,NULL,NULL),
(16016,0,0,'Realtek Card Reader',NULL,0,0,0,0,0,2916,0,0,NULL,'2023-11-01 15:58:14',0,0,0.0000,1,10,1,NULL,NULL),
(16017,0,0,'SysTools Outlook PST Viewer v5.0',NULL,0,0,0,0,0,3014,0,0,NULL,'2023-11-01 15:58:14',0,0,0.0000,1,10,1,NULL,NULL),
(16018,0,0,'Intel® Online Connect',NULL,0,0,0,0,0,2902,0,0,NULL,'2023-11-01 15:58:14',0,0,0.0000,1,10,1,NULL,NULL),
(16019,0,0,'Composer - Php Dependency Manager',NULL,0,0,0,0,0,3013,0,0,NULL,'2023-11-01 15:58:14',0,0,0.0000,1,10,1,NULL,NULL),
(16020,0,0,'Check Point VPN',NULL,0,0,0,0,0,3012,0,0,NULL,'2023-11-01 15:58:14',0,0,0.0000,1,10,1,NULL,NULL),
(16021,0,0,'USB Ethernet Adapter 18.01.0118.0194',NULL,0,0,0,0,0,3010,0,0,NULL,'2023-11-01 15:58:14',0,0,0.0000,1,10,1,NULL,NULL),
(16022,0,0,'Lenovo Dynamic Power Reduction Utility',NULL,0,0,0,0,0,2785,0,0,NULL,'2023-11-01 15:58:14',0,0,0.0000,1,10,1,NULL,NULL),
(16023,0,0,'ThinkPadThunderbolt',NULL,0,0,0,0,0,3009,0,0,NULL,'2023-11-01 15:58:14',0,0,0.0000,1,10,1,NULL,NULL),
(16024,0,0,'ThinkPad Thunderbolt 3 Dock and USB-C Dock',NULL,0,0,0,0,0,2904,0,0,NULL,'2023-11-01 15:58:14',0,0,0.0000,1,10,1,NULL,NULL),
(16025,0,0,'Paramètres','Modifiez vos paramètres et personnalisez la manière dont vous utilisez votre ordinateur.',0,0,0,0,0,2900,1,0,NULL,NULL,0,0,0.0000,1,16,1,NULL,NULL),
(16026,0,0,'Microsoft XboxSpeechToTextOverlay',NULL,0,0,0,0,0,2900,1,0,NULL,NULL,0,0,0.0000,1,15,1,NULL,NULL),
(16027,0,0,'Microsoft .Net Native Runtime Package 2.1','Microsoft .Net Native Runtime Package 2.1',0,0,0,0,0,2900,1,0,NULL,NULL,0,0,0.0000,1,15,1,NULL,NULL),
(16028,0,0,'Windows Print','Windows Print',0,0,0,0,0,2900,1,0,NULL,NULL,0,0,0.0000,1,16,1,NULL,NULL),
(16029,0,0,'Microsoft Advertising SDK for XAML','Microsoft Advertising SDK for XAML',0,0,0,0,0,2900,1,0,NULL,NULL,0,0,0.0000,1,15,1,NULL,NULL),
(16030,0,0,'Microsoft Engagement Framework','Microsoft Engagement Framework',0,0,0,0,0,2900,1,0,NULL,NULL,0,0,0.0000,1,15,1,NULL,NULL),
(16031,0,0,'Microsoft UI Xaml 2.0','Microsoft.UI.Xaml',0,0,0,0,0,2900,1,0,NULL,NULL,0,0,0.0000,1,15,1,NULL,NULL),
(16032,0,0,'Microsoft .Net Native Framework Package 2.1','Microsoft .Net Native Framework Package 2.1',0,0,0,0,0,2900,1,0,NULL,NULL,0,0,0.0000,1,15,1,NULL,NULL),
(16033,0,0,'Microsoft .Net Native Framework Package 1.7','Microsoft .Net Native Framework Package 1.7',0,0,0,0,0,2900,1,0,NULL,NULL,0,0,0.0000,1,15,1,NULL,NULL),
(16034,0,0,'Microsoft .Net Native Framework Package 1.6','Microsoft .Net Native Framework Package 1.6',0,0,0,0,0,2900,1,0,NULL,NULL,0,0,0.0000,1,15,1,NULL,NULL),
(16035,0,0,'Microsoft .Net Native Runtime Package 1.4','Microsoft .Net Native Runtime Package 1.4',0,0,0,0,0,2900,1,0,NULL,NULL,0,0,0.0000,1,15,1,NULL,NULL),
(16036,0,0,'Microsoft .Net Native Framework Package 1.3','Microsoft .Net Native Framework Package 1.3',0,0,0,0,0,2900,1,0,NULL,NULL,0,0,0.0000,1,15,1,NULL,NULL),
(16037,0,0,'Microsoft UI Xaml 2.1','Microsoft.UI.Xaml',0,0,0,0,0,2900,1,0,NULL,NULL,0,0,0.0000,1,15,1,NULL,NULL),
(16038,0,0,'Microsoft Pay',NULL,0,0,0,0,0,2900,1,0,NULL,NULL,0,0,0.0000,1,15,1,NULL,NULL),
(16039,0,0,'Microsoft UI Xaml 2.2','Microsoft.UI.Xaml',0,0,0,0,0,2900,1,0,NULL,NULL,0,0,0.0000,1,15,1,NULL,NULL),
(16040,0,0,'Microsoft UI Xaml 2.3','Microsoft.UI.Xaml',0,0,0,0,0,2900,1,0,NULL,NULL,0,0,0.0000,1,15,1,NULL,NULL),
(16041,0,0,'Microsoft .Net Native Runtime Package 2.2','Microsoft .Net Native Runtime Package 2.2',0,0,0,0,0,2900,1,0,NULL,NULL,0,0,0.0000,1,15,1,NULL,NULL),
(16042,0,0,'Microsoft .Net Native Runtime Package 1.7','Microsoft .Net Native Runtime Package 1.7',0,0,0,0,0,2900,1,0,NULL,NULL,0,0,0.0000,1,15,1,NULL,NULL),
(16043,0,0,'Xbox Game Bar Plugin',NULL,0,0,0,0,0,2900,1,0,NULL,NULL,0,0,0.0000,1,15,1,NULL,NULL),
(16044,0,0,'Microsoft UI Xaml 2.4','Microsoft.UI.Xaml',0,0,0,0,0,2900,1,0,NULL,NULL,0,0,0.0000,1,15,1,NULL,NULL),
(16045,0,0,'Microsoft .Net Native Runtime Package 1.1','Microsoft .Net Native Runtime Package 1.1',0,0,0,0,0,2900,1,0,NULL,NULL,0,0,0.0000,1,15,1,NULL,NULL),
(16046,0,0,'PDF to JPEG',NULL,0,0,0,0,0,3157,1,0,NULL,NULL,0,0,0.0000,1,15,1,NULL,NULL),
(16047,0,0,'Microsoft .Net Native Framework Package 2.2','Microsoft .Net Native Framework Package 2.2',0,0,0,0,0,2900,1,0,NULL,NULL,0,0,0.0000,1,15,1,NULL,NULL),
(16048,0,0,'Microsoft UI Xaml 2.5','Microsoft.UI.Xaml',0,0,0,0,0,2900,1,0,NULL,NULL,0,0,0.0000,1,15,1,NULL,NULL),
(16049,0,0,'Microsoft WindowsSoundRecorder',NULL,0,0,0,0,0,2900,1,0,NULL,NULL,0,0,0.0000,1,15,1,NULL,NULL),
(16050,0,0,'1527c705-839a-4832-9118-54d4Bd6a0c89',NULL,0,0,0,0,0,2900,1,0,NULL,NULL,0,0,0.0000,1,16,1,NULL,NULL),
(16051,0,0,'Programme de résolution des applis',NULL,0,0,0,0,0,2900,1,0,NULL,NULL,0,0,0.0000,1,16,1,NULL,NULL),
(16052,0,0,'Boite de dialogue Ajouter des suggestions de dossier',NULL,0,0,0,0,0,2900,1,0,NULL,NULL,0,0,0.0000,1,16,1,NULL,NULL),
(16053,0,0,'Compte professionnel ou scolaire',NULL,0,0,0,0,0,2900,1,0,NULL,NULL,0,0,0.0000,1,16,1,NULL,NULL),
(16054,0,0,'Messagerie et comptes',NULL,0,0,0,0,0,2900,1,0,NULL,NULL,0,0,0.0000,1,16,1,NULL,NULL),
(16055,0,0,'AsyncTextService',NULL,0,0,0,0,0,2900,1,0,NULL,NULL,0,0,0.0000,1,16,1,NULL,NULL),
(16056,0,0,'Configuration de Windows Bonjour',NULL,0,0,0,0,0,2900,1,0,NULL,NULL,0,0,0.0000,1,16,1,NULL,NULL),
(16057,0,0,'Boîte de dialogue d\'informations d’identification',NULL,0,0,0,0,0,2900,1,0,NULL,NULL,0,0,0.0000,1,16,1,NULL,NULL),
(16058,0,0,'Contrôle visuel',NULL,0,0,0,0,0,2900,1,0,NULL,NULL,0,0,0.0000,1,16,1,NULL,NULL),
(16059,0,0,'Écran de verrouillage par défaut Windows',NULL,0,0,0,0,0,2900,1,0,NULL,NULL,0,0,0.0000,1,16,1,NULL,NULL),
(16060,0,0,'Client Microsoft Edge DevTools','Client Microsoft Edge DevTools',0,0,0,0,0,2900,1,0,NULL,NULL,0,0,0.0000,1,16,1,NULL,NULL),
(16061,0,0,'Visionneuse web de l’appli d\'appareil de bureau','Visionneuse web de l’appli d\'appareil de bureau',0,0,0,0,0,2900,1,0,NULL,NULL,0,0,0.0000,1,16,1,NULL,NULL),
(16062,0,0,'Windows Defender SmartScreen',NULL,0,0,0,0,0,2900,1,0,NULL,NULL,0,0,0.0000,1,16,1,NULL,NULL),
(16063,0,0,'Application de verrouillage d\'accès attribué','Se lance par-dessus l\'application de verrouillage lorsqu\'un utilisateur avec un accès autorisé se connecte.',0,0,0,0,0,2900,1,0,NULL,NULL,0,0,0.0000,1,16,1,NULL,NULL),
(16064,0,0,'Appeler',NULL,0,0,0,0,0,2900,1,0,NULL,NULL,0,0,0.0000,1,16,1,NULL,NULL),
(16065,0,0,'CapturePicker',NULL,0,0,0,0,0,2900,1,0,NULL,NULL,0,0,0.0000,1,16,1,NULL,NULL),
(16066,0,0,'Contenu Microsoft',NULL,0,0,0,0,0,2900,1,0,NULL,NULL,0,0,0.0000,1,16,1,NULL,NULL),
(16067,0,0,'Narrateur','Page d\'accueil du Narrateur',0,0,0,0,0,2900,1,0,NULL,NULL,0,0,0.0000,1,16,1,NULL,NULL),
(16068,0,0,'Débit du portail captif',NULL,0,0,0,0,0,2900,1,0,NULL,NULL,0,0,0.0000,1,16,1,NULL,NULL),
(16069,0,0,'Flux de connexion réseau',NULL,0,0,0,0,0,2900,1,0,NULL,NULL,0,0,0.0000,1,16,1,NULL,NULL),
(16070,0,0,'Fonctionnalités de la famille Microsoft',NULL,0,0,0,0,0,2900,1,0,NULL,NULL,0,0,0.0000,1,16,1,NULL,NULL),
(16071,0,0,'Windows Shell Experience',NULL,0,0,0,0,0,2900,1,0,NULL,NULL,0,0,0.0000,1,16,1,NULL,NULL),
(16072,0,0,'PinningConfirmationDialog',NULL,0,0,0,0,0,2900,1,0,NULL,NULL,0,0,0.0000,1,16,1,NULL,NULL),
(16073,0,0,'Microsoft Windows StartMenuExperienceHost',NULL,0,0,0,0,0,2900,1,0,NULL,NULL,0,0,0.0000,1,16,1,NULL,NULL),
(16074,0,0,'Supprimer l\'appareil en toute sécurité',NULL,0,0,0,0,0,2900,1,0,NULL,NULL,0,0,0.0000,1,16,1,NULL,NULL),
(16075,0,0,'Xbox Game UI',NULL,0,0,0,0,0,2900,1,0,NULL,NULL,0,0,0.0000,1,16,1,NULL,NULL),
(16076,0,0,'UDK Package',NULL,0,0,0,0,0,2900,1,0,NULL,NULL,0,0,0.0000,1,16,1,NULL,NULL),
(16077,0,0,'NcsiUwpApp',NULL,0,0,0,0,0,2900,1,0,NULL,NULL,0,0,0.0000,1,16,1,NULL,NULL),
(16078,0,0,'Aperçu de code-barres Windows','Boîte de dialogue Aperçu de code-barres Windows',0,0,0,0,0,2900,1,0,NULL,NULL,0,0,0.0000,1,16,1,NULL,NULL),
(16079,0,0,'Votre compte',NULL,0,0,0,0,0,2900,1,0,NULL,NULL,0,0,0.0000,1,16,1,NULL,NULL),
(16080,0,0,'Microsoft UI Xaml 2.6','Microsoft.UI.Xaml',0,0,0,0,0,2900,1,0,NULL,NULL,0,0,0.0000,1,15,1,NULL,NULL),
(16081,0,0,'Cortana',NULL,0,0,0,0,0,2900,1,0,NULL,NULL,0,0,0.0000,1,15,1,NULL,NULL),
(16082,0,0,'Sécurité Windows','Sécurité Windows',0,0,0,0,0,2900,1,0,NULL,NULL,0,0,0.0000,1,16,1,NULL,NULL),
(16083,0,0,'Microsoft UI Xaml 2.7','Microsoft.UI.Xaml',0,0,0,0,0,2900,1,0,NULL,NULL,0,0,0.0000,1,15,1,NULL,NULL),
(16084,0,0,'Explorateur de fichiers',NULL,0,0,0,0,0,2900,1,0,NULL,NULL,0,0,0.0000,1,16,1,NULL,NULL),
(16085,0,0,'Expérience Windows Shell',NULL,0,0,0,0,0,2900,1,0,NULL,NULL,0,0,0.0000,1,16,1,NULL,NULL),
(16086,0,0,'Microsoft WebpImageExtension',NULL,0,0,0,0,0,2900,1,0,NULL,NULL,0,0,0.0000,1,15,1,NULL,NULL),
(16087,0,0,'Microsoft XboxIdentityProvider',NULL,0,0,0,0,0,2900,1,0,NULL,NULL,0,0,0.0000,1,15,1,NULL,NULL),
(16088,0,0,'Microsoft WindowsCalculator',NULL,0,0,0,0,0,2900,1,0,NULL,NULL,0,0,0.0000,1,15,1,NULL,NULL),
(16089,0,0,'Passer un examen','Passer un examen',0,0,0,0,0,2900,1,0,NULL,NULL,0,0,0.0000,1,16,1,NULL,NULL),
(16090,0,0,'WindowsAppRuntime.1.2','Microsoft Windows App Runtime 1.2 (2000.802.31.0 x86 )',0,0,0,0,0,2900,1,0,NULL,NULL,0,0,0.0000,1,15,1,NULL,NULL),
(16091,0,0,'Microsoft ScreenSketch',NULL,0,0,0,0,0,2900,1,0,NULL,NULL,0,0,0.0000,1,15,1,NULL,NULL),
(16092,0,0,'Xbox Game Bar',NULL,0,0,0,0,0,2900,1,0,NULL,NULL,0,0,0.0000,1,15,1,NULL,NULL),
(16093,0,0,'Module d\'expérience locale français (Canada)',NULL,0,0,0,0,0,2900,1,0,NULL,NULL,0,0,0.0000,1,15,1,NULL,NULL),
(16094,0,0,'Microsoft Windows Photos',NULL,0,0,0,0,0,2900,1,0,NULL,NULL,0,0,0.0000,1,15,1,NULL,NULL),
(16095,0,0,'Xerox Print and Scan Experience',NULL,0,0,0,0,0,3158,1,0,NULL,NULL,0,0,0.0000,1,15,1,NULL,NULL),
(16096,0,0,'Microsoft GetHelp',NULL,0,0,0,0,0,2900,1,0,NULL,NULL,0,0,0.0000,1,15,1,NULL,NULL),
(16097,0,0,'Windows Feature Experience Pack',NULL,0,0,0,0,0,2900,1,0,NULL,NULL,0,0,0.0000,1,16,1,NULL,NULL),
(16098,0,0,'Microsoft WindowsMaps',NULL,0,0,0,0,0,2900,1,0,NULL,NULL,0,0,0.0000,1,15,1,NULL,NULL),
(16099,0,0,'Microsoft HEIFImageExtension',NULL,0,0,0,0,0,2900,1,0,NULL,NULL,0,0,0.0000,1,15,1,NULL,NULL),
(16100,0,0,'Microsoft People',NULL,0,0,0,0,0,2900,1,0,NULL,NULL,0,0,0.0000,1,15,1,NULL,NULL),
(16101,0,0,'Lenovo Companion',NULL,0,0,0,0,0,2980,1,0,NULL,NULL,0,0,0.0000,1,15,1,NULL,NULL),
(16102,0,0,'Windows Search','Recherchez sur le Web et dans Windows',0,0,0,0,0,2900,1,0,NULL,NULL,0,0,0.0000,1,16,1,NULL,NULL),
(16103,0,0,'Dolby Access',NULL,0,0,0,0,0,3159,1,0,NULL,NULL,0,0,0.0000,1,15,1,NULL,NULL),
(16104,0,0,'WindowsAppRuntime.1.3','Microsoft Windows App Runtime 1.3 (3000.882.2207.0 x64 )',0,0,0,0,0,2900,1,0,NULL,NULL,0,0,0.0000,1,15,1,NULL,NULL),
(16105,0,0,'Microsoft WindowsAlarms',NULL,0,0,0,0,0,2900,1,0,NULL,NULL,0,0,0.0000,1,15,1,NULL,NULL),
(16106,0,0,'Microsoft Store',NULL,0,0,0,0,0,2900,1,0,NULL,NULL,0,0,0.0000,1,15,1,NULL,NULL),
(16107,0,0,'HP Smart',NULL,0,0,0,0,0,2960,1,0,NULL,NULL,0,0,0.0000,1,15,1,NULL,NULL),
(16108,0,0,'Skype',NULL,0,0,0,0,0,3160,1,0,NULL,NULL,0,0,0.0000,1,15,1,NULL,NULL),
(16109,0,0,'Microsoft StorePurchaseApp',NULL,0,0,0,0,0,2900,1,0,NULL,NULL,0,0,0.0000,1,15,1,NULL,NULL),
(16110,0,0,'Microsoft YourPhone',NULL,0,0,0,0,0,2900,1,0,NULL,NULL,0,0,0.0000,1,15,1,NULL,NULL),
(16111,0,0,'microsoft windowscommunicationsapps',NULL,0,0,0,0,0,2900,1,0,NULL,NULL,0,0,0.0000,1,15,1,NULL,NULL),
(16112,0,0,'Microsoft VP9VideoExtensions',NULL,0,0,0,0,0,2900,1,0,NULL,NULL,0,0,0.0000,1,15,1,NULL,NULL),
(16113,0,0,'Microsoft WebMediaExtensions',NULL,0,0,0,0,0,2900,1,0,NULL,NULL,0,0,0.0000,1,15,1,NULL,NULL),
(16114,0,0,'Microsoft DesktopAppInstaller',NULL,0,0,0,0,0,2900,1,0,NULL,NULL,0,0,0.0000,1,15,1,NULL,NULL),
(16115,0,0,'Microsoft UI Xaml 2.8','Microsoft.UI.Xaml',0,0,0,0,0,2900,1,0,NULL,NULL,0,0,0.0000,1,15,1,NULL,NULL),
(16116,0,0,'Microsoft WindowsCamera',NULL,0,0,0,0,0,2900,1,0,NULL,NULL,0,0,0.0000,1,15,1,NULL,NULL),
(16117,0,0,'SCENARIbuilder 6.1',NULL,0,0,0,0,0,3166,0,0,NULL,'2023-11-01 15:58:14',0,0,0.0000,1,10,1,NULL,NULL),
(16118,0,0,'Dokiel 5',NULL,0,0,0,0,0,3167,0,0,NULL,'2023-11-01 15:58:14',0,0,0.0000,1,10,1,NULL,NULL),
(16119,0,0,'SCENARIchain-desktop 6',NULL,0,0,0,0,0,3166,0,0,NULL,'2023-11-01 15:58:14',0,0,0.0000,1,10,1,NULL,NULL),
(16120,0,0,'ShareX',NULL,0,0,0,0,0,3168,0,0,NULL,'2023-11-01 15:58:14',0,0,0.0000,1,10,1,NULL,NULL),
(16121,0,0,'Microsoft Windows 10 Professionnel','\nLogiciel supprimé par la synchronisation OCSNG',0,0,0,0,0,0,1,0,NULL,'2023-09-12 17:40:03',0,0,0.0000,1,0,1,'2023-08-01 20:25:16',NULL),
(16122,0,0,'KeePass Password Safe 2.54',NULL,0,0,0,0,0,2822,1,0,NULL,'2024-03-19 12:36:17',0,0,0.0000,1,13,1,'2023-08-16 12:08:18',NULL),
(16123,0,0,'Mozilla Maintenance Service','\nLogiciel mis dans la corbeille par les règles du dictionnaire GLPI',0,0,0,0,0,2795,0,0,NULL,'2024-11-27 15:19:52',0,0,0.0000,1,13,1,NULL,NULL),
(16124,0,0,'Notepad++ (32-bit x86)','Logiciel mis dans la corbeille par les règles du dictionnaire GLPI',0,0,0,0,0,2824,0,0,NULL,'2024-11-27 15:19:52',0,0,0.0000,1,13,1,NULL,NULL),
(16125,0,0,'Microsoft MicrosoftOfficeHub',NULL,0,0,0,0,0,2852,0,0,NULL,'2024-11-27 15:19:52',0,0,0.0000,1,10,1,NULL,NULL),
(16126,0,0,'draw.io 20.8.16',NULL,0,0,0,0,0,2935,1,0,NULL,'2024-11-27 15:19:52',0,0,0.0000,1,13,1,NULL,NULL),
(16127,0,0,'Package de pilotes Windows - libusb-win32 DigiUSB (09/02/2014 1.2.6.1)',NULL,0,0,0,0,0,3006,1,0,NULL,'2024-11-27 15:19:52',0,0,0.0000,1,13,1,NULL,NULL),
(16128,0,0,'Package de pilotes Windows - Digistump LLC (usbser) Ports (08/16/2014 1.1.0.0)',NULL,0,0,0,0,0,3008,1,0,NULL,'2024-11-27 15:19:52',0,0,0.0000,1,13,1,NULL,NULL),
(16129,0,0,'SCENARIbuilder 6.1',NULL,0,0,0,0,0,3166,1,0,NULL,'2024-11-27 15:19:52',0,0,0.0000,1,13,1,NULL,NULL),
(16130,0,0,'7-Zip 18.05 (x64)',NULL,0,0,0,0,0,2805,1,0,NULL,'2024-11-27 15:19:52',0,0,0.0000,1,13,1,NULL,NULL),
(16131,0,0,'ShareX',NULL,0,0,0,0,0,3168,1,0,NULL,'2024-11-27 15:19:52',0,0,0.0000,1,13,1,NULL,NULL),
(16132,0,0,'Dokiel 5',NULL,0,0,0,0,0,3167,1,0,NULL,'2024-11-27 15:19:52',0,0,0.0000,1,13,1,NULL,NULL),
(16133,0,0,'Package de pilotes Windows - Digistump LLC (digistump.com) (usbser) Ports (09/02/2014 5.1.2600.1)',NULL,0,0,0,0,0,3007,1,0,NULL,'2024-11-27 15:19:52',0,0,0.0000,1,13,1,NULL,NULL),
(16134,0,0,'Package de pilotes Windows - libusb-win32 Digispark Bootloader (01/17/2012 1.2.6.0)',NULL,0,0,0,0,0,3006,1,0,NULL,'2024-11-27 15:19:52',0,0,0.0000,1,13,1,NULL,NULL),
(16135,0,0,'cAudioFilterAgent',NULL,0,0,0,0,0,3002,1,0,NULL,'2024-11-27 15:19:52',0,0,0.0000,1,13,1,NULL,NULL),
(16136,0,0,'CxAudMsg',NULL,0,0,0,0,0,0,1,0,NULL,'2024-11-27 15:19:52',0,0,0.0000,1,13,1,NULL,NULL),
(16137,0,0,'SCENARIchain-desktop 6',NULL,0,0,0,0,0,3166,1,0,NULL,'2024-11-27 15:19:52',0,0,0.0000,1,13,1,NULL,NULL),
(16138,0,0,'DolbyAPI',NULL,0,0,0,0,0,3002,1,0,NULL,'2024-11-27 15:19:52',0,0,0.0000,1,13,1,NULL,NULL),
(16139,0,0,'doxygen 1.9.6',NULL,0,0,0,0,0,3005,1,0,NULL,'2024-11-27 15:19:52',0,0,0.0000,1,13,1,NULL,NULL),
(16140,0,0,'Git',NULL,0,0,0,0,0,3004,1,0,NULL,'2024-11-27 15:19:52',0,0,0.0000,1,13,1,NULL,NULL),
(16141,0,0,'HeidiSQL 12.5.0.6677',NULL,0,0,0,0,0,2794,1,0,NULL,'2024-11-27 15:19:52',0,0,0.0000,1,13,1,NULL,NULL),
(16142,0,0,'Logiciel Logitech Unifying 2.52',NULL,0,0,0,0,0,2923,1,0,NULL,'2024-11-27 15:19:52',0,0,0.0000,1,13,1,NULL,NULL),
(16143,0,0,'Microsoft Visual Studio 2010 Tools for Office Runtime (x64)',NULL,0,0,0,0,0,2900,1,0,NULL,'2024-11-27 15:19:52',0,0,0.0000,1,14,1,NULL,NULL),
(16144,0,0,'OCS Inventory NG Agent',NULL,0,0,0,0,0,2796,1,0,NULL,'2024-11-27 15:19:52',0,0,0.0000,1,13,1,NULL,NULL),
(16145,0,0,'Conexant SmartAudio',NULL,0,0,0,0,0,3002,1,0,NULL,'2024-11-27 15:19:52',0,0,0.0000,1,13,1,NULL,NULL),
(16146,0,0,'SSPConfig',NULL,0,0,0,0,0,3002,1,0,NULL,'2024-11-27 15:19:52',0,0,0.0000,1,13,1,NULL,NULL),
(16147,0,0,'Sierra Wireless Mobile Broadband Driver Package',NULL,0,0,0,0,0,3003,1,0,NULL,'2024-11-27 15:19:52',0,0,0.0000,1,13,1,NULL,NULL),
(16148,0,0,'ThinkPad USB-C Dock USB Audio',NULL,0,0,0,0,0,3002,1,0,NULL,'2024-11-27 15:19:52',0,0,0.0000,1,13,1,NULL,NULL),
(16149,0,0,'Vulkan Run Time Libraries 1.0.65.1',NULL,0,0,0,0,0,2799,1,0,NULL,'2024-11-27 15:19:52',0,0,0.0000,1,14,1,NULL,NULL),
(16150,0,0,'LibreOffice','LibreOffice 7.3 (multilanguage)',0,0,0,0,0,2804,1,0,NULL,'2024-11-27 15:19:52',0,0,0.0000,1,13,1,NULL,NULL),
(16151,0,0,'Lunacy',NULL,0,0,0,0,0,3001,1,0,NULL,'2024-11-27 15:19:52',0,0,0.0000,1,13,1,NULL,NULL),
(16152,0,0,'Kopano DeskApp','\nLogiciel mis dans la corbeille par les règles du dictionnaire GLPI',0,0,0,0,0,2801,1,0,NULL,'2024-11-27 15:19:52',0,0,0.0000,1,13,1,NULL,NULL),
(16153,0,0,'Intel(R) Management Engine Components','Logiciel mis dans la corbeille par les règles du dictionnaire GLPI',0,0,0,0,0,2902,1,0,NULL,'2024-11-27 15:19:52',0,0,0.0000,1,14,1,NULL,NULL),
(16154,0,0,'Eclipse Temurin JRE avec Hotspot 17.0.6+10 (x64)',NULL,0,0,0,0,0,3119,1,0,NULL,'2024-11-27 15:19:52',0,0,0.0000,1,13,1,NULL,NULL),
(16155,0,0,'PuTTY release 0.76 (64-bit)','Logiciel mis dans la corbeille par les règles du dictionnaire GLPI',0,0,0,0,0,2802,1,0,NULL,'2024-11-27 15:19:52',0,0,0.0000,1,13,1,NULL,NULL),
(16156,0,0,'Intel® PROSet/Wireless WiFi Software','\nLogiciel mis dans la corbeille par les règles du dictionnaire GLPI',0,0,0,0,0,2902,1,0,NULL,'2024-11-27 15:19:52',0,0,0.0000,1,14,1,NULL,NULL),
(16157,0,0,'Microsoft .NET Runtime - 6.0.3 (x64)',NULL,0,0,0,0,0,2900,1,0,NULL,'2024-11-27 15:19:52',0,0,0.0000,1,14,1,NULL,NULL),
(16158,0,0,'Python 2.7.13 (64-bit)',NULL,0,0,0,0,0,2931,1,0,NULL,'2024-11-27 15:19:52',0,0,0.0000,1,13,1,NULL,NULL),
(16159,0,0,'SVG See 1.1.0',NULL,0,0,0,0,0,3000,1,0,NULL,'2024-11-27 15:19:52',0,0,0.0000,1,13,1,NULL,NULL),
(16160,0,0,'Java SE Development Kit 8 Update 144 (64-bit)',NULL,0,0,0,0,0,2907,1,0,NULL,'2024-11-27 15:19:52',0,0,0.0000,1,13,1,NULL,NULL),
(16161,0,0,'Intel(R) Management Engine Driver','Logiciel mis dans la corbeille par les règles du dictionnaire GLPI',0,0,0,0,0,2902,1,0,NULL,'2024-11-27 15:19:52',0,0,0.0000,1,14,1,NULL,NULL),
(16162,0,0,'paint.net',NULL,0,0,0,0,0,2995,1,0,NULL,'2024-11-27 15:19:52',0,0,0.0000,1,13,1,NULL,NULL),
(16163,0,0,'Logi Options+',NULL,0,0,0,0,0,2923,1,0,NULL,'2024-11-27 15:19:52',0,0,0.0000,1,13,1,NULL,NULL),
(16164,0,0,'Citrix Gateway Endpoint Analysis',NULL,0,0,0,0,0,2999,1,0,NULL,'2024-11-27 15:19:52',0,0,0.0000,1,13,1,NULL,NULL),
(16165,0,0,'{8D20975E-F62F-48AB-B868-45879DDDE77B}_is1','\nLogiciel supprimé par la synchronisation OCSNG',0,0,0,0,0,2904,1,0,NULL,'2024-11-27 15:19:52',0,0,0.0000,1,13,1,NULL,NULL),
(16166,0,0,'Contrôle d’intégrité du PC Windows','Logiciel mis dans la corbeille par les règles du dictionnaire GLPI',0,0,0,0,0,2900,1,0,NULL,'2024-11-27 15:19:52',0,0,0.0000,1,13,1,NULL,NULL),
(16167,0,0,'Intel(R) Chipset Device Software','Logiciel mis dans la corbeille par les règles du dictionnaire GLPI',0,0,0,0,0,2902,1,0,NULL,'2024-11-27 15:19:52',0,0,0.0000,1,14,1,NULL,NULL),
(16168,0,0,'Microsoft .NET Host - 6.0.3 (x64)',NULL,0,0,0,0,0,2900,1,0,NULL,'2024-11-27 15:19:52',0,0,0.0000,1,14,1,NULL,NULL),
(16169,0,0,'Microsoft Windows Desktop Runtime - 6.0.3 (x64)',NULL,0,0,0,0,0,2900,1,0,NULL,'2024-11-27 15:19:52',0,0,0.0000,1,13,1,NULL,NULL),
(16170,0,0,'Intel(R) PRO/Wireless Driver','\nLogiciel mis dans la corbeille par les règles du dictionnaire GLPI',0,0,0,0,0,2902,1,0,NULL,'2024-11-27 15:19:52',0,0,0.0000,1,14,1,NULL,NULL),
(16171,0,0,'Microsoft .NET Host FX Resolver - 6.0.3 (x64)',NULL,0,0,0,0,0,2900,1,0,NULL,'2024-11-27 15:19:52',0,0,0.0000,1,14,1,NULL,NULL),
(16172,0,0,'Intel(R) Online Connect',NULL,0,0,0,0,0,2902,1,0,NULL,'2024-11-27 15:19:52',0,0,0.0000,1,14,1,NULL,NULL),
(16173,0,0,'GLPI Agent 1.5','GLPI Agent 1.5',0,0,0,0,0,2815,1,0,NULL,'2024-11-27 15:19:52',0,0,0.0000,1,13,1,NULL,NULL),
(16174,0,0,'Inkscape',NULL,0,0,0,0,0,2998,1,0,NULL,'2024-11-27 15:19:52',0,0,0.0000,1,13,1,NULL,NULL),
(16175,0,0,'Microsoft Update Health Tools','Logiciel mis dans la corbeille par les règles du dictionnaire GLPI',0,0,0,0,0,2900,1,0,NULL,'2024-11-27 15:19:52',0,0,0.0000,1,13,1,NULL,NULL),
(16176,0,0,'TortoiseGit 2.14.0.0 (64 bit)','Windows Shell Integration For Git Source Control, v2.14.0.0',0,0,0,0,0,2997,1,0,NULL,'2024-11-27 15:19:52',0,0,0.0000,1,13,1,NULL,NULL),
(16177,0,0,'Intel(R) Trusted Connect Service Client x64','Logiciel mis dans la corbeille par les règles du dictionnaire GLPI',0,0,0,0,0,2902,1,0,NULL,'2024-11-27 15:19:52',0,0,0.0000,1,14,1,NULL,NULL),
(16178,0,0,'Python 2.7 mercurial-4.7.1',NULL,0,0,0,0,0,2996,1,0,NULL,'2024-11-27 15:19:52',0,0,0.0000,1,13,1,NULL,NULL),
(16179,0,0,'Intel® Online Connect Access',NULL,0,0,0,0,0,2863,1,0,NULL,'2024-11-27 15:19:52',0,0,0.0000,1,14,1,NULL,NULL),
(16180,0,0,'OpenVPN 2.5.3-I601 amd64',NULL,0,0,0,0,0,2994,1,0,NULL,'2024-11-27 15:19:52',0,0,0.0000,1,13,1,NULL,NULL),
(16181,0,0,'Pandoc 2.9.1.1',NULL,0,0,0,0,0,2993,1,0,NULL,'2024-11-27 15:19:52',0,0,0.0000,1,13,1,NULL,NULL),
(16182,0,0,'Dolby Audio X2 Windows API SDK','Logiciel mis dans la corbeille par les règles du dictionnaire GLPI',0,0,0,0,0,2814,1,0,NULL,'2024-11-27 15:19:52',0,0,0.0000,1,14,1,NULL,NULL),
(16183,0,0,'Internet Explorer (64bit)','\nLogiciel supprimé par la synchronisation OCSNG',0,0,0,0,0,2900,1,0,NULL,'2024-11-27 15:19:52',0,0,0.0000,1,0,1,NULL,NULL),
(16184,0,0,'Apache Directory Studio - (remove only)',NULL,0,0,0,0,0,0,1,0,NULL,'2024-11-27 15:19:52',0,0,0.0000,1,13,1,NULL,NULL),
(16185,0,0,'EpocCam drivers 3.3.1',NULL,0,0,0,0,0,3017,1,0,NULL,'2024-11-27 15:19:52',0,0,0.0000,1,13,1,NULL,NULL),
(16186,0,0,'HFSExplorer 2021.10.9',NULL,0,0,0,0,0,3156,1,0,NULL,'2024-11-27 15:19:52',0,0,0.0000,1,13,1,NULL,NULL),
(16187,0,0,'Inform 7',NULL,0,0,0,0,0,0,1,0,NULL,'2024-11-27 15:19:52',0,0,0.0000,1,13,1,NULL,NULL),
(16188,0,0,'Laragon 6.0.0',NULL,0,0,0,0,0,2823,1,0,NULL,'2024-11-27 15:19:52',0,0,0.0000,1,13,1,NULL,NULL),
(16189,0,0,'Microsoft Edge Update',NULL,0,0,0,0,0,0,1,0,NULL,'2024-11-27 15:19:52',0,0,0.0000,1,13,1,NULL,NULL),
(16190,0,0,'QNAP Qsync Client',NULL,0,0,0,0,0,3016,1,0,NULL,'2024-11-27 15:19:52',0,0,0.0000,1,13,1,NULL,NULL),
(16191,0,0,'SPRK_15_0_12',NULL,0,0,0,0,0,2915,1,0,NULL,'2024-11-27 15:19:52',0,0,0.0000,1,13,1,NULL,NULL),
(16192,0,0,'SPRK_18_2_12',NULL,0,0,0,0,0,2915,1,0,NULL,'2024-11-27 15:19:52',0,0,0.0000,1,13,1,NULL,NULL),
(16193,0,0,'SPRK_19_0_22',NULL,0,0,0,0,0,2915,1,0,NULL,'2024-11-27 15:19:52',0,0,0.0000,1,13,1,NULL,NULL),
(16194,0,0,'SPRK_19_2_22',NULL,0,0,0,0,0,2915,1,0,NULL,'2024-11-27 15:19:52',0,0,0.0000,1,13,1,NULL,NULL),
(16195,0,0,'SPRK_21_0_12',NULL,0,0,0,0,0,2915,1,0,NULL,'2024-11-27 15:19:52',0,0,0.0000,1,13,1,NULL,NULL),
(16196,0,0,'TeamViewer','Logiciel mis dans la corbeille par les règles du dictionnaire GLPI',0,0,0,0,0,2906,1,0,NULL,'2024-11-27 15:19:52',0,0,0.0000,1,13,1,NULL,NULL),
(16197,0,0,'Lenovo Vantage Service','Logiciel mis dans la corbeille par les règles du dictionnaire GLPI',0,0,0,0,0,2912,1,0,NULL,'2024-11-27 15:19:52',0,0,0.0000,1,13,1,NULL,NULL),
(16198,0,0,'WinSCP 6.1.1',NULL,0,0,0,0,0,2857,1,0,NULL,'2024-11-27 15:19:52',0,0,0.0000,1,13,1,NULL,NULL),
(16199,0,0,'Thinkpad USB Ethernet Adapter Driver',NULL,0,0,0,0,0,2785,1,0,NULL,'2024-11-27 15:19:52',0,0,0.0000,1,13,1,NULL,NULL),
(16200,0,0,'Intel(R) Online Connect Software Asset Manager',NULL,0,0,0,0,0,2902,1,0,NULL,'2024-11-27 15:19:52',0,0,0.0000,1,14,1,NULL,NULL),
(16201,0,0,'Intel(R) Chipset Device Software','Logiciel mis dans la corbeille par les règles du dictionnaire GLPI',0,0,0,0,0,2903,1,0,NULL,'2024-11-27 15:19:52',0,0,0.0000,1,14,1,NULL,NULL),
(16202,0,0,'Logiciel Thunderbolt™','\nLogiciel mis dans la corbeille par les règles du dictionnaire GLPI',0,0,0,0,0,2902,1,0,NULL,'2024-11-27 15:19:52',0,0,0.0000,1,13,1,NULL,NULL),
(16203,0,0,'Intel(R) Trusted Connect Services Client','Logiciel mis dans la corbeille par les règles du dictionnaire GLPI',0,0,0,0,0,2902,1,0,NULL,'2024-11-27 15:19:52',0,0,0.0000,1,14,1,NULL,NULL),
(16204,0,0,'mRemoteNG','Logiciel mis dans la corbeille par les règles du dictionnaire GLPI',0,0,0,0,0,2829,1,0,NULL,'2024-11-27 15:19:52',0,0,0.0000,1,13,1,NULL,NULL),
(16205,0,0,'TeighaX 3.09',NULL,0,0,0,0,0,3015,1,0,NULL,'2024-11-27 15:19:52',0,0,0.0000,1,13,1,NULL,NULL),
(16206,0,0,'QVPN Device Client',NULL,0,0,0,0,0,3011,1,0,NULL,'2024-11-27 15:19:52',0,0,0.0000,1,14,1,NULL,NULL),
(16207,0,0,'Logiciel Intel® PROSet/Wireless','\nLogiciel mis dans la corbeille par les règles du dictionnaire GLPI',0,0,0,0,0,2902,1,0,NULL,'2024-11-27 15:19:52',0,0,0.0000,1,13,1,NULL,NULL),
(16208,0,0,'Microsoft .NET Framework 4.7.1 Targeting Pack',NULL,0,0,0,0,0,2900,1,0,NULL,'2024-11-27 15:19:52',0,0,0.0000,1,14,1,NULL,NULL),
(16209,0,0,'Realtek Card Reader',NULL,0,0,0,0,0,2916,1,0,NULL,'2024-11-27 15:19:52',0,0,0.0000,1,13,1,NULL,NULL),
(16210,0,0,'SysTools Outlook PST Viewer v5.0',NULL,0,0,0,0,0,3014,1,0,NULL,'2024-11-27 15:19:52',0,0,0.0000,1,13,1,NULL,NULL),
(16211,0,0,'Poedit','Logiciel mis dans la corbeille par les règles du dictionnaire GLPI',0,0,0,0,0,2833,1,0,NULL,'2024-11-27 15:19:52',0,0,0.0000,1,13,1,NULL,NULL),
(16212,0,0,'Intel® Online Connect',NULL,0,0,0,0,0,2902,1,0,NULL,'2024-11-27 15:19:52',0,0,0.0000,1,13,1,NULL,NULL),
(16213,0,0,'Composer - Php Dependency Manager',NULL,0,0,0,0,0,3013,1,0,NULL,'2024-11-27 15:19:52',0,0,0.0000,1,13,1,NULL,NULL),
(16214,0,0,'Check Point VPN',NULL,0,0,0,0,0,3012,1,0,NULL,'2024-11-27 15:19:52',0,0,0.0000,1,13,1,NULL,NULL),
(16215,0,0,'Graphviz','Logiciel mis dans la corbeille par les règles du dictionnaire GLPI',0,0,0,0,0,2836,1,0,NULL,'2024-11-27 15:19:52',0,0,0.0000,1,13,1,NULL,NULL),
(16216,0,0,'USB Ethernet Adapter 18.01.0118.0194',NULL,0,0,0,0,0,3010,1,0,NULL,'2024-11-27 15:19:52',0,0,0.0000,1,13,1,NULL,NULL),
(16217,0,0,'Lenovo Dynamic Power Reduction Utility',NULL,0,0,0,0,0,2785,1,0,NULL,'2024-11-27 15:19:52',0,0,0.0000,1,13,1,NULL,NULL),
(16218,0,0,'Intel(R) Trusted Connect Service Client x86','Logiciel mis dans la corbeille par les règles du dictionnaire GLPI',0,0,0,0,0,2902,1,0,NULL,'2024-11-27 15:19:52',0,0,0.0000,1,14,1,NULL,NULL),
(16219,0,0,'ThinkPadThunderbolt',NULL,0,0,0,0,0,3009,1,0,NULL,'2024-11-27 15:19:52',0,0,0.0000,1,13,1,NULL,NULL),
(16220,0,0,'ThinkPad Thunderbolt 3 Dock and USB-C Dock',NULL,0,0,0,0,0,2904,1,0,NULL,'2024-11-27 15:19:52',0,0,0.0000,1,13,1,NULL,NULL),
(16221,0,0,'Internet Explorer','\nLogiciel supprimé par la synchronisation OCSNG',0,0,0,0,0,2900,1,0,NULL,'2024-11-27 15:19:52',0,0,0.0000,1,0,1,NULL,NULL),
(16222,0,0,'Paramètres','Modifiez vos paramètres et personnalisez la manière dont vous utilisez votre ordinateur.',0,0,0,0,0,2900,1,0,NULL,'2024-11-27 15:19:52',0,0,0.0000,1,16,1,NULL,NULL),
(16223,0,0,'Microsoft XboxSpeechToTextOverlay',NULL,0,0,0,0,0,2900,1,0,NULL,'2024-11-27 15:19:52',0,0,0.0000,1,15,1,NULL,NULL),
(16224,0,0,'Microsoft .Net Native Runtime Package 2.1','Microsoft .Net Native Runtime Package 2.1',0,0,0,0,0,2900,1,0,NULL,'2024-11-27 15:19:52',0,0,0.0000,1,15,1,NULL,NULL),
(16225,0,0,'Windows Print','Windows Print',0,0,0,0,0,2900,1,0,NULL,'2024-11-27 15:19:52',0,0,0.0000,1,16,1,NULL,NULL),
(16226,0,0,'Microsoft Advertising SDK for XAML','Microsoft Advertising SDK for XAML',0,0,0,0,0,2900,1,0,NULL,'2024-11-27 15:19:52',0,0,0.0000,1,15,1,NULL,NULL),
(16227,0,0,'Microsoft UI Xaml 2.0','Microsoft.UI.Xaml',0,0,0,0,0,2900,1,0,NULL,'2024-11-27 15:19:52',0,0,0.0000,1,15,1,NULL,NULL),
(16228,0,0,'Microsoft .Net Native Framework Package 2.1','Microsoft .Net Native Framework Package 2.1',0,0,0,0,0,2900,1,0,NULL,'2024-11-27 15:19:52',0,0,0.0000,1,15,1,NULL,NULL),
(16229,0,0,'Microsoft .Net Native Framework Package 1.7','Microsoft .Net Native Framework Package 1.7',0,0,0,0,0,2900,1,0,NULL,'2024-11-27 15:19:52',0,0,0.0000,1,15,1,NULL,NULL),
(16230,0,0,'Microsoft .Net Native Framework Package 1.6','Microsoft .Net Native Framework Package 1.6',0,0,0,0,0,2900,1,0,NULL,'2024-11-27 15:19:52',0,0,0.0000,1,15,1,NULL,NULL),
(16231,0,0,'Microsoft .Net Native Runtime Package 1.4','Microsoft .Net Native Runtime Package 1.4',0,0,0,0,0,2900,1,0,NULL,'2024-11-27 15:19:52',0,0,0.0000,1,15,1,NULL,NULL),
(16232,0,0,'Microsoft .Net Native Framework Package 1.3','Microsoft .Net Native Framework Package 1.3',0,0,0,0,0,2900,1,0,NULL,'2024-11-27 15:19:52',0,0,0.0000,1,15,1,NULL,NULL),
(16233,0,0,'Microsoft UI Xaml 2.1','Microsoft.UI.Xaml',0,0,0,0,0,2900,1,0,NULL,'2024-11-27 15:19:52',0,0,0.0000,1,15,1,NULL,NULL),
(16234,0,0,'Microsoft Pay',NULL,0,0,0,0,0,2900,1,0,NULL,'2024-11-27 15:19:52',0,0,0.0000,1,15,1,NULL,NULL),
(16235,0,0,'Microsoft UI Xaml 2.2','Microsoft.UI.Xaml',0,0,0,0,0,2900,1,0,NULL,'2024-11-27 15:19:52',0,0,0.0000,1,15,1,NULL,NULL),
(16236,0,0,'Microsoft UI Xaml 2.3','Microsoft.UI.Xaml',0,0,0,0,0,2900,1,0,NULL,'2024-11-27 15:19:52',0,0,0.0000,1,15,1,NULL,NULL),
(16237,0,0,'Microsoft .Net Native Runtime Package 2.2','Microsoft .Net Native Runtime Package 2.2',0,0,0,0,0,2900,1,0,NULL,'2024-11-27 15:19:52',0,0,0.0000,1,15,1,NULL,NULL),
(16238,0,0,'Microsoft .Net Native Runtime Package 1.7','Microsoft .Net Native Runtime Package 1.7',0,0,0,0,0,2900,1,0,NULL,'2024-11-27 15:19:52',0,0,0.0000,1,15,1,NULL,NULL),
(16239,0,0,'Xbox Game Bar Plugin',NULL,0,0,0,0,0,2900,1,0,NULL,'2024-11-27 15:19:52',0,0,0.0000,1,15,1,NULL,NULL),
(16240,0,0,'Microsoft UI Xaml 2.4','Microsoft.UI.Xaml',0,0,0,0,0,2900,1,0,NULL,'2024-11-27 15:19:52',0,0,0.0000,1,15,1,NULL,NULL),
(16241,0,0,'Microsoft .Net Native Runtime Package 1.1','Microsoft .Net Native Runtime Package 1.1',0,0,0,0,0,2900,1,0,NULL,'2024-11-27 15:19:52',0,0,0.0000,1,15,1,NULL,NULL),
(16242,0,0,'PDF to JPEG',NULL,0,0,0,0,0,3157,1,0,NULL,'2024-11-27 15:19:52',0,0,0.0000,1,15,1,NULL,NULL),
(16243,0,0,'Microsoft .Net Native Framework Package 2.2','Microsoft .Net Native Framework Package 2.2',0,0,0,0,0,2900,1,0,NULL,'2024-11-27 15:19:52',0,0,0.0000,1,15,1,NULL,NULL),
(16244,0,0,'Microsoft UI Xaml 2.5','Microsoft.UI.Xaml',0,0,0,0,0,2900,1,0,NULL,'2024-11-27 15:19:52',0,0,0.0000,1,15,1,NULL,NULL),
(16245,0,0,'Microsoft WindowsSoundRecorder',NULL,0,0,0,0,0,2900,1,0,NULL,'2024-11-27 15:19:52',0,0,0.0000,1,15,1,NULL,NULL),
(16246,0,0,'1527c705-839a-4832-9118-54d4Bd6a0c89',NULL,0,0,0,0,0,2900,1,0,NULL,'2024-11-27 15:19:52',0,0,0.0000,1,16,1,NULL,NULL),
(16247,0,0,'Programme de résolution des applis',NULL,0,0,0,0,0,2900,1,0,NULL,'2024-11-27 15:19:52',0,0,0.0000,1,16,1,NULL,NULL),
(16248,0,0,'Boite de dialogue Ajouter des suggestions de dossier',NULL,0,0,0,0,0,2900,1,0,NULL,'2024-11-27 15:19:52',0,0,0.0000,1,16,1,NULL,NULL),
(16249,0,0,'Compte professionnel ou scolaire',NULL,0,0,0,0,0,2900,1,0,NULL,'2024-11-27 15:19:52',0,0,0.0000,1,16,1,NULL,NULL),
(16250,0,0,'Messagerie et comptes',NULL,0,0,0,0,0,2900,1,0,NULL,'2024-11-27 15:19:52',0,0,0.0000,1,16,1,NULL,NULL),
(16251,0,0,'AsyncTextService',NULL,0,0,0,0,0,2900,1,0,NULL,'2024-11-27 15:19:52',0,0,0.0000,1,16,1,NULL,NULL),
(16252,0,0,'Configuration de Windows Bonjour',NULL,0,0,0,0,0,2900,1,0,NULL,'2024-11-27 15:19:52',0,0,0.0000,1,16,1,NULL,NULL),
(16253,0,0,'Boîte de dialogue d\'informations d’identification',NULL,0,0,0,0,0,2900,1,0,NULL,'2024-11-27 15:19:52',0,0,0.0000,1,16,1,NULL,NULL),
(16254,0,0,'Contrôle visuel',NULL,0,0,0,0,0,2900,1,0,NULL,'2024-11-27 15:19:52',0,0,0.0000,1,16,1,NULL,NULL),
(16255,0,0,'Écran de verrouillage par défaut Windows',NULL,0,0,0,0,0,2900,1,0,NULL,'2024-11-27 15:19:52',0,0,0.0000,1,16,1,NULL,NULL),
(16256,0,0,'Client Microsoft Edge DevTools','Client Microsoft Edge DevTools',0,0,0,0,0,2900,1,0,NULL,'2024-11-27 15:19:52',0,0,0.0000,1,16,1,NULL,NULL),
(16257,0,0,'Visionneuse web de l’appli d\'appareil de bureau','Visionneuse web de l’appli d\'appareil de bureau',0,0,0,0,0,2900,1,0,NULL,'2024-11-27 15:19:52',0,0,0.0000,1,16,1,NULL,NULL),
(16258,0,0,'Windows Defender SmartScreen',NULL,0,0,0,0,0,2900,1,0,NULL,'2024-11-27 15:19:52',0,0,0.0000,1,16,1,NULL,NULL),
(16259,0,0,'Application de verrouillage d\'accès attribué','Se lance par-dessus l\'application de verrouillage lorsqu\'un utilisateur avec un accès autorisé se connecte.',0,0,0,0,0,2900,1,0,NULL,'2024-11-27 15:19:52',0,0,0.0000,1,16,1,NULL,NULL),
(16260,0,0,'Appeler',NULL,0,0,0,0,0,2900,1,0,NULL,'2024-11-27 15:19:52',0,0,0.0000,1,16,1,NULL,NULL),
(16261,0,0,'CapturePicker',NULL,0,0,0,0,0,2900,1,0,NULL,'2024-11-27 15:19:52',0,0,0.0000,1,16,1,NULL,NULL),
(16262,0,0,'Contenu Microsoft',NULL,0,0,0,0,0,2900,1,0,NULL,'2024-11-27 15:19:52',0,0,0.0000,1,16,1,NULL,NULL),
(16263,0,0,'Narrateur','Page d\'accueil du Narrateur',0,0,0,0,0,2900,1,0,NULL,'2024-11-27 15:19:52',0,0,0.0000,1,16,1,NULL,NULL),
(16264,0,0,'Débit du portail captif',NULL,0,0,0,0,0,2900,1,0,NULL,'2024-11-27 15:19:52',0,0,0.0000,1,16,1,NULL,NULL),
(16265,0,0,'Flux de connexion réseau',NULL,0,0,0,0,0,2900,1,0,NULL,'2024-11-27 15:19:52',0,0,0.0000,1,16,1,NULL,NULL),
(16266,0,0,'Fonctionnalités de la famille Microsoft',NULL,0,0,0,0,0,2900,1,0,NULL,'2024-11-27 15:19:52',0,0,0.0000,1,16,1,NULL,NULL),
(16267,0,0,'Windows Shell Experience',NULL,0,0,0,0,0,2900,1,0,NULL,'2024-11-27 15:19:52',0,0,0.0000,1,16,1,NULL,NULL),
(16268,0,0,'PinningConfirmationDialog',NULL,0,0,0,0,0,2900,1,0,NULL,'2024-11-27 15:19:52',0,0,0.0000,1,16,1,NULL,NULL),
(16269,0,0,'Microsoft Windows StartMenuExperienceHost',NULL,0,0,0,0,0,2900,1,0,NULL,'2024-11-27 15:19:52',0,0,0.0000,1,16,1,NULL,NULL),
(16270,0,0,'Supprimer l\'appareil en toute sécurité',NULL,0,0,0,0,0,2900,1,0,NULL,'2024-11-27 15:19:52',0,0,0.0000,1,16,1,NULL,NULL),
(16271,0,0,'Xbox Game UI',NULL,0,0,0,0,0,2900,1,0,NULL,'2024-11-27 15:19:52',0,0,0.0000,1,16,1,NULL,NULL),
(16272,0,0,'UDK Package',NULL,0,0,0,0,0,2900,1,0,NULL,'2024-11-27 15:19:52',0,0,0.0000,1,16,1,NULL,NULL),
(16273,0,0,'NcsiUwpApp',NULL,0,0,0,0,0,2900,1,0,NULL,'2024-11-27 15:19:52',0,0,0.0000,1,16,1,NULL,NULL),
(16274,0,0,'Aperçu de code-barres Windows','Boîte de dialogue Aperçu de code-barres Windows',0,0,0,0,0,2900,1,0,NULL,'2024-11-27 15:19:52',0,0,0.0000,1,16,1,NULL,NULL),
(16275,0,0,'Microsoft Edge','Logiciel mis dans la corbeille par les règles du dictionnaire GLPI',0,0,0,0,0,2900,1,0,NULL,'2024-11-27 15:19:52',0,0,0.0000,1,13,1,NULL,NULL),
(16276,0,0,'Votre compte',NULL,0,0,0,0,0,2900,1,0,NULL,'2024-11-27 15:19:52',0,0,0.0000,1,16,1,NULL,NULL),
(16277,0,0,'Microsoft UI Xaml 2.6','Microsoft.UI.Xaml',0,0,0,0,0,2900,1,0,NULL,'2024-11-27 15:19:52',0,0,0.0000,1,15,1,NULL,NULL),
(16278,0,0,'Sécurité Windows','Sécurité Windows',0,0,0,0,0,2900,1,0,NULL,'2024-11-27 15:19:52',0,0,0.0000,1,16,1,NULL,NULL),
(16279,0,0,'Microsoft UI Xaml 2.7','Microsoft.UI.Xaml',0,0,0,0,0,2900,1,0,NULL,'2024-11-27 15:19:52',0,0,0.0000,1,15,1,NULL,NULL),
(16280,0,0,'Explorateur de fichiers',NULL,0,0,0,0,0,2900,1,0,NULL,'2024-11-27 15:19:52',0,0,0.0000,1,16,1,NULL,NULL),
(16281,0,0,'Expérience Windows Shell',NULL,0,0,0,0,0,2900,1,0,NULL,'2024-11-27 15:19:52',0,0,0.0000,1,16,1,NULL,NULL),
(16282,0,0,'Microsoft XboxIdentityProvider',NULL,0,0,0,0,0,2900,1,0,NULL,'2024-11-27 15:19:52',0,0,0.0000,1,15,1,NULL,NULL),
(16283,0,0,'Microsoft WindowsCalculator',NULL,0,0,0,0,0,2900,1,0,NULL,'2024-11-27 15:19:52',0,0,0.0000,1,15,1,NULL,NULL),
(16284,0,0,'Passer un examen','Passer un examen',0,0,0,0,0,2900,1,0,NULL,'2024-11-27 15:19:52',0,0,0.0000,1,16,1,NULL,NULL),
(16285,0,0,'WindowsAppRuntime.1.2','Microsoft Windows App Runtime 1.2 (2000.802.31.0 x86 )',0,0,0,0,0,2900,1,0,NULL,'2024-11-27 15:19:52',0,0,0.0000,1,15,1,NULL,NULL),
(16286,0,0,'Microsoft ScreenSketch',NULL,0,0,0,0,0,2900,1,0,NULL,'2024-11-27 15:19:52',0,0,0.0000,1,15,1,NULL,NULL),
(16287,0,0,'Xerox Print and Scan Experience',NULL,0,0,0,0,0,3158,1,0,NULL,'2024-11-27 15:19:52',0,0,0.0000,1,15,1,NULL,NULL),
(16288,0,0,'Microsoft GetHelp',NULL,0,0,0,0,0,2900,1,0,NULL,'2024-11-27 15:19:52',0,0,0.0000,1,15,1,NULL,NULL),
(16289,0,0,'Windows Feature Experience Pack',NULL,0,0,0,0,0,2900,1,0,NULL,'2024-11-27 15:19:52',0,0,0.0000,1,16,1,NULL,NULL),
(16290,0,0,'Microsoft WindowsMaps',NULL,0,0,0,0,0,2900,1,0,NULL,'2024-11-27 15:19:52',0,0,0.0000,1,15,1,NULL,NULL),
(16291,0,0,'Microsoft HEIFImageExtension',NULL,0,0,0,0,0,2900,1,0,NULL,'2024-11-27 15:19:52',0,0,0.0000,1,15,1,NULL,NULL),
(16292,0,0,'Microsoft People',NULL,0,0,0,0,0,2900,1,0,NULL,'2024-11-27 15:19:52',0,0,0.0000,1,15,1,NULL,NULL),
(16293,0,0,'Windows Search','Recherchez sur le Web et dans Windows',0,0,0,0,0,2900,1,0,NULL,'2024-11-27 15:19:52',0,0,0.0000,1,16,1,NULL,NULL),
(16294,0,0,'Microsoft WindowsAlarms',NULL,0,0,0,0,0,2900,1,0,NULL,'2024-11-27 15:19:52',0,0,0.0000,1,15,1,NULL,NULL),
(16295,0,0,'Microsoft VP9VideoExtensions',NULL,0,0,0,0,0,2900,1,0,NULL,'2024-11-27 15:19:52',0,0,0.0000,1,15,1,NULL,NULL),
(16296,0,0,'Microsoft WebMediaExtensions',NULL,0,0,0,0,0,2900,1,0,NULL,'2024-11-27 15:19:52',0,0,0.0000,1,15,1,NULL,NULL),
(16297,0,0,'Microsoft Engagement Framework','Microsoft Engagement Framework',0,0,0,0,0,2900,1,0,NULL,'2024-11-27 15:19:52',0,0,0.0000,1,15,1,NULL,NULL),
(16298,0,0,'Microsoft UI Xaml 2.8','Microsoft.UI.Xaml',0,0,0,0,0,2900,1,0,NULL,'2024-11-27 15:19:52',0,0,0.0000,1,15,1,NULL,NULL),
(16299,0,0,'Microsoft WindowsCamera',NULL,0,0,0,0,0,2900,1,0,NULL,'2024-11-27 15:19:52',0,0,0.0000,1,15,1,NULL,NULL),
(16300,0,0,'Microsoft Store',NULL,0,0,0,0,0,2900,1,0,NULL,'2024-11-27 15:19:52',0,0,0.0000,1,15,1,NULL,NULL),
(16301,0,0,'Microsoft StorePurchaseApp',NULL,0,0,0,0,0,2900,1,0,NULL,'2024-11-27 15:19:52',0,0,0.0000,1,15,1,NULL,NULL),
(16302,0,0,'WindowsAppRuntime.1.3','Microsoft Windows App Runtime 1.3 (3000.882.2207.0 x64 )',0,0,0,0,0,2900,1,0,NULL,'2024-11-27 15:19:52',0,0,0.0000,1,15,1,NULL,NULL),
(16303,0,0,'Microsoft Windows Photos',NULL,0,0,0,0,0,2900,1,0,NULL,'2024-11-27 15:19:52',0,0,0.0000,1,15,1,NULL,NULL),
(16304,0,0,'Microsoft Windows 10 Professionnel',NULL,0,0,0,0,0,0,1,0,NULL,'2024-11-27 15:19:52',0,0,0.0000,1,0,1,'2023-08-01 20:25:16',NULL),
(16305,0,0,'Skype',NULL,0,0,0,0,0,3160,1,0,NULL,'2024-11-27 15:19:52',0,0,0.0000,1,15,1,NULL,NULL),
(16306,0,0,'Microsoft YourPhone',NULL,0,0,0,0,0,2900,1,0,NULL,'2024-11-27 15:19:52',0,0,0.0000,1,15,1,NULL,NULL),
(16307,0,0,'Mozilla Firefox (x64 en-US)','Mozilla Firefox 114.0.2 (x64 en-US)',0,0,0,0,0,2795,1,0,NULL,'2024-11-27 15:19:52',0,0,0.0000,1,13,1,NULL,NULL),
(16308,0,0,'Google Drive','Logiciel mis dans la corbeille par les règles du dictionnaire GLPI',0,0,0,0,0,2909,1,0,NULL,'2024-11-27 15:19:52',0,0,0.0000,1,13,1,NULL,NULL),
(16309,0,0,'HP Smart',NULL,0,0,0,0,0,2960,1,0,NULL,'2024-11-27 15:19:52',0,0,0.0000,1,15,1,NULL,NULL),
(16310,0,0,'Microsoft Edge WebView2 Runtime','Logiciel mis dans la corbeille par les règles du dictionnaire GLPI',0,0,0,0,0,2900,1,0,NULL,'2024-11-27 15:19:52',0,0,0.0000,1,13,1,NULL,NULL),
(16311,0,0,'Cortana',NULL,0,0,0,0,0,2900,1,0,NULL,'2024-11-27 15:19:52',0,0,0.0000,1,15,1,NULL,NULL),
(16312,0,0,'Lenovo Companion',NULL,0,0,0,0,0,2980,1,0,NULL,'2024-11-27 15:19:52',0,0,0.0000,1,15,1,NULL,NULL),
(16313,0,0,'AVG Business Security','Logiciel mis dans la corbeille par les règles du dictionnaire GLPI',0,0,0,0,0,2905,1,0,NULL,'2024-11-27 15:19:52',0,0,0.0000,1,13,1,NULL,NULL),
(16314,0,0,'Google Chrome','\nLogiciel supprimé par la synchronisation OCSNG',0,0,0,0,0,2909,1,0,NULL,'2024-11-27 15:19:52',0,0,0.0000,1,13,1,NULL,NULL),
(16315,0,0,'Foxit PDF Reader',NULL,0,0,0,0,0,2911,1,0,NULL,'2024-11-27 15:19:52',0,0,0.0000,1,13,1,NULL,NULL),
(16316,0,0,'Xbox Game Bar',NULL,0,0,0,0,0,2900,1,0,NULL,'2024-11-27 15:19:52',0,0,0.0000,1,15,1,NULL,NULL),
(16317,0,0,'Microsoft DesktopAppInstaller',NULL,0,0,0,0,0,2900,1,0,NULL,'2024-11-27 15:19:52',0,0,0.0000,1,15,1,NULL,NULL),
(16318,0,0,'Microsoft WebpImageExtension',NULL,0,0,0,0,0,2900,1,0,NULL,'2024-11-27 15:19:52',0,0,0.0000,1,15,1,NULL,NULL),
(16319,0,0,'Module d\'expérience locale français (Canada)',NULL,0,0,0,0,0,2900,1,0,NULL,'2024-11-27 15:19:52',0,0,0.0000,1,15,1,NULL,NULL),
(16320,0,0,'microsoft windowscommunicationsapps',NULL,0,0,0,0,0,2900,1,0,NULL,'2024-11-27 15:19:52',0,0,0.0000,1,15,1,NULL,NULL),
(16321,0,0,'Dolby Access',NULL,0,0,0,0,0,3159,1,0,NULL,'2024-11-27 15:19:52',0,0,0.0000,1,15,1,NULL,NULL),
(16322,0,0,'LibreOffice 7.3.2.2','LibreOffice 7.3 (multilanguage)',0,0,0,0,0,2804,1,0,NULL,'2024-11-27 15:19:52',0,0,0.0000,1,13,1,'2023-09-07 14:19:03',NULL),
(16323,0,0,'Windows Package Manager Source (winget)',NULL,0,0,0,0,0,2900,1,0,NULL,'2024-11-27 15:19:52',0,0,0.0000,1,15,1,'2023-09-13 18:23:26',NULL),
(16324,0,0,'Intel® Trusted Connect Service Client',NULL,0,0,0,0,0,2902,1,0,NULL,'2024-03-19 12:36:17',0,0,0.0000,1,14,1,'2023-09-13 20:10:03',NULL),
(16325,0,0,'Lenovo System Interface Foundation Driver',NULL,0,0,0,0,0,2785,1,0,NULL,'2024-03-19 12:36:17',0,0,0.0000,1,13,1,'2023-09-13 20:10:03',NULL),
(16326,0,0,'Lenovo Active Protection System',NULL,0,0,0,0,0,2785,1,0,NULL,'2024-03-19 12:36:17',0,0,0.0000,1,14,1,'2023-09-13 20:10:03',NULL),
(16327,0,0,'Synaptics Pointing Device Driver',NULL,0,0,0,0,0,2894,1,0,NULL,'2023-12-12 12:41:02',0,0,0.0000,1,10,1,'2023-09-13 20:10:03',NULL),
(16328,0,0,'Microsoft Office - fr-fr','Logiciel supprimé par la synchronisation OCSNG',0,0,0,0,0,2852,1,0,NULL,'2023-09-18 12:06:02',0,0,0.0000,1,10,1,'2023-09-13 20:10:03',NULL),
(16329,0,0,'Intel(R) Processor Graphics',NULL,0,0,0,0,0,2902,1,0,NULL,'2024-03-19 12:36:17',0,0,0.0000,1,14,1,'2023-09-13 20:10:03',NULL),
(16330,0,0,'Intel® PROSet/Wireless Software',NULL,0,0,0,0,0,2902,1,0,NULL,'2024-03-19 12:36:17',0,0,0.0000,1,13,1,'2023-09-13 20:10:03',NULL),
(16331,0,0,'Brave','Logiciel supprimé par la synchronisation OCSNG',0,0,0,0,0,2963,1,0,NULL,'2023-11-14 21:47:08',0,0,0.0000,1,10,1,'2023-09-13 20:10:03',NULL),
(16332,0,0,'Notepad++ (64-bit x64)',NULL,0,0,0,0,0,2824,1,0,NULL,'2024-03-19 12:36:17',0,0,0.0000,1,13,1,'2023-09-15 11:43:01',NULL),
(16333,0,0,'WinMerge 2.16.32.0',NULL,0,0,0,0,0,2800,1,0,NULL,'2024-03-19 12:36:17',0,0,0.0000,1,13,1,'2023-09-15 11:43:01',NULL),
(16334,0,0,'Microsoft 365 - fr-fr',NULL,0,0,0,0,0,2900,1,0,NULL,'2024-03-19 12:36:17',0,0,0.0000,1,13,1,'2023-09-18 12:06:02',NULL),
(16335,0,0,'7-Zip 23.01 (x64)',NULL,0,0,0,0,0,2805,1,0,NULL,'2024-03-19 12:36:17',0,0,0.0000,1,13,1,'2023-09-20 18:24:02',NULL),
(16336,0,0,'WinSCP 6.1.2',NULL,0,0,0,0,0,2857,0,0,NULL,'2024-03-20 12:30:15',0,0,0.0000,1,13,1,'2023-09-20 18:24:02',NULL),
(16337,5,0,'Microsoft Windows 10 Professionnel','Logiciel mis dans la corbeille par les règles du dictionnaire GLPI',0,0,0,0,0,2900,1,0,NULL,'2023-10-13 12:41:02',0,0,0.0000,1,10,1,'2023-04-21 12:19:02',NULL),
(16338,5,0,'Intel(R) Management Engine Components','Logiciel mis dans la corbeille par les règles du dictionnaire GLPI',0,0,0,0,0,2902,1,0,NULL,'2024-03-18 12:16:59',0,0,0.0000,1,14,1,NULL,NULL),
(16339,5,0,'Dolby Audio X2 Windows API SDK','Logiciel mis dans la corbeille par les règles du dictionnaire GLPI',0,0,0,0,0,2814,1,0,NULL,'2023-11-12 12:41:01',0,0,0.0000,1,14,1,NULL,NULL),
(16340,5,0,'Microsoft Edge Update',NULL,0,0,0,0,0,0,1,0,NULL,NULL,0,0,0.0000,1,13,1,NULL,NULL),
(16341,5,0,'mRemoteNG','Logiciel mis dans la corbeille par les règles du dictionnaire GLPI',0,0,0,0,0,2829,1,0,NULL,'2023-11-12 12:41:01',0,0,0.0000,1,13,1,NULL,NULL),
(16342,5,0,'OCS Inventory NG Agent',NULL,0,0,0,0,0,2796,1,0,NULL,NULL,0,0,0.0000,1,13,1,NULL,NULL),
(16343,5,0,'Lenovo Power Management Driver','Logiciel mis dans la corbeille par les règles du dictionnaire GLPI',0,0,0,0,0,2785,1,0,NULL,'2023-11-12 12:41:01',0,0,0.0000,1,14,1,NULL,NULL),
(16344,5,0,'Vulkan Run Time Libraries 1.0.33.0','Logiciel mis dans la corbeille par les règles du dictionnaire GLPI',0,0,0,0,0,2799,1,0,NULL,'2023-11-12 12:41:01',0,0,0.0000,1,13,1,NULL,NULL),
(16345,5,0,'Intel(R) Chipset Device Software','Logiciel mis dans la corbeille par les règles du dictionnaire GLPI',0,0,0,0,0,2902,1,0,NULL,'2023-11-12 12:41:01',0,0,0.0000,1,14,1,NULL,NULL),
(16346,5,0,'Intel(R) Chipset Device Software','Logiciel mis dans la corbeille par les règles du dictionnaire GLPI',0,0,0,0,0,2903,1,0,NULL,'2023-11-12 12:41:01',0,0,0.0000,1,14,1,NULL,NULL),
(16347,5,0,'KeePass Password Safe 2.54',NULL,0,0,0,0,0,2822,1,0,NULL,NULL,0,0,0.0000,1,13,1,'2023-08-16 12:08:18',NULL),
(16348,5,0,'Microsoft Update Health Tools','Logiciel mis dans la corbeille par les règles du dictionnaire GLPI',0,0,0,0,0,2900,1,0,NULL,'2023-11-12 12:41:01',0,0,0.0000,1,13,1,NULL,NULL),
(16349,5,0,'AnyDesk','Logiciel mis dans la corbeille par les règles du dictionnaire GLPI',0,0,0,0,0,3150,1,0,NULL,'2023-11-12 12:41:01',0,0,0.0000,1,13,1,NULL,NULL),
(16350,5,0,'Intel® Trusted Connect Service Client',NULL,0,0,0,0,0,2902,1,0,NULL,'2023-11-12 12:41:01',0,0,0.0000,1,14,1,'2023-09-13 20:10:03',NULL),
(16351,5,0,'Lenovo System Interface Foundation Driver',NULL,0,0,0,0,0,2785,1,0,NULL,'2023-11-12 12:41:01',0,0,0.0000,1,13,1,'2023-09-13 20:10:03',NULL),
(16352,5,0,'Intel® PROSet/Wireless WiFi Software','\nLogiciel mis dans la corbeille par les règles du dictionnaire GLPI',0,0,0,0,0,2902,1,0,NULL,'2023-11-12 12:41:01',0,0,0.0000,1,14,1,NULL,NULL),
(16353,5,0,'Intel(R) PRO/Wireless Driver','\nLogiciel mis dans la corbeille par les règles du dictionnaire GLPI',0,0,0,0,0,2902,1,0,NULL,'2023-11-12 12:41:01',0,0,0.0000,1,14,1,NULL,NULL),
(16354,5,0,'Lenovo Active Protection System',NULL,0,0,0,0,0,2785,1,0,NULL,'2023-11-12 12:41:01',0,0,0.0000,1,14,1,'2023-09-13 20:10:03',NULL),
(16355,5,0,'Synaptics Pointing Device Driver',NULL,0,0,0,0,0,2894,1,0,NULL,'2023-10-13 12:41:02',0,0,0.0000,1,10,1,'2023-09-13 20:10:03',NULL),
(16356,5,0,'AVG Business Security','Logiciel mis dans la corbeille par les règles du dictionnaire GLPI',0,0,0,0,0,2905,1,0,NULL,'2023-11-12 12:41:01',0,0,0.0000,1,13,1,NULL,NULL),
(16357,5,0,'Intel(R) Processor Graphics',NULL,0,0,0,0,0,2902,1,0,NULL,'2023-11-12 12:41:01',0,0,0.0000,1,14,1,'2023-09-13 20:10:03',NULL),
(16358,5,0,'Intel® PROSet/Wireless Software',NULL,0,0,0,0,0,2902,1,0,NULL,'2023-11-12 12:41:01',0,0,0.0000,1,13,1,'2023-09-13 20:10:03',NULL),
(16359,5,0,'Foxit PDF Reader',NULL,0,0,0,0,0,2911,1,0,NULL,'2023-11-12 12:41:01',0,0,0.0000,1,13,1,NULL,NULL),
(16360,5,0,'PicPick','\nLogiciel supprimé par la synchronisation OCSNG',0,0,0,0,0,2825,1,0,NULL,'2023-11-12 12:41:01',0,0,0.0000,1,13,1,NULL,NULL),
(16361,5,0,'Notepad++ (64-bit x64)',NULL,0,0,0,0,0,2824,1,0,NULL,'2023-11-12 12:41:01',0,0,0.0000,1,13,1,'2023-09-15 11:43:01',NULL),
(16362,5,0,'WinMerge 2.16.32.0',NULL,0,0,0,0,0,2800,1,0,NULL,'2023-11-12 12:41:01',0,0,0.0000,1,13,1,'2023-09-15 11:43:01',NULL),
(16363,5,0,'Office 16 Click-to-Run Extensibility Component 64-bit Registration',NULL,0,0,0,0,0,2900,1,0,NULL,'2023-11-12 12:41:01',0,0,0.0000,1,14,1,NULL,NULL),
(16364,5,0,'Office 16 Click-to-Run Licensing Component',NULL,0,0,0,0,0,2900,1,0,NULL,'2023-11-12 12:41:01',0,0,0.0000,1,14,1,NULL,NULL),
(16365,5,0,'Microsoft 365 - fr-fr',NULL,0,0,0,0,0,2900,1,0,NULL,'2023-11-12 12:41:01',0,0,0.0000,1,13,1,'2023-09-18 12:06:02',NULL),
(16366,5,0,'HeidiSQL 12.5.0.6677',NULL,0,0,0,0,0,2794,1,0,NULL,'2023-11-12 12:41:01',0,0,0.0000,1,13,1,NULL,NULL),
(16367,5,0,'Office 16 Click-to-Run Localization Component',NULL,0,0,0,0,0,2900,1,0,NULL,'2023-11-12 12:41:01',0,0,0.0000,1,14,1,NULL,NULL),
(16368,5,0,'Office 16 Click-to-Run Extensibility Component',NULL,0,0,0,0,0,2900,1,0,NULL,'2023-11-12 12:41:01',0,0,0.0000,1,14,1,NULL,NULL),
(16369,5,0,'Logiciel Thunderbolt™','\nLogiciel supprimé par la synchronisation OCSNG',0,0,0,0,0,2902,1,0,NULL,'2023-11-12 12:41:01',0,0,0.0000,1,13,1,NULL,NULL),
(16370,5,0,'Lenovo Vantage Service','\nLogiciel supprimé par la synchronisation OCSNG',0,0,0,0,0,2912,1,0,NULL,'2023-11-12 12:41:01',0,0,0.0000,1,13,1,NULL,NULL),
(16371,5,0,'7-Zip 23.01 (x64)',NULL,0,0,0,0,0,2805,1,0,NULL,'2023-11-12 12:41:01',0,0,0.0000,1,13,1,'2023-09-20 18:24:02',NULL),
(16372,5,0,'WinSCP 6.1.2',NULL,0,0,0,0,0,2857,1,0,NULL,'2023-11-12 12:41:01',0,0,0.0000,1,13,1,'2023-09-20 18:24:02',NULL),
(16373,5,0,'Microsoft Edge WebView2 Runtime','Logiciel mis dans la corbeille par les règles du dictionnaire GLPI',0,0,0,0,0,2900,1,0,NULL,'2023-11-12 12:41:01',0,0,0.0000,1,13,1,NULL,NULL),
(16374,5,0,'Microsoft Edge','Logiciel mis dans la corbeille par les règles du dictionnaire GLPI',0,0,0,0,0,2900,1,0,NULL,'2024-03-18 12:16:59',0,0,0.0000,1,17,1,NULL,NULL),
(16375,5,0,'Google Chrome','\nLogiciel supprimé par la synchronisation OCSNG',0,0,0,0,0,2909,1,0,NULL,'2023-11-12 12:41:01',0,0,0.0000,1,13,1,NULL,NULL),
(16376,5,0,'Brave','\nLogiciel supprimé par la synchronisation OCSNG',0,0,0,0,0,2818,1,0,NULL,'2023-11-12 12:41:01',0,0,0.0000,1,13,1,NULL,NULL),
(16377,5,0,'Synaptics Pointing Device Driver','Logiciel supprimé par la synchronisation OCSNG',0,0,0,0,0,0,1,0,NULL,'2023-10-31 18:44:02',0,0,0.0000,1,13,1,'2023-09-26 15:32:32',NULL),
(16378,5,0,'{8D20975E-F62F-48AB-B868-45879DDDE77B}_is1','Logiciel supprimé par la synchronisation OCSNG',0,0,0,0,0,2904,1,0,NULL,'2023-10-31 18:44:02',0,0,0.0000,1,13,1,'2023-09-26 15:32:32',NULL),
(16379,5,0,'GLPI Agent 1.5','GLPI Agent 1.5',0,0,0,0,0,2815,1,0,NULL,NULL,0,0,0.0000,1,13,1,'2023-09-26 15:32:32',NULL),
(16380,5,0,'Internet Explorer (64bit)','Logiciel supprimé par la synchronisation OCSNG',0,0,0,0,0,2900,1,0,NULL,'2023-10-31 18:44:02',0,0,0.0000,1,0,1,'2023-09-26 15:32:32',NULL),
(16381,5,0,'Internet Explorer','Logiciel supprimé par la synchronisation OCSNG',0,0,0,0,0,2900,1,0,NULL,'2023-10-31 18:44:02',0,0,0.0000,1,0,1,'2023-09-26 15:32:32',NULL),
(16382,5,0,'1527c705-839a-4832-9118-54d4Bd6a0c89','Logiciel supprimé par la synchronisation OCSNG',0,0,0,0,0,2900,1,0,NULL,'2023-10-31 18:44:02',0,0,0.0000,1,16,1,'2023-09-26 15:32:32',NULL),
(16383,5,0,'Explorateur de fichiers','Logiciel supprimé par la synchronisation OCSNG',0,0,0,0,0,2900,1,0,NULL,'2023-10-31 18:44:02',0,0,0.0000,1,16,1,'2023-09-26 15:32:32',NULL),
(16384,5,0,'Programme de résolution des applis','Logiciel supprimé par la synchronisation OCSNG',0,0,0,0,0,2900,1,0,NULL,'2023-10-31 18:44:02',0,0,0.0000,1,16,1,'2023-09-26 15:32:32',NULL),
(16385,5,0,'Boite de dialogue Ajouter des suggestions de dossier','Logiciel supprimé par la synchronisation OCSNG',0,0,0,0,0,2900,1,0,NULL,'2023-10-31 18:44:02',0,0,0.0000,1,16,1,'2023-09-26 15:32:32',NULL),
(16386,5,0,'Compte professionnel ou scolaire','Logiciel supprimé par la synchronisation OCSNG',0,0,0,0,0,2900,1,0,NULL,'2023-10-31 18:44:02',0,0,0.0000,1,16,1,'2023-09-26 15:32:32',NULL),
(16387,5,0,'Messagerie et comptes','Logiciel supprimé par la synchronisation OCSNG',0,0,0,0,0,2900,1,0,NULL,'2023-10-31 18:44:02',0,0,0.0000,1,16,1,'2023-09-26 15:32:32',NULL),
(16388,5,0,'AsyncTextService','Logiciel supprimé par la synchronisation OCSNG',0,0,0,0,0,2900,1,0,NULL,'2023-10-31 18:44:02',0,0,0.0000,1,16,1,'2023-09-26 15:32:32',NULL),
(16389,5,0,'Configuration de Windows Bonjour','Logiciel supprimé par la synchronisation OCSNG',0,0,0,0,0,2900,1,0,NULL,'2023-10-31 18:44:02',0,0,0.0000,1,16,1,'2023-09-26 15:32:32',NULL),
(16390,5,0,'Boîte de dialogue d\'informations d’identification','Logiciel supprimé par la synchronisation OCSNG',0,0,0,0,0,2900,1,0,NULL,'2023-10-31 18:44:02',0,0,0.0000,1,16,1,'2023-09-26 15:32:32',NULL),
(16391,5,0,'Contrôle visuel','Logiciel supprimé par la synchronisation OCSNG',0,0,0,0,0,2900,1,0,NULL,'2023-10-31 18:44:02',0,0,0.0000,1,16,1,'2023-09-26 15:32:32',NULL),
(16392,5,0,'Écran de verrouillage par défaut Windows','Logiciel supprimé par la synchronisation OCSNG',0,0,0,0,0,2900,1,0,NULL,'2023-10-31 18:44:02',0,0,0.0000,1,16,1,'2023-09-26 15:32:32',NULL),
(16393,5,0,'Client Microsoft Edge DevTools','\nLogiciel supprimé par la synchronisation OCSNG',0,0,0,0,0,2900,1,0,NULL,'2023-10-31 18:44:02',0,0,0.0000,1,16,1,'2023-09-26 15:32:32',NULL),
(16394,5,0,'Connecter','Logiciel supprimé par la synchronisation OCSNG',0,0,0,0,0,2900,1,0,NULL,'2023-10-31 18:44:02',0,0,0.0000,1,16,1,'2023-09-26 15:32:32',NULL),
(16395,5,0,'Visionneuse web de l’appli d\'appareil de bureau','\nLogiciel supprimé par la synchronisation OCSNG',0,0,0,0,0,2900,1,0,NULL,'2023-10-31 18:44:02',0,0,0.0000,1,16,1,'2023-09-26 15:32:32',NULL),
(16396,5,0,'Windows Defender SmartScreen','Logiciel supprimé par la synchronisation OCSNG',0,0,0,0,0,2900,1,0,NULL,'2023-10-31 18:44:02',0,0,0.0000,1,16,1,'2023-09-26 15:32:32',NULL),
(16397,5,0,'Application de verrouillage d\'accès attribué','\nLogiciel supprimé par la synchronisation OCSNG',0,0,0,0,0,2900,1,0,NULL,'2023-10-31 18:44:02',0,0,0.0000,1,16,1,'2023-09-26 15:32:32',NULL),
(16398,5,0,'Appeler','Logiciel supprimé par la synchronisation OCSNG',0,0,0,0,0,2900,1,0,NULL,'2023-10-31 18:44:02',0,0,0.0000,1,16,1,'2023-09-26 15:32:32',NULL),
(16399,5,0,'CapturePicker','Logiciel supprimé par la synchronisation OCSNG',0,0,0,0,0,2900,1,0,NULL,'2023-10-31 18:44:02',0,0,0.0000,1,16,1,'2023-09-26 15:32:32',NULL),
(16400,5,0,'Votre compte','Logiciel supprimé par la synchronisation OCSNG',0,0,0,0,0,2900,1,0,NULL,'2023-10-31 18:44:02',0,0,0.0000,1,16,1,'2023-09-26 15:32:32',NULL),
(16401,5,0,'Contenu Microsoft','Logiciel supprimé par la synchronisation OCSNG',0,0,0,0,0,2900,1,0,NULL,'2023-10-31 18:44:02',0,0,0.0000,1,16,1,'2023-09-26 15:32:32',NULL),
(16402,5,0,'Narrateur','\nLogiciel supprimé par la synchronisation OCSNG',0,0,0,0,0,2900,1,0,NULL,'2023-10-31 18:44:02',0,0,0.0000,1,16,1,'2023-09-26 15:32:32',NULL),
(16403,5,0,'Débit du portail captif','Logiciel supprimé par la synchronisation OCSNG',0,0,0,0,0,2900,1,0,NULL,'2023-10-31 18:44:02',0,0,0.0000,1,16,1,'2023-09-26 15:32:32',NULL),
(16404,5,0,'Flux de connexion réseau','Logiciel supprimé par la synchronisation OCSNG',0,0,0,0,0,2900,1,0,NULL,'2023-10-31 18:44:02',0,0,0.0000,1,16,1,'2023-09-26 15:32:32',NULL),
(16405,5,0,'Fonctionnalités de la famille Microsoft','Logiciel supprimé par la synchronisation OCSNG',0,0,0,0,0,2900,1,0,NULL,'2023-10-31 18:44:02',0,0,0.0000,1,16,1,'2023-09-26 15:32:32',NULL),
(16406,5,0,'Windows Shell Experience','Logiciel supprimé par la synchronisation OCSNG',0,0,0,0,0,2900,1,0,NULL,'2023-10-31 18:44:02',0,0,0.0000,1,16,1,'2023-09-26 15:32:32',NULL),
(16407,5,0,'PinningConfirmationDialog','Logiciel supprimé par la synchronisation OCSNG',0,0,0,0,0,2900,1,0,NULL,'2023-10-31 18:44:02',0,0,0.0000,1,16,1,'2023-09-26 15:32:32',NULL),
(16408,5,0,'Windows Search','\nLogiciel supprimé par la synchronisation OCSNG',0,0,0,0,0,2900,1,0,NULL,'2023-10-31 18:44:02',0,0,0.0000,1,16,1,'2023-09-26 15:32:32',NULL),
(16409,5,0,'Sécurité Windows','\nLogiciel supprimé par la synchronisation OCSNG',0,0,0,0,0,2900,1,0,NULL,'2023-10-31 18:44:02',0,0,0.0000,1,16,1,'2023-09-26 15:32:32',NULL),
(16410,5,0,'Passer un examen','\nLogiciel supprimé par la synchronisation OCSNG',0,0,0,0,0,2900,1,0,NULL,'2023-10-31 18:44:02',0,0,0.0000,1,16,1,'2023-09-26 15:32:32',NULL),
(16411,5,0,'Expérience Windows Shell','Logiciel supprimé par la synchronisation OCSNG',0,0,0,0,0,2900,1,0,NULL,'2023-10-31 18:44:02',0,0,0.0000,1,16,1,'2023-09-26 15:32:32',NULL),
(16412,5,0,'Microsoft Windows StartMenuExperienceHost','Logiciel supprimé par la synchronisation OCSNG',0,0,0,0,0,2900,1,0,NULL,'2023-10-31 18:44:02',0,0,0.0000,1,16,1,'2023-09-26 15:32:32',NULL),
(16413,5,0,'Supprimer l\'appareil en toute sécurité','Logiciel supprimé par la synchronisation OCSNG',0,0,0,0,0,2900,1,0,NULL,'2023-10-31 18:44:02',0,0,0.0000,1,16,1,'2023-09-26 15:32:32',NULL),
(16414,5,0,'Xbox Game UI','Logiciel supprimé par la synchronisation OCSNG',0,0,0,0,0,2900,1,0,NULL,'2023-10-31 18:44:02',0,0,0.0000,1,16,1,'2023-09-26 15:32:32',NULL),
(16415,5,0,'Windows Feature Experience Pack','Logiciel supprimé par la synchronisation OCSNG',0,0,0,0,0,2900,1,0,NULL,'2023-10-31 18:44:02',0,0,0.0000,1,16,1,'2023-09-26 15:32:32',NULL),
(16416,5,0,'UDK Package','Logiciel supprimé par la synchronisation OCSNG',0,0,0,0,0,2900,1,0,NULL,'2023-10-31 18:44:02',0,0,0.0000,1,16,1,'2023-09-26 15:32:32',NULL),
(16417,5,0,'NcsiUwpApp','Logiciel supprimé par la synchronisation OCSNG',0,0,0,0,0,2900,1,0,NULL,'2023-10-31 18:44:02',0,0,0.0000,1,16,1,'2023-09-26 15:32:32',NULL),
(16418,5,0,'Aperçu de code-barres Windows','\nLogiciel supprimé par la synchronisation OCSNG',0,0,0,0,0,2900,1,0,NULL,'2023-10-31 18:44:02',0,0,0.0000,1,16,1,'2023-09-26 15:32:32',NULL),
(16419,5,0,'Paramètres','\nLogiciel supprimé par la synchronisation OCSNG',0,0,0,0,0,2900,1,0,NULL,'2023-10-31 18:44:02',0,0,0.0000,1,16,1,'2023-09-26 15:32:32',NULL),
(16420,5,0,'Windows Print','\nLogiciel supprimé par la synchronisation OCSNG',0,0,0,0,0,2900,1,0,NULL,'2023-10-31 18:44:02',0,0,0.0000,1,16,1,'2023-09-26 15:32:32',NULL),
(16421,5,0,'Lenovo Settings','\nLogiciel supprimé par la synchronisation OCSNG',0,0,0,0,0,3169,1,0,NULL,'2023-10-31 18:44:02',0,0,0.0000,1,15,1,'2023-09-26 15:32:32',NULL),
(16422,5,0,'Microsoft Messaging','Logiciel supprimé par la synchronisation OCSNG',0,0,0,0,0,2900,1,0,NULL,'2023-10-31 18:44:02',0,0,0.0000,1,15,1,'2023-09-26 15:32:32',NULL),
(16423,5,0,'Microsoft MixedReality Portal','Logiciel supprimé par la synchronisation OCSNG',0,0,0,0,0,2900,1,0,NULL,'2023-10-31 18:44:02',0,0,0.0000,1,15,1,'2023-09-26 15:32:32',NULL),
(16424,5,0,'Microsoft .Net Native Framework Package 1.3','\nLogiciel supprimé par la synchronisation OCSNG',0,0,0,0,0,2900,1,0,NULL,'2023-10-31 18:44:02',0,0,0.0000,1,15,1,'2023-09-26 15:32:32',NULL),
(16425,5,0,'Microsoft .Net Native Framework Package 1.7','\nLogiciel supprimé par la synchronisation OCSNG',0,0,0,0,0,2900,1,0,NULL,'2023-10-31 18:44:02',0,0,0.0000,1,15,1,'2023-09-26 15:32:32',NULL),
(16426,5,0,'Microsoft .Net Native Framework Package 2.2','\nLogiciel supprimé par la synchronisation OCSNG',0,0,0,0,0,2900,1,0,NULL,'2023-10-31 18:44:02',0,0,0.0000,1,15,1,'2023-09-26 15:32:32',NULL),
(16427,5,0,'Microsoft .Net Native Runtime Package 1.4','\nLogiciel supprimé par la synchronisation OCSNG',0,0,0,0,0,2900,1,0,NULL,'2023-10-31 18:44:02',0,0,0.0000,1,15,1,'2023-09-26 15:32:32',NULL),
(16428,5,0,'Microsoft .Net Native Runtime Package 1.7','\nLogiciel supprimé par la synchronisation OCSNG',0,0,0,0,0,2900,1,0,NULL,'2023-10-31 18:44:02',0,0,0.0000,1,15,1,'2023-09-26 15:32:32',NULL),
(16429,5,0,'Microsoft .Net Native Runtime Package 2.2','\nLogiciel supprimé par la synchronisation OCSNG',0,0,0,0,0,2900,1,0,NULL,'2023-10-31 18:44:02',0,0,0.0000,1,15,1,'2023-09-26 15:32:32',NULL),
(16430,5,0,'Microsoft ScreenSketch','Logiciel supprimé par la synchronisation OCSNG',0,0,0,0,0,2900,1,0,NULL,'2023-10-31 18:44:02',0,0,0.0000,1,15,1,'2023-09-26 15:32:32',NULL),
(16431,5,0,'Microsoft UI Xaml 2.0','\nLogiciel supprimé par la synchronisation OCSNG',0,0,0,0,0,2900,1,0,NULL,'2023-10-31 18:44:02',0,0,0.0000,1,15,1,'2023-09-26 15:32:32',NULL),
(16432,5,0,'Microsoft UI Xaml 2.3','\nLogiciel supprimé par la synchronisation OCSNG',0,0,0,0,0,2900,1,0,NULL,'2023-10-31 18:44:02',0,0,0.0000,1,15,1,'2023-09-26 15:32:32',NULL),
(16433,5,0,'Microsoft UI Xaml 2.4','\nLogiciel supprimé par la synchronisation OCSNG',0,0,0,0,0,2900,1,0,NULL,'2023-10-31 18:44:02',0,0,0.0000,1,15,1,'2023-09-26 15:32:32',NULL),
(16434,5,0,'Microsoft UI Xaml 2.7','\nLogiciel supprimé par la synchronisation OCSNG',0,0,0,0,0,2900,1,0,NULL,'2023-10-31 18:44:02',0,0,0.0000,1,15,1,'2023-09-26 15:32:32',NULL),
(16435,5,0,'Microsoft Pay','Logiciel supprimé par la synchronisation OCSNG',0,0,0,0,0,2900,1,0,NULL,'2023-10-31 18:44:02',0,0,0.0000,1,15,1,'2023-09-26 15:32:32',NULL),
(16436,5,0,'Microsoft WindowsSoundRecorder','Logiciel supprimé par la synchronisation OCSNG',0,0,0,0,0,2900,1,0,NULL,'2023-10-31 18:44:02',0,0,0.0000,1,15,1,'2023-09-26 15:32:32',NULL),
(16437,5,0,'Xbox TCUI','Logiciel supprimé par la synchronisation OCSNG',0,0,0,0,0,2900,1,0,NULL,'2023-10-31 18:44:02',0,0,0.0000,1,15,1,'2023-09-26 15:32:32',NULL),
(16438,5,0,'Xbox Game Bar Plugin','Logiciel supprimé par la synchronisation OCSNG',0,0,0,0,0,2900,1,0,NULL,'2023-10-31 18:44:02',0,0,0.0000,1,15,1,'2023-09-26 15:32:32',NULL),
(16439,5,0,'Microsoft XboxIdentityProvider','Logiciel supprimé par la synchronisation OCSNG',0,0,0,0,0,2900,1,0,NULL,'2023-10-31 18:44:02',0,0,0.0000,1,15,1,'2023-09-26 15:32:32',NULL),
(16440,5,0,'Microsoft XboxSpeechToTextOverlay','Logiciel supprimé par la synchronisation OCSNG',0,0,0,0,0,2900,1,0,NULL,'2023-10-31 18:44:02',0,0,0.0000,1,15,1,'2023-09-26 15:32:32',NULL),
(16441,5,0,'F5 Access','Logiciel supprimé par la synchronisation OCSNG',0,0,0,0,0,3170,1,0,NULL,'2023-10-31 18:44:02',0,0,0.0000,1,15,1,'2023-09-26 15:32:32',NULL),
(16442,5,0,'Microsoft MicrosoftStickyNotes','Logiciel supprimé par la synchronisation OCSNG',0,0,0,0,0,2900,1,0,NULL,'2023-10-31 18:44:02',0,0,0.0000,1,15,1,'2023-09-26 15:32:32',NULL),
(16443,5,0,'Xbox Game Bar',NULL,0,0,0,0,0,2900,1,0,NULL,NULL,0,0,0.0000,1,15,1,'2023-09-26 15:32:32',NULL),
(16444,5,0,'Microsoft WebMediaExtensions','Logiciel supprimé par la synchronisation OCSNG',0,0,0,0,0,2900,1,0,NULL,'2023-10-31 18:44:02',0,0,0.0000,1,15,1,'2023-09-26 15:32:32',NULL),
(16445,5,0,'Microsoft UI Xaml 2.8','\nLogiciel supprimé par la synchronisation OCSNG',0,0,0,0,0,2900,1,0,NULL,'2023-10-31 18:44:02',0,0,0.0000,1,15,1,'2023-09-26 15:32:32',NULL),
(16446,5,0,'OneNote for Windows 10','\nLogiciel supprimé par la synchronisation OCSNG',0,0,0,0,0,2900,1,0,NULL,'2023-10-31 18:44:02',0,0,0.0000,1,15,1,'2023-09-26 15:32:32',NULL),
(16447,5,0,'Microsoft WindowsCalculator','Logiciel supprimé par la synchronisation OCSNG',0,0,0,0,0,2900,1,0,NULL,'2023-10-31 18:44:02',0,0,0.0000,1,15,1,'2023-09-26 15:32:32',NULL),
(16448,5,0,'Lenovo Companion','Logiciel supprimé par la synchronisation OCSNG',0,0,0,0,0,2980,1,0,NULL,'2023-10-31 18:44:02',0,0,0.0000,1,15,1,'2023-09-26 15:32:32',NULL),
(16449,5,0,'Microsoft GetHelp','Logiciel supprimé par la synchronisation OCSNG',0,0,0,0,0,2900,1,0,NULL,'2023-10-31 18:44:02',0,0,0.0000,1,15,1,'2023-09-26 15:32:32',NULL),
(16450,5,0,'WindowsAppRuntime.1.3','\nLogiciel supprimé par la synchronisation OCSNG',0,0,0,0,0,2900,1,0,NULL,'2023-10-31 18:44:02',0,0,0.0000,1,15,1,'2023-09-26 15:32:32',NULL),
(16451,5,0,'Microsoft BingWeather','Logiciel supprimé par la synchronisation OCSNG',0,0,0,0,0,2900,1,0,NULL,'2023-10-31 18:44:02',0,0,0.0000,1,15,1,'2023-09-26 15:32:32',NULL),
(16452,5,0,'Microsoft WindowsFeedbackHub','Logiciel supprimé par la synchronisation OCSNG',0,0,0,0,0,2900,1,0,NULL,'2023-10-31 18:44:02',0,0,0.0000,1,15,1,'2023-09-26 15:32:32',NULL),
(16453,5,0,'Microsoft HEIFImageExtension','Logiciel supprimé par la synchronisation OCSNG',0,0,0,0,0,2900,1,0,NULL,'2023-10-31 18:44:02',0,0,0.0000,1,15,1,'2023-09-26 15:32:32',NULL),
(16454,5,0,'Microsoft MSPaint','Logiciel supprimé par la synchronisation OCSNG',0,0,0,0,0,2900,1,0,NULL,'2023-10-31 18:44:02',0,0,0.0000,1,15,1,'2023-09-26 15:32:32',NULL),
(16455,5,0,'Module d\'expérience locale français (France)',NULL,0,0,0,0,0,2900,1,0,NULL,NULL,0,0,0.0000,1,15,1,'2023-09-26 15:32:32',NULL),
(16456,5,0,'Solitaire &#38; Casual Games',NULL,0,0,0,0,0,2900,1,0,NULL,NULL,0,0,0.0000,1,15,1,'2023-09-26 15:32:32',NULL),
(16457,5,0,'Microsoft People','Logiciel supprimé par la synchronisation OCSNG',0,0,0,0,0,2900,1,0,NULL,'2023-10-31 18:44:02',0,0,0.0000,1,15,1,'2023-09-26 15:32:32',NULL),
(16458,5,0,'Cortana','Logiciel supprimé par la synchronisation OCSNG',0,0,0,0,0,2900,1,0,NULL,'2023-10-31 18:44:02',0,0,0.0000,1,15,1,'2023-09-26 15:32:32',NULL),
(16459,5,0,'Microsoft WindowsMaps','Logiciel supprimé par la synchronisation OCSNG',0,0,0,0,0,2900,1,0,NULL,'2023-10-31 18:44:02',0,0,0.0000,1,15,1,'2023-09-26 15:32:32',NULL),
(16460,5,0,'Microsoft OneConnect','Logiciel supprimé par la synchronisation OCSNG',0,0,0,0,0,2900,1,0,NULL,'2023-10-31 18:44:02',0,0,0.0000,1,15,1,'2023-09-26 15:32:32',NULL),
(16461,5,0,'Microsoft Microsoft3DViewer','Logiciel supprimé par la synchronisation OCSNG',0,0,0,0,0,2900,1,0,NULL,'2023-10-31 18:44:02',0,0,0.0000,1,15,1,'2023-09-26 15:32:32',NULL),
(16462,5,0,'Module d\'expérience locale français (Canada)',NULL,0,0,0,0,0,2900,1,0,NULL,NULL,0,0,0.0000,1,15,1,'2023-09-26 15:32:32',NULL),
(16463,5,0,'Microsoft WebpImageExtension','Logiciel supprimé par la synchronisation OCSNG',0,0,0,0,0,2900,1,0,NULL,'2023-10-31 18:44:02',0,0,0.0000,1,15,1,'2023-09-26 15:32:32',NULL),
(16464,5,0,'Microsoft XboxApp','Logiciel supprimé par la synchronisation OCSNG',0,0,0,0,0,2900,1,0,NULL,'2023-10-31 18:44:02',0,0,0.0000,1,15,1,'2023-09-26 15:32:32',NULL),
(16465,5,0,'Microsoft WindowsCamera',NULL,0,0,0,0,0,2900,1,0,NULL,NULL,0,0,0.0000,1,15,1,'2023-09-26 15:32:32',NULL),
(16466,5,0,'Microsoft Getstarted',NULL,0,0,0,0,0,2900,1,0,NULL,NULL,0,0,0.0000,1,15,1,'2023-09-26 15:32:32',NULL),
(16467,5,0,'Microsoft VP9VideoExtensions','Logiciel supprimé par la synchronisation OCSNG',0,0,0,0,0,2900,1,0,NULL,'2023-10-31 18:44:02',0,0,0.0000,1,15,1,'2023-09-26 15:32:32',NULL),
(16468,5,0,'Microsoft 365 (Office)','Logiciel supprimé par la synchronisation OCSNG',0,0,0,0,0,2900,1,0,NULL,'2023-10-31 18:44:02',0,0,0.0000,1,15,1,'2023-09-26 15:32:32',NULL),
(16469,5,0,'Microsoft ZuneVideo',NULL,0,0,0,0,0,2900,1,0,NULL,NULL,0,0,0.0000,1,15,1,'2023-09-26 15:32:32',NULL),
(16470,5,0,'Microsoft YourPhone','Logiciel supprimé par la synchronisation OCSNG',0,0,0,0,0,2900,1,0,NULL,'2023-10-31 18:44:02',0,0,0.0000,1,15,1,'2023-09-26 15:32:32',NULL),
(16471,5,0,'Microsoft Store',NULL,0,0,0,0,0,2900,1,0,NULL,NULL,0,0,0.0000,1,15,1,'2023-09-26 15:32:32',NULL),
(16472,5,0,'microsoft windowscommunicationsapps',NULL,0,0,0,0,0,2900,1,0,NULL,NULL,0,0,0.0000,1,15,1,'2023-09-26 15:32:32',NULL),
(16473,5,0,'Microsoft ZuneMusic',NULL,0,0,0,0,0,2900,1,0,NULL,NULL,0,0,0.0000,1,15,1,'2023-09-26 15:32:32',NULL),
(16474,5,0,'Microsoft Engagement Framework','\nLogiciel supprimé par la synchronisation OCSNG',0,0,0,0,0,2900,1,0,NULL,'2023-10-31 18:44:02',0,0,0.0000,1,15,1,'2023-09-26 15:32:32',NULL),
(16475,5,0,'Skype',NULL,0,0,0,0,0,3160,1,0,NULL,NULL,0,0,0.0000,1,15,1,'2023-09-26 15:32:32',NULL),
(16476,5,0,'Microsoft Windows Photos',NULL,0,0,0,0,0,2900,1,0,NULL,NULL,0,0,0.0000,1,15,1,'2023-09-26 15:32:32',NULL),
(16477,5,0,'Windows Package Manager Source (winget)','Logiciel supprimé par la synchronisation OCSNG',0,0,0,0,0,2900,1,0,NULL,'2023-10-31 18:44:02',0,0,0.0000,1,15,1,'2023-09-26 15:32:32',NULL),
(16478,5,0,'Microsoft WindowsAlarms','Logiciel supprimé par la synchronisation OCSNG',0,0,0,0,0,2900,1,0,NULL,'2023-10-31 18:44:02',0,0,0.0000,1,15,1,'2023-09-26 15:32:32',NULL),
(16479,5,0,'Microsoft DesktopAppInstaller','Logiciel supprimé par la synchronisation OCSNG',0,0,0,0,0,2900,1,0,NULL,'2023-10-31 18:44:02',0,0,0.0000,1,15,1,'2023-09-26 15:32:32',NULL),
(16480,5,0,'Microsoft StorePurchaseApp','Logiciel supprimé par la synchronisation OCSNG',0,0,0,0,0,2900,1,0,NULL,'2023-10-31 18:44:02',0,0,0.0000,1,15,1,'2023-09-26 15:32:32',NULL),
(16481,5,0,'Microsoft Windows 10 Professionnel','Logiciel supprimé par la synchronisation OCSNG',0,0,0,0,0,0,1,0,NULL,'2023-10-31 18:44:02',0,0,0.0000,1,0,1,'2023-09-26 15:32:32',NULL),
(16482,0,0,'Synaptics Pointing Device Driver',NULL,0,0,0,0,0,0,1,0,NULL,NULL,0,0,0.0000,1,13,1,'2023-09-26 18:01:28',NULL),
(16483,0,0,'Connecter',NULL,0,0,0,0,0,2900,1,0,NULL,NULL,0,0,0.0000,1,16,1,'2023-09-26 18:01:28',NULL),
(16484,0,0,'Lenovo Settings','Lenovo Settings',0,0,0,0,0,3169,1,0,NULL,NULL,0,0,0.0000,1,15,1,'2023-09-26 18:01:28',NULL),
(16485,0,0,'Microsoft Messaging',NULL,0,0,0,0,0,2900,1,0,NULL,NULL,0,0,0.0000,1,15,1,'2023-09-26 18:01:28',NULL),
(16486,0,0,'Microsoft MixedReality Portal',NULL,0,0,0,0,0,2900,1,0,NULL,NULL,0,0,0.0000,1,15,1,'2023-09-26 18:01:28',NULL),
(16487,0,0,'Xbox TCUI',NULL,0,0,0,0,0,2900,1,0,NULL,NULL,0,0,0.0000,1,15,1,'2023-09-26 18:01:28',NULL),
(16488,0,0,'F5 Access',NULL,0,0,0,0,0,3170,1,0,NULL,NULL,0,0,0.0000,1,15,1,'2023-09-26 18:01:28',NULL),
(16489,0,0,'Microsoft MicrosoftStickyNotes',NULL,0,0,0,0,0,2900,1,0,NULL,NULL,0,0,0.0000,1,15,1,'2023-09-26 18:01:28',NULL),
(16490,0,0,'OneNote for Windows 10','OneNote for Windows 10',0,0,0,0,0,2900,1,0,NULL,NULL,0,0,0.0000,1,15,1,'2023-09-26 18:01:28',NULL),
(16491,0,0,'Microsoft BingWeather',NULL,0,0,0,0,0,2900,1,0,NULL,NULL,0,0,0.0000,1,15,1,'2023-09-26 18:01:28',NULL),
(16492,0,0,'Microsoft WindowsFeedbackHub',NULL,0,0,0,0,0,2900,1,0,NULL,NULL,0,0,0.0000,1,15,1,'2023-09-26 18:01:28',NULL),
(16493,0,0,'Microsoft MSPaint',NULL,0,0,0,0,0,2900,1,0,NULL,NULL,0,0,0.0000,1,15,1,'2023-09-26 18:01:28',NULL),
(16494,0,0,'Module d\'expérience locale français (France)',NULL,0,0,0,0,0,2900,1,0,NULL,NULL,0,0,0.0000,1,15,1,'2023-09-26 18:01:28',NULL),
(16495,0,0,'Solitaire &#38; Casual Games',NULL,0,0,0,0,0,2900,1,0,NULL,NULL,0,0,0.0000,1,15,1,'2023-09-26 18:01:28',NULL),
(16496,0,0,'Microsoft OneConnect',NULL,0,0,0,0,0,2900,1,0,NULL,NULL,0,0,0.0000,1,15,1,'2023-09-26 18:01:28',NULL),
(16497,0,0,'Microsoft Microsoft3DViewer',NULL,0,0,0,0,0,2900,1,0,NULL,NULL,0,0,0.0000,1,15,1,'2023-09-26 18:01:28',NULL),
(16498,0,0,'Microsoft XboxApp',NULL,0,0,0,0,0,2900,1,0,NULL,NULL,0,0,0.0000,1,15,1,'2023-09-26 18:01:28',NULL),
(16499,0,0,'Microsoft Getstarted',NULL,0,0,0,0,0,2900,1,0,NULL,NULL,0,0,0.0000,1,15,1,'2023-09-26 18:01:28',NULL),
(16500,0,0,'Microsoft 365 (Office)',NULL,0,0,0,0,0,2900,1,0,NULL,NULL,0,0,0.0000,1,15,1,'2023-09-26 18:01:28',NULL),
(16501,0,0,'Microsoft ZuneVideo',NULL,0,0,0,0,0,2900,1,0,NULL,NULL,0,0,0.0000,1,15,1,'2023-09-26 18:01:28',NULL),
(16502,0,0,'Microsoft ZuneMusic',NULL,0,0,0,0,0,2900,1,0,NULL,NULL,0,0,0.0000,1,15,1,'2023-09-26 18:01:28',NULL),
(16503,0,0,'Windows Package Manager Source (winget)',NULL,0,0,0,0,0,2900,1,0,NULL,NULL,0,0,0.0000,1,15,1,'2023-09-26 18:01:28',NULL),
(16504,5,0,'Google Drive',NULL,0,0,0,0,0,2909,1,0,NULL,NULL,0,0,0.0000,1,13,1,'2023-09-28 12:28:20',NULL),
(16505,5,0,'FortiClient VPN',NULL,0,0,0,0,0,2816,1,0,NULL,NULL,0,0,0.0000,1,13,1,'2023-10-05 12:14:27',NULL),
(16506,5,0,'IntelÂ® PROSet/Wireless WiFi Software','IntelÂ® PROSet/Wireless WiFi Software installation package',0,0,0,0,0,2902,1,0,NULL,NULL,0,0,0.0000,1,14,1,'2023-10-11 12:16:08',NULL),
(16507,5,0,'IntelÂ® Trusted Connect Service Client',NULL,0,0,0,0,0,2902,1,0,NULL,NULL,0,0,0.0000,1,14,1,'2023-10-11 12:16:08',NULL),
(16508,5,0,'Google Chrome',NULL,0,0,0,0,0,3171,1,0,NULL,NULL,0,0,0.0000,1,13,1,'2023-10-11 12:16:08',NULL),
(16509,5,0,'IntelÂ® PROSet/Wireless Software','TIC: STHWFW1114',0,0,0,0,0,2902,1,0,NULL,NULL,0,0,0.0000,1,13,1,'2023-10-11 12:16:08',NULL),
(16510,5,0,'Logiciel Thunderboltâ¢','Version: 17.4.80.550',0,0,0,0,0,2902,1,0,NULL,NULL,0,0,0.0000,1,13,1,'2023-10-11 12:16:08',NULL),
(16511,5,0,'Programme de rÃ©solution des applis',NULL,0,0,0,0,0,2900,1,0,NULL,NULL,0,0,0.0000,1,16,1,'2023-10-11 12:16:08',NULL),
(16512,5,0,'BoÃ®te de dialogue d\'informations dâidentification',NULL,0,0,0,0,0,2900,1,0,NULL,NULL,0,0,0.0000,1,16,1,'2023-10-11 12:16:08',NULL),
(16513,5,0,'ContrÃ´le visuel',NULL,0,0,0,0,0,2900,1,0,NULL,NULL,0,0,0.0000,1,16,1,'2023-10-11 12:16:08',NULL),
(16514,5,0,'Ãcran de verrouillage par dÃ©faut Windows',NULL,0,0,0,0,0,2900,1,0,NULL,NULL,0,0,0.0000,1,16,1,'2023-10-11 12:16:08',NULL),
(16515,5,0,'Visionneuse web de lâappli d\'appareil de bureau','Visionneuse web de lâappli d\'appareil de bureau',0,0,0,0,0,2900,1,0,NULL,NULL,0,0,0.0000,1,16,1,'2023-10-11 12:16:08',NULL),
(16516,5,0,'Application de verrouillage d\'accÃ¨s attribuÃ©','Se lance par-dessus l\'application de verrouillage lorsqu\'un utilisateur avec un accÃ¨s autorisÃ© se connecte.',0,0,0,0,0,2900,1,0,NULL,NULL,0,0,0.0000,1,16,1,'2023-10-11 12:16:08',NULL),
(16517,5,0,'DÃ©bit du portail captif',NULL,0,0,0,0,0,2900,1,0,NULL,NULL,0,0,0.0000,1,16,1,'2023-10-11 12:16:08',NULL),
(16518,5,0,'Flux de connexion rÃ©seau',NULL,0,0,0,0,0,2900,1,0,NULL,NULL,0,0,0.0000,1,16,1,'2023-10-11 12:16:08',NULL),
(16519,5,0,'FonctionnalitÃ©s de la famille Microsoft',NULL,0,0,0,0,0,2900,1,0,NULL,NULL,0,0,0.0000,1,16,1,'2023-10-11 12:16:08',NULL),
(16520,5,0,'SÃ©curitÃ© Windows','SÃ©curitÃ© Windows',0,0,0,0,0,2900,1,0,NULL,NULL,0,0,0.0000,1,16,1,'2023-10-11 12:16:08',NULL),
(16521,5,0,'ExpÃ©rience Windows Shell',NULL,0,0,0,0,0,2900,1,0,NULL,NULL,0,0,0.0000,1,16,1,'2023-10-11 12:16:08',NULL),
(16522,5,0,'Supprimer l\'appareil en toute sÃ©curitÃ©',NULL,0,0,0,0,0,2900,1,0,NULL,NULL,0,0,0.0000,1,16,1,'2023-10-11 12:16:08',NULL),
(16523,5,0,'AperÃ§u de code-barres Windows','BoÃ®te de dialogue AperÃ§u de code-barres Windows',0,0,0,0,0,2900,1,0,NULL,NULL,0,0,0.0000,1,16,1,'2023-10-11 12:16:08',NULL),
(16524,5,0,'ParamÃ¨tres','Modifiez vos paramÃ¨tres et personnalisez la maniÃ¨re dont vous utilisez votre ordinateur.',0,0,0,0,0,2900,1,0,NULL,NULL,0,0,0.0000,1,16,1,'2023-10-11 12:16:08',NULL),
(16525,5,0,'Module d\'expÃ©rience locale franÃ§ais (Canada)',NULL,0,0,0,0,0,2900,1,0,NULL,NULL,0,0,0.0000,1,15,1,'2023-10-11 12:16:08',NULL),
(16526,5,0,'Module d\'expÃ©rience locale franÃ§ais (France)',NULL,0,0,0,0,0,2900,1,0,NULL,NULL,0,0,0.0000,1,15,1,'2023-10-11 12:16:08',NULL),
(16527,0,0,'PuTTY release 0.79 (64-bit)',NULL,0,0,0,0,0,2802,1,0,NULL,'2024-11-27 15:19:52',0,0,0.0000,1,13,1,'2023-10-12 13:04:27',NULL),
(16528,0,0,'WinSCP 6.1.2',NULL,0,0,0,0,0,2857,1,0,NULL,'2024-11-27 15:19:52',0,0,0.0000,1,13,1,'2023-10-12 13:04:27',NULL),
(16529,5,0,'LibreOffice 7.6.2.1','LibreOffice 7.6 (multilanguage)',0,0,0,0,0,2804,1,0,NULL,NULL,0,0,0.0000,1,13,1,'2023-10-17 21:25:50',NULL),
(16530,5,0,'GLPI Agent 1.6 (git16d14304)','GLPI Agent 1.6 (git16d14304)',0,0,0,0,0,2815,1,0,NULL,NULL,0,0,0.0000,1,13,1,'2023-10-18 20:37:26',NULL),
(16531,5,0,'Laragon 6.0.0',NULL,0,0,0,0,0,2823,1,0,NULL,NULL,0,0,0.0000,1,13,1,'2023-10-18 20:37:26',NULL),
(16532,0,1,'GLPI Agent 1.6 (git16d14304)',NULL,0,0,0,0,0,2895,1,0,NULL,'2023-12-12 12:41:02',0,0,0.0000,1,10,1,'2023-10-27 19:59:29',NULL),
(16533,0,1,'LibreOffice 7.6.2.1',NULL,0,0,0,0,0,2804,1,0,NULL,'2023-12-12 12:41:02',0,0,0.0000,1,10,1,'2023-10-27 19:59:29',NULL),
(16534,5,0,'Game Bar','Logiciel supprimé par la synchronisation OCSNG',0,0,0,0,0,2900,1,0,NULL,'2023-10-31 18:44:02',0,0,0.0000,1,15,1,'2023-10-30 12:28:44',NULL),
(16535,0,0,'Brave',NULL,0,0,0,0,0,2865,1,0,NULL,'2023-11-14 21:47:08',0,0,0.0000,1,10,1,'2023-11-01 15:58:14',NULL),
(16536,0,0,'Microsoft Windows 10 Pro',NULL,0,0,0,0,0,2900,1,0,NULL,'2023-11-14 21:47:08',0,0,0.0000,1,10,1,'2023-11-01 15:58:14',NULL),
(16537,0,0,'ZEDFREE',NULL,0,0,0,0,0,2943,1,0,NULL,'2023-11-14 21:47:08',0,0,0.0000,1,10,1,'2023-11-01 15:58:14',NULL),
(16538,0,0,'DisplayLink Graphics',NULL,0,0,0,0,0,2940,1,0,NULL,'2023-11-14 21:47:08',0,0,0.0000,1,10,1,'2023-11-01 15:58:14',NULL),
(16539,0,0,'Univers photo Pixum',NULL,0,0,0,0,0,3134,1,0,NULL,'2023-11-14 21:47:08',0,0,0.0000,1,10,1,'2023-11-01 15:58:14',NULL),
(16540,0,0,'GoTo Opener',NULL,0,0,0,0,0,2838,1,0,NULL,'2023-11-14 21:47:08',0,0,0.0000,1,10,1,'2023-11-01 15:58:14',NULL),
(16541,0,0,'LibreOffice 7.4.4.2',NULL,0,0,0,0,0,2804,1,0,NULL,'2023-11-14 21:47:08',0,0,0.0000,1,10,1,'2023-11-01 15:58:14',NULL),
(16542,0,0,'Oracle VM VirtualBox 6.1.16',NULL,0,0,0,0,0,2907,1,0,NULL,'2023-11-14 21:47:08',0,0,0.0000,1,10,1,'2023-11-01 15:58:14',NULL),
(16543,0,0,'IDGo 800 Minidriver v1.2.4 for 64 bits',NULL,0,0,0,0,0,3135,1,0,NULL,'2023-11-14 21:47:08',0,0,0.0000,1,10,1,'2023-11-01 15:58:14',NULL),
(16544,0,0,'PuTTY release 0.74 (64-bit)',NULL,0,0,0,0,0,2802,1,0,NULL,'2023-11-14 21:47:08',0,0,0.0000,1,10,1,'2023-11-01 15:58:14',NULL),
(16545,0,0,'Pulse Secure Setup Client 64-bit Activex Control',NULL,0,0,0,0,0,2945,1,0,NULL,'2023-11-14 21:47:08',0,0,0.0000,1,10,1,'2023-11-01 15:58:14',NULL),
(16546,0,0,'Greenshot 1.2.10.6',NULL,0,0,0,0,0,2962,1,0,NULL,'2023-11-14 21:47:08',0,0,0.0000,1,10,1,'2023-11-01 15:58:14',NULL),
(16547,0,0,'Windows Driver Package - Cypress (CYUSB3) USB (08/19/2015 1.2.3.14)',NULL,0,0,0,0,0,3136,1,0,NULL,'2023-11-14 21:47:08',0,0,0.0000,1,10,1,'2023-11-01 15:58:14',NULL),
(16548,0,0,'7-Zip 19.00 (x64)',NULL,0,0,0,0,0,2805,1,0,NULL,'2023-11-14 21:47:08',0,0,0.0000,1,10,1,'2023-11-01 15:58:14',NULL),
(16549,0,0,'Pulse Application Launcher',NULL,0,0,0,0,0,2945,1,0,NULL,'2023-11-12 12:41:01',0,0,0.0000,1,10,1,'2023-11-01 15:58:14',NULL),
(16550,0,0,'Skype Meetings App',NULL,0,0,0,0,0,2900,1,0,NULL,'2023-11-14 21:47:08',0,0,0.0000,1,10,1,'2023-11-01 15:58:14',NULL),
(16551,0,0,'ExamShield',NULL,0,0,0,0,0,2835,1,0,NULL,'2023-11-14 21:47:08',0,0,0.0000,1,10,1,'2023-11-01 15:58:14',NULL),
(16552,0,0,'Cisco Webex Productivity Tools',NULL,0,0,0,0,0,2914,1,0,NULL,'2023-11-14 21:47:08',0,0,0.0000,1,10,1,'2023-11-01 15:58:14',NULL),
(16553,0,0,'Meld',NULL,0,0,0,0,0,3137,1,0,NULL,'2023-11-14 21:47:08',0,0,0.0000,1,10,1,'2023-11-01 15:58:14',NULL),
(16554,0,0,'Webex WRF to WMV',NULL,0,0,0,0,0,2914,1,0,NULL,'2023-11-14 21:47:08',0,0,0.0000,1,10,1,'2023-11-01 15:58:14',NULL),
(16555,0,0,'Webex Recorder and Player',NULL,0,0,0,0,0,2914,1,0,NULL,'2023-11-14 21:47:08',0,0,0.0000,1,10,1,'2023-11-01 15:58:14',NULL),
(16556,0,0,'WinSCP 5.17.2',NULL,0,0,0,0,0,2857,1,0,NULL,'2023-11-14 21:47:08',0,0,0.0000,1,10,1,'2023-11-01 15:58:14',NULL),
(16557,0,0,'Skype version 8.68',NULL,0,0,0,0,0,2933,1,0,NULL,'2023-11-14 21:47:08',0,0,0.0000,1,10,1,'2023-11-01 15:58:14',NULL),
(16558,0,0,'Pulse Secure Setup Client Activex Control',NULL,0,0,0,0,0,2945,1,0,NULL,'2023-11-14 21:47:08',0,0,0.0000,1,10,1,'2023-11-01 15:58:14',NULL),
(16559,0,0,'Laragon 4.0.16',NULL,0,0,0,0,0,2823,1,0,NULL,'2023-11-14 21:47:08',0,0,0.0000,1,10,1,'2023-11-01 15:58:14',NULL),
(16560,0,0,'Kobo',NULL,0,0,0,0,0,3138,1,0,NULL,'2023-11-14 21:47:08',0,0,0.0000,1,10,1,'2023-11-01 15:58:14',NULL),
(16561,0,0,'GanttProject',NULL,0,0,0,0,0,2894,1,0,NULL,'2023-11-14 21:47:08',0,0,0.0000,1,10,1,'2023-11-01 15:58:14',NULL),
(16562,0,0,'FreeFileSync 10.23',NULL,0,0,0,0,0,3139,1,0,NULL,'2023-11-14 21:47:08',0,0,0.0000,1,10,1,'2023-11-01 15:58:14',NULL),
(16563,0,0,'Bitvise SSH Client 8.53 (remove only)',NULL,0,0,0,0,0,2813,1,0,NULL,'2023-11-14 21:47:08',0,0,0.0000,1,10,1,'2023-11-01 15:58:14',NULL),
(16564,0,0,'Logitech G HUB',NULL,0,0,0,0,0,2923,1,0,NULL,'2023-11-14 21:47:08',0,0,0.0000,1,10,1,'2023-11-01 15:58:14',NULL),
(16565,0,0,'Microsoft 365 Apps for enterprise - fr-fr',NULL,0,0,0,0,0,2900,1,0,NULL,'2023-11-14 21:47:08',0,0,0.0000,1,10,1,'2023-11-01 15:58:14',NULL),
(16566,0,0,'Xerox Desktop Print Experience 7.0',NULL,0,0,0,0,0,2927,1,0,NULL,'2023-11-14 21:47:08',0,0,0.0000,1,10,1,'2023-11-01 15:58:14',NULL),
(16567,0,0,'Parsec',NULL,0,0,0,0,0,2925,1,0,NULL,'2023-11-14 21:47:08',0,0,0.0000,1,10,1,'2023-11-01 15:58:14',NULL),
(16568,0,0,'Cisco Packet Tracer 8.2.0 64Bit',NULL,0,0,0,0,0,2924,1,0,NULL,'2023-11-14 21:47:08',0,0,0.0000,1,10,1,'2023-11-01 15:58:14',NULL),
(16569,0,0,'DriversCloud.com',NULL,0,0,0,0,0,2926,1,0,NULL,'2023-11-14 21:47:08',0,0,0.0000,1,10,1,'2023-11-01 15:58:14',NULL),
(16570,0,0,'LibreOffice 7.0.1.2',NULL,0,0,0,0,0,2804,1,0,NULL,'2023-11-14 21:47:08',0,0,0.0000,1,10,1,'2023-11-01 15:58:14',NULL),
(16571,0,0,'Intel(R) LMS',NULL,0,0,0,0,0,2902,1,0,NULL,'2023-11-14 21:47:08',0,0,0.0000,1,10,1,'2023-11-01 15:58:14',NULL),
(16572,0,0,'Intel(R) Network Connections 25.4.0.6',NULL,0,0,0,0,0,2863,1,0,NULL,'2023-11-14 21:47:08',0,0,0.0000,1,10,1,'2023-11-01 15:58:14',NULL),
(16573,0,0,'GLPI Agent 1.2',NULL,0,0,0,0,0,2895,1,0,NULL,'2023-11-14 21:47:08',0,0,0.0000,1,10,1,'2023-11-01 15:58:14',NULL),
(16574,0,0,'Java(TM) SE Development Kit 16.0.1 (64-bit)',NULL,0,0,0,0,0,2907,1,0,NULL,'2023-11-14 21:47:08',0,0,0.0000,1,10,1,'2023-11-01 15:58:14',NULL),
(16575,0,0,'Oracle VM VirtualBox 6.1.12',NULL,0,0,0,0,0,2907,1,0,NULL,'2023-11-14 21:47:08',0,0,0.0000,1,10,1,'2023-11-01 15:58:14',NULL),
(16576,0,0,'Intel(R) Icls',NULL,0,0,0,0,0,2902,1,0,NULL,'2023-11-14 21:47:08',0,0,0.0000,1,10,1,'2023-11-01 15:58:14',NULL),
(16577,0,0,'Dynamic Application Loader Host Interface Service',NULL,0,0,0,0,0,2902,1,0,NULL,'2023-11-14 21:47:08',0,0,0.0000,1,10,1,'2023-11-01 15:58:14',NULL),
(16578,0,0,'Sublime Text 3',NULL,0,0,0,0,0,2928,1,0,NULL,'2023-11-14 21:47:08',0,0,0.0000,1,10,1,'2023-11-01 15:58:14',NULL),
(16579,0,0,'ONLYOFFICE Desktop Editors 6.2 (x64)',NULL,0,0,0,0,0,2929,1,0,NULL,'2023-11-14 21:47:08',0,0,0.0000,1,10,1,'2023-11-01 15:58:14',NULL),
(16580,0,0,'Mozilla Thunderbird (x64 fr)',NULL,0,0,0,0,0,2795,1,0,NULL,'2023-11-14 21:47:08',0,0,0.0000,1,10,1,'2023-11-01 15:58:14',NULL),
(16581,0,0,'HeidiSQL 11.3.0.6295',NULL,0,0,0,0,0,2794,1,0,NULL,'2023-11-14 21:47:08',0,0,0.0000,1,10,1,'2023-11-01 15:58:14',NULL),
(16582,0,0,'CrystalDiskInfo 8.12.1',NULL,0,0,0,0,0,2930,1,0,NULL,'2023-11-14 21:47:08',0,0,0.0000,1,10,1,'2023-11-01 15:58:14',NULL),
(16583,0,0,'Intel Software Package',NULL,0,0,0,0,0,2863,1,0,NULL,'2023-11-14 21:47:08',0,0,0.0000,1,10,1,'2023-11-01 15:58:14',NULL),
(16584,0,0,'Python 3.8.5 Documentation (32-bit)',NULL,0,0,0,0,0,2931,1,0,NULL,'2023-11-14 21:47:08',0,0,0.0000,1,10,1,'2023-11-01 15:58:14',NULL),
(16585,0,0,'Python 3.8.5 Executables (32-bit)',NULL,0,0,0,0,0,2931,1,0,NULL,'2023-11-14 21:47:08',0,0,0.0000,1,10,1,'2023-11-01 15:58:14',NULL),
(16586,0,0,'Python 3.8.5 Test Suite (32-bit)',NULL,0,0,0,0,0,2931,1,0,NULL,'2023-11-14 21:47:08',0,0,0.0000,1,10,1,'2023-11-01 15:58:14',NULL),
(16587,0,0,'Python Launcher',NULL,0,0,0,0,0,2931,1,0,NULL,'2023-11-14 21:47:08',0,0,0.0000,1,10,1,'2023-11-01 15:58:14',NULL),
(16588,0,0,'Python 3.8.5 Utility Scripts (32-bit)',NULL,0,0,0,0,0,2931,1,0,NULL,'2023-11-14 21:47:08',0,0,0.0000,1,10,1,'2023-11-01 15:58:14',NULL),
(16589,0,0,'Teams Machine-Wide Installer',NULL,0,0,0,0,0,2900,1,0,NULL,'2023-11-14 21:47:08',0,0,0.0000,1,10,1,'2023-11-01 15:58:14',NULL),
(16590,0,0,'Python 3.8.5 pip Bootstrap (32-bit)',NULL,0,0,0,0,0,2931,1,0,NULL,'2023-11-14 21:47:08',0,0,0.0000,1,10,1,'2023-11-01 15:58:14',NULL),
(16591,0,0,'Python 3.8.5 Development Libraries (32-bit)',NULL,0,0,0,0,0,2931,1,0,NULL,'2023-11-14 21:47:08',0,0,0.0000,1,10,1,'2023-11-01 15:58:14',NULL),
(16592,0,0,'Intel(R) Dynamic Tuning',NULL,0,0,0,0,0,2902,1,0,NULL,'2023-11-14 21:47:08',0,0,0.0000,1,10,1,'2023-11-01 15:58:14',NULL),
(16593,0,0,'Python 3.8.5 Tcl/Tk Support (32-bit)',NULL,0,0,0,0,0,2931,1,0,NULL,'2023-11-14 21:47:08',0,0,0.0000,1,10,1,'2023-11-01 15:58:14',NULL),
(16594,0,0,'Python 3.8.5 Standard Library (32-bit)',NULL,0,0,0,0,0,2931,1,0,NULL,'2023-11-14 21:47:08',0,0,0.0000,1,10,1,'2023-11-01 15:58:14',NULL),
(16595,0,0,'Python 3.8.5 Core Interpreter (32-bit)',NULL,0,0,0,0,0,2931,1,0,NULL,'2023-11-14 21:47:08',0,0,0.0000,1,10,1,'2023-11-01 15:58:14',NULL),
(16596,0,0,'Python 3.8.5 Add to Path (32-bit)',NULL,0,0,0,0,0,2931,1,0,NULL,'2023-11-14 21:47:08',0,0,0.0000,1,10,1,'2023-11-01 15:58:14',NULL),
(16597,0,0,'Java 8 Update 291',NULL,0,0,0,0,0,2907,1,0,NULL,'2023-11-14 21:47:08',0,0,0.0000,1,10,1,'2023-11-01 15:58:14',NULL),
(16598,0,0,'Intel(R) Wireless Bluetooth(R)',NULL,0,0,0,0,0,2902,1,0,NULL,'2023-11-14 21:47:08',0,0,0.0000,1,10,1,'2023-11-01 15:58:14',NULL),
(16599,0,0,'Wireshark 3.6.3 64-bit',NULL,0,0,0,0,0,2932,1,0,NULL,'2023-11-14 21:47:08',0,0,0.0000,1,10,1,'2023-11-01 15:58:14',NULL),
(16600,0,0,'WinSCP 5.19.2',NULL,0,0,0,0,0,2857,1,0,NULL,'2023-11-14 21:47:08',0,0,0.0000,1,10,1,'2023-11-01 15:58:14',NULL),
(16601,0,0,'Npcap',NULL,0,0,0,0,0,2934,1,0,NULL,'2023-11-14 21:47:08',0,0,0.0000,1,10,1,'2023-11-01 15:58:14',NULL),
(16602,0,0,'Apache Directory Studio - (remove only)',NULL,0,0,0,0,0,2894,0,0,NULL,'2023-11-01 15:58:14',0,0,0.0000,1,10,1,'2023-11-01 15:58:14',NULL),
(16603,0,0,'Microsoft Office Home and Business 2019 - fr-fr',NULL,0,0,0,0,0,2900,1,0,NULL,'2023-11-14 21:47:08',0,0,0.0000,1,10,1,'2023-11-01 15:58:14',NULL),
(16604,0,0,'Microsoft OneDrive',NULL,0,0,0,0,0,2900,1,0,NULL,'2023-11-14 21:47:08',0,0,0.0000,1,10,1,'2023-11-01 15:58:14',NULL),
(16605,0,0,'Google Earth Pro',NULL,0,0,0,0,0,2884,1,0,NULL,'2023-11-14 21:47:08',0,0,0.0000,1,10,1,'2023-11-01 15:58:14',NULL),
(16606,0,0,'Self-Service Plug-in',NULL,0,0,0,0,0,2999,1,0,NULL,'2023-11-14 21:47:08',0,0,0.0000,1,10,1,'2023-11-01 15:58:14',NULL),
(16607,0,0,'Citrix Authentication Manager',NULL,0,0,0,0,0,2999,1,0,NULL,'2023-11-14 21:47:08',0,0,0.0000,1,10,1,'2023-11-01 15:58:14',NULL),
(16608,0,0,'Citrix Web Helper',NULL,0,0,0,0,0,2999,1,0,NULL,'2023-11-14 21:47:08',0,0,0.0000,1,10,1,'2023-11-01 15:58:14',NULL),
(16609,0,0,'Citrix Workspace (DV)',NULL,0,0,0,0,0,2999,1,0,NULL,'2023-11-14 21:47:08',0,0,0.0000,1,10,1,'2023-11-01 15:58:14',NULL),
(16610,0,0,'Online Plug-in',NULL,0,0,0,0,0,2999,1,0,NULL,'2023-11-14 21:47:08',0,0,0.0000,1,10,1,'2023-11-01 15:58:14',NULL),
(16611,0,0,'Citrix Workspace Inside',NULL,0,0,0,0,0,2999,1,0,NULL,'2023-11-14 21:47:08',0,0,0.0000,1,10,1,'2023-11-01 15:58:14',NULL),
(16612,0,0,'ASUS DisplayWidget',NULL,0,0,0,0,0,3124,1,0,NULL,'2023-11-14 21:47:08',0,0,0.0000,1,10,1,'2023-11-01 15:58:14',NULL),
(16613,0,0,'Dolby Digital Plus Advanced Audio',NULL,0,0,0,0,0,2965,1,0,NULL,'2023-11-14 21:47:08',0,0,0.0000,1,10,1,'2023-11-01 15:58:14',NULL),
(16614,0,0,'Microsoft Silverlight',NULL,0,0,0,0,0,2900,1,0,NULL,'2023-11-14 21:47:08',0,0,0.0000,1,10,1,'2023-11-01 15:58:14',NULL),
(16615,0,0,'AdoptOpenJDK JRE avec Hotspot 8u282-b08 (x64)',NULL,0,0,0,0,0,3122,1,0,NULL,'2023-11-14 21:47:08',0,0,0.0000,1,10,1,'2023-11-01 15:58:14',NULL),
(16616,0,0,'Bonjour',NULL,0,0,0,0,0,3025,1,0,NULL,'2023-11-14 21:47:08',0,0,0.0000,1,10,1,'2023-11-01 15:58:14',NULL),
(16617,0,0,'Apple Mobile Device Support',NULL,0,0,0,0,0,3025,1,0,NULL,'2023-11-14 21:47:08',0,0,0.0000,1,10,1,'2023-11-01 15:58:14',NULL),
(16618,0,0,'iTunes',NULL,0,0,0,0,0,3025,1,0,NULL,'2023-11-14 21:47:08',0,0,0.0000,1,10,1,'2023-11-01 15:58:14',NULL),
(16619,0,0,'AdoptOpenJDK JRE avec Hotspot 11.0.10+9 (x64)',NULL,0,0,0,0,0,3122,1,0,NULL,'2023-11-14 21:47:08',0,0,0.0000,1,10,1,'2023-11-01 15:58:14',NULL),
(16620,0,0,'Synaptics Pointing Device Driver',NULL,0,0,0,0,0,2968,1,0,NULL,'2023-11-14 21:47:08',0,0,0.0000,1,10,1,'2023-11-01 15:58:14',NULL),
(16621,0,0,'File Magic',NULL,0,0,0,0,0,3125,1,0,NULL,'2023-11-14 21:47:08',0,0,0.0000,1,10,1,'2023-11-01 15:58:14',NULL),
(16622,0,0,'7-Zip 21.07 (x64)',NULL,0,0,0,0,0,2805,1,0,NULL,'2023-11-14 21:47:08',0,0,0.0000,1,10,1,'2023-11-01 15:58:14',NULL),
(16623,0,0,'OpenOffice 4.1.9',NULL,0,0,0,0,0,3081,1,0,NULL,'2023-11-14 21:47:08',0,0,0.0000,1,10,1,'2023-11-01 15:58:14',NULL),
(16624,0,0,'AdoptOpenJDK JRE avec Hotspot 8u282-b08 (x86)',NULL,0,0,0,0,0,3122,1,0,NULL,'2023-11-14 21:47:08',0,0,0.0000,1,10,1,'2023-11-01 15:58:14',NULL),
(16625,0,0,'Logiciel pour périphérique à chipset Intel®',NULL,0,0,0,0,0,2903,1,0,NULL,'2023-11-14 21:47:08',0,0,0.0000,1,10,1,'2023-11-01 15:58:14',NULL),
(16626,0,0,'Apple Software Update',NULL,0,0,0,0,0,3025,1,0,NULL,'2023-11-14 21:47:08',0,0,0.0000,1,10,1,'2023-11-01 15:58:14',NULL),
(16627,0,0,'MySQL Connector/ODBC 5.2(a)',NULL,0,0,0,0,0,2907,1,0,NULL,'2023-11-14 21:47:08',0,0,0.0000,1,10,1,'2023-11-01 15:58:14',NULL),
(16628,0,0,'MySQL Connector/ODBC 3.51',NULL,0,0,0,0,0,2907,1,0,NULL,'2023-11-14 21:47:08',0,0,0.0000,1,10,1,'2023-11-01 15:58:14',NULL),
(16629,0,0,'Sage 50 Comptabilité',NULL,0,0,0,0,0,2989,1,0,NULL,'2023-11-14 21:47:08',0,0,0.0000,1,10,1,'2023-11-01 15:58:14',NULL),
(16630,0,0,'Adobe AIR',NULL,0,0,0,0,0,2812,1,0,NULL,'2023-11-14 21:47:08',0,0,0.0000,1,10,1,'2023-11-01 15:58:14',NULL),
(16631,0,0,'Lenovo System Update',NULL,0,0,0,0,0,2785,1,0,NULL,'2023-11-14 21:47:08',0,0,0.0000,1,10,1,'2023-11-01 15:58:14',NULL),
(16632,0,0,'Skype version 8.69',NULL,0,0,0,0,0,2933,1,0,NULL,'2023-11-14 21:47:08',0,0,0.0000,1,10,1,'2023-11-01 15:58:14',NULL),
(16633,0,0,'Sage 50 Comptabilité Version 2023',NULL,0,0,0,0,0,2989,1,0,NULL,'2023-11-14 21:47:08',0,0,0.0000,1,10,1,'2023-11-01 15:58:14',NULL),
(16634,0,0,'Sage 50 Comptabilité Version 2021',NULL,0,0,0,0,0,2989,1,0,NULL,'2023-11-14 21:47:08',0,0,0.0000,1,10,1,'2023-11-01 15:58:14',NULL),
(16635,0,0,'Sage 50 Comptabilité Version 2022',NULL,0,0,0,0,0,2989,1,0,NULL,'2023-11-12 12:41:01',0,0,0.0000,1,10,1,'2023-11-01 15:58:14',NULL),
(16636,0,0,'Intel Collaborative Processor Performance Control',NULL,0,0,0,0,0,2902,1,0,NULL,'2023-11-14 21:47:08',0,0,0.0000,1,10,1,'2023-11-01 15:58:14',NULL),
(16637,0,0,'LibreOffice 7.1.0.3',NULL,0,0,0,0,0,2804,1,0,NULL,'2023-11-14 21:47:08',0,0,0.0000,1,10,1,'2023-11-01 15:58:14',NULL),
(16638,0,0,'Windows SDK DirectX x64 Remote',NULL,0,0,0,0,0,2900,1,0,NULL,'2023-11-14 21:47:08',0,0,0.0000,1,10,1,'2023-11-01 15:58:14',NULL),
(16639,0,0,'Colemak (Caps Lock unchanged)',NULL,0,0,0,0,0,3117,1,0,NULL,'2023-11-14 21:47:08',0,0,0.0000,1,10,1,'2023-11-01 15:58:14',NULL),
(16640,0,0,'Windows App Certification Kit Native Components',NULL,0,0,0,0,0,2900,1,0,NULL,'2023-11-14 21:47:08',0,0,0.0000,1,10,1,'2023-11-01 15:58:14',NULL),
(16641,0,0,'Universal CRT Tools x64',NULL,0,0,0,0,0,2900,1,0,NULL,'2023-11-14 21:47:08',0,0,0.0000,1,10,1,'2023-11-01 15:58:14',NULL),
(16642,0,0,'Power BI Report Builder',NULL,0,0,0,0,0,2900,1,0,NULL,'2023-11-14 21:47:08',0,0,0.0000,1,10,1,'2023-11-01 15:58:14',NULL),
(16643,0,0,'VS Script Debugging Common',NULL,0,0,0,0,0,2900,1,0,NULL,'2023-11-14 21:47:08',0,0,0.0000,1,10,1,'2023-11-01 15:58:14',NULL),
(16644,0,0,'Microsoft Office Shared 64-bit MUI (French) 2007',NULL,0,0,0,0,0,2900,1,0,NULL,'2023-11-14 21:47:08',0,0,0.0000,1,10,1,'2023-11-01 15:58:14',NULL),
(16645,0,0,'Microsoft Office Office 64-bit Components 2007',NULL,0,0,0,0,0,2900,1,0,NULL,'2023-11-14 21:47:08',0,0,0.0000,1,10,1,'2023-11-01 15:58:14',NULL),
(16646,0,0,'Application Verifier x64 External Package',NULL,0,0,0,0,0,2852,1,0,NULL,'2023-11-14 21:47:08',0,0,0.0000,1,10,1,'2023-11-01 15:58:14',NULL),
(16647,0,0,'Microsoft Visual Studio Installer',NULL,0,0,0,0,0,2900,1,0,NULL,'2023-11-14 21:47:08',0,0,0.0000,1,10,1,'2023-11-01 15:58:14',NULL),
(16648,0,0,'MariaDB ODBC Driver 64-bit',NULL,0,0,0,0,0,2877,1,0,NULL,'2023-11-14 21:47:08',0,0,0.0000,1,10,1,'2023-11-01 15:58:14',NULL),
(16649,0,0,'Windows SDK for Windows Store Managed Apps Libs',NULL,0,0,0,0,0,2900,1,0,NULL,'2023-11-14 21:47:08',0,0,0.0000,1,10,1,'2023-11-01 15:58:14',NULL),
(16650,0,0,'WinRT Intellisense PPI - Other Languages',NULL,0,0,0,0,0,2900,1,0,NULL,'2023-11-14 21:47:08',0,0,0.0000,1,10,1,'2023-11-01 15:58:14',NULL),
(16651,0,0,'SDK ARM Additions',NULL,0,0,0,0,0,2900,1,0,NULL,'2023-11-14 21:47:08',0,0,0.0000,1,10,1,'2023-11-01 15:58:14',NULL),
(16652,0,0,'Windows SDK Modern Versioned Developer Tools',NULL,0,0,0,0,0,2900,1,0,NULL,'2023-11-14 21:47:08',0,0,0.0000,1,10,1,'2023-11-01 15:58:14',NULL),
(16653,0,0,'Windows SDK Desktop Tools x64',NULL,0,0,0,0,0,2900,1,0,NULL,'2023-11-14 21:47:08',0,0,0.0000,1,10,1,'2023-11-01 15:58:14',NULL),
(16654,0,0,'Kits Configuration Installer',NULL,0,0,0,0,0,2852,1,0,NULL,'2023-11-14 21:47:08',0,0,0.0000,1,10,1,'2023-11-01 15:58:14',NULL),
(16655,0,0,'Microsoft Visual Studio Setup WMI Provider',NULL,0,0,0,0,0,2900,1,0,NULL,'2023-11-14 21:47:08',0,0,0.0000,1,10,1,'2023-11-01 15:58:14',NULL),
(16656,0,0,'Windows SDK AddOn',NULL,0,0,0,0,0,2900,1,0,NULL,'2023-11-14 21:47:08',0,0,0.0000,1,10,1,'2023-11-01 15:58:14',NULL),
(16657,0,0,'vcpp_crt.redist.clickonce',NULL,0,0,0,0,0,2900,1,0,NULL,'2023-11-14 21:47:08',0,0,0.0000,1,10,1,'2023-11-01 15:58:14',NULL),
(16658,0,0,'Windows Desktop Extension SDK',NULL,0,0,0,0,0,2900,1,0,NULL,'2023-11-14 21:47:08',0,0,0.0000,1,10,1,'2023-11-01 15:58:14',NULL),
(16659,0,0,'Microsoft .NET Framework 4 Multi-Targeting Pack',NULL,0,0,0,0,0,2900,1,0,NULL,'2023-11-14 21:47:08',0,0,0.0000,1,10,1,'2023-11-01 15:58:14',NULL),
(16660,0,0,'vs_communitymsi',NULL,0,0,0,0,0,2900,1,0,NULL,'2023-11-14 21:47:08',0,0,0.0000,1,10,1,'2023-11-01 15:58:14',NULL),
(16661,0,0,'Windows Team Extension SDK',NULL,0,0,0,0,0,2900,1,0,NULL,'2023-11-14 21:47:08',0,0,0.0000,1,10,1,'2023-11-01 15:58:14',NULL),
(16662,0,0,'Microsoft Visual Studio Setup Configuration',NULL,0,0,0,0,0,2900,1,0,NULL,'2023-11-14 21:47:08',0,0,0.0000,1,10,1,'2023-11-01 15:58:14',NULL),
(16663,0,0,'Windows SDK Desktop Headers arm64',NULL,0,0,0,0,0,2900,1,0,NULL,'2023-11-14 21:47:08',0,0,0.0000,1,10,1,'2023-11-01 15:58:14',NULL),
(16664,0,0,'Windows SDK Desktop Headers x64',NULL,0,0,0,0,0,2900,1,0,NULL,'2023-11-14 21:47:08',0,0,0.0000,1,10,1,'2023-11-01 15:58:14',NULL),
(16665,0,0,'Universal CRT Tools x86',NULL,0,0,0,0,0,2900,1,0,NULL,'2023-11-14 21:47:08',0,0,0.0000,1,10,1,'2023-11-01 15:58:14',NULL),
(16666,0,0,'WinRT Intellisense Desktop - en-us',NULL,0,0,0,0,0,2900,1,0,NULL,'2023-11-14 21:47:08',0,0,0.0000,1,10,1,'2023-11-01 15:58:14',NULL),
(16667,0,0,'Windows SDK Signing Tools',NULL,0,0,0,0,0,2900,1,0,NULL,'2023-11-14 21:47:08',0,0,0.0000,1,10,1,'2023-11-01 15:58:14',NULL),
(16668,0,0,'WinRT Intellisense Desktop - Other Languages',NULL,0,0,0,0,0,2900,1,0,NULL,'2023-11-14 21:47:08',0,0,0.0000,1,10,1,'2023-11-01 15:58:14',NULL),
(16669,0,0,'Adobe Acrobat Reader - Français',NULL,0,0,0,0,0,2915,1,0,NULL,'2023-11-14 21:47:08',0,0,0.0000,1,10,1,'2023-11-01 15:58:14',NULL),
(16670,0,0,'Universal General MIDI DLS Extension SDK',NULL,0,0,0,0,0,2900,1,0,NULL,'2023-11-14 21:47:08',0,0,0.0000,1,10,1,'2023-11-01 15:58:14',NULL),
(16671,0,0,'Windows SDK for Windows Store Apps',NULL,0,0,0,0,0,2900,1,0,NULL,'2023-11-14 21:47:08',0,0,0.0000,1,10,1,'2023-11-01 15:58:14',NULL),
(16672,0,0,'Universal CRT Redistributable',NULL,0,0,0,0,0,2900,1,0,NULL,'2023-11-14 21:47:08',0,0,0.0000,1,10,1,'2023-11-01 15:58:14',NULL),
(16673,0,0,'Windows SDK EULA',NULL,0,0,0,0,0,3123,1,0,NULL,'2023-11-14 21:47:08',0,0,0.0000,1,10,1,'2023-11-01 15:58:14',NULL),
(16674,0,0,'Windows Desktop Extension SDK Contracts',NULL,0,0,0,0,0,2900,1,0,NULL,'2023-11-14 21:47:08',0,0,0.0000,1,10,1,'2023-11-01 15:58:14',NULL),
(16675,0,0,'Windows SDK Desktop Libs arm64',NULL,0,0,0,0,0,2900,1,0,NULL,'2023-11-14 21:47:08',0,0,0.0000,1,10,1,'2023-11-01 15:58:14',NULL),
(16676,0,0,'Windows SDK ARM Desktop Tools',NULL,0,0,0,0,0,2900,1,0,NULL,'2023-11-14 21:47:08',0,0,0.0000,1,10,1,'2023-11-01 15:58:14',NULL),
(16677,0,0,'Microsoft Office File Validation Add-In',NULL,0,0,0,0,0,2900,1,0,NULL,'2023-11-14 21:47:08',0,0,0.0000,1,10,1,'2023-11-01 15:58:14',NULL),
(16678,0,0,'Microsoft Office 2007 Service Pack 3 (SP3)',NULL,0,0,0,0,0,2852,1,0,NULL,'2023-11-14 21:47:08',0,0,0.0000,1,10,1,'2023-11-01 15:58:14',NULL),
(16679,0,0,'Microsoft Office Groove MUI (French) 2007',NULL,0,0,0,0,0,2900,1,0,NULL,'2023-11-14 21:47:08',0,0,0.0000,1,10,1,'2023-11-01 15:58:14',NULL),
(16680,0,0,'Microsoft Office OneNote MUI (French) 2007',NULL,0,0,0,0,0,2900,1,0,NULL,'2023-11-14 21:47:08',0,0,0.0000,1,10,1,'2023-11-01 15:58:14',NULL),
(16681,0,0,'Microsoft Office Shared MUI (French) 2007',NULL,0,0,0,0,0,2900,1,0,NULL,'2023-11-14 21:47:08',0,0,0.0000,1,10,1,'2023-11-01 15:58:14',NULL),
(16682,0,0,'Microsoft Office InfoPath MUI (French) 2007',NULL,0,0,0,0,0,2900,1,0,NULL,'2023-11-14 21:47:08',0,0,0.0000,1,10,1,'2023-11-01 15:58:14',NULL),
(16683,0,0,'Microsoft Office Enterprise 2007',NULL,0,0,0,0,0,2900,1,0,NULL,'2023-11-14 21:47:08',0,0,0.0000,1,10,1,'2023-11-01 15:58:14',NULL),
(16684,0,0,'Microsoft Office Proofing (French) 2007',NULL,0,0,0,0,0,2900,1,0,NULL,'2023-11-14 21:47:08',0,0,0.0000,1,10,1,'2023-11-01 15:58:14',NULL),
(16685,0,0,'Microsoft Office Proofing Tools 2007 Service Pack 3 (SP3)',NULL,0,0,0,0,0,2852,1,0,NULL,'2023-11-14 21:47:08',0,0,0.0000,1,10,1,'2023-11-01 15:58:14',NULL),
(16686,0,0,'Microsoft Office Proof (Spanish) 2007',NULL,0,0,0,0,0,2900,1,0,NULL,'2023-11-14 21:47:08',0,0,0.0000,1,10,1,'2023-11-01 15:58:14',NULL),
(16687,0,0,'Microsoft Office Proof (Dutch) 2007',NULL,0,0,0,0,0,2900,1,0,NULL,'2023-11-14 21:47:08',0,0,0.0000,1,10,1,'2023-11-01 15:58:14',NULL),
(16688,0,0,'Microsoft Office Proof (French) 2007',NULL,0,0,0,0,0,2900,1,0,NULL,'2023-11-14 21:47:08',0,0,0.0000,1,10,1,'2023-11-01 15:58:14',NULL),
(16689,0,0,'Microsoft Office Proof (English) 2007',NULL,0,0,0,0,0,2900,1,0,NULL,'2023-11-14 21:47:08',0,0,0.0000,1,10,1,'2023-11-01 15:58:14',NULL),
(16690,0,0,'Microsoft Office Proof (German) 2007',NULL,0,0,0,0,0,2900,1,0,NULL,'2023-11-14 21:47:08',0,0,0.0000,1,10,1,'2023-11-01 15:58:14',NULL),
(16691,0,0,'Microsoft Office Proof (Arabic) 2007',NULL,0,0,0,0,0,2900,1,0,NULL,'2023-11-14 21:47:08',0,0,0.0000,1,10,1,'2023-11-01 15:58:14',NULL),
(16692,0,0,'Microsoft Office Word MUI (French) 2007',NULL,0,0,0,0,0,2900,1,0,NULL,'2023-11-14 21:47:08',0,0,0.0000,1,10,1,'2023-11-01 15:58:14',NULL),
(16693,0,0,'Microsoft Office Outlook MUI (French) 2007',NULL,0,0,0,0,0,2900,1,0,NULL,'2023-11-14 21:47:08',0,0,0.0000,1,10,1,'2023-11-01 15:58:14',NULL),
(16694,0,0,'Microsoft Office Publisher MUI (French) 2007',NULL,0,0,0,0,0,2900,1,0,NULL,'2023-11-14 21:47:08',0,0,0.0000,1,10,1,'2023-11-01 15:58:14',NULL),
(16695,0,0,'Microsoft Office PowerPoint MUI (French) 2007',NULL,0,0,0,0,0,2900,1,0,NULL,'2023-11-14 21:47:08',0,0,0.0000,1,10,1,'2023-11-01 15:58:14',NULL),
(16696,0,0,'Microsoft Office Excel MUI (French) 2007',NULL,0,0,0,0,0,2900,1,0,NULL,'2023-11-14 21:47:08',0,0,0.0000,1,10,1,'2023-11-01 15:58:14',NULL),
(16697,0,0,'Microsoft Office Access MUI (French) 2007',NULL,0,0,0,0,0,2900,1,0,NULL,'2023-11-14 21:47:08',0,0,0.0000,1,10,1,'2023-11-01 15:58:14',NULL),
(16698,0,0,'Windows SDK for Windows Store Apps Headers',NULL,0,0,0,0,0,2900,1,0,NULL,'2023-11-14 21:47:08',0,0,0.0000,1,10,1,'2023-11-01 15:58:14',NULL),
(16699,0,0,'vs_minshellinteropmsi',NULL,0,0,0,0,0,2900,1,0,NULL,'2023-11-14 21:47:08',0,0,0.0000,1,10,1,'2023-11-01 15:58:14',NULL),
(16700,0,0,'WinRT Intellisense UAP - Other Languages',NULL,0,0,0,0,0,2900,1,0,NULL,'2023-11-14 21:47:08',0,0,0.0000,1,10,1,'2023-11-01 15:58:14',NULL),
(16701,0,0,'Windows SDK Desktop Libs x86',NULL,0,0,0,0,0,2900,1,0,NULL,'2023-11-14 21:47:08',0,0,0.0000,1,10,1,'2023-11-01 15:58:14',NULL),
(16702,0,0,'Windows SDK',NULL,0,0,0,0,0,2900,1,0,NULL,'2023-11-14 21:47:08',0,0,0.0000,1,10,1,'2023-11-01 15:58:14',NULL),
(16703,0,0,'MSI Development Tools',NULL,0,0,0,0,0,2900,1,0,NULL,'2023-11-14 21:47:08',0,0,0.0000,1,10,1,'2023-11-01 15:58:14',NULL),
(16704,0,0,'Windows Mobile Extension SDK Contracts',NULL,0,0,0,0,0,2900,1,0,NULL,'2023-11-14 21:47:08',0,0,0.0000,1,10,1,'2023-11-01 15:58:14',NULL),
(16705,0,0,'SDK ARM Redistributables',NULL,0,0,0,0,0,2900,1,0,NULL,'2023-11-14 21:47:08',0,0,0.0000,1,10,1,'2023-11-01 15:58:14',NULL),
(16706,0,0,'Windows Mobile Extension SDK',NULL,0,0,0,0,0,2900,1,0,NULL,'2023-11-14 21:47:08',0,0,0.0000,1,10,1,'2023-11-01 15:58:14',NULL),
(16707,0,0,'vs_filehandler_x86',NULL,0,0,0,0,0,2900,1,0,NULL,'2023-11-14 21:47:08',0,0,0.0000,1,10,1,'2023-11-01 15:58:14',NULL),
(16708,0,0,'Universal CRT Headers Libraries and Sources',NULL,0,0,0,0,0,2900,1,0,NULL,'2023-11-14 21:47:08',0,0,0.0000,1,10,1,'2023-11-01 15:58:14',NULL),
(16709,0,0,'Windows App Certification Kit x64',NULL,0,0,0,0,0,2900,1,0,NULL,'2023-11-14 21:47:08',0,0,0.0000,1,10,1,'2023-11-01 15:58:14',NULL),
(16710,0,0,'Windows Team Extension SDK Contracts',NULL,0,0,0,0,0,2900,1,0,NULL,'2023-11-14 21:47:08',0,0,0.0000,1,10,1,'2023-11-01 15:58:14',NULL),
(16711,0,0,'vs_minshellmsi',NULL,0,0,0,0,0,2900,1,0,NULL,'2023-11-14 21:47:08',0,0,0.0000,1,10,1,'2023-11-01 15:58:14',NULL),
(16712,0,0,'Universal CRT Extension SDK',NULL,0,0,0,0,0,2900,1,0,NULL,'2023-11-14 21:47:08',0,0,0.0000,1,10,1,'2023-11-01 15:58:14',NULL),
(16713,0,0,'Windows SDK Desktop Headers arm',NULL,0,0,0,0,0,2900,1,0,NULL,'2023-11-14 21:47:08',0,0,0.0000,1,10,1,'2023-11-01 15:58:14',NULL),
(16714,0,0,'Windows SDK for Windows Store Apps Tools',NULL,0,0,0,0,0,2900,1,0,NULL,'2023-11-14 21:47:08',0,0,0.0000,1,10,1,'2023-11-01 15:58:14',NULL),
(16715,0,0,'Windows IoT Extension SDK Contracts',NULL,0,0,0,0,0,2900,1,0,NULL,'2023-11-14 21:47:08',0,0,0.0000,1,10,1,'2023-11-01 15:58:14',NULL),
(16716,0,0,'Windows Software Development Kit - Windows 10.0.19041.685',NULL,0,0,0,0,0,2900,1,0,NULL,'2023-11-14 21:47:08',0,0,0.0000,1,10,1,'2023-11-01 15:58:14',NULL),
(16717,0,0,'WinRT Intellisense Mobile - en-us',NULL,0,0,0,0,0,2900,1,0,NULL,'2023-11-14 21:47:08',0,0,0.0000,1,10,1,'2023-11-01 15:58:14',NULL),
(16718,0,0,'Windows SDK Redistributables',NULL,0,0,0,0,0,2900,1,0,NULL,'2023-11-14 21:47:08',0,0,0.0000,1,10,1,'2023-11-01 15:58:14',NULL),
(16719,0,0,'Windows SDK Modern Non-Versioned Developer Tools',NULL,0,0,0,0,0,2900,1,0,NULL,'2023-11-14 21:47:08',0,0,0.0000,1,10,1,'2023-11-01 15:58:14',NULL),
(16720,0,0,'Windows SDK Desktop Headers x86',NULL,0,0,0,0,0,2900,1,0,NULL,'2023-11-14 21:47:08',0,0,0.0000,1,10,1,'2023-11-01 15:58:14',NULL),
(16721,0,0,'WinRT Intellisense IoT - en-us',NULL,0,0,0,0,0,2900,1,0,NULL,'2023-11-14 21:47:08',0,0,0.0000,1,10,1,'2023-11-01 15:58:14',NULL),
(16722,0,0,'Windows SDK DirectX x86 Remote',NULL,0,0,0,0,0,2900,1,0,NULL,'2023-11-14 21:47:08',0,0,0.0000,1,10,1,'2023-11-01 15:58:14',NULL),
(16723,0,0,'Windows SDK Facade Windows WinMD Versioned',NULL,0,0,0,0,0,2900,1,0,NULL,'2023-11-14 21:47:08',0,0,0.0000,1,10,1,'2023-11-01 15:58:14',NULL),
(16724,0,0,'Windows SDK for Windows Store Apps Metadata',NULL,0,0,0,0,0,2900,1,0,NULL,'2023-11-14 21:47:08',0,0,0.0000,1,10,1,'2023-11-01 15:58:14',NULL),
(16725,0,0,'WinAppDeploy',NULL,0,0,0,0,0,2900,1,0,NULL,'2023-11-14 21:47:08',0,0,0.0000,1,10,1,'2023-11-01 15:58:14',NULL),
(16726,0,0,'Windows SDK Desktop Libs arm',NULL,0,0,0,0,0,2900,1,0,NULL,'2023-11-14 21:47:08',0,0,0.0000,1,10,1,'2023-11-01 15:58:14',NULL),
(16727,0,0,'Windows SDK for Windows Store Apps Contracts',NULL,0,0,0,0,0,2900,1,0,NULL,'2023-11-14 21:47:08',0,0,0.0000,1,10,1,'2023-11-01 15:58:14',NULL),
(16728,0,0,'Windows App Certification Kit SupportedApiList x86',NULL,0,0,0,0,0,2900,1,0,NULL,'2023-11-14 21:47:08',0,0,0.0000,1,10,1,'2023-11-01 15:58:14',NULL),
(16729,0,0,'WinRT Intellisense IoT - Other Languages',NULL,0,0,0,0,0,2900,1,0,NULL,'2023-11-14 21:47:08',0,0,0.0000,1,10,1,'2023-11-01 15:58:14',NULL),
(16730,0,0,'Windows SDK for Windows Store Apps Libs',NULL,0,0,0,0,0,2900,1,0,NULL,'2023-11-14 21:47:08',0,0,0.0000,1,10,1,'2023-11-01 15:58:14',NULL),
(16731,0,0,'Windows SDK Desktop Tools x86',NULL,0,0,0,0,0,2900,1,0,NULL,'2023-11-14 21:47:08',0,0,0.0000,1,10,1,'2023-11-01 15:58:14',NULL),
(16732,0,0,'Windows SDK Desktop Libs x64',NULL,0,0,0,0,0,2900,1,0,NULL,'2023-11-14 21:47:08',0,0,0.0000,1,10,1,'2023-11-01 15:58:14',NULL),
(16733,0,0,'WinRT Intellisense PPI - en-us',NULL,0,0,0,0,0,2900,1,0,NULL,'2023-11-14 21:47:08',0,0,0.0000,1,10,1,'2023-11-01 15:58:14',NULL),
(16734,0,0,'vs_communitymsires',NULL,0,0,0,0,0,2900,1,0,NULL,'2023-11-14 21:47:08',0,0,0.0000,1,10,1,'2023-11-01 15:58:14',NULL),
(16735,0,0,'vs_filehandler_amd64',NULL,0,0,0,0,0,2900,1,0,NULL,'2023-11-14 21:47:08',0,0,0.0000,1,10,1,'2023-11-01 15:58:14',NULL),
(16736,0,0,'Windows SDK for Windows Store Apps DirectX x86 Remote',NULL,0,0,0,0,0,2900,1,0,NULL,'2023-11-14 21:47:08',0,0,0.0000,1,10,1,'2023-11-01 15:58:14',NULL),
(16737,0,0,'vs_minshellmsires',NULL,0,0,0,0,0,2900,1,0,NULL,'2023-11-14 21:47:08',0,0,0.0000,1,10,1,'2023-11-01 15:58:14',NULL),
(16738,0,0,'WinRT Intellisense UAP - en-us',NULL,0,0,0,0,0,2900,1,0,NULL,'2023-11-14 21:47:08',0,0,0.0000,1,10,1,'2023-11-01 15:58:14',NULL),
(16739,0,0,'Windows IoT Extension SDK',NULL,0,0,0,0,0,2900,1,0,NULL,'2023-11-14 21:47:08',0,0,0.0000,1,10,1,'2023-11-01 15:58:14',NULL),
(16740,0,0,'Windows SDK Desktop Tools arm64',NULL,0,0,0,0,0,2900,1,0,NULL,'2023-11-14 21:47:08',0,0,0.0000,1,10,1,'2023-11-01 15:58:14',NULL),
(16741,0,0,'vs_FileTracker_Singleton',NULL,0,0,0,0,0,2900,1,0,NULL,'2023-11-14 21:47:08',0,0,0.0000,1,10,1,'2023-11-01 15:58:14',NULL),
(16742,0,0,'KeePass Password Safe 2.49',NULL,0,0,0,0,0,2822,1,0,NULL,'2023-11-14 21:47:08',0,0,0.0000,1,10,1,'2023-11-01 15:58:14',NULL),
(16743,0,0,'Bitvise SSH Client 8.49 (remove only)',NULL,0,0,0,0,0,2813,1,0,NULL,'2023-11-14 21:47:08',0,0,0.0000,1,10,1,'2023-11-01 15:58:14',NULL),
(16744,0,0,'Visual Studio Build Tools 2019',NULL,0,0,0,0,0,2900,1,0,NULL,'2023-11-14 21:47:08',0,0,0.0000,1,10,1,'2023-11-01 15:58:14',NULL),
(16745,0,0,'Microsoft Windows Desktop Runtime - 5.0.13 (x64)',NULL,0,0,0,0,0,2900,1,0,NULL,'2023-11-14 21:47:08',0,0,0.0000,1,10,1,'2023-11-01 15:58:14',NULL),
(16746,0,0,'Microsoft .NET Runtime - 5.0.13 (x64)',NULL,0,0,0,0,0,2900,1,0,NULL,'2023-11-14 21:47:08',0,0,0.0000,1,10,1,'2023-11-01 15:58:14',NULL),
(16747,0,0,'Eclipse Temurin JRE avec Hotspot 11.0.13+8 (x64)',NULL,0,0,0,0,0,3119,1,0,NULL,'2023-11-14 21:47:08',0,0,0.0000,1,10,1,'2023-11-01 15:58:14',NULL),
(16748,0,0,'LibreOffice 7.1.8.1',NULL,0,0,0,0,0,2804,1,0,NULL,'2023-11-14 21:47:08',0,0,0.0000,1,10,1,'2023-11-01 15:58:14',NULL),
(16749,0,0,'Microsoft .NET Host FX Resolver - 5.0.13 (x64)',NULL,0,0,0,0,0,2900,1,0,NULL,'2023-11-14 21:47:08',0,0,0.0000,1,10,1,'2023-11-01 15:58:14',NULL),
(16750,0,0,'Microsoft .NET Host - 5.0.13 (x64)',NULL,0,0,0,0,0,2900,1,0,NULL,'2023-11-14 21:47:08',0,0,0.0000,1,10,1,'2023-11-01 15:58:14',NULL),
(16751,0,0,'GPL Ghostscript',NULL,0,0,0,0,0,3120,1,0,NULL,'2023-11-14 21:47:08',0,0,0.0000,1,10,1,'2023-11-01 15:58:14',NULL),
(16752,0,0,'CutePDF Writer',NULL,0,0,0,0,0,3121,1,0,NULL,'2023-11-14 21:47:08',0,0,0.0000,1,10,1,'2023-11-01 15:58:14',NULL),
(16753,0,0,'Microsoft .NET Runtime - 5.0.13 (x86)',NULL,0,0,0,0,0,2900,1,0,NULL,'2023-11-14 21:47:08',0,0,0.0000,1,10,1,'2023-11-01 15:58:14',NULL),
(16754,0,0,'Microsoft .NET Host FX Resolver - 5.0.13 (x86)',NULL,0,0,0,0,0,2900,1,0,NULL,'2023-11-14 21:47:08',0,0,0.0000,1,10,1,'2023-11-01 15:58:14',NULL),
(16755,0,0,'Microsoft Windows Desktop Runtime - 5.0.13 (x86)',NULL,0,0,0,0,0,2900,1,0,NULL,'2023-11-14 21:47:08',0,0,0.0000,1,10,1,'2023-11-01 15:58:14',NULL),
(16756,0,0,'Microsoft .NET Host - 5.0.13 (x86)',NULL,0,0,0,0,0,2900,1,0,NULL,'2023-11-14 21:47:08',0,0,0.0000,1,10,1,'2023-11-01 15:58:14',NULL),
(16757,0,0,'KeePass Password Safe 2.50',NULL,0,0,0,0,0,2822,1,0,NULL,'2023-11-14 21:47:08',0,0,0.0000,1,10,1,'2023-11-01 15:58:14',NULL),
(16758,0,0,'StudioTax 2022',NULL,0,0,0,0,0,3098,1,0,NULL,'2023-11-14 21:47:08',0,0,0.0000,1,10,1,'2023-11-01 15:58:14',NULL),
(16759,0,0,'Adobe Genuine Service',NULL,0,0,0,0,0,3060,1,0,NULL,'2023-11-14 21:47:08',0,0,0.0000,1,10,1,'2023-11-01 15:58:14',NULL),
(16760,0,0,'ExpressCache',NULL,0,0,0,0,0,3099,1,0,NULL,'2023-11-14 21:47:08',0,0,0.0000,1,10,1,'2023-11-01 15:58:14',NULL),
(16761,0,0,'Synaptics WBF DDK 5011 (Advanced)',NULL,0,0,0,0,0,2854,1,0,NULL,'2023-11-14 21:47:08',0,0,0.0000,1,10,1,'2023-11-01 15:58:14',NULL),
(16762,0,0,'StudioTax 2020',NULL,0,0,0,0,0,3098,1,0,NULL,'2023-11-14 21:47:08',0,0,0.0000,1,10,1,'2023-11-01 15:58:14',NULL),
(16763,0,0,'Intel(R) ME UninstallLegacy',NULL,0,0,0,0,0,2902,1,0,NULL,'2023-11-14 21:47:08',0,0,0.0000,1,10,1,'2023-11-01 15:58:14',NULL),
(16764,0,0,'StudioTax 2021',NULL,0,0,0,0,0,3098,1,0,NULL,'2023-11-14 21:47:08',0,0,0.0000,1,10,1,'2023-11-01 15:58:14',NULL),
(16765,0,0,'UpdateAssistant',NULL,0,0,0,0,0,2900,1,0,NULL,'2023-11-14 21:47:08',0,0,0.0000,1,10,1,'2023-11-01 15:58:14',NULL),
(16766,0,0,'SketchUp Viewer',NULL,0,0,0,0,0,2959,1,0,NULL,'2023-11-14 21:47:08',0,0,0.0000,1,10,1,'2023-11-01 15:58:14',NULL),
(16767,0,0,'Java 8 Update 131 (64-bit)',NULL,0,0,0,0,0,2907,1,0,NULL,'2023-11-14 21:47:08',0,0,0.0000,1,10,1,'2023-11-01 15:58:14',NULL),
(16768,0,0,'WinRAR 5.71 (64-bit)',NULL,0,0,0,0,0,3100,1,0,NULL,'2023-11-14 21:47:08',0,0,0.0000,1,10,1,'2023-11-01 15:58:14',NULL),
(16769,0,0,'Intel(R) Network Connections Drivers',NULL,0,0,0,0,0,2863,1,0,NULL,'2023-11-14 21:47:08',0,0,0.0000,1,10,1,'2023-11-01 15:58:14',NULL),
(16770,0,0,'FileOpen Client B993',NULL,0,0,0,0,0,2947,1,0,NULL,'2023-11-14 21:47:08',0,0,0.0000,1,10,1,'2023-11-01 15:58:14',NULL),
(16771,0,0,'Windows Driver Package - Synaptics FP Sensors (WUDFRd) Biometric (11/27/2015 4.5.503.0)',NULL,0,0,0,0,0,3101,1,0,NULL,'2023-11-14 21:47:08',0,0,0.0000,1,10,1,'2023-11-01 15:58:14',NULL),
(16772,0,0,'Metric Collection SDK',NULL,0,0,0,0,0,2904,1,0,NULL,'2023-11-14 21:47:08',0,0,0.0000,1,10,1,'2023-11-01 15:58:14',NULL),
(16773,0,0,'Assistant Mise à jour de Windows 10',NULL,0,0,0,0,0,2900,1,0,NULL,'2023-11-14 21:47:08',0,0,0.0000,1,10,1,'2023-11-01 15:58:14',NULL),
(16774,0,0,'DWGSee Pro 2019',NULL,0,0,0,0,0,3102,1,0,NULL,'2023-11-14 21:47:08',0,0,0.0000,1,10,1,'2023-11-01 15:58:14',NULL),
(16775,0,0,'OldMHUUninstaller',NULL,0,0,0,0,0,3103,1,0,NULL,'2023-11-14 21:47:08',0,0,0.0000,1,10,1,'2023-11-01 15:58:14',NULL),
(16776,0,0,'Adobe Acrobat XI Pro',NULL,0,0,0,0,0,2974,1,0,NULL,'2023-11-14 21:47:08',0,0,0.0000,1,10,1,'2023-11-01 15:58:14',NULL),
(16777,0,0,'eQUEST 3-65.7175',NULL,0,0,0,0,0,3104,1,0,NULL,'2023-11-14 21:47:08',0,0,0.0000,1,10,1,'2023-11-01 15:58:14',NULL),
(16778,0,0,'OldMHUUninstallerMSI',NULL,0,0,0,0,0,3103,1,0,NULL,'2023-11-14 21:47:08',0,0,0.0000,1,10,1,'2023-11-01 15:58:14',NULL),
(16779,0,0,'Citrix Receiver (DV)',NULL,0,0,0,0,0,2999,1,0,NULL,'2023-11-14 21:47:08',0,0,0.0000,1,10,1,'2023-11-01 15:58:14',NULL),
(16780,0,0,'Microsoft Office Live Meeting 2007',NULL,0,0,0,0,0,2900,1,0,NULL,'2023-11-14 21:47:08',0,0,0.0000,1,10,1,'2023-11-01 15:58:14',NULL),
(16781,0,0,'Citrix Receiver Inside',NULL,0,0,0,0,0,2999,1,0,NULL,'2023-11-14 21:47:08',0,0,0.0000,1,10,1,'2023-11-01 15:58:14',NULL),
(16782,0,0,'RETScreen Expert',NULL,0,0,0,0,0,3105,1,0,NULL,'2023-11-14 21:47:08',0,0,0.0000,1,10,1,'2023-11-01 15:58:14',NULL),
(16783,0,0,'Citrix Receiver(Aero)',NULL,0,0,0,0,0,2999,1,0,NULL,'2023-11-14 21:47:08',0,0,0.0000,1,10,1,'2023-11-01 15:58:14',NULL),
(16784,0,0,'Intel® Security Assist',NULL,0,0,0,0,0,2902,1,0,NULL,'2023-11-14 21:47:08',0,0,0.0000,1,10,1,'2023-11-01 15:58:14',NULL),
(16785,0,0,'Citrix Online Launcher',NULL,0,0,0,0,0,3106,1,0,NULL,'2023-11-14 21:47:08',0,0,0.0000,1,10,1,'2023-11-01 15:58:14',NULL),
(16786,0,0,'Java 8 Update 131',NULL,0,0,0,0,0,2907,1,0,NULL,'2023-11-14 21:47:08',0,0,0.0000,1,10,1,'2023-11-01 15:58:14',NULL),
(16787,0,0,'Citrix Receiver (USB)',NULL,0,0,0,0,0,2999,1,0,NULL,'2023-11-14 21:47:08',0,0,0.0000,1,10,1,'2023-11-01 15:58:14',NULL),
(16788,0,0,'Citrix Receiver (Redirection Flash HDX)',NULL,0,0,0,0,0,2999,1,0,NULL,'2023-11-14 21:47:08',0,0,0.0000,1,10,1,'2023-11-01 15:58:14',NULL),
(16789,0,0,'LibreCAD',NULL,0,0,0,0,0,3107,1,0,NULL,'2023-11-14 21:47:08',0,0,0.0000,1,10,1,'2023-11-01 15:58:14',NULL),
(16790,0,0,'FileZilla 3.60.2',NULL,0,0,0,0,0,2951,1,0,NULL,'2023-11-14 21:47:08',0,0,0.0000,1,10,1,'2023-11-01 15:58:14',NULL),
(16791,0,0,'Citrix Receiver 4.7',NULL,0,0,0,0,0,2999,1,0,NULL,'2023-11-14 21:47:08',0,0,0.0000,1,10,1,'2023-11-01 15:58:14',NULL),
(16792,0,0,'Audacity 2.3.3',NULL,0,0,0,0,0,3108,1,0,NULL,'2023-11-14 21:47:08',0,0,0.0000,1,10,1,'2023-11-01 15:58:14',NULL),
(16793,0,0,'Java 8 Update 391',NULL,0,0,0,0,0,2907,1,0,NULL,'2023-11-12 12:41:01',0,0,0.0000,1,10,1,'2023-11-01 15:58:14',NULL),
(16794,0,0,'NVIDIA Install Application',NULL,0,0,0,0,0,3023,1,0,NULL,'2023-11-14 21:47:08',0,0,0.0000,1,10,1,'2023-11-01 15:58:14',NULL),
(16795,0,0,'NVIDIA Pilote graphique 529.08',NULL,0,0,0,0,0,3023,1,0,NULL,'2023-11-14 21:47:08',0,0,0.0000,1,10,1,'2023-11-01 15:58:14',NULL),
(16796,0,0,'Dell Peripheral Manager',NULL,0,0,0,0,0,3047,1,0,NULL,'2023-11-14 21:47:08',0,0,0.0000,1,10,1,'2023-11-01 15:58:14',NULL),
(16797,0,0,'Samsung USB Driver for Mobile Phones',NULL,0,0,0,0,0,3050,1,0,NULL,'2023-11-14 21:47:08',0,0,0.0000,1,10,1,'2023-11-01 15:58:14',NULL),
(16798,0,0,'NVIDIA WMI 2.35.0',NULL,0,0,0,0,0,3023,1,0,NULL,'2023-11-14 21:47:08',0,0,0.0000,1,10,1,'2023-11-01 15:58:14',NULL),
(16799,0,0,'Asian Language And Spelling Dictionaries Support For Adobe Acrobat Reader',NULL,0,0,0,0,0,2915,1,0,NULL,'2023-11-14 21:47:08',0,0,0.0000,1,10,1,'2023-11-01 15:58:14',NULL),
(16800,0,0,'Microsoft Office Shared 64-bit Setup Metadata MUI (English) 2010',NULL,0,0,0,0,0,2900,1,0,NULL,'2023-11-14 21:47:08',0,0,0.0000,1,10,1,'2023-11-01 15:58:14',NULL),
(16801,0,0,'Microsoft Office Shared 64-bit MUI (English) 2010',NULL,0,0,0,0,0,2900,1,0,NULL,'2023-11-14 21:47:08',0,0,0.0000,1,10,1,'2023-11-01 15:58:14',NULL),
(16802,0,0,'Microsoft Office Office 64-bit Components 2010',NULL,0,0,0,0,0,2900,1,0,NULL,'2023-11-14 21:47:08',0,0,0.0000,1,10,1,'2023-11-01 15:58:14',NULL),
(16803,0,0,'Microsoft Visual Studio 2010 Tools for Office Runtime (x64) Language Pack - FRA',NULL,0,0,0,0,0,2900,1,0,NULL,'2023-11-14 21:47:08',0,0,0.0000,1,10,1,'2023-11-01 15:58:14',NULL),
(16804,0,0,'PACE License Support Win64',NULL,0,0,0,0,0,3087,1,0,NULL,'2023-11-14 21:47:08',0,0,0.0000,1,10,1,'2023-11-01 15:58:14',NULL),
(16805,0,0,'Autodesk License Service (x64) - 5.1.4',NULL,0,0,0,0,0,2955,1,0,NULL,'2023-11-14 21:47:08',0,0,0.0000,1,10,1,'2023-11-01 15:58:14',NULL),
(16806,0,0,'DWG TrueView 2022 - Français (French)',NULL,0,0,0,0,0,2955,1,0,NULL,'2023-11-14 21:47:08',0,0,0.0000,1,10,1,'2023-11-01 15:58:14',NULL),
(16807,0,0,'ACA &#38; MEP 2018 Object Enabler',NULL,0,0,0,0,0,2955,1,0,NULL,'2023-11-14 21:47:08',0,0,0.0000,1,10,1,'2023-11-01 15:58:14',NULL),
(16808,0,0,'AutoCAD 2018 - Français (French)',NULL,0,0,0,0,0,2955,1,0,NULL,'2023-11-14 21:47:08',0,0,0.0000,1,10,1,'2023-11-01 15:58:14',NULL),
(16809,0,0,'AutoCAD 2018 Language Pack - Français (French)',NULL,0,0,0,0,0,2955,1,0,NULL,'2023-11-14 21:47:08',0,0,0.0000,1,10,1,'2023-11-01 15:58:14',NULL),
(16810,0,0,'ACAD Private',NULL,0,0,0,0,0,2955,1,0,NULL,'2023-11-14 21:47:08',0,0,0.0000,1,10,1,'2023-11-01 15:58:14',NULL),
(16811,0,0,'AutoCAD 2018',NULL,0,0,0,0,0,2955,1,0,NULL,'2023-11-14 21:47:08',0,0,0.0000,1,10,1,'2023-11-01 15:58:14',NULL),
(16812,0,0,'BIMcollab ZOOM 5.0',NULL,0,0,0,0,0,3088,1,0,NULL,'2023-11-14 21:47:08',0,0,0.0000,1,10,1,'2023-11-01 15:58:14',NULL),
(16813,0,0,'Autodesk Genuine Service',NULL,0,0,0,0,0,2955,1,0,NULL,'2023-11-14 21:47:08',0,0,0.0000,1,10,1,'2023-11-01 15:58:14',NULL),
(16814,0,0,'Autodesk DWG TrueView 2022 - Français (French)',NULL,0,0,0,0,0,2956,1,0,NULL,'2023-11-14 21:47:08',0,0,0.0000,1,10,1,'2023-11-01 15:58:14',NULL),
(16815,0,0,'Module linguistique Microsoft Visual Studio 2010 Tools pour Office Runtime (x64) - FRA',NULL,0,0,0,0,0,2900,1,0,NULL,'2023-11-14 21:47:08',0,0,0.0000,1,10,1,'2023-11-01 15:58:14',NULL),
(16816,0,0,'Autodesk AutoCAD 2018 - Français (French)',NULL,0,0,0,0,0,2955,1,0,NULL,'2023-11-14 21:47:08',0,0,0.0000,1,10,1,'2023-11-01 15:58:14',NULL),
(16817,0,0,'7-Zip 21.01 alpha (x64)',NULL,0,0,0,0,0,2805,1,0,NULL,'2023-11-14 21:47:08',0,0,0.0000,1,10,1,'2023-11-01 15:58:14',NULL),
(16818,0,0,'Autodesk Material Library Base Resolution Image Library 2018',NULL,0,0,0,0,0,2955,1,0,NULL,'2023-11-14 21:47:08',0,0,0.0000,1,10,1,'2023-11-01 15:58:14',NULL),
(16819,0,0,'Lenovo Quick Clean',NULL,0,0,0,0,0,2785,1,0,NULL,'2023-11-14 21:47:08',0,0,0.0000,1,10,1,'2023-11-01 15:58:14',NULL),
(16820,0,0,'Microsoft Office Shared Setup Metadata MUI (English) 2010',NULL,0,0,0,0,0,2900,1,0,NULL,'2023-11-14 21:47:08',0,0,0.0000,1,10,1,'2023-11-01 15:58:14',NULL),
(16821,0,0,'Microsoft Office Shared MUI (English) 2010',NULL,0,0,0,0,0,2900,1,0,NULL,'2023-11-14 21:47:08',0,0,0.0000,1,10,1,'2023-11-01 15:58:14',NULL),
(16822,0,0,'Microsoft Office Proofing (English) 2010',NULL,0,0,0,0,0,2900,1,0,NULL,'2023-11-14 21:47:08',0,0,0.0000,1,10,1,'2023-11-01 15:58:14',NULL),
(16823,0,0,'Microsoft Office Proof (Spanish) 2010',NULL,0,0,0,0,0,2900,1,0,NULL,'2023-11-14 21:47:08',0,0,0.0000,1,10,1,'2023-11-01 15:58:14',NULL),
(16824,0,0,'Microsoft Office Proof (French) 2010',NULL,0,0,0,0,0,2900,1,0,NULL,'2023-11-14 21:47:08',0,0,0.0000,1,10,1,'2023-11-01 15:58:14',NULL),
(16825,0,0,'Microsoft Office Proof (English) 2010',NULL,0,0,0,0,0,2900,1,0,NULL,'2023-11-14 21:47:08',0,0,0.0000,1,10,1,'2023-11-01 15:58:14',NULL),
(16826,0,0,'Microsoft Office SharePoint Designer MUI (English) 2010',NULL,0,0,0,0,0,2900,1,0,NULL,'2023-11-14 21:47:08',0,0,0.0000,1,10,1,'2023-11-01 15:58:14',NULL),
(16827,0,0,'Microsoft Office SharePoint Designer 2010',NULL,0,0,0,0,0,2900,1,0,NULL,'2023-11-14 21:47:08',0,0,0.0000,1,10,1,'2023-11-01 15:58:14',NULL),
(16828,0,0,'1.0',NULL,0,0,0,0,0,2894,1,0,NULL,'2023-11-14 21:47:08',0,0,0.0000,1,10,1,'2023-11-01 15:58:14',NULL),
(16829,0,0,'Autodesk Material Library 2018',NULL,0,0,0,0,0,2955,1,0,NULL,'2023-11-14 21:47:08',0,0,0.0000,1,10,1,'2023-11-01 15:58:14',NULL),
(16830,0,0,'X-Rite Color Assistant 2.12.0.0',NULL,0,0,0,0,0,3089,1,0,NULL,'2023-11-14 21:47:08',0,0,0.0000,1,10,1,'2023-11-01 15:58:14',NULL),
(16831,0,0,'Application de bureau Cisco Webex Meetings',NULL,0,0,0,0,0,2914,1,0,NULL,'2023-11-14 21:47:08',0,0,0.0000,1,10,1,'2023-11-01 15:58:14',NULL),
(16832,0,0,'FARO LS 1.1.600.6 (64bit)',NULL,0,0,0,0,0,3035,1,0,NULL,'2023-11-14 21:47:08',0,0,0.0000,1,10,1,'2023-11-01 15:58:14',NULL),
(16833,0,0,'Applications recommandées Autodesk 2016-2018',NULL,0,0,0,0,0,2955,1,0,NULL,'2023-11-14 21:47:08',0,0,0.0000,1,10,1,'2023-11-01 15:58:14',NULL),
(16834,0,0,'Autodesk AutoCAD Performance Feedback Tool 1.2.8',NULL,0,0,0,0,0,2955,1,0,NULL,'2023-11-14 21:47:08',0,0,0.0000,1,10,1,'2023-11-01 15:58:14',NULL),
(16835,0,0,'Autodesk App Manager 2016-2018',NULL,0,0,0,0,0,2955,1,0,NULL,'2023-11-14 21:47:08',0,0,0.0000,1,10,1,'2023-11-01 15:58:14',NULL),
(16836,0,0,'Autodesk Advanced Material Library Image Library 2018',NULL,0,0,0,0,0,2955,1,0,NULL,'2023-11-14 21:47:08',0,0,0.0000,1,10,1,'2023-11-01 15:58:14',NULL),
(16837,0,0,'Pleiades 2020 version Pleiades 5.21.1.2',NULL,0,0,0,0,0,3090,1,0,NULL,'2023-11-14 21:47:08',0,0,0.0000,1,10,1,'2023-11-01 15:58:14',NULL),
(16838,0,0,'Autodesk Design Review',NULL,0,0,0,0,0,2955,1,0,NULL,'2023-11-14 21:47:08',0,0,0.0000,1,10,1,'2023-11-01 15:58:14',NULL),
(16839,0,0,'Meteonorm 8',NULL,0,0,0,0,0,3091,1,0,NULL,'2023-11-14 21:47:08',0,0,0.0000,1,10,1,'2023-11-01 15:58:14',NULL),
(16840,0,0,'Microsoft SharePoint Designer 2010',NULL,0,0,0,0,0,2900,1,0,NULL,'2023-11-14 21:47:08',0,0,0.0000,1,10,1,'2023-11-01 15:58:14',NULL),
(16841,0,0,'Application de bureau Autodesk',NULL,0,0,0,0,0,2955,1,0,NULL,'2023-11-14 21:47:08',0,0,0.0000,1,10,1,'2023-11-01 15:58:14',NULL),
(16842,0,0,'Mozilla Firefox (x86 fr)',NULL,0,0,0,0,0,2795,1,0,NULL,'2023-11-14 21:47:08',0,0,0.0000,1,10,1,'2023-11-01 15:58:14',NULL),
(16843,0,0,'Mozilla Thunderbird (x86 fr)',NULL,0,0,0,0,0,2795,1,0,NULL,'2023-11-14 21:47:08',0,0,0.0000,1,10,1,'2023-11-01 15:58:14',NULL),
(16844,0,0,'Adobe Acrobat Reader',NULL,0,0,0,0,0,2915,1,0,NULL,'2023-11-14 21:47:08',0,0,0.0000,1,10,1,'2023-11-01 15:58:14',NULL),
(16845,0,0,'Prezi Video',NULL,0,0,0,0,0,3063,1,0,NULL,'2023-11-14 21:47:08',0,0,0.0000,1,10,1,'2023-11-01 15:58:14',NULL),
(16846,0,0,'Prezi',NULL,0,0,0,0,0,3063,1,0,NULL,'2023-11-14 21:47:08',0,0,0.0000,1,10,1,'2023-11-01 15:58:14',NULL),
(16847,0,0,'Google Update Helper',NULL,0,0,0,0,0,2901,1,0,NULL,'2023-11-14 21:47:08',0,0,0.0000,1,10,1,'2023-11-01 15:58:14',NULL),
(16848,0,0,'MyScenari 6',NULL,0,0,0,0,0,3173,1,0,NULL,'2023-11-14 21:47:08',0,0,0.0000,1,10,1,'2023-11-01 15:58:14',NULL),
(16849,0,0,'Samsung Portable SSD Software 1.0',NULL,0,0,0,0,0,3174,1,0,NULL,'2023-11-14 21:47:08',0,0,0.0000,1,10,1,'2023-11-01 15:58:14',NULL),
(16850,0,0,'CPUID CPU-Z 2.05',NULL,0,0,0,0,0,3175,1,0,NULL,'2023-11-14 21:47:08',0,0,0.0000,1,10,1,'2023-11-01 15:58:14',NULL),
(16851,0,0,'calibre 64bit',NULL,0,0,0,0,0,3064,1,0,NULL,'2023-11-14 21:47:08',0,0,0.0000,1,10,1,'2023-11-01 15:58:14',NULL),
(16852,0,0,'LibreOffice 7.5.0.3',NULL,0,0,0,0,0,2804,1,0,NULL,'2023-11-14 21:47:08',0,0,0.0000,1,10,1,'2023-11-01 15:58:14',NULL),
(16853,0,0,'Camtasia 2021',NULL,0,0,0,0,0,2982,1,0,NULL,'2023-11-14 21:47:08',0,0,0.0000,1,10,1,'2023-11-01 15:58:14',NULL),
(16854,0,0,'Microsoft Visual Studio Code',NULL,0,0,0,0,0,2900,1,0,NULL,'2023-11-14 21:47:08',0,0,0.0000,1,10,1,'2023-11-01 15:58:14',NULL),
(16855,0,0,'PDFCreator',NULL,0,0,0,0,0,3029,1,0,NULL,'2023-11-14 21:47:08',0,0,0.0000,1,10,1,'2023-11-01 15:58:14',NULL),
(16856,0,0,'grepWin x64',NULL,0,0,0,0,0,3065,1,0,NULL,'2023-11-14 21:47:08',0,0,0.0000,1,10,1,'2023-11-01 15:58:14',NULL),
(16857,0,0,'Inkscape 0.92.3',NULL,0,0,0,0,0,3061,1,0,NULL,'2023-11-14 21:47:08',0,0,0.0000,1,10,1,'2023-11-01 15:58:14',NULL),
(16858,0,0,'Camtasia 2020',NULL,0,0,0,0,0,2982,1,0,NULL,'2023-11-14 21:47:08',0,0,0.0000,1,10,1,'2023-11-01 15:58:14',NULL),
(16859,0,0,'TortoiseHg 4.2.1 (x64)',NULL,0,0,0,0,0,3066,1,0,NULL,'2023-11-14 21:47:08',0,0,0.0000,1,10,1,'2023-11-01 15:58:14',NULL),
(16860,0,0,'Nextcloud',NULL,0,0,0,0,0,3067,1,0,NULL,'2023-11-14 21:47:08',0,0,0.0000,1,10,1,'2023-11-01 15:58:14',NULL),
(16861,0,0,'Java 8 Update 231 (64-bit)',NULL,0,0,0,0,0,2907,1,0,NULL,'2023-11-14 21:47:08',0,0,0.0000,1,10,1,'2023-11-01 15:58:14',NULL),
(16862,0,0,'Oracle VM VirtualBox 5.1.28',NULL,0,0,0,0,0,2907,1,0,NULL,'2023-11-14 21:47:08',0,0,0.0000,1,10,1,'2023-11-01 15:58:14',NULL),
(16863,0,0,'Tenable Nessus (x64)',NULL,0,0,0,0,0,3068,1,0,NULL,'2023-11-14 21:47:08',0,0,0.0000,1,10,1,'2023-11-01 15:58:14',NULL),
(16864,0,0,'PuTTY release 0.75 (64-bit)',NULL,0,0,0,0,0,2802,1,0,NULL,'2023-11-14 21:47:08',0,0,0.0000,1,10,1,'2023-11-01 15:58:14',NULL),
(16865,0,0,'ThinkPad Thunderbolt 3 Dock USB Audio',NULL,0,0,0,0,0,3002,1,0,NULL,'2023-11-14 21:47:08',0,0,0.0000,1,10,1,'2023-11-01 15:58:14',NULL),
(16866,0,0,'Sublime Text Build 3176',NULL,0,0,0,0,0,2928,1,0,NULL,'2023-11-14 21:47:08',0,0,0.0000,1,10,1,'2023-11-01 15:58:14',NULL),
(16867,0,0,'Sublime Merge',NULL,0,0,0,0,0,2928,1,0,NULL,'2023-11-14 21:47:08',0,0,0.0000,1,10,1,'2023-11-01 15:58:14',NULL),
(16868,0,0,'PremiumSoft Navicat Premium 12.1',NULL,0,0,0,0,0,3069,1,0,NULL,'2023-11-14 21:47:08',0,0,0.0000,1,10,1,'2023-11-01 15:58:14',NULL),
(16869,0,0,'ONLYOFFICE Desktop Editors 6.4 (x64)',NULL,0,0,0,0,0,2929,1,0,NULL,'2023-11-14 21:47:08',0,0,0.0000,1,10,1,'2023-11-01 15:58:14',NULL),
(16870,0,0,'NetBeans IDE 8.2',NULL,0,0,0,0,0,3070,1,0,NULL,'2023-11-14 21:47:08',0,0,0.0000,1,10,1,'2023-11-01 15:58:14',NULL),
(16871,0,0,'Mozilla Firefox 55.0.3 (x64 en-US)',NULL,0,0,0,0,0,2795,1,0,NULL,'2023-11-14 21:47:08',0,0,0.0000,1,10,1,'2023-11-01 15:58:14',NULL),
(16872,0,0,'GIMP 2.10.8',NULL,0,0,0,0,0,2946,1,0,NULL,'2023-11-14 21:47:08',0,0,0.0000,1,10,1,'2023-11-01 15:58:14',NULL),
(16873,0,0,'FileOpen Client B997',NULL,0,0,0,0,0,2947,1,0,NULL,'2023-11-14 21:47:08',0,0,0.0000,1,10,1,'2023-11-01 15:58:14',NULL),
(16874,0,0,'Ext2Fsd 0.68',NULL,0,0,0,0,0,3071,1,0,NULL,'2023-11-14 21:47:08',0,0,0.0000,1,10,1,'2023-11-01 15:58:14',NULL),
(16875,0,0,'7-Zip 16.04 (x64)',NULL,0,0,0,0,0,2805,1,0,NULL,'2023-11-14 21:47:08',0,0,0.0000,1,10,1,'2023-11-01 15:58:14',NULL),
(16876,0,0,'Jenkins 2.73.3',NULL,0,0,0,0,0,3072,1,0,NULL,'2023-11-14 21:47:08',0,0,0.0000,1,10,1,'2023-11-01 15:58:14',NULL),
(16877,0,0,'Snagit 12',NULL,0,0,0,0,0,2982,1,0,NULL,'2023-11-14 21:47:08',0,0,0.0000,1,10,1,'2023-11-01 15:58:14',NULL),
(16878,0,0,'CyberGestion',NULL,0,0,0,0,0,2894,1,0,NULL,'2023-11-14 21:47:08',0,0,0.0000,1,10,1,'2023-11-01 15:58:14',NULL),
(16879,0,0,'NetCrunch Tools version 2.0',NULL,0,0,0,0,0,3073,1,0,NULL,'2023-11-14 21:47:08',0,0,0.0000,1,10,1,'2023-11-01 15:58:14',NULL),
(16880,0,0,'BeeBEEP 5.8.4',NULL,0,0,0,0,0,3074,1,0,NULL,'2023-11-14 21:47:08',0,0,0.0000,1,10,1,'2023-11-01 15:58:14',NULL),
(16881,0,0,'Vagrant',NULL,0,0,0,0,0,2831,1,0,NULL,'2023-11-14 21:47:08',0,0,0.0000,1,10,1,'2023-11-01 15:58:14',NULL),
(16882,0,0,'XAMPP',NULL,0,0,0,0,0,3075,1,0,NULL,'2023-11-14 21:47:08',0,0,0.0000,1,10,1,'2023-11-01 15:58:14',NULL),
(16883,0,0,'WinSCP 5.15.2',NULL,0,0,0,0,0,2857,1,0,NULL,'2023-11-14 21:47:08',0,0,0.0000,1,10,1,'2023-11-01 15:58:14',NULL),
(16884,0,0,'WinPcap 4.1.3',NULL,0,0,0,0,0,3076,1,0,NULL,'2023-11-14 21:47:08',0,0,0.0000,1,10,1,'2023-11-01 15:58:14',NULL),
(16885,0,0,'WinMerge 2.14.0',NULL,0,0,0,0,0,2800,1,0,NULL,'2023-11-14 21:47:08',0,0,0.0000,1,10,1,'2023-11-01 15:58:14',NULL),
(16886,0,0,'JetBrains PhpStorm 2017.3.4',NULL,0,0,0,0,0,3077,1,0,NULL,'2023-11-14 21:47:08',0,0,0.0000,1,10,1,'2023-11-01 15:58:14',NULL),
(16887,0,0,'Mes Livres V2.96',NULL,0,0,0,0,0,3078,1,0,NULL,'2023-11-14 21:47:08',0,0,0.0000,1,10,1,'2023-11-01 15:58:14',NULL),
(16888,0,0,'FileZilla Client 3.40.0',NULL,0,0,0,0,0,2951,1,0,NULL,'2023-11-14 21:47:08',0,0,0.0000,1,10,1,'2023-11-01 15:58:14',NULL),
(16889,0,0,'FastFox Text Expander Software',NULL,0,0,0,0,0,3079,1,0,NULL,'2023-11-14 21:47:08',0,0,0.0000,1,10,1,'2023-11-01 15:58:14',NULL),
(16890,0,0,'Microsoft Project - fr-fr',NULL,0,0,0,0,0,2900,1,0,NULL,'2023-11-14 21:47:08',0,0,0.0000,1,10,1,'2023-11-01 15:58:14',NULL),
(16891,0,0,'HOT2000 v11.8b18',NULL,0,0,0,0,0,2954,1,0,NULL,'2023-11-14 21:47:08',0,0,0.0000,1,10,1,'2023-11-01 15:58:14',NULL),
(16892,0,0,'SketchUpViewer',NULL,0,0,0,0,0,2957,1,0,NULL,'2023-11-14 21:47:08',0,0,0.0000,1,10,1,'2023-11-01 15:58:14',NULL),
(16893,0,0,'DWG TrueView 2021 - English',NULL,0,0,0,0,0,2955,1,0,NULL,'2023-11-14 21:47:08',0,0,0.0000,1,10,1,'2023-11-01 15:58:14',NULL),
(16894,0,0,'PDF Annotator 8.0.0.837',NULL,0,0,0,0,0,2953,1,0,NULL,'2023-11-14 21:47:08',0,0,0.0000,1,10,1,'2023-11-01 15:58:14',NULL),
(16895,0,0,'Imprimer à PDF Annotator (novaPDF OEM 7.7 printer)',NULL,0,0,0,0,0,2961,1,0,NULL,'2023-11-14 21:47:08',0,0,0.0000,1,10,1,'2023-11-01 15:58:14',NULL),
(16896,0,0,'Autodesk DWG TrueView 2021 - English',NULL,0,0,0,0,0,2955,1,0,NULL,'2023-11-14 21:47:08',0,0,0.0000,1,10,1,'2023-11-01 15:58:14',NULL),
(16897,0,0,'Assistant de téléchargement',NULL,0,0,0,0,0,3056,1,0,NULL,'2023-11-14 21:47:08',0,0,0.0000,1,10,1,'2023-11-01 15:58:14',NULL),
(16898,0,0,'SketchUp Viewer 2021',NULL,0,0,0,0,0,2959,1,0,NULL,'2023-11-14 21:47:08',0,0,0.0000,1,10,1,'2023-11-01 15:58:14',NULL),
(16899,0,0,'Xerox PowerENGAGE',NULL,0,0,0,0,0,3041,1,0,NULL,'2023-11-14 21:47:08',0,0,0.0000,1,10,1,'2023-11-01 15:58:14',NULL),
(16900,0,0,'Oracle VM VirtualBox 7.0.10',NULL,0,0,0,0,0,2908,1,0,NULL,'2023-11-14 21:47:08',0,0,0.0000,1,10,1,'2023-11-01 15:58:14',NULL),
(16901,0,0,'ONLYOFFICE Desktop Editors 7.4 (x64)',NULL,0,0,0,0,0,2929,1,0,NULL,'2023-11-14 21:47:08',0,0,0.0000,1,10,1,'2023-11-01 15:58:14',NULL),
(16902,0,0,'Tenorshare 4DDiG 9.2.2.6',NULL,0,0,0,0,0,2937,1,0,NULL,'2023-11-14 21:47:08',0,0,0.0000,1,10,1,'2023-11-01 15:58:14',NULL),
(16903,0,0,'PDF-Viewer',NULL,0,0,0,0,0,2938,1,0,NULL,'2023-11-14 21:47:08',0,0,0.0000,1,10,1,'2023-11-01 15:58:14',NULL),
(16904,0,0,'spacedesk Windows DRIVER',NULL,0,0,0,0,0,2939,1,0,NULL,'2023-11-14 21:47:08',0,0,0.0000,1,10,1,'2023-11-01 15:58:14',NULL),
(16905,0,0,'Java 8 Update 371 (64-bit)',NULL,0,0,0,0,0,2907,1,0,NULL,'2023-11-12 12:41:01',0,0,0.0000,1,10,1,'2023-11-01 15:58:14',NULL),
(16906,0,0,'Dokan Library 1.4.1.1000 (x64)',NULL,0,0,0,0,0,2941,1,0,NULL,'2023-11-14 21:47:08',0,0,0.0000,1,10,1,'2023-11-01 15:58:14',NULL),
(16907,0,0,'Disk Drill 4.5.616.0 (x64)',NULL,0,0,0,0,0,2942,1,0,NULL,'2023-11-14 21:47:08',0,0,0.0000,1,10,1,'2023-11-01 15:58:14',NULL),
(16908,0,0,'VdhCoApp 1.6.1',NULL,0,0,0,0,0,2944,1,0,NULL,'2023-11-14 21:47:08',0,0,0.0000,1,10,1,'2023-11-01 15:58:14',NULL),
(16909,0,0,'GIMP 2.10.32-1',NULL,0,0,0,0,0,2946,1,0,NULL,'2023-11-14 21:47:08',0,0,0.0000,1,10,1,'2023-11-01 15:58:14',NULL),
(16910,0,0,'DBeaver 21.2.5',NULL,0,0,0,0,0,2793,1,0,NULL,'2023-11-14 21:47:08',0,0,0.0000,1,10,1,'2023-11-01 15:58:14',NULL),
(16911,0,0,'BlueStacks App Player',NULL,0,0,0,0,0,2948,1,0,NULL,'2023-11-14 21:47:08',0,0,0.0000,1,10,1,'2023-11-01 15:58:14',NULL),
(16912,0,0,'Disk Drill 4.5.616.0',NULL,0,0,0,0,0,2942,1,0,NULL,'2023-11-14 21:47:08',0,0,0.0000,1,10,1,'2023-11-01 15:58:14',NULL),
(16913,0,0,'Dokan Library 1.4.1.1000 Bundle',NULL,0,0,0,0,0,2941,1,0,NULL,'2023-11-14 21:47:08',0,0,0.0000,1,10,1,'2023-11-01 15:58:14',NULL),
(16914,0,0,'GanttProject',NULL,0,0,0,0,0,2949,1,0,NULL,'2023-11-14 21:47:08',0,0,0.0000,1,10,1,'2023-11-01 15:58:14',NULL),
(16915,0,0,'FormatFactory 5.10.0.0',NULL,0,0,0,0,0,2950,1,0,NULL,'2023-11-14 21:47:08',0,0,0.0000,1,10,1,'2023-11-01 15:58:14',NULL),
(16916,0,0,'FileZilla Client 3.53.1',NULL,0,0,0,0,0,2951,1,0,NULL,'2023-11-14 21:47:08',0,0,0.0000,1,10,1,'2023-11-01 15:58:14',NULL),
(16917,0,1,'PuTTY release 0.79 (64-bit)',NULL,0,0,0,0,0,2802,0,0,NULL,'2023-11-01 15:58:14',0,0,0.0000,1,10,1,'2023-11-01 15:58:14',NULL),
(16918,0,1,'GLPI Agent 1.5',NULL,0,0,0,0,0,2895,0,0,NULL,'2023-11-01 15:58:14',0,0,0.0000,1,10,1,'2023-11-01 15:58:14',NULL),
(16919,0,1,'Inform 7',NULL,0,0,0,0,0,2894,0,0,NULL,'2023-11-01 15:58:14',0,0,0.0000,1,10,1,'2023-11-01 15:58:14',NULL),
(16920,0,0,'Microsoft Windows 11 Professionnel',NULL,0,0,0,0,0,2900,1,0,NULL,'2023-11-14 21:47:08',0,0,0.0000,1,10,1,'2023-11-01 15:58:14',NULL),
(16921,0,0,'Image Resizer for Windows (64 bit)',NULL,0,0,0,0,0,3147,1,0,NULL,'2023-11-14 21:47:08',0,0,0.0000,1,10,1,'2023-11-01 15:58:14',NULL),
(16922,0,0,'Notepad++',NULL,0,0,0,0,0,2824,1,0,NULL,'2023-11-14 21:47:08',0,0,0.0000,1,10,1,'2023-11-01 15:58:14',NULL),
(16923,0,0,'Mozilla Firefox 87.0 (x64 fr)',NULL,0,0,0,0,0,2795,1,0,NULL,'2023-11-14 21:47:08',0,0,0.0000,1,10,1,'2023-11-01 15:58:14',NULL),
(16924,0,0,'Image Resizer for Windows',NULL,0,0,0,0,0,3147,1,0,NULL,'2023-11-14 21:47:08',0,0,0.0000,1,10,1,'2023-11-01 15:58:14',NULL),
(16925,0,0,'HOT2000 v11.10b20288',NULL,0,0,0,0,0,2954,1,0,NULL,'2023-11-14 21:47:08',0,0,0.0000,1,10,1,'2023-11-01 15:58:14',NULL),
(16926,0,0,'SketchUp Language Pack [fr]',NULL,0,0,0,0,0,3085,1,0,NULL,'2023-11-14 21:47:08',0,0,0.0000,1,10,1,'2023-11-01 15:58:14',NULL),
(16927,0,0,'SketchUpPro 2022',NULL,0,0,0,0,0,3085,1,0,NULL,'2023-11-14 21:47:08',0,0,0.0000,1,10,1,'2023-11-01 15:58:14',NULL),
(16928,0,0,'SketchUp Pro 2022',NULL,0,0,0,0,0,2959,1,0,NULL,'2023-11-14 21:47:08',0,0,0.0000,1,10,1,'2023-11-01 15:58:14',NULL),
(16929,0,0,'HOT2000 v10.31 GEN',NULL,0,0,0,0,0,3111,1,0,NULL,'2023-11-14 21:47:08',0,0,0.0000,1,10,1,'2023-11-01 15:58:14',NULL),
(16930,0,0,'HiP2P Client',NULL,0,0,0,0,0,3144,1,0,NULL,'2023-11-14 21:47:08',0,0,0.0000,1,10,1,'2023-11-01 15:58:14',NULL),
(16931,0,0,'HOT2000 v11.12b12',NULL,0,0,0,0,0,2954,1,0,NULL,'2023-11-14 21:47:08',0,0,0.0000,1,10,1,'2023-11-01 15:58:14',NULL),
(16932,0,0,'WinSCP 5.17.10',NULL,0,0,0,0,0,2857,1,0,NULL,'2023-11-14 21:47:08',0,0,0.0000,1,10,1,'2023-11-01 15:58:14',NULL),
(16933,0,0,'Impact Estimator for Buildings',NULL,0,0,0,0,0,3176,1,0,NULL,'2023-11-14 21:47:08',0,0,0.0000,1,10,1,'2023-11-01 15:58:14',NULL),
(16934,0,0,'Athena Impact Estimator for Buildings',NULL,0,0,0,0,0,3176,1,0,NULL,'2023-11-14 21:47:08',0,0,0.0000,1,10,1,'2023-11-01 15:58:14',NULL),
(16935,0,0,'AdoptOpenJDK JDK avec Hotspot 11.0.10+9 (x64)',NULL,0,0,0,0,0,3122,1,0,NULL,'2023-11-14 21:47:08',0,0,0.0000,1,10,1,'2023-11-01 15:58:14',NULL),
(16936,0,0,'SketchUp 2017',NULL,0,0,0,0,0,2959,1,0,NULL,'2023-11-14 21:47:08',0,0,0.0000,1,10,1,'2023-11-01 15:58:14',NULL),
(16937,0,0,'QGIS 3.24.1 \'\'Tisler\'\'',NULL,0,0,0,0,0,3142,1,0,NULL,'2023-11-14 21:47:08',0,0,0.0000,1,10,1,'2023-11-01 15:58:14',NULL),
(16938,0,0,'Twilight Render 2.16.02 x64 Hobby',NULL,0,0,0,0,0,2894,1,0,NULL,'2023-11-14 21:47:08',0,0,0.0000,1,10,1,'2023-11-01 15:58:14',NULL),
(16939,0,0,'Sweet Home 3D version 6.6',NULL,0,0,0,0,0,3143,1,0,NULL,'2023-11-14 21:47:08',0,0,0.0000,1,10,1,'2023-11-01 15:58:14',NULL),
(16940,0,0,'PDF Annotator 8.0.0.824',NULL,0,0,0,0,0,2953,1,0,NULL,'2023-11-14 21:47:08',0,0,0.0000,1,10,1,'2023-11-01 15:58:14',NULL),
(16941,0,0,'GIMP 2.10.22',NULL,0,0,0,0,0,2946,1,0,NULL,'2023-11-14 21:47:08',0,0,0.0000,1,10,1,'2023-11-01 15:58:14',NULL),
(16942,0,0,'SketchUpPro',NULL,0,0,0,0,0,3085,1,0,NULL,'2023-11-14 21:47:08',0,0,0.0000,1,10,1,'2023-11-01 15:58:14',NULL),
(16943,0,0,'Adobe Acrobat DC (64-bit)',NULL,0,0,0,0,0,2812,1,0,NULL,'2023-11-14 21:47:08',0,0,0.0000,1,10,1,'2023-11-01 15:58:14',NULL),
(16944,0,0,'SketchUp 2021',NULL,0,0,0,0,0,2959,1,0,NULL,'2023-11-14 21:47:08',0,0,0.0000,1,10,1,'2023-11-01 15:58:14',NULL),
(16945,0,0,'PDF Annotator 9.0.0.912',NULL,0,0,0,0,0,2953,1,0,NULL,'2023-11-14 21:47:08',0,0,0.0000,1,10,1,'2023-11-01 15:58:14',NULL),
(16946,0,0,'Autodesk DWG TrueView 2022 - English',NULL,0,0,0,0,0,2956,1,0,NULL,'2023-11-14 21:47:08',0,0,0.0000,1,10,1,'2023-11-01 15:58:14',NULL),
(16947,0,0,'Enregistrement Autodesk sur le Web et au format mobile',NULL,0,0,0,0,0,2955,1,0,NULL,'2023-11-14 21:47:08',0,0,0.0000,1,10,1,'2023-11-01 15:58:14',NULL),
(16948,0,0,'Autodesk Single Sign On Component',NULL,0,0,0,0,0,2955,1,0,NULL,'2023-11-14 21:47:08',0,0,0.0000,1,10,1,'2023-11-01 15:58:14',NULL),
(16949,0,0,'DWG TrueView 2022 - English',NULL,0,0,0,0,0,2955,1,0,NULL,'2023-11-14 21:47:08',0,0,0.0000,1,10,1,'2023-11-01 15:58:14',NULL),
(16950,0,0,'Autodesk Material Library Base Resolution Image Library 2021',NULL,0,0,0,0,0,2955,1,0,NULL,'2023-11-14 21:47:08',0,0,0.0000,1,10,1,'2023-11-01 15:58:14',NULL),
(16951,0,0,'Autodesk Material Library 2021',NULL,0,0,0,0,0,2955,1,0,NULL,'2023-11-14 21:47:08',0,0,0.0000,1,10,1,'2023-11-01 15:58:14',NULL),
(16952,0,0,'Zoom Outlook Plugin',NULL,0,0,0,0,0,3141,1,0,NULL,'2023-11-14 21:47:08',0,0,0.0000,1,10,1,'2023-11-01 15:58:14',NULL),
(16953,0,0,'PDF Annotator 8.0.0.830',NULL,0,0,0,0,0,2953,1,0,NULL,'2023-11-12 12:41:01',0,0,0.0000,1,10,1,'2023-11-01 15:58:14',NULL),
(16954,0,0,'Lenovo USB Audio',NULL,0,0,0,0,0,2904,1,0,NULL,'2023-11-14 21:47:08',0,0,0.0000,1,10,1,'2023-11-01 15:58:14',NULL),
(16955,0,0,'Autodesk DWG TrueView 2023 - English',NULL,0,0,0,0,0,2956,1,0,NULL,'2023-11-14 21:47:08',0,0,0.0000,1,10,1,'2023-11-01 15:58:14',NULL),
(16956,0,0,'Microsoft .NET Core Host FX Resolver - 3.1.29 (x64)',NULL,0,0,0,0,0,2900,1,0,NULL,'2023-11-14 21:47:08',0,0,0.0000,1,10,1,'2023-11-01 15:58:14',NULL),
(16957,0,0,'Common Desktop Agent',NULL,0,0,0,0,0,3114,1,0,NULL,'2023-11-14 21:47:08',0,0,0.0000,1,10,1,'2023-11-01 15:58:14',NULL),
(16958,0,0,'Microsoft .NET Core Host - 3.1.29 (x64)',NULL,0,0,0,0,0,2900,1,0,NULL,'2023-11-14 21:47:08',0,0,0.0000,1,10,1,'2023-11-01 15:58:14',NULL),
(16959,0,0,'DWG TrueView 2023 - English',NULL,0,0,0,0,0,2955,1,0,NULL,'2023-11-14 21:47:08',0,0,0.0000,1,10,1,'2023-11-01 15:58:14',NULL),
(16960,0,0,'Microsoft ASP.NET Core 3.1.29 Shared Framework (x64)',NULL,0,0,0,0,0,2900,1,0,NULL,'2023-11-14 21:47:08',0,0,0.0000,1,10,1,'2023-11-01 15:58:14',NULL),
(16961,0,0,'Microsoft .NET Core Runtime - 3.1.29 (x64)',NULL,0,0,0,0,0,2900,1,0,NULL,'2023-11-14 21:47:08',0,0,0.0000,1,10,1,'2023-11-01 15:58:14',NULL),
(16962,0,0,'EPSON Scan PDF EXtensions',NULL,0,0,0,0,0,3082,1,0,NULL,'2023-11-14 21:47:08',0,0,0.0000,1,10,1,'2023-11-01 15:58:14',NULL),
(16963,0,0,'Epson Event Manager',NULL,0,0,0,0,0,3031,1,0,NULL,'2023-11-14 21:47:08',0,0,0.0000,1,10,1,'2023-11-01 15:58:14',NULL),
(16964,0,0,'Windows Resource Kit Tools - SubInAcl.exe',NULL,0,0,0,0,0,2900,1,0,NULL,'2023-11-14 21:47:08',0,0,0.0000,1,10,1,'2023-11-01 15:58:14',NULL),
(16965,0,0,'Microsoft ASP.NET Core 3.1.29 - Shared Framework (x64)',NULL,0,0,0,0,0,2900,1,0,NULL,'2023-11-14 21:47:08',0,0,0.0000,1,10,1,'2023-11-01 15:58:14',NULL),
(16966,0,0,'Epson Scan OCR Component Pro',NULL,0,0,0,0,0,3031,1,0,NULL,'2023-11-14 21:47:08',0,0,0.0000,1,10,1,'2023-11-01 15:58:14',NULL),
(16967,0,0,'EPSON Scan OCR Component',NULL,0,0,0,0,0,3082,1,0,NULL,'2023-11-14 21:47:08',0,0,0.0000,1,10,1,'2023-11-01 15:58:14',NULL),
(16968,0,0,'Epson ScanSmart',NULL,0,0,0,0,0,3031,1,0,NULL,'2023-11-14 21:47:08',0,0,0.0000,1,10,1,'2023-11-01 15:58:14',NULL),
(16969,0,0,'QBFC 13.0',NULL,0,0,0,0,0,3115,1,0,NULL,'2023-11-14 21:47:08',0,0,0.0000,1,10,1,'2023-11-01 15:58:14',NULL),
(16970,0,0,'Epson Software Updater',NULL,0,0,0,0,0,3031,1,0,NULL,'2023-11-14 21:47:08',0,0,0.0000,1,10,1,'2023-11-01 15:58:14',NULL),
(16971,0,0,'Brother MFL-Pro Suite MFC-J6910DW',NULL,0,0,0,0,0,3040,1,0,NULL,'2023-11-14 21:47:08',0,0,0.0000,1,10,1,'2023-11-01 15:58:14',NULL),
(16972,0,0,'EpsonNet Config V4',NULL,0,0,0,0,0,3031,1,0,NULL,'2023-11-14 21:47:08',0,0,0.0000,1,10,1,'2023-11-01 15:58:14',NULL),
(16973,0,0,'Afficher le Mode d’emploi',NULL,0,0,0,0,0,2894,1,0,NULL,'2023-11-14 21:47:08',0,0,0.0000,1,10,1,'2023-11-01 15:58:14',NULL),
(16974,0,0,'Xerox Phaser 3260',NULL,0,0,0,0,0,2927,1,0,NULL,'2023-11-14 21:47:08',0,0,0.0000,1,10,1,'2023-11-01 15:58:14',NULL),
(16975,0,0,'Xerox Easy Wireless Setup',NULL,0,0,0,0,0,2927,1,0,NULL,'2023-11-14 21:47:08',0,0,0.0000,1,10,1,'2023-11-01 15:58:14',NULL),
(16976,0,0,'Xerox Easy Printer Manager',NULL,0,0,0,0,0,3083,1,0,NULL,'2023-11-14 21:47:08',0,0,0.0000,1,10,1,'2023-11-01 15:58:14',NULL),
(16977,0,0,'WinRAS 2019.01',NULL,0,0,0,0,0,3116,1,0,NULL,'2023-11-14 21:47:08',0,0,0.0000,1,10,1,'2023-11-01 15:58:14',NULL),
(16978,0,0,'Guide Epson ES-400_ES-500W_ES-500WR',NULL,0,0,0,0,0,3084,1,0,NULL,'2023-11-14 21:47:08',0,0,0.0000,1,10,1,'2023-11-01 15:58:14',NULL),
(16979,0,0,'Epson Scan 2',NULL,0,0,0,0,0,3031,1,0,NULL,'2023-11-14 21:47:08',0,0,0.0000,1,10,1,'2023-11-01 15:58:14',NULL),
(16980,0,0,'iCloud Outlook',NULL,0,0,0,0,0,3025,1,0,NULL,'2023-11-14 21:47:08',0,0,0.0000,1,10,1,'2023-11-01 15:58:14',NULL),
(16981,0,0,'AutoCAD 2022',NULL,0,0,0,0,0,2956,1,0,NULL,'2023-11-14 21:47:08',0,0,0.0000,1,10,1,'2023-11-01 15:58:14',NULL),
(16982,0,0,'Autodesk Inventor Interoperability 2023',NULL,0,0,0,0,0,2955,1,0,NULL,'2023-11-14 21:47:08',0,0,0.0000,1,10,1,'2023-11-01 15:58:14',NULL),
(16983,0,0,'ACA &#38; MEP 2022 Object Enabler',NULL,0,0,0,0,0,2955,1,0,NULL,'2023-11-14 21:47:08',0,0,0.0000,1,10,1,'2023-11-01 15:58:14',NULL),
(16984,0,0,'Autodesk Interoperability Engine Manager',NULL,0,0,0,0,0,3109,1,0,NULL,'2023-11-14 21:47:08',0,0,0.0000,1,10,1,'2023-11-01 15:58:14',NULL),
(16985,0,0,'Autodesk Cloud Models for Revit 2020',NULL,0,0,0,0,0,2955,1,0,NULL,'2023-11-14 21:47:08',0,0,0.0000,1,10,1,'2023-11-01 15:58:14',NULL),
(16986,0,0,'Revit Content Libraries 2020',NULL,0,0,0,0,0,2955,1,0,NULL,'2023-11-14 21:47:08',0,0,0.0000,1,10,1,'2023-11-01 15:58:14',NULL),
(16987,0,0,'ACA &#38; MEP 2023 Object Enabler',NULL,0,0,0,0,0,2955,1,0,NULL,'2023-11-14 21:47:08',0,0,0.0000,1,10,1,'2023-11-01 15:58:14',NULL),
(16988,0,0,'Microsoft ASP.NET Core 3.1.10 Shared Framework (x64)',NULL,0,0,0,0,0,2900,1,0,NULL,'2023-11-14 21:47:08',0,0,0.0000,1,10,1,'2023-11-01 15:58:14',NULL),
(16989,0,0,'FormIt Converter For Revit 2020',NULL,0,0,0,0,0,2955,1,0,NULL,'2023-11-14 21:47:08',0,0,0.0000,1,10,1,'2023-11-01 15:58:14',NULL),
(16990,0,0,'Microsoft .NET Core Host FX Resolver - 3.1.10 (x64)',NULL,0,0,0,0,0,2900,1,0,NULL,'2023-11-14 21:47:08',0,0,0.0000,1,10,1,'2023-11-01 15:58:14',NULL),
(16991,0,0,'Revit 2020',NULL,0,0,0,0,0,2955,1,0,NULL,'2023-11-14 21:47:08',0,0,0.0000,1,10,1,'2023-11-01 15:58:14',NULL),
(16992,0,0,'Autodesk Revit 2020 Revit MEP Metric Content',NULL,0,0,0,0,0,2955,1,0,NULL,'2023-11-14 21:47:08',0,0,0.0000,1,10,1,'2023-11-01 15:58:14',NULL),
(16993,0,0,'Personal Accelerator for Revit',NULL,0,0,0,0,0,2955,1,0,NULL,'2023-11-14 21:47:08',0,0,0.0000,1,10,1,'2023-11-01 15:58:14',NULL),
(16994,0,0,'Microsoft SQL Server 2014 Express LocalDB',NULL,0,0,0,0,0,2900,1,0,NULL,'2023-11-14 21:47:08',0,0,0.0000,1,10,1,'2023-11-01 15:58:14',NULL),
(16995,0,0,'Microsoft .NET Core Host - 3.1.10 (x64)',NULL,0,0,0,0,0,2900,1,0,NULL,'2023-11-14 21:47:08',0,0,0.0000,1,10,1,'2023-11-01 15:58:14',NULL),
(16996,0,0,'Ableton Live 10 Trial',NULL,0,0,0,0,0,3110,1,0,NULL,'2023-11-14 21:47:08',0,0,0.0000,1,10,1,'2023-11-01 15:58:14',NULL),
(16997,0,0,'AutoCAD 2023',NULL,0,0,0,0,0,2956,1,0,NULL,'2023-11-14 21:47:08',0,0,0.0000,1,10,1,'2023-11-01 15:58:14',NULL),
(16998,0,0,'Microsoft .NET Core Runtime - 3.1.10 (x64)',NULL,0,0,0,0,0,2900,1,0,NULL,'2023-11-14 21:47:08',0,0,0.0000,1,10,1,'2023-11-01 15:58:14',NULL),
(16999,0,0,'Autodesk Revit 2020 Revit MEP Imperial Content',NULL,0,0,0,0,0,2955,1,0,NULL,'2023-11-14 21:47:08',0,0,0.0000,1,10,1,'2023-11-01 15:58:14',NULL),
(17000,0,0,'AutoCAD Open in Desktop',NULL,0,0,0,0,0,2955,1,0,NULL,'2023-11-14 21:47:08',0,0,0.0000,1,10,1,'2023-11-01 15:58:14',NULL),
(17001,0,0,'AutoCAD 2023 Shared Language Pack - Français (French)',NULL,0,0,0,0,0,2955,1,0,NULL,'2023-11-14 21:47:08',0,0,0.0000,1,10,1,'2023-11-01 15:58:14',NULL),
(17002,0,0,'AutoCAD 2023 - Français (French)',NULL,0,0,0,0,0,2955,1,0,NULL,'2023-11-14 21:47:08',0,0,0.0000,1,10,1,'2023-11-01 15:58:14',NULL),
(17003,0,0,'AutoCAD 2023 Shared',NULL,0,0,0,0,0,2955,1,0,NULL,'2023-11-14 21:47:08',0,0,0.0000,1,10,1,'2023-11-01 15:58:14',NULL),
(17004,0,0,'AutoCAD 2022 - Français (French)',NULL,0,0,0,0,0,2955,1,0,NULL,'2023-11-14 21:47:08',0,0,0.0000,1,10,1,'2023-11-01 15:58:14',NULL),
(17005,0,0,'AutoCAD 2022 Language Pack - Français (French)',NULL,0,0,0,0,0,2955,1,0,NULL,'2023-11-14 21:47:08',0,0,0.0000,1,10,1,'2023-11-01 15:58:14',NULL),
(17006,0,0,'AutoCAD 2022',NULL,0,0,0,0,0,2955,1,0,NULL,'2023-11-14 21:47:08',0,0,0.0000,1,10,1,'2023-11-01 15:58:14',NULL),
(17007,0,0,'ACA &#38; MEP 2021 Object Enabler',NULL,0,0,0,0,0,2955,1,0,NULL,'2023-11-14 21:47:08',0,0,0.0000,1,10,1,'2023-11-01 15:58:14',NULL),
(17008,0,0,'AutoCAD 2021 - Français (French)',NULL,0,0,0,0,0,2955,1,0,NULL,'2023-11-14 21:47:08',0,0,0.0000,1,10,1,'2023-11-01 15:58:14',NULL),
(17009,0,0,'AutoCAD 2021 Language Pack - Français (French)',NULL,0,0,0,0,0,2955,1,0,NULL,'2023-11-14 21:47:08',0,0,0.0000,1,10,1,'2023-11-01 15:58:14',NULL),
(17010,0,0,'AutoCAD 2021',NULL,0,0,0,0,0,2955,1,0,NULL,'2023-11-14 21:47:08',0,0,0.0000,1,10,1,'2023-11-01 15:58:14',NULL),
(17011,0,0,'DWG TrueView 2018 - Français (French)',NULL,0,0,0,0,0,2955,1,0,NULL,'2023-11-14 21:47:08',0,0,0.0000,1,10,1,'2023-11-01 15:58:14',NULL),
(17012,0,0,'Autodesk Revit Content Libraries 2020',NULL,0,0,0,0,0,2955,1,0,NULL,'2023-11-14 21:47:08',0,0,0.0000,1,10,1,'2023-11-01 15:58:14',NULL),
(17013,0,0,'Autodesk Revit 2020',NULL,0,0,0,0,0,2955,1,0,NULL,'2023-11-14 21:47:08',0,0,0.0000,1,10,1,'2023-11-01 15:58:14',NULL),
(17014,0,0,'PDF Annotator 8.0.0.826',NULL,0,0,0,0,0,2953,1,0,NULL,'2023-11-14 21:47:08',0,0,0.0000,1,10,1,'2023-11-01 15:58:14',NULL),
(17015,0,0,'Mozilla Firefox 79.0 (x64 fr)',NULL,0,0,0,0,0,2795,1,0,NULL,'2023-11-14 21:47:08',0,0,0.0000,1,10,1,'2023-11-01 15:58:14',NULL),
(17016,0,0,'Logiciel Logitech Unifying 2.50',NULL,0,0,0,0,0,2923,1,0,NULL,'2023-11-14 21:47:08',0,0,0.0000,1,10,1,'2023-11-01 15:58:14',NULL),
(17017,0,0,'Autodesk DWG TrueView 2018 - Français (French)',NULL,0,0,0,0,0,2955,1,0,NULL,'2023-11-14 21:47:08',0,0,0.0000,1,10,1,'2023-11-01 15:58:14',NULL),
(17018,0,0,'Autodesk AutoCAD 2021 - Français (French)',NULL,0,0,0,0,0,2955,1,0,NULL,'2023-11-14 21:47:08',0,0,0.0000,1,10,1,'2023-11-01 15:58:14',NULL),
(17019,0,0,'Autodesk Advanced Material Library Base Resolution Image Library 2020',NULL,0,0,0,0,0,2955,1,0,NULL,'2023-11-14 21:47:08',0,0,0.0000,1,10,1,'2023-11-01 15:58:14',NULL),
(17020,0,0,'Autodesk AutoCAD 2021.1.2 Update',NULL,0,0,0,0,0,2955,1,0,NULL,'2023-11-14 21:47:08',0,0,0.0000,1,10,1,'2023-11-01 15:58:14',NULL),
(17021,0,0,'Applications recommandées Autodesk',NULL,0,0,0,0,0,2955,1,0,NULL,'2023-11-14 21:47:08',0,0,0.0000,1,10,1,'2023-11-01 15:58:14',NULL),
(17022,0,0,'Autodesk Material Library 2020',NULL,0,0,0,0,0,2955,1,0,NULL,'2023-11-14 21:47:08',0,0,0.0000,1,10,1,'2023-11-01 15:58:14',NULL),
(17023,0,0,'Autodesk Material Library Medium Resolution Image Library 2020',NULL,0,0,0,0,0,2955,1,0,NULL,'2023-11-14 21:47:08',0,0,0.0000,1,10,1,'2023-11-01 15:58:14',NULL),
(17024,0,0,'Autodesk Material Library 2022',NULL,0,0,0,0,0,2955,1,0,NULL,'2023-11-14 21:47:08',0,0,0.0000,1,10,1,'2023-11-01 15:58:14',NULL),
(17025,0,0,'Autodesk Material Library 2023',NULL,0,0,0,0,0,2955,1,0,NULL,'2023-11-14 21:47:08',0,0,0.0000,1,10,1,'2023-11-01 15:58:14',NULL),
(17026,0,0,'Autodesk Material Library Low Resolution Image Library 2020',NULL,0,0,0,0,0,2955,1,0,NULL,'2023-11-14 21:47:08',0,0,0.0000,1,10,1,'2023-11-01 15:58:14',NULL),
(17027,0,0,'Microsoft ASP.NET Core 3.1.10 - Shared Framework',NULL,0,0,0,0,0,2900,1,0,NULL,'2023-11-14 21:47:08',0,0,0.0000,1,10,1,'2023-11-01 15:58:14',NULL),
(17028,0,0,'MiTek Viewer',NULL,0,0,0,0,0,3112,1,0,NULL,'2023-11-14 21:47:08',0,0,0.0000,1,10,1,'2023-11-01 15:58:14',NULL),
(17029,0,0,'Autodesk Material Library Base Resolution Image Library 2022',NULL,0,0,0,0,0,2955,1,0,NULL,'2023-11-14 21:47:08',0,0,0.0000,1,10,1,'2023-11-01 15:58:14',NULL),
(17030,0,0,'Autodesk App Manager',NULL,0,0,0,0,0,2955,1,0,NULL,'2023-11-14 21:47:08',0,0,0.0000,1,10,1,'2023-11-01 15:58:14',NULL),
(17031,0,0,'SketchUp Viewer 2020',NULL,0,0,0,0,0,2959,1,0,NULL,'2023-11-14 21:47:08',0,0,0.0000,1,10,1,'2023-11-01 15:58:14',NULL),
(17032,0,0,'Autodesk Material Library Base Resolution Image Library 2023',NULL,0,0,0,0,0,2955,1,0,NULL,'2023-11-14 21:47:08',0,0,0.0000,1,10,1,'2023-11-01 15:58:14',NULL),
(17033,0,0,'HOT2000 v11.3',NULL,0,0,0,0,0,2954,1,0,NULL,'2023-11-14 21:47:08',0,0,0.0000,1,10,1,'2023-11-01 15:58:14',NULL),
(17034,0,0,'Autodesk AutoCAD Performance Feedback Tool 1.3.12',NULL,0,0,0,0,0,2955,1,0,NULL,'2023-11-14 21:47:08',0,0,0.0000,1,10,1,'2023-11-01 15:58:14',NULL),
(17035,0,0,'Autodesk Advanced Material Library Medium Resolution Image Library 2020',NULL,0,0,0,0,0,2955,1,0,NULL,'2023-11-14 21:47:08',0,0,0.0000,1,10,1,'2023-11-01 15:58:14',NULL),
(17036,0,0,'Autodesk Material Library Base Resolution Image Library 2020',NULL,0,0,0,0,0,2955,1,0,NULL,'2023-11-14 21:47:08',0,0,0.0000,1,10,1,'2023-11-01 15:58:14',NULL),
(17037,0,0,'Autodesk Advanced Material Library Low Resolution Image Library 2020',NULL,0,0,0,0,0,2955,1,0,NULL,'2023-11-14 21:47:08',0,0,0.0000,1,10,1,'2023-11-01 15:58:14',NULL),
(17038,0,0,'femm 4.2 21Apr2019',NULL,0,0,0,0,0,3113,1,0,NULL,'2023-11-14 21:47:08',0,0,0.0000,1,10,1,'2023-11-01 15:58:14',NULL),
(17039,0,0,'Audacity 2.4.2',NULL,0,0,0,0,0,3108,1,0,NULL,'2023-11-14 21:47:08',0,0,0.0000,1,10,1,'2023-11-01 15:58:14',NULL),
(17040,0,0,'7-Zip 19.00',NULL,0,0,0,0,0,2805,1,0,NULL,'2023-11-14 21:47:08',0,0,0.0000,1,10,1,'2023-11-01 15:58:14',NULL),
(17041,0,0,'PDF Architect 5 Edit Module',NULL,0,0,0,0,0,3029,1,0,NULL,'2023-11-14 21:47:08',0,0,0.0000,1,10,1,'2023-11-01 15:58:14',NULL),
(17042,0,0,'Intel(R) Wireless Manageability Driver Extension',NULL,0,0,0,0,0,2902,1,0,NULL,'2023-11-14 21:47:08',0,0,0.0000,1,10,1,'2023-11-01 15:58:14',NULL),
(17043,0,0,'Microsoft Lync Web App Plug-in',NULL,0,0,0,0,0,2900,1,0,NULL,'2023-11-14 21:47:08',0,0,0.0000,1,10,1,'2023-11-01 15:58:14',NULL),
(17044,0,0,'PDF Architect 5 View Module',NULL,0,0,0,0,0,3029,1,0,NULL,'2023-11-14 21:47:08',0,0,0.0000,1,10,1,'2023-11-01 15:58:14',NULL),
(17045,0,0,'Autodesk Network License Manager',NULL,0,0,0,0,0,2955,1,0,NULL,'2023-11-14 21:47:08',0,0,0.0000,1,10,1,'2023-11-01 15:58:14',NULL),
(17046,0,0,'Intel(R) Wireless Manageability Driver',NULL,0,0,0,0,0,2902,1,0,NULL,'2023-11-14 21:47:08',0,0,0.0000,1,10,1,'2023-11-01 15:58:14',NULL),
(17047,0,0,'AutoCAD LT 2021 - Français (French)',NULL,0,0,0,0,0,2955,1,0,NULL,'2023-11-14 21:47:08',0,0,0.0000,1,10,1,'2023-11-01 15:58:14',NULL),
(17048,0,0,'AutoCAD LT 2021 Language Pack - Français (French)',NULL,0,0,0,0,0,2955,1,0,NULL,'2023-11-14 21:47:08',0,0,0.0000,1,10,1,'2023-11-01 15:58:14',NULL),
(17049,0,0,'AutoCAD LT 2021 - English',NULL,0,0,0,0,0,2955,1,0,NULL,'2023-11-14 21:47:08',0,0,0.0000,1,10,1,'2023-11-01 15:58:14',NULL),
(17050,0,0,'Autodesk CAD Manager Tools',NULL,0,0,0,0,0,2955,1,0,NULL,'2023-11-14 21:47:08',0,0,0.0000,1,10,1,'2023-11-01 15:58:14',NULL),
(17051,0,0,'AutoCAD 2018 - English',NULL,0,0,0,0,0,2955,1,0,NULL,'2023-11-14 21:47:08',0,0,0.0000,1,10,1,'2023-11-01 15:58:14',NULL),
(17052,0,0,'AutoCAD 2018 Language Pack - English',NULL,0,0,0,0,0,2955,1,0,NULL,'2023-11-14 21:47:08',0,0,0.0000,1,10,1,'2023-11-01 15:58:14',NULL),
(17053,0,0,'DisplayLink Graphics Driver',NULL,0,0,0,0,0,2940,1,0,NULL,'2023-11-14 21:47:08',0,0,0.0000,1,10,1,'2023-11-01 15:58:14',NULL),
(17054,0,0,'PDF Architect 5 Create Module',NULL,0,0,0,0,0,3029,1,0,NULL,'2023-11-14 21:47:08',0,0,0.0000,1,10,1,'2023-11-01 15:58:14',NULL),
(17055,0,0,'Vulkan Run Time Libraries 1.0.54.1',NULL,0,0,0,0,0,2799,1,0,NULL,'2023-11-14 21:47:08',0,0,0.0000,1,10,1,'2023-11-01 15:58:14',NULL),
(17056,0,0,'PDF Annotator 8.0.0.833',NULL,0,0,0,0,0,2953,1,0,NULL,'2023-11-14 21:47:08',0,0,0.0000,1,10,1,'2023-11-01 15:58:14',NULL),
(17057,0,0,'Mozilla Firefox 65.0.1 (x64 en-US)',NULL,0,0,0,0,0,2795,1,0,NULL,'2023-11-14 21:47:08',0,0,0.0000,1,10,1,'2023-11-01 15:58:14',NULL),
(17058,0,0,'GIMP 2.8.22',NULL,0,0,0,0,0,2946,1,0,NULL,'2023-11-14 21:47:08',0,0,0.0000,1,10,1,'2023-11-01 15:58:14',NULL),
(17059,0,0,'Autodesk AutoCAD LT 2021 - Français (French)',NULL,0,0,0,0,0,2955,1,0,NULL,'2023-11-14 21:47:08',0,0,0.0000,1,10,1,'2023-11-01 15:58:14',NULL),
(17060,0,0,'Autodesk AutoCAD 2018 - English',NULL,0,0,0,0,0,2955,1,0,NULL,'2023-11-14 21:47:08',0,0,0.0000,1,10,1,'2023-11-01 15:58:14',NULL),
(17061,0,0,'Manager',NULL,0,0,0,0,0,3039,1,0,NULL,'2023-11-14 21:47:08',0,0,0.0000,1,10,1,'2023-11-01 15:58:14',NULL),
(17062,0,0,'Realtek Ethernet Controller Driver',NULL,0,0,0,0,0,2848,1,0,NULL,'2023-11-14 21:47:08',0,0,0.0000,1,10,1,'2023-11-01 15:58:14',NULL),
(17063,0,0,'HOT2000 v11.4b5',NULL,0,0,0,0,0,2954,1,0,NULL,'2023-11-14 21:47:08',0,0,0.0000,1,10,1,'2023-11-01 15:58:14',NULL),
(17064,0,0,'PDF Architect 5',NULL,0,0,0,0,0,3029,1,0,NULL,'2023-11-14 21:47:08',0,0,0.0000,1,10,1,'2023-11-01 15:58:14',NULL),
(17065,0,0,'Inkscape 0.92.2',NULL,0,0,0,0,0,3061,1,0,NULL,'2023-11-14 21:47:08',0,0,0.0000,1,10,1,'2023-11-01 15:58:14',NULL),
(17066,0,0,'Microsoft Office Famille et Petite Entreprise 2021 - fr-fr',NULL,0,0,0,0,0,2900,1,0,NULL,'2023-11-14 21:47:08',0,0,0.0000,1,10,1,'2023-11-01 15:58:14',NULL),
(17067,0,0,'PDF Annotator 8.0.0.839',NULL,0,0,0,0,0,2953,1,0,NULL,'2023-11-14 21:47:08',0,0,0.0000,1,10,1,'2023-11-01 15:58:14',NULL),
(17068,0,0,'Via 10.0.18.0',NULL,0,0,0,0,0,3097,1,0,NULL,'2023-11-14 21:47:08',0,0,0.0000,1,10,1,'2023-11-01 15:58:14',NULL),
(17069,0,0,'NVIDIA RTX Desktop Manager 204.26',NULL,0,0,0,0,0,3023,1,0,NULL,'2023-11-14 21:47:08',0,0,0.0000,1,10,1,'2023-11-01 15:58:14',NULL),
(17070,0,0,'NVIDIA Graphics Driver 529.08',NULL,0,0,0,0,0,3023,1,0,NULL,'2023-11-14 21:47:08',0,0,0.0000,1,10,1,'2023-11-01 15:58:14',NULL),
(17071,0,0,'Microsoft 365 - en-us',NULL,0,0,0,0,0,2900,1,0,NULL,'2023-11-14 21:47:08',0,0,0.0000,1,10,1,'2023-11-01 15:58:14',NULL),
(17072,0,0,'NVIDIA Platform Controllers and Framework',NULL,0,0,0,0,0,3023,1,0,NULL,'2023-11-14 21:47:08',0,0,0.0000,1,10,1,'2023-11-01 15:58:14',NULL),
(17073,0,0,'NVIDIA HD Audio Driver 1.3.39.16',NULL,0,0,0,0,0,3023,1,0,NULL,'2023-11-14 21:47:08',0,0,0.0000,1,10,1,'2023-11-01 15:58:14',NULL),
(17074,0,0,'NVIDIA Virtual Audio 4.45.0.0',NULL,0,0,0,0,0,3023,1,0,NULL,'2023-11-14 21:47:08',0,0,0.0000,1,10,1,'2023-11-01 15:58:14',NULL),
(17075,0,0,'NVIDIA Update Core',NULL,0,0,0,0,0,3023,1,0,NULL,'2023-11-14 21:47:08',0,0,0.0000,1,10,1,'2023-11-01 15:58:14',NULL),
(17076,0,0,'NVIDIA SHIELD Wireless Controller Driver',NULL,0,0,0,0,0,3023,1,0,NULL,'2023-11-14 21:47:08',0,0,0.0000,1,10,1,'2023-11-01 15:58:14',NULL),
(17077,0,0,'NVIDIA ShadowPlay 3.25.5.14',NULL,0,0,0,0,0,3023,1,0,NULL,'2023-11-14 21:47:08',0,0,0.0000,1,10,1,'2023-11-01 15:58:14',NULL),
(17078,0,0,'Nvidia Share',NULL,0,0,0,0,0,3023,1,0,NULL,'2023-11-14 21:47:08',0,0,0.0000,1,10,1,'2023-11-01 15:58:14',NULL),
(17079,0,0,'NVIDIA Virtual Host Controller',NULL,0,0,0,0,0,3023,1,0,NULL,'2023-11-14 21:47:08',0,0,0.0000,1,10,1,'2023-11-01 15:58:14',NULL),
(17080,0,0,'NVIDIA Telemetry Client',NULL,0,0,0,0,0,3023,1,0,NULL,'2023-11-14 21:47:08',0,0,0.0000,1,10,1,'2023-11-01 15:58:14',NULL),
(17081,0,0,'NVIDIA Watchdog Plugin for NvContainer',NULL,0,0,0,0,0,3023,1,0,NULL,'2023-11-14 21:47:08',0,0,0.0000,1,10,1,'2023-11-01 15:58:14',NULL),
(17082,0,0,'NVIDIA NodeJS',NULL,0,0,0,0,0,3023,1,0,NULL,'2023-11-14 21:47:08',0,0,0.0000,1,10,1,'2023-11-01 15:58:14',NULL),
(17083,0,0,'NVIDIA User Container',NULL,0,0,0,0,0,3023,1,0,NULL,'2023-11-14 21:47:08',0,0,0.0000,1,10,1,'2023-11-01 15:58:14',NULL),
(17084,0,0,'NVIDIA Session Container',NULL,0,0,0,0,0,3023,1,0,NULL,'2023-11-14 21:47:08',0,0,0.0000,1,10,1,'2023-11-01 15:58:14',NULL),
(17085,0,0,'NVIDIA NetworkService Container',NULL,0,0,0,0,0,3023,1,0,NULL,'2023-11-14 21:47:08',0,0,0.0000,1,10,1,'2023-11-01 15:58:14',NULL),
(17086,0,0,'NVIDIA NVAPI Monitor plugin for NvContainer',NULL,0,0,0,0,0,3023,1,0,NULL,'2023-11-14 21:47:08',0,0,0.0000,1,10,1,'2023-11-01 15:58:14',NULL),
(17087,0,0,'NVIDIA Message Bus for NvContainer',NULL,0,0,0,0,0,3023,1,0,NULL,'2023-11-14 21:47:08',0,0,0.0000,1,10,1,'2023-11-01 15:58:14',NULL),
(17088,0,0,'NVIDIA LocalSystem Container',NULL,0,0,0,0,0,3023,1,0,NULL,'2023-11-14 21:47:08',0,0,0.0000,1,10,1,'2023-11-01 15:58:14',NULL),
(17089,0,0,'NVIDIA TelemetryApi helper for NvContainer',NULL,0,0,0,0,0,3023,1,0,NULL,'2023-11-14 21:47:08',0,0,0.0000,1,10,1,'2023-11-01 15:58:14',NULL),
(17090,0,0,'NVIDIA Container',NULL,0,0,0,0,0,3023,1,0,NULL,'2023-11-14 21:47:08',0,0,0.0000,1,10,1,'2023-11-01 15:58:14',NULL),
(17091,0,0,'NVIDIA Backend',NULL,0,0,0,0,0,3023,1,0,NULL,'2023-11-14 21:47:08',0,0,0.0000,1,10,1,'2023-11-01 15:58:14',NULL),
(17092,0,0,'NVIDIA GPX Common OSS binaries (POCO, OpenSSL, libprotobuf)',NULL,0,0,0,0,0,3023,1,0,NULL,'2023-11-14 21:47:08',0,0,0.0000,1,10,1,'2023-11-01 15:58:14',NULL),
(17093,0,0,'NVIDIA SHIELD Streaming',NULL,0,0,0,0,0,3023,1,0,NULL,'2023-11-14 21:47:08',0,0,0.0000,1,10,1,'2023-11-01 15:58:14',NULL),
(17094,0,0,'NVIDIA Update 39.3.2.0',NULL,0,0,0,0,0,3023,1,0,NULL,'2023-11-14 21:47:08',0,0,0.0000,1,10,1,'2023-11-01 15:58:14',NULL),
(17095,0,0,'NVIDIA RTX Experience 1.4.1.15',NULL,0,0,0,0,0,3023,1,0,NULL,'2023-11-14 21:47:08',0,0,0.0000,1,10,1,'2023-11-01 15:58:14',NULL),
(17096,0,0,'NVIDIA Optimus Update 39.3.2.0',NULL,0,0,0,0,0,3023,1,0,NULL,'2023-11-14 21:47:08',0,0,0.0000,1,10,1,'2023-11-01 15:58:14',NULL),
(17097,0,0,'NVIDIA USBC Driver 1.46.831.832',NULL,0,0,0,0,0,3023,1,0,NULL,'2023-11-14 21:47:08',0,0,0.0000,1,10,1,'2023-11-01 15:58:14',NULL),
(17098,0,0,'NVIDIA FrameView SDK 1.1.4923.29781331',NULL,0,0,0,0,0,3023,1,0,NULL,'2023-11-14 21:47:08',0,0,0.0000,1,10,1,'2023-11-01 15:58:14',NULL),
(17099,0,0,'Windows PC Health Check',NULL,0,0,0,0,0,2900,1,0,NULL,'2023-11-14 21:47:08',0,0,0.0000,1,10,1,'2023-11-01 15:58:14',NULL),
(17100,0,0,'AutoCAD LT 2021 Language Pack - English',NULL,0,0,0,0,0,2955,1,0,NULL,'2023-11-14 21:47:08',0,0,0.0000,1,10,1,'2023-11-01 15:58:14',NULL),
(17101,0,0,'PDF Annotator 8.0.0.834',NULL,0,0,0,0,0,2953,1,0,NULL,'2023-11-14 21:47:08',0,0,0.0000,1,10,1,'2023-11-01 15:58:14',NULL),
(17102,0,0,'Autodesk AutoCAD LT 2021 - English',NULL,0,0,0,0,0,2955,1,0,NULL,'2023-11-14 21:47:08',0,0,0.0000,1,10,1,'2023-11-01 15:58:14',NULL),
(17103,0,0,'Microsoft .NET Host - 6.0.24 (x64)',NULL,0,0,0,0,0,2900,1,0,NULL,'2023-11-14 21:47:08',0,0,0.0000,1,10,1,'2023-11-01 15:58:14',NULL),
(17104,0,0,'msi_revit_importer',NULL,0,0,0,0,0,3094,1,0,NULL,'2023-11-14 21:47:08',0,0,0.0000,1,10,1,'2023-11-01 15:58:14',NULL),
(17105,0,0,'SketchUp 2023',NULL,0,0,0,0,0,3094,1,0,NULL,'2023-11-14 21:47:08',0,0,0.0000,1,10,1,'2023-11-01 15:58:14',NULL),
(17106,0,0,'Microsoft Windows Desktop Runtime - 6.0.24 (x64)',NULL,0,0,0,0,0,2900,1,0,NULL,'2023-11-14 21:47:08',0,0,0.0000,1,10,1,'2023-11-01 15:58:14',NULL),
(17107,0,0,'Microsoft .NET Runtime - 6.0.24 (x64)',NULL,0,0,0,0,0,2900,1,0,NULL,'2023-11-14 21:47:08',0,0,0.0000,1,10,1,'2023-11-01 15:58:14',NULL),
(17108,0,0,'Microsoft .NET Host FX Resolver - 6.0.24 (x64)',NULL,0,0,0,0,0,2900,1,0,NULL,'2023-11-14 21:47:08',0,0,0.0000,1,10,1,'2023-11-01 15:58:14',NULL),
(17109,0,0,'msi_scan_essentials_lo',NULL,0,0,0,0,0,3094,1,0,NULL,'2023-11-14 21:47:08',0,0,0.0000,1,10,1,'2023-11-01 15:58:14',NULL),
(17110,0,0,'msi_scan_essentials_su',NULL,0,0,0,0,0,3094,1,0,NULL,'2023-11-14 21:47:08',0,0,0.0000,1,10,1,'2023-11-01 15:58:14',NULL),
(17111,0,0,'Microsoft ASP.NET Core 6.0.24 Shared Framework (x64)',NULL,0,0,0,0,0,2900,1,0,NULL,'2023-11-14 21:47:08',0,0,0.0000,1,10,1,'2023-11-01 15:58:14',NULL),
(17112,0,0,'Microsoft ASP.NET Core 6.0.24 - Shared Framework (x64)',NULL,0,0,0,0,0,2900,1,0,NULL,'2023-11-14 21:47:08',0,0,0.0000,1,10,1,'2023-11-01 15:58:14',NULL),
(17113,0,0,'SketchUp 2023',NULL,0,0,0,0,0,2959,1,0,NULL,'2023-11-14 21:47:08',0,0,0.0000,1,10,1,'2023-11-01 15:58:14',NULL),
(17114,0,0,'Adobe Acrobat',NULL,0,0,0,0,0,2915,1,0,NULL,'2023-11-14 21:47:08',0,0,0.0000,1,10,1,'2023-11-01 15:58:14',NULL),
(17115,0,0,'SketchUpPro 2022',NULL,0,0,0,0,0,3094,1,0,NULL,'2023-11-14 21:47:08',0,0,0.0000,1,10,1,'2023-11-01 15:58:14',NULL),
(17116,0,0,'Autodesk AutoCAD LT 2024 - English',NULL,0,0,0,0,0,2956,1,0,NULL,'2023-11-14 21:47:08',0,0,0.0000,1,10,1,'2023-11-01 15:58:14',NULL),
(17117,0,0,'AutoCAD LT 2024 - English',NULL,0,0,0,0,0,2955,1,0,NULL,'2023-11-14 21:47:08',0,0,0.0000,1,10,1,'2023-11-01 15:58:14',NULL),
(17118,0,0,'AutoCAD LT Private',NULL,0,0,0,0,0,2955,1,0,NULL,'2023-11-14 21:47:08',0,0,0.0000,1,10,1,'2023-11-01 15:58:14',NULL),
(17119,0,0,'Autodesk Identity Manager',NULL,0,0,0,0,0,2955,1,0,NULL,'2023-11-14 21:47:08',0,0,0.0000,1,10,1,'2023-11-01 15:58:14',NULL),
(17120,0,0,'Autodesk Save to Web and Mobile',NULL,0,0,0,0,0,2955,1,0,NULL,'2023-11-14 21:47:08',0,0,0.0000,1,10,1,'2023-11-01 15:58:14',NULL),
(17121,0,0,'Print to PDF Annotator (novaPDF OEM 7.7 printer)',NULL,0,0,0,0,0,2961,1,0,NULL,'2023-11-14 21:47:08',0,0,0.0000,1,10,1,'2023-11-01 15:58:14',NULL),
(17122,0,0,'Microsoft .NET Core Host FX Resolver - 3.1.32 (x64)',NULL,0,0,0,0,0,2900,1,0,NULL,'2023-11-14 21:47:08',0,0,0.0000,1,10,1,'2023-11-01 15:58:14',NULL),
(17123,0,0,'Microsoft .NET Core Runtime - 3.1.32 (x64)',NULL,0,0,0,0,0,2900,1,0,NULL,'2023-11-14 21:47:08',0,0,0.0000,1,10,1,'2023-11-01 15:58:14',NULL),
(17124,0,0,'Microsoft .NET Core Host - 3.1.32 (x64)',NULL,0,0,0,0,0,2900,1,0,NULL,'2023-11-14 21:47:08',0,0,0.0000,1,10,1,'2023-11-01 15:58:14',NULL),
(17125,0,0,'Microsoft ASP.NET Core 3.1.32 Shared Framework (x64)',NULL,0,0,0,0,0,2900,1,0,NULL,'2023-11-14 21:47:08',0,0,0.0000,1,10,1,'2023-11-01 15:58:14',NULL),
(17126,0,0,'Microsoft ASP.NET Core 3.1.32 - Shared Framework (x64)',NULL,0,0,0,0,0,2900,1,0,NULL,'2023-11-14 21:47:08',0,0,0.0000,1,10,1,'2023-11-01 15:58:14',NULL),
(17127,0,0,'NVIDIA Display Session Container',NULL,0,0,0,0,0,3023,1,0,NULL,'2023-11-14 21:47:08',0,0,0.0000,1,10,1,'2023-11-01 15:58:14',NULL),
(17128,0,0,'NVIDIA Display Watchdog Plugin',NULL,0,0,0,0,0,3023,1,0,NULL,'2023-11-14 21:47:08',0,0,0.0000,1,10,1,'2023-11-01 15:58:14',NULL),
(17129,0,0,'NVIDIA Display Container LS',NULL,0,0,0,0,0,3023,1,0,NULL,'2023-11-14 21:47:08',0,0,0.0000,1,10,1,'2023-11-01 15:58:14',NULL),
(17130,0,0,'NVIDIA Display Container',NULL,0,0,0,0,0,3023,1,0,NULL,'2023-11-14 21:47:08',0,0,0.0000,1,10,1,'2023-11-01 15:58:14',NULL),
(17131,0,0,'NVIDIA HD Audio Driver 1.3.38.13',NULL,0,0,0,0,0,3023,1,0,NULL,'2023-11-14 21:47:08',0,0,0.0000,1,10,1,'2023-11-01 15:58:14',NULL),
(17132,0,0,'NVIDIA WMI 2.33.0',NULL,0,0,0,0,0,3023,1,0,NULL,'2023-11-14 21:47:08',0,0,0.0000,1,10,1,'2023-11-01 15:58:14',NULL),
(17133,0,0,'NVIDIA 3D Vision Controller Driver 390.41',NULL,0,0,0,0,0,3023,1,0,NULL,'2023-11-14 21:47:08',0,0,0.0000,1,10,1,'2023-11-01 15:58:14',NULL),
(17134,0,0,'NVIDIA Graphics Driver 426.78',NULL,0,0,0,0,0,3023,1,0,NULL,'2023-11-14 21:47:08',0,0,0.0000,1,10,1,'2023-11-01 15:58:14',NULL),
(17135,0,0,'NVIDIA Control Panel 426.78',NULL,0,0,0,0,0,3023,1,0,NULL,'2023-11-14 21:47:08',0,0,0.0000,1,10,1,'2023-11-01 15:58:14',NULL),
(17136,0,0,'NVIDIA 3D Vision Driver 426.78',NULL,0,0,0,0,0,3023,1,0,NULL,'2023-11-14 21:47:08',0,0,0.0000,1,10,1,'2023-11-01 15:58:14',NULL),
(17137,0,0,'NVIDIA Ansel',NULL,0,0,0,0,0,3023,1,0,NULL,'2023-11-14 21:47:08',0,0,0.0000,1,10,1,'2023-11-01 15:58:14',NULL),
(17138,0,0,'A360 Desktop',NULL,0,0,0,0,0,2955,1,0,NULL,'2023-11-14 21:47:08',0,0,0.0000,1,10,1,'2023-11-01 15:58:14',NULL),
(17139,0,0,'O2Micro Flash Memory Card Windows Driver',NULL,0,0,0,0,0,3093,1,0,NULL,'2023-11-14 21:47:08',0,0,0.0000,1,10,1,'2023-11-01 15:58:14',NULL),
(17140,0,0,'Autodesk Content Service Language Pack',NULL,0,0,0,0,0,2955,1,0,NULL,'2023-11-14 21:47:08',0,0,0.0000,1,10,1,'2023-11-01 15:58:14',NULL),
(17141,0,0,'Autodesk Content Service',NULL,0,0,0,0,0,2955,1,0,NULL,'2023-11-14 21:47:08',0,0,0.0000,1,10,1,'2023-11-01 15:58:14',NULL),
(17142,0,0,'Dolby Digital Plus Home Theater',NULL,0,0,0,0,0,2965,1,0,NULL,'2023-11-14 21:47:08',0,0,0.0000,1,10,1,'2023-11-01 15:58:14',NULL),
(17143,0,0,'AutoCAD LT 2016 - English',NULL,0,0,0,0,0,2955,1,0,NULL,'2023-11-14 21:47:08',0,0,0.0000,1,10,1,'2023-11-01 15:58:14',NULL),
(17144,0,0,'AutoCAD LT 2016 Language Pack - English',NULL,0,0,0,0,0,2955,1,0,NULL,'2023-11-14 21:47:08',0,0,0.0000,1,10,1,'2023-11-01 15:58:14',NULL),
(17145,0,0,'Autodesk AutoCAD LT 2022 - English',NULL,0,0,0,0,0,2956,1,0,NULL,'2023-11-14 21:47:08',0,0,0.0000,1,10,1,'2023-11-01 15:58:14',NULL),
(17146,0,0,'AutoCAD LT 2022 - English',NULL,0,0,0,0,0,2955,1,0,NULL,'2023-11-14 21:47:08',0,0,0.0000,1,10,1,'2023-11-01 15:58:14',NULL),
(17147,0,0,'AutoCAD LT 2022 Language Pack - English',NULL,0,0,0,0,0,2955,1,0,NULL,'2023-11-14 21:47:08',0,0,0.0000,1,10,1,'2023-11-01 15:58:14',NULL),
(17148,0,0,'Autodesk AutoCAD LT 2016 - English',NULL,0,0,0,0,0,2955,1,0,NULL,'2023-11-14 21:47:08',0,0,0.0000,1,10,1,'2023-11-01 15:58:14',NULL),
(17149,0,0,'Autodesk Advanced Material Library Image Library 2016',NULL,0,0,0,0,0,2955,1,0,NULL,'2023-11-14 21:47:08',0,0,0.0000,1,10,1,'2023-11-01 15:58:14',NULL),
(17150,0,0,'Autodesk Material Library Base Resolution Image Library 2016',NULL,0,0,0,0,0,2955,1,0,NULL,'2023-11-14 21:47:08',0,0,0.0000,1,10,1,'2023-11-01 15:58:14',NULL),
(17151,0,0,'Autodesk Download Manager',NULL,0,0,0,0,0,2956,1,0,NULL,'2023-11-14 21:47:08',0,0,0.0000,1,10,1,'2023-11-01 15:58:14',NULL),
(17152,0,0,'Autodesk Material Library 2016',NULL,0,0,0,0,0,2955,1,0,NULL,'2023-11-14 21:47:08',0,0,0.0000,1,10,1,'2023-11-01 15:58:14',NULL),
(17153,0,0,'NVIDIA Stereoscopic 3D Driver',NULL,0,0,0,0,0,3023,1,0,NULL,'2023-11-14 21:47:08',0,0,0.0000,1,10,1,'2023-11-01 15:58:14',NULL),
(17154,0,0,'Adobe Creative Cloud',NULL,0,0,0,0,0,3060,1,0,NULL,'2023-11-14 21:47:08',0,0,0.0000,1,10,1,'2023-11-01 15:58:14',NULL),
(17155,0,0,'NVIDIA Graphics Driver 517.66',NULL,0,0,0,0,0,3023,1,0,NULL,'2023-11-14 21:47:08',0,0,0.0000,1,10,1,'2023-11-01 15:58:14',NULL),
(17156,0,0,'SketchUpPro 2021',NULL,0,0,0,0,0,3085,1,0,NULL,'2023-11-14 21:47:08',0,0,0.0000,1,10,1,'2023-11-01 15:58:14',NULL),
(17157,0,0,'NVIDIA HD Audio Driver 1.3.39.14',NULL,0,0,0,0,0,3023,1,0,NULL,'2023-11-14 21:47:08',0,0,0.0000,1,10,1,'2023-11-01 15:58:14',NULL),
(17158,0,0,'NVIDIA RTX Desktop Manager 203.20',NULL,0,0,0,0,0,3023,1,0,NULL,'2023-11-14 21:47:08',0,0,0.0000,1,10,1,'2023-11-01 15:58:14',NULL),
(17159,0,0,'SketchUp Pro 2021',NULL,0,0,0,0,0,2959,1,0,NULL,'2023-11-14 21:47:08',0,0,0.0000,1,10,1,'2023-11-01 15:58:14',NULL),
(17160,0,0,'PDF Annotator 8.0.0.828',NULL,0,0,0,0,0,2953,1,0,NULL,'2023-11-14 21:47:08',0,0,0.0000,1,10,1,'2023-11-01 15:58:14',NULL),
(17161,0,0,'NordUpdater',NULL,0,0,0,0,0,3057,1,0,NULL,'2023-11-14 21:47:08',0,0,0.0000,1,10,1,'2023-11-01 15:58:14',NULL),
(17162,0,0,'NordVPN',NULL,0,0,0,0,0,3057,1,0,NULL,'2023-11-14 21:47:08',0,0,0.0000,1,10,1,'2023-11-01 15:58:14',NULL),
(17163,0,0,'NordVPN network TAP',NULL,0,0,0,0,0,3058,1,0,NULL,'2023-11-14 21:47:08',0,0,0.0000,1,10,1,'2023-11-01 15:58:14',NULL),
(17164,0,0,'Antidote - Connectix 10',NULL,0,0,0,0,0,3056,1,0,NULL,'2023-11-14 21:47:08',0,0,0.0000,1,10,1,'2023-11-01 15:58:14',NULL),
(17165,0,0,'Antidote 10 - Module français',NULL,0,0,0,0,0,3056,1,0,NULL,'2023-11-14 21:47:08',0,0,0.0000,1,10,1,'2023-11-01 15:58:14',NULL),
(17166,0,0,'Antidote 10',NULL,0,0,0,0,0,3056,1,0,NULL,'2023-11-14 21:47:08',0,0,0.0000,1,10,1,'2023-11-01 15:58:14',NULL),
(17167,0,0,'Lenovo USB Audio',NULL,0,0,0,0,0,2968,1,0,NULL,'2023-11-14 21:47:08',0,0,0.0000,1,10,1,'2023-11-01 15:58:14',NULL),
(17168,0,0,'ThinkPad Thunderbolt 3 Dock',NULL,0,0,0,0,0,2904,1,0,NULL,'2023-11-14 21:47:08',0,0,0.0000,1,10,1,'2023-11-01 15:58:14',NULL),
(17169,0,0,'Microsoft Windows 11 Pro',NULL,0,0,0,0,0,2900,1,0,NULL,'2023-11-14 21:47:08',0,0,0.0000,1,10,1,'2023-11-01 15:58:14',NULL),
(17170,0,0,'Paradox Launcher v2',NULL,0,0,0,0,0,2958,1,0,NULL,'2023-11-14 21:47:08',0,0,0.0000,1,10,1,'2023-11-01 15:58:14',NULL),
(17171,0,0,'Logiciel de base du périphérique HP OfficeJet Pro 7740 series',NULL,0,0,0,0,0,2960,1,0,NULL,'2023-11-14 21:47:08',0,0,0.0000,1,10,1,'2023-11-01 15:58:14',NULL),
(17172,0,0,'AutoCAD 2021 - English',NULL,0,0,0,0,0,2955,1,0,NULL,'2023-11-14 21:47:08',0,0,0.0000,1,10,1,'2023-11-01 15:58:14',NULL),
(17173,0,0,'AutoCAD 2021 Language Pack - English',NULL,0,0,0,0,0,2955,1,0,NULL,'2023-11-14 21:47:08',0,0,0.0000,1,10,1,'2023-11-01 15:58:14',NULL),
(17174,0,0,'Mozilla Firefox 74.0 (x64 en-US)',NULL,0,0,0,0,0,2795,1,0,NULL,'2023-11-14 21:47:08',0,0,0.0000,1,10,1,'2023-11-01 15:58:14',NULL),
(17175,0,0,'FileOpen Client B996',NULL,0,0,0,0,0,2947,1,0,NULL,'2023-11-14 21:47:08',0,0,0.0000,1,10,1,'2023-11-01 15:58:14',NULL),
(17176,0,0,'Autodesk AutoCAD 2021 - English',NULL,0,0,0,0,0,2955,1,0,NULL,'2023-11-14 21:47:08',0,0,0.0000,1,10,1,'2023-11-01 15:58:14',NULL),
(17177,0,0,'Autodesk App Manager 2020-2021',NULL,0,0,0,0,0,2955,1,0,NULL,'2023-11-14 21:47:08',0,0,0.0000,1,10,1,'2023-11-01 15:58:14',NULL),
(17178,0,0,'Applications recommandées Autodesk 2020-2021',NULL,0,0,0,0,0,2955,1,0,NULL,'2023-11-14 21:47:08',0,0,0.0000,1,10,1,'2023-11-01 15:58:14',NULL),
(17179,0,0,'Skype version 8.58',NULL,0,0,0,0,0,2933,1,0,NULL,'2023-11-14 21:47:08',0,0,0.0000,1,10,1,'2023-11-01 15:58:14',NULL),
(17180,0,0,'AutoCAD 2022 - English',NULL,0,0,0,0,0,2955,1,0,NULL,'2023-11-14 21:47:08',0,0,0.0000,1,10,1,'2023-11-01 15:58:14',NULL),
(17181,0,0,'AutoCAD 2022 Language Pack - English',NULL,0,0,0,0,0,2955,1,0,NULL,'2023-11-14 21:47:08',0,0,0.0000,1,10,1,'2023-11-01 15:58:14',NULL),
(17182,0,0,'FARO LS 1.1.700.0 (64bit)',NULL,0,0,0,0,0,3035,1,0,NULL,'2023-11-14 21:47:08',0,0,0.0000,1,10,1,'2023-11-01 15:58:14',NULL),
(17183,0,0,'Autodesk App Manager 2016-2019',NULL,0,0,0,0,0,2955,1,0,NULL,'2023-11-14 21:47:08',0,0,0.0000,1,10,1,'2023-11-01 15:58:14',NULL),
(17184,0,0,'Applications recommandées Autodesk 2016-2019',NULL,0,0,0,0,0,2955,1,0,NULL,'2023-11-14 21:47:08',0,0,0.0000,1,10,1,'2023-11-01 15:58:14',NULL),
(17185,0,0,'Microsoft Windows 7 Professional',NULL,0,0,0,0,0,2900,1,0,NULL,'2023-11-14 21:47:08',0,0,0.0000,1,10,1,'2023-11-01 15:58:14',NULL),
(17186,0,0,'Autodesk License Service (x64) - 7.1.4',NULL,0,0,0,0,0,2955,1,0,NULL,'2023-11-14 21:47:08',0,0,0.0000,1,10,1,'2023-11-01 15:58:14',NULL),
(17187,0,0,'Microsoft .NET Framework 4.8 (FRA)',NULL,0,0,0,0,0,2900,1,0,NULL,'2023-11-14 21:47:08',0,0,0.0000,1,10,1,'2023-11-01 15:58:14',NULL),
(17188,0,0,'AMD Catalyst Install Manager',NULL,0,0,0,0,0,3022,1,0,NULL,'2023-11-14 21:47:08',0,0,0.0000,1,10,1,'2023-11-01 15:58:14',NULL),
(17189,0,0,'ccc-utility64',NULL,0,0,0,0,0,3022,1,0,NULL,'2023-11-14 21:47:08',0,0,0.0000,1,10,1,'2023-11-01 15:58:14',NULL),
(17190,0,0,'Intel(R) PROSet/Wireless for Bluetooth(R) + High Speed',NULL,0,0,0,0,0,2902,1,0,NULL,'2023-11-14 21:47:08',0,0,0.0000,1,10,1,'2023-11-01 15:58:14',NULL),
(17191,0,0,'NVIDIA HD Audio Driver 1.3.26.4',NULL,0,0,0,0,0,3023,1,0,NULL,'2023-11-14 21:47:08',0,0,0.0000,1,10,1,'2023-11-01 15:58:14',NULL),
(17192,0,0,'NVIDIA PhysX System Software 9.13.0325',NULL,0,0,0,0,0,3023,1,0,NULL,'2023-11-14 21:47:08',0,0,0.0000,1,10,1,'2023-11-01 15:58:14',NULL),
(17193,0,0,'NVIDIA WMI 2.14.0',NULL,0,0,0,0,0,3023,1,0,NULL,'2023-11-14 21:47:08',0,0,0.0000,1,10,1,'2023-11-01 15:58:14',NULL),
(17194,0,0,'NVIDIA nView 140.62',NULL,0,0,0,0,0,3023,1,0,NULL,'2023-11-14 21:47:08',0,0,0.0000,1,10,1,'2023-11-01 15:58:14',NULL),
(17195,0,0,'NVIDIA Graphics Driver 327.02',NULL,0,0,0,0,0,3023,1,0,NULL,'2023-11-14 21:47:08',0,0,0.0000,1,10,1,'2023-11-01 15:58:14',NULL),
(17196,0,0,'NVIDIA Control Panel 327.02',NULL,0,0,0,0,0,3023,1,0,NULL,'2023-11-14 21:47:08',0,0,0.0000,1,10,1,'2023-11-01 15:58:14',NULL),
(17197,0,0,'NVIDIA 3D Vision Driver 327.02',NULL,0,0,0,0,0,3023,1,0,NULL,'2023-11-14 21:47:08',0,0,0.0000,1,10,1,'2023-11-01 15:58:14',NULL),
(17198,0,0,'Autodesk Inventor Server Engine for 3ds Max 2019',NULL,0,0,0,0,0,2955,1,0,NULL,'2023-11-14 21:47:08',0,0,0.0000,1,10,1,'2023-11-01 15:58:14',NULL),
(17199,0,0,'Revit LT Content Libraries 2020',NULL,0,0,0,0,0,2955,1,0,NULL,'2023-11-14 21:47:08',0,0,0.0000,1,10,1,'2023-11-01 15:58:14',NULL),
(17200,0,0,'Lenovo USB Graphics',NULL,0,0,0,0,0,2785,1,0,NULL,'2023-11-14 21:47:08',0,0,0.0000,1,10,1,'2023-11-01 15:58:14',NULL),
(17201,0,0,'Microsoft .NET Framework 4.8 (Français)',NULL,0,0,0,0,0,2900,1,0,NULL,'2023-11-14 21:47:08',0,0,0.0000,1,10,1,'2023-11-01 15:58:14',NULL),
(17202,0,0,'3ds Max Interactive DCC Link',NULL,0,0,0,0,0,2955,1,0,NULL,'2023-11-14 21:47:08',0,0,0.0000,1,10,1,'2023-11-01 15:58:14',NULL),
(17203,0,0,'Autodesk Inventor Server Engine for 3ds Max 2016',NULL,0,0,0,0,0,2955,1,0,NULL,'2023-11-14 21:47:08',0,0,0.0000,1,10,1,'2023-11-01 15:58:14',NULL),
(17204,0,0,'DisplayLink Core Software',NULL,0,0,0,0,0,2940,1,0,NULL,'2023-11-14 21:47:08',0,0,0.0000,1,10,1,'2023-11-01 15:58:14',NULL),
(17205,0,0,'Motorola Mobile Drivers Installation 6.3.0',NULL,0,0,0,0,0,3024,1,0,NULL,'2023-11-14 21:47:08',0,0,0.0000,1,10,1,'2023-11-01 15:58:14',NULL),
(17206,0,0,'Revit LT 2020',NULL,0,0,0,0,0,2955,1,0,NULL,'2023-11-14 21:47:08',0,0,0.0000,1,10,1,'2023-11-01 15:58:14',NULL),
(17207,0,0,'Autodesk Civil View for 3ds Max 2019 64-bit',NULL,0,0,0,0,0,2955,1,0,NULL,'2023-11-14 21:47:08',0,0,0.0000,1,10,1,'2023-11-01 15:58:14',NULL),
(17208,0,0,'MAXtoA for 3ds Max 2019',NULL,0,0,0,0,0,3026,1,0,NULL,'2023-11-14 21:47:08',0,0,0.0000,1,10,1,'2023-11-01 15:58:14',NULL),
(17209,0,0,'Autodesk 3ds Max 2016 Populate Data',NULL,0,0,0,0,0,2955,1,0,NULL,'2023-11-14 21:47:08',0,0,0.0000,1,10,1,'2023-11-01 15:58:14',NULL),
(17210,0,0,'AutoCAD 2014 Language Pack - English',NULL,0,0,0,0,0,2955,1,0,NULL,'2023-11-14 21:47:08',0,0,0.0000,1,10,1,'2023-11-01 15:58:14',NULL),
(17211,0,0,'AutoCAD LT 2013 – Français (French)',NULL,0,0,0,0,0,2955,1,0,NULL,'2023-11-14 21:47:08',0,0,0.0000,1,10,1,'2023-11-01 15:58:14',NULL),
(17212,0,0,'HP 3D DriveGuard',NULL,0,0,0,0,0,2976,1,0,NULL,'2023-11-14 21:47:08',0,0,0.0000,1,10,1,'2023-11-01 15:58:14',NULL),
(17213,0,0,'AMD APP SDK Runtime',NULL,0,0,0,0,0,3027,1,0,NULL,'2023-11-14 21:47:08',0,0,0.0000,1,10,1,'2023-11-01 15:58:14',NULL),
(17214,0,0,'NVIDIA mental ray and IRay feature plugins for 3ds Max 2019',NULL,0,0,0,0,0,2955,1,0,NULL,'2023-11-14 21:47:08',0,0,0.0000,1,10,1,'2023-11-01 15:58:14',NULL),
(17215,0,0,'7-Zip 9.20 (x64 edition)',NULL,0,0,0,0,0,2805,1,0,NULL,'2023-11-14 21:47:08',0,0,0.0000,1,10,1,'2023-11-01 15:58:14',NULL),
(17216,0,0,'Autodesk Certificate Package (x64) - 7.1.4',NULL,0,0,0,0,0,2955,1,0,NULL,'2023-11-14 21:47:08',0,0,0.0000,1,10,1,'2023-11-01 15:58:14',NULL),
(17217,0,0,'Autodesk Civil View for 3ds Max 2016 64-bit',NULL,0,0,0,0,0,2955,1,0,NULL,'2023-11-14 21:47:08',0,0,0.0000,1,10,1,'2023-11-01 15:58:14',NULL),
(17218,0,0,'Microsoft .NET Framework 4.8',NULL,0,0,0,0,0,2900,1,0,NULL,'2023-11-14 21:47:08',0,0,0.0000,1,10,1,'2023-11-01 15:58:14',NULL),
(17219,0,0,'WibuKey Setup (WibuKey Remove)',NULL,0,0,0,0,0,3028,1,0,NULL,'2023-11-14 21:47:08',0,0,0.0000,1,10,1,'2023-11-01 15:58:14',NULL),
(17220,0,0,'Autodesk Revit LT Content Libraries 2020',NULL,0,0,0,0,0,2955,1,0,NULL,'2023-11-14 21:47:08',0,0,0.0000,1,10,1,'2023-11-01 15:58:14',NULL),
(17221,0,0,'Autodesk Revit LT 2020',NULL,0,0,0,0,0,2955,1,0,NULL,'2023-11-14 21:47:08',0,0,0.0000,1,10,1,'2023-11-01 15:58:14',NULL),
(17222,0,0,'PDF Annotator 8.0.0.832',NULL,0,0,0,0,0,2953,1,0,NULL,'2023-11-14 21:47:08',0,0,0.0000,1,10,1,'2023-11-01 15:58:14',NULL),
(17223,0,0,'LSI HDA Modem',NULL,0,0,0,0,0,3030,1,0,NULL,'2023-11-14 21:47:08',0,0,0.0000,1,10,1,'2023-11-01 15:58:14',NULL),
(17224,0,0,'EPSON Printer Software',NULL,0,0,0,0,0,3031,1,0,NULL,'2023-11-14 21:47:08',0,0,0.0000,1,10,1,'2023-11-01 15:58:14',NULL),
(17225,0,0,'CopyTrans HEIC for Windows',NULL,0,0,0,0,0,3032,1,0,NULL,'2023-11-14 21:47:08',0,0,0.0000,1,10,1,'2023-11-01 15:58:14',NULL),
(17226,0,0,'Autodesk Revit Interoperability for 3ds Max 2019',NULL,0,0,0,0,0,2955,1,0,NULL,'2023-11-14 21:47:08',0,0,0.0000,1,10,1,'2023-11-01 15:58:14',NULL),
(17227,0,0,'Autodesk Revit Interoperability for 3ds Max',NULL,0,0,0,0,0,2955,1,0,NULL,'2023-11-14 21:47:08',0,0,0.0000,1,10,1,'2023-11-01 15:58:14',NULL),
(17228,0,0,'Autodesk 3ds Max 2019',NULL,0,0,0,0,0,2955,1,0,NULL,'2023-11-14 21:47:08',0,0,0.0000,1,10,1,'2023-11-01 15:58:14',NULL),
(17229,0,0,'Autodesk 3ds Max 2016',NULL,0,0,0,0,0,2955,1,0,NULL,'2023-11-14 21:47:08',0,0,0.0000,1,10,1,'2023-11-01 15:58:14',NULL),
(17230,0,0,'AutoCAD LT 2013 Language Pack - Français (French)',NULL,0,0,0,0,0,2955,1,0,NULL,'2023-11-14 21:47:08',0,0,0.0000,1,10,1,'2023-11-01 15:58:14',NULL),
(17231,0,0,'Autodesk Featured Apps',NULL,0,0,0,0,0,2955,1,0,NULL,'2023-11-14 21:47:08',0,0,0.0000,1,10,1,'2023-11-01 15:58:14',NULL),
(17232,0,0,'CCC Help Japanese',NULL,0,0,0,0,0,3022,1,0,NULL,'2023-11-14 21:47:08',0,0,0.0000,1,10,1,'2023-11-01 15:58:14',NULL),
(17233,0,0,'CCC Help Hungarian',NULL,0,0,0,0,0,3022,1,0,NULL,'2023-11-14 21:47:08',0,0,0.0000,1,10,1,'2023-11-01 15:58:14',NULL),
(17234,0,0,'CCC Help Czech',NULL,0,0,0,0,0,3022,1,0,NULL,'2023-11-14 21:47:08',0,0,0.0000,1,10,1,'2023-11-01 15:58:14',NULL),
(17235,0,0,'CCC Help Dutch',NULL,0,0,0,0,0,3022,1,0,NULL,'2023-11-14 21:47:08',0,0,0.0000,1,10,1,'2023-11-01 15:58:14',NULL),
(17236,0,0,'CCC Help English',NULL,0,0,0,0,0,3022,1,0,NULL,'2023-11-14 21:47:08',0,0,0.0000,1,10,1,'2023-11-01 15:58:14',NULL),
(17237,0,0,'Adobe Help Center 1.0',NULL,0,0,0,0,0,2974,1,0,NULL,'2023-11-14 21:47:08',0,0,0.0000,1,10,1,'2023-11-01 15:58:14',NULL),
(17238,0,0,'Catalyst Control Center InstallProxy',NULL,0,0,0,0,0,3022,1,0,NULL,'2023-11-14 21:47:08',0,0,0.0000,1,10,1,'2023-11-01 15:58:14',NULL),
(17239,0,0,'IDT Audio',NULL,0,0,0,0,0,3033,1,0,NULL,'2023-11-14 21:47:08',0,0,0.0000,1,10,1,'2023-11-01 15:58:14',NULL),
(17240,0,0,'CCC Help Thai',NULL,0,0,0,0,0,3022,1,0,NULL,'2023-11-14 21:47:08',0,0,0.0000,1,10,1,'2023-11-01 15:58:14',NULL),
(17241,0,0,'Catalyst Control Center Graphics Previews Common',NULL,0,0,0,0,0,3022,1,0,NULL,'2023-11-14 21:47:08',0,0,0.0000,1,10,1,'2023-11-01 15:58:14',NULL),
(17242,0,0,'Apple Application Support (32 bits)',NULL,0,0,0,0,0,3025,1,0,NULL,'2023-11-14 21:47:08',0,0,0.0000,1,10,1,'2023-11-01 15:58:14',NULL),
(17243,0,0,'Pilote de caméra Web Logitech',NULL,0,0,0,0,0,3034,1,0,NULL,'2023-11-14 21:47:08',0,0,0.0000,1,10,1,'2023-11-01 15:58:14',NULL),
(17244,0,0,'Catalyst Control Center - Branding',NULL,0,0,0,0,0,3022,1,0,NULL,'2023-11-14 21:47:08',0,0,0.0000,1,10,1,'2023-11-01 15:58:14',NULL),
(17245,0,0,'CCC Help Chinese Standard',NULL,0,0,0,0,0,3022,1,0,NULL,'2023-11-14 21:47:08',0,0,0.0000,1,10,1,'2023-11-01 15:58:14',NULL),
(17246,0,0,'Autodesk Material Library 2011 Base Image library',NULL,0,0,0,0,0,2955,1,0,NULL,'2023-11-14 21:47:08',0,0,0.0000,1,10,1,'2023-11-01 15:58:14',NULL),
(17247,0,0,'HP Hotkey Support',NULL,0,0,0,0,0,2976,1,0,NULL,'2023-11-14 21:47:08',0,0,0.0000,1,10,1,'2023-11-01 15:58:14',NULL),
(17248,0,0,'CCC Help Spanish',NULL,0,0,0,0,0,3022,1,0,NULL,'2023-11-14 21:47:08',0,0,0.0000,1,10,1,'2023-11-01 15:58:14',NULL),
(17249,0,0,'CCC Help Portuguese',NULL,0,0,0,0,0,3022,1,0,NULL,'2023-11-14 21:47:08',0,0,0.0000,1,10,1,'2023-11-01 15:58:14',NULL),
(17250,0,0,'Adobe Bridge 1.0',NULL,0,0,0,0,0,2974,1,0,NULL,'2023-11-14 21:47:08',0,0,0.0000,1,10,1,'2023-11-01 15:58:14',NULL),
(17251,0,0,'SketchUp 5',NULL,0,0,0,0,0,2894,1,0,NULL,'2023-11-14 21:47:08',0,0,0.0000,1,10,1,'2023-11-01 15:58:14',NULL),
(17252,0,0,'Autodesk Advanced Material Library Low Resolution Image Library 2019',NULL,0,0,0,0,0,2955,1,0,NULL,'2023-11-14 21:47:08',0,0,0.0000,1,10,1,'2023-11-01 15:58:14',NULL),
(17253,0,0,'CCC Help Finnish',NULL,0,0,0,0,0,3022,1,0,NULL,'2023-11-14 21:47:08',0,0,0.0000,1,10,1,'2023-11-01 15:58:14',NULL),
(17254,0,0,'CCC Help Korean',NULL,0,0,0,0,0,3022,1,0,NULL,'2023-11-14 21:47:08',0,0,0.0000,1,10,1,'2023-11-01 15:58:14',NULL),
(17255,0,0,'Catalyst Control Center Profiles Mobile',NULL,0,0,0,0,0,3022,1,0,NULL,'2023-11-14 21:47:08',0,0,0.0000,1,10,1,'2023-11-01 15:58:14',NULL),
(17256,0,0,'Autodesk Material Library 2011',NULL,0,0,0,0,0,2955,1,0,NULL,'2023-11-14 21:47:08',0,0,0.0000,1,10,1,'2023-11-01 15:58:14',NULL),
(17257,0,0,'FARO LS 1.1.406.58',NULL,0,0,0,0,0,3035,1,0,NULL,'2023-11-14 21:47:08',0,0,0.0000,1,10,1,'2023-11-01 15:58:14',NULL),
(17258,0,0,'Adobe Illustrator CS',NULL,0,0,0,0,0,2991,1,0,NULL,'2023-11-14 21:47:08',0,0,0.0000,1,10,1,'2023-11-01 15:58:14',NULL),
(17259,0,0,'Compatibility Pack for the 2007 Office system',NULL,0,0,0,0,0,2900,1,0,NULL,'2023-11-14 21:47:08',0,0,0.0000,1,10,1,'2023-11-01 15:58:14',NULL),
(17260,0,0,'Microsoft Office Professional Edition 2003',NULL,0,0,0,0,0,2900,1,0,NULL,'2023-11-14 21:47:08',0,0,0.0000,1,10,1,'2023-11-01 15:58:14',NULL),
(17261,0,0,'Autodesk Material Library 2019',NULL,0,0,0,0,0,2955,1,0,NULL,'2023-11-14 21:47:08',0,0,0.0000,1,10,1,'2023-11-01 15:58:14',NULL),
(17262,0,0,'Adobe Common File Installer',NULL,0,0,0,0,0,3036,1,0,NULL,'2023-11-14 21:47:08',0,0,0.0000,1,10,1,'2023-11-01 15:58:14',NULL),
(17263,0,0,'FARO LS 1.1.501.0 (64bit)',NULL,0,0,0,0,0,3035,1,0,NULL,'2023-11-14 21:47:08',0,0,0.0000,1,10,1,'2023-11-01 15:58:14',NULL),
(17264,0,0,'Motorola Device Software Update',NULL,0,0,0,0,0,3037,1,0,NULL,'2023-11-14 21:47:08',0,0,0.0000,1,10,1,'2023-11-01 15:58:14',NULL),
(17265,0,0,'IRender_nXt',NULL,0,0,0,0,0,2894,1,0,NULL,'2023-11-14 21:47:08',0,0,0.0000,1,10,1,'2023-11-01 15:58:14',NULL),
(17266,0,0,'Adobe Stock Photos 1.0',NULL,0,0,0,0,0,2974,1,0,NULL,'2023-11-14 21:47:08',0,0,0.0000,1,10,1,'2023-11-01 15:58:14',NULL),
(17267,0,0,'CCC Help Greek',NULL,0,0,0,0,0,3022,1,0,NULL,'2023-11-14 21:47:08',0,0,0.0000,1,10,1,'2023-11-01 15:58:14',NULL),
(17268,0,0,'CCC Help Russian',NULL,0,0,0,0,0,3022,1,0,NULL,'2023-11-14 21:47:08',0,0,0.0000,1,10,1,'2023-11-01 15:58:14',NULL),
(17269,0,0,'Catalyst Control Center Localization All',NULL,0,0,0,0,0,3022,1,0,NULL,'2023-11-14 21:47:08',0,0,0.0000,1,10,1,'2023-11-01 15:58:14',NULL),
(17270,0,0,'SketchUp Import for AutoCAD 2014',NULL,0,0,0,0,0,2955,1,0,NULL,'2023-11-14 21:47:08',0,0,0.0000,1,10,1,'2023-11-01 15:58:14',NULL),
(17271,0,0,'Autodesk Material Library Base Resolution Image Library 2013',NULL,0,0,0,0,0,2955,1,0,NULL,'2023-11-14 21:47:08',0,0,0.0000,1,10,1,'2023-11-01 15:58:14',NULL),
(17272,0,0,'AutoCAD 2007 - Français',NULL,0,0,0,0,0,2955,1,0,NULL,'2023-11-14 21:47:08',0,0,0.0000,1,10,1,'2023-11-01 15:58:14',NULL),
(17273,0,0,'AutoCAD 2006 - English',NULL,0,0,0,0,0,2955,1,0,NULL,'2023-11-14 21:47:08',0,0,0.0000,1,10,1,'2023-11-01 15:58:14',NULL),
(17274,0,0,'Catalyst Control Center',NULL,0,0,0,0,0,3022,1,0,NULL,'2023-11-14 21:47:08',0,0,0.0000,1,10,1,'2023-11-01 15:58:14',NULL),
(17275,0,0,'CCC Help Norwegian',NULL,0,0,0,0,0,3022,1,0,NULL,'2023-11-14 21:47:08',0,0,0.0000,1,10,1,'2023-11-01 15:58:14',NULL),
(17276,0,0,'NVIDIA PhysX',NULL,0,0,0,0,0,3023,1,0,NULL,'2023-11-14 21:47:08',0,0,0.0000,1,10,1,'2023-11-01 15:58:14',NULL),
(17277,0,0,'Autodesk Material Library Medium Resolution Image Library 2016',NULL,0,0,0,0,0,2955,1,0,NULL,'2023-11-14 21:47:08',0,0,0.0000,1,10,1,'2023-11-01 15:58:14',NULL),
(17278,0,0,'Autodesk Revit LT 2020.2.1 Hotfix',NULL,0,0,0,0,0,2955,1,0,NULL,'2023-11-14 21:47:08',0,0,0.0000,1,10,1,'2023-11-01 15:58:14',NULL),
(17279,0,0,'CCC Help Turkish',NULL,0,0,0,0,0,3022,1,0,NULL,'2023-11-14 21:47:08',0,0,0.0000,1,10,1,'2023-11-01 15:58:14',NULL),
(17280,0,0,'Autodesk Material Library Base Resolution Image Library 2019',NULL,0,0,0,0,0,2955,1,0,NULL,'2023-11-14 21:47:08',0,0,0.0000,1,10,1,'2023-11-01 15:58:14',NULL),
(17281,0,0,'CCC Help French',NULL,0,0,0,0,0,3022,1,0,NULL,'2023-11-14 21:47:08',0,0,0.0000,1,10,1,'2023-11-01 15:58:14',NULL),
(17282,0,0,'CCC Help Polish',NULL,0,0,0,0,0,3022,1,0,NULL,'2023-11-14 21:47:08',0,0,0.0000,1,10,1,'2023-11-01 15:58:14',NULL),
(17283,0,0,'Autodesk Material Library Medium Resolution Image Library 2019',NULL,0,0,0,0,0,2955,1,0,NULL,'2023-11-14 21:47:08',0,0,0.0000,1,10,1,'2023-11-01 15:58:14',NULL),
(17284,0,0,'CCC Help Chinese Traditional',NULL,0,0,0,0,0,3022,1,0,NULL,'2023-11-14 21:47:08',0,0,0.0000,1,10,1,'2023-11-01 15:58:14',NULL),
(17285,0,0,'Motorola Device Manager',NULL,0,0,0,0,0,3037,1,0,NULL,'2023-11-14 21:47:08',0,0,0.0000,1,10,1,'2023-11-01 15:58:14',NULL),
(17286,0,0,'CCC Help Italian',NULL,0,0,0,0,0,3022,1,0,NULL,'2023-11-14 21:47:08',0,0,0.0000,1,10,1,'2023-11-01 15:58:14',NULL),
(17287,0,0,'CCC Help Swedish',NULL,0,0,0,0,0,3022,1,0,NULL,'2023-11-14 21:47:08',0,0,0.0000,1,10,1,'2023-11-01 15:58:14',NULL),
(17288,0,0,'Java(TM) 6 Update 11',NULL,0,0,0,0,0,3038,1,0,NULL,'2023-11-14 21:47:08',0,0,0.0000,1,10,1,'2023-11-01 15:58:14',NULL),
(17289,0,0,'JMicron Flash Media Controller Driver',NULL,0,0,0,0,0,3020,1,0,NULL,'2023-11-14 21:47:08',0,0,0.0000,1,10,1,'2023-11-01 15:58:14',NULL),
(17290,0,0,'CCC Help German',NULL,0,0,0,0,0,3022,1,0,NULL,'2023-11-14 21:47:08',0,0,0.0000,1,10,1,'2023-11-01 15:58:14',NULL),
(17291,0,0,'MSXML 4.0 SP3 Parser',NULL,0,0,0,0,0,2900,1,0,NULL,'2023-11-14 21:47:08',0,0,0.0000,1,10,1,'2023-11-01 15:58:14',NULL),
(17292,0,0,'JMicron 1394 Filter Driver',NULL,0,0,0,0,0,3020,1,0,NULL,'2023-11-14 21:47:08',0,0,0.0000,1,10,1,'2023-11-01 15:58:14',NULL),
(17293,0,0,'Autodesk Material Library 2013',NULL,0,0,0,0,0,2955,1,0,NULL,'2023-11-14 21:47:08',0,0,0.0000,1,10,1,'2023-11-01 15:58:14',NULL),
(17294,0,0,'Autodesk Advanced Material Library Base Resolution Image Library 2019',NULL,0,0,0,0,0,2955,1,0,NULL,'2023-11-14 21:47:08',0,0,0.0000,1,10,1,'2023-11-01 15:58:14',NULL),
(17295,0,0,'Autodesk Advanced Material Library Medium Resolution Image Library 2019',NULL,0,0,0,0,0,2955,1,0,NULL,'2023-11-14 21:47:08',0,0,0.0000,1,10,1,'2023-11-01 15:58:14',NULL),
(17296,0,0,'PDF Architect',NULL,0,0,0,0,0,3029,1,0,NULL,'2023-11-14 21:47:08',0,0,0.0000,1,10,1,'2023-11-01 15:58:14',NULL),
(17297,0,0,'CCC Help Danish',NULL,0,0,0,0,0,3022,1,0,NULL,'2023-11-14 21:47:08',0,0,0.0000,1,10,1,'2023-11-01 15:58:14',NULL),
(17298,0,0,'XFrogPlants Catalog 1.2.0',NULL,0,0,0,0,0,3042,1,0,NULL,'2023-11-14 21:47:08',0,0,0.0000,1,10,1,'2023-11-01 15:58:14',NULL),
(17299,0,0,'Wisdom-soft ScreenHunter 6.0 Free',NULL,0,0,0,0,0,3043,1,0,NULL,'2023-11-14 21:47:08',0,0,0.0000,1,10,1,'2023-11-01 15:58:14',NULL),
(17300,0,0,'Archiveur WinRAR',NULL,0,0,0,0,0,2894,1,0,NULL,'2023-11-14 21:47:08',0,0,0.0000,1,10,1,'2023-11-01 15:58:14',NULL),
(17301,0,0,'GIMP 2.6.8',NULL,0,0,0,0,0,2894,1,0,NULL,'2023-11-14 21:47:08',0,0,0.0000,1,10,1,'2023-11-01 15:58:14',NULL),
(17302,0,0,'VLC media player 2.0.8',NULL,0,0,0,0,0,2913,1,0,NULL,'2023-11-14 21:47:08',0,0,0.0000,1,10,1,'2023-11-01 15:58:14',NULL),
(17303,0,0,'TeamViewer 11',NULL,0,0,0,0,0,2906,1,0,NULL,'2023-11-14 21:47:08',0,0,0.0000,1,10,1,'2023-11-01 15:58:14',NULL),
(17304,0,0,'Skype version 8.33',NULL,0,0,0,0,0,2933,1,0,NULL,'2023-11-14 21:47:08',0,0,0.0000,1,10,1,'2023-11-01 15:58:14',NULL),
(17305,0,0,'RailClone Lite 3.2.0',NULL,0,0,0,0,0,3042,1,0,NULL,'2023-11-14 21:47:08',0,0,0.0000,1,10,1,'2023-11-01 15:58:14',NULL),
(17306,0,0,'Notepad++',NULL,0,0,0,0,0,2894,1,0,NULL,'2023-11-14 21:47:08',0,0,0.0000,1,10,1,'2023-11-01 15:58:14',NULL),
(17307,0,0,'Renesas Electronics USB 3.0 Host Controller Driver',NULL,0,0,0,0,0,3044,1,0,NULL,'2023-11-14 21:47:08',0,0,0.0000,1,10,1,'2023-11-01 15:58:14',NULL),
(17308,0,0,'Inkscape 0.48.1',NULL,0,0,0,0,0,2894,1,0,NULL,'2023-11-14 21:47:08',0,0,0.0000,1,10,1,'2023-11-01 15:58:14',NULL),
(17309,0,0,'Adobe InDesign CC 2018',NULL,0,0,0,0,0,2915,1,0,NULL,'2023-11-14 21:47:08',0,0,0.0000,1,10,1,'2023-11-01 15:58:14',NULL),
(17310,0,0,'HQ Plants Catalog 1.6.0',NULL,0,0,0,0,0,3042,1,0,NULL,'2023-11-14 21:47:08',0,0,0.0000,1,10,1,'2023-11-01 15:58:14',NULL),
(17311,0,0,'Greenshot',NULL,0,0,0,0,0,2894,1,0,NULL,'2023-11-14 21:47:08',0,0,0.0000,1,10,1,'2023-11-01 15:58:14',NULL),
(17312,0,0,'Forest Pack Pro 6.1.5',NULL,0,0,0,0,0,3042,1,0,NULL,'2023-11-14 21:47:08',0,0,0.0000,1,10,1,'2023-11-01 15:58:14',NULL),
(17313,0,0,'FileZilla Client 3.15.0.1',NULL,0,0,0,0,0,2951,1,0,NULL,'2023-11-14 21:47:08',0,0,0.0000,1,10,1,'2023-11-01 15:58:14',NULL),
(17314,0,0,'EPSON Scan',NULL,0,0,0,0,0,2894,1,0,NULL,'2023-11-14 21:47:08',0,0,0.0000,1,10,1,'2023-11-01 15:58:14',NULL),
(17315,0,0,'Brewtarget-2.3.0',NULL,0,0,0,0,0,3045,1,0,NULL,'2023-11-14 21:47:08',0,0,0.0000,1,10,1,'2023-11-01 15:58:14',NULL),
(17316,0,0,'BeerSmith 2',NULL,0,0,0,0,0,2894,1,0,NULL,'2023-11-14 21:47:08',0,0,0.0000,1,10,1,'2023-11-01 15:58:14',NULL),
(17317,0,0,'Autodesk DWF Viewer',NULL,0,0,0,0,0,2956,1,0,NULL,'2023-11-14 21:47:08',0,0,0.0000,1,10,1,'2023-11-01 15:58:14',NULL),
(17318,0,0,'Adobe SVG Viewer 3.0',NULL,0,0,0,0,0,2991,1,0,NULL,'2023-11-14 21:47:08',0,0,0.0000,1,10,1,'2023-11-01 15:58:14',NULL),
(17319,0,0,'Adobe Photoshop CS2',NULL,0,0,0,0,0,2991,1,0,NULL,'2023-11-14 21:47:08',0,0,0.0000,1,10,1,'2023-11-01 15:58:14',NULL),
(17320,0,0,'Adobe InDesign CS2',NULL,0,0,0,0,0,2915,1,0,NULL,'2023-11-14 21:47:08',0,0,0.0000,1,10,1,'2023-11-01 15:58:14',NULL),
(17321,0,0,'Adobe Creative Cloud',NULL,0,0,0,0,0,2915,1,0,NULL,'2023-11-14 21:47:08',0,0,0.0000,1,10,1,'2023-11-01 15:58:14',NULL),
(17322,0,0,'7-Zip 4.57',NULL,0,0,0,0,0,2894,1,0,NULL,'2023-11-14 21:47:08',0,0,0.0000,1,10,1,'2023-11-01 15:58:14',NULL),
(17323,0,0,'PDF Annotator 8.0.0.840',NULL,0,0,0,0,0,2953,1,0,NULL,'2023-11-14 21:47:08',0,0,0.0000,1,10,1,'2023-11-01 15:58:14',NULL),
(17324,0,0,'OpenOffice 4.1.13',NULL,0,0,0,0,0,3081,1,0,NULL,'2023-11-14 21:47:08',0,0,0.0000,1,10,1,'2023-11-01 15:58:14',NULL),
(17325,0,0,'Presto! BizCard 6',NULL,0,0,0,0,0,3080,1,0,NULL,'2023-11-14 21:47:08',0,0,0.0000,1,10,1,'2023-11-01 15:58:14',NULL),
(17326,0,0,'Snagit 2018',NULL,0,0,0,0,0,2982,1,0,NULL,'2023-11-14 21:47:08',0,0,0.0000,1,10,1,'2023-11-01 15:58:14',NULL),
(17327,0,0,'PDF Architect 9 View Module',NULL,0,0,0,0,0,3029,1,0,NULL,'2023-11-14 21:47:08',0,0,0.0000,1,10,1,'2023-11-01 15:58:14',NULL),
(17328,0,0,'PDF Architect 9 OCR Module',NULL,0,0,0,0,0,3029,1,0,NULL,'2023-11-14 21:47:08',0,0,0.0000,1,10,1,'2023-11-01 15:58:14',NULL),
(17329,0,0,'PDF Architect 9 OCR TESS Module',NULL,0,0,0,0,0,3029,1,0,NULL,'2023-11-14 21:47:08',0,0,0.0000,1,10,1,'2023-11-01 15:58:14',NULL),
(17330,0,0,'PDF Architect 9 Edit Module',NULL,0,0,0,0,0,3029,1,0,NULL,'2023-11-14 21:47:08',0,0,0.0000,1,10,1,'2023-11-01 15:58:14',NULL),
(17331,0,0,'XSplit VCam',NULL,0,0,0,0,0,3118,1,0,NULL,'2023-11-14 21:47:08',0,0,0.0000,1,10,1,'2023-11-01 15:58:14',NULL),
(17332,0,0,'Antidote 9 - English module',NULL,0,0,0,0,0,3056,1,0,NULL,'2023-11-14 21:47:08',0,0,0.0000,1,10,1,'2023-11-01 15:58:14',NULL),
(17333,0,0,'Antidote 9 - Module français',NULL,0,0,0,0,0,3056,1,0,NULL,'2023-11-14 21:47:08',0,0,0.0000,1,10,1,'2023-11-01 15:58:14',NULL),
(17334,0,0,'Antidote 9',NULL,0,0,0,0,0,3056,1,0,NULL,'2023-11-14 21:47:08',0,0,0.0000,1,10,1,'2023-11-01 15:58:14',NULL),
(17335,0,0,'UXP WebView Support',NULL,0,0,0,0,0,3060,1,0,NULL,'2023-11-14 21:47:08',0,0,0.0000,1,10,1,'2023-11-01 15:58:14',NULL),
(17336,0,0,'Adobe Photoshop 2021',NULL,0,0,0,0,0,3060,1,0,NULL,'2023-11-14 21:47:08',0,0,0.0000,1,10,1,'2023-11-01 15:58:14',NULL),
(17337,0,0,'PDF Architect 9',NULL,0,0,0,0,0,3029,1,0,NULL,'2023-11-14 21:47:08',0,0,0.0000,1,10,1,'2023-11-01 15:58:14',NULL),
(17338,0,0,'Adobe Illustrator 2021',NULL,0,0,0,0,0,3060,1,0,NULL,'2023-11-14 21:47:08',0,0,0.0000,1,10,1,'2023-11-01 15:58:14',NULL),
(17339,0,0,'Adobe InDesign 2021',NULL,0,0,0,0,0,3060,1,0,NULL,'2023-11-14 21:47:08',0,0,0.0000,1,10,1,'2023-11-01 15:58:14',NULL),
(17340,0,0,'Autodesk Revit LT 2023',NULL,0,0,0,0,0,2956,1,0,NULL,'2023-11-14 21:47:08',0,0,0.0000,1,10,1,'2023-11-01 15:58:14',NULL),
(17341,0,0,'Autodesk Revit Product Feedback 2023',NULL,0,0,0,0,0,2955,1,0,NULL,'2023-11-14 21:47:08',0,0,0.0000,1,10,1,'2023-11-01 15:58:14',NULL),
(17342,0,0,'Autodesk Revit Unit Schemas 2023',NULL,0,0,0,0,0,2956,1,0,NULL,'2023-11-14 21:47:08',0,0,0.0000,1,10,1,'2023-11-01 15:58:14',NULL),
(17343,0,0,'Autodesk Revit Content Core-RVT 2023',NULL,0,0,0,0,0,2955,1,0,NULL,'2023-11-14 21:47:08',0,0,0.0000,1,10,1,'2023-11-01 15:58:14',NULL),
(17344,0,0,'64 Bit HP CIO Components Installer',NULL,0,0,0,0,0,2971,1,0,NULL,'2023-11-14 21:47:08',0,0,0.0000,1,10,1,'2023-11-01 15:58:14',NULL),
(17345,0,0,'Autodesk Steel Connections Core Content for Revit 2023',NULL,0,0,0,0,0,2955,1,0,NULL,'2023-11-14 21:47:08',0,0,0.0000,1,10,1,'2023-11-01 15:58:14',NULL),
(17346,0,0,'Autodesk Revit LT Product Feedback 2023',NULL,0,0,0,0,0,2955,1,0,NULL,'2023-11-14 21:47:08',0,0,0.0000,1,10,1,'2023-11-01 15:58:14',NULL),
(17347,0,0,'RSA CommonData',NULL,0,0,0,0,0,2956,1,0,NULL,'2023-11-14 21:47:08',0,0,0.0000,1,10,1,'2023-11-01 15:58:14',NULL),
(17348,0,0,'Autodesk Revit 2023',NULL,0,0,0,0,0,2956,1,0,NULL,'2023-11-14 21:47:08',0,0,0.0000,1,10,1,'2023-11-01 15:58:14',NULL),
(17349,0,0,'Autodesk Cloud Models for Revit 2023',NULL,0,0,0,0,0,2955,1,0,NULL,'2023-11-14 21:47:08',0,0,0.0000,1,10,1,'2023-11-01 15:58:14',NULL),
(17350,0,0,'Autodesk Revit Content Core 2023',NULL,0,0,0,0,0,2955,1,0,NULL,'2023-11-14 21:47:08',0,0,0.0000,1,10,1,'2023-11-01 15:58:14',NULL),
(17351,0,0,'Autodesk Revit MEP Imperial Content 2023',NULL,0,0,0,0,0,2955,1,0,NULL,'2023-11-14 21:47:08',0,0,0.0000,1,10,1,'2023-11-01 15:58:14',NULL),
(17352,0,0,'RSA Interop',NULL,0,0,0,0,0,2956,1,0,NULL,'2023-11-14 21:47:08',0,0,0.0000,1,10,1,'2023-11-01 15:58:14',NULL),
(17353,0,0,'Autodesk Revit Content Essential-ENG 2023',NULL,0,0,0,0,0,2955,1,0,NULL,'2023-11-14 21:47:08',0,0,0.0000,1,10,1,'2023-11-01 15:58:14',NULL),
(17354,0,0,'Autodesk Revit Content Essential-CHS 2023',NULL,0,0,0,0,0,2955,1,0,NULL,'2023-11-14 21:47:08',0,0,0.0000,1,10,1,'2023-11-01 15:58:14',NULL),
(17355,0,0,'Autodesk Revit Content Essential-RUS 2023',NULL,0,0,0,0,0,2955,1,0,NULL,'2023-11-14 21:47:08',0,0,0.0000,1,10,1,'2023-11-01 15:58:14',NULL),
(17356,0,0,'Autodesk Revit Content Essential-PTB 2023',NULL,0,0,0,0,0,2955,1,0,NULL,'2023-11-14 21:47:08',0,0,0.0000,1,10,1,'2023-11-01 15:58:14',NULL),
(17357,0,0,'Autodesk Revit Content Essential-PLK 2023',NULL,0,0,0,0,0,2955,1,0,NULL,'2023-11-14 21:47:08',0,0,0.0000,1,10,1,'2023-11-01 15:58:14',NULL),
(17358,0,0,'Autodesk Revit Content Essential-KOR 2023',NULL,0,0,0,0,0,2955,1,0,NULL,'2023-11-14 21:47:08',0,0,0.0000,1,10,1,'2023-11-01 15:58:14',NULL),
(17359,0,0,'Autodesk Revit Content Essential-JPN 2023',NULL,0,0,0,0,0,2955,1,0,NULL,'2023-11-14 21:47:08',0,0,0.0000,1,10,1,'2023-11-01 15:58:14',NULL),
(17360,0,0,'Autodesk Revit Content Essential-ITA 2023',NULL,0,0,0,0,0,2955,1,0,NULL,'2023-11-14 21:47:08',0,0,0.0000,1,10,1,'2023-11-01 15:58:14',NULL),
(17361,0,0,'Autodesk Revit Content Essential-FRA 2023',NULL,0,0,0,0,0,2955,1,0,NULL,'2023-11-14 21:47:08',0,0,0.0000,1,10,1,'2023-11-01 15:58:14',NULL),
(17362,0,0,'Autodesk Revit Content Essential-ESP 2023',NULL,0,0,0,0,0,2955,1,0,NULL,'2023-11-14 21:47:08',0,0,0.0000,1,10,1,'2023-11-01 15:58:14',NULL),
(17363,0,0,'Autodesk Revit Content Essential-ENU 2023',NULL,0,0,0,0,0,2955,1,0,NULL,'2023-11-14 21:47:08',0,0,0.0000,1,10,1,'2023-11-01 15:58:14',NULL),
(17364,0,0,'Autodesk Revit Content Essential-DEU 2023',NULL,0,0,0,0,0,2955,1,0,NULL,'2023-11-14 21:47:08',0,0,0.0000,1,10,1,'2023-11-01 15:58:14',NULL),
(17365,0,0,'Autodesk Revit Content Essential-CSY 2023',NULL,0,0,0,0,0,2955,1,0,NULL,'2023-11-14 21:47:08',0,0,0.0000,1,10,1,'2023-11-01 15:58:14',NULL),
(17366,0,0,'Autodesk Revit Content Essential-CHT 2023',NULL,0,0,0,0,0,2955,1,0,NULL,'2023-11-14 21:47:08',0,0,0.0000,1,10,1,'2023-11-01 15:58:14',NULL),
(17367,0,0,'Batch Print for Autodesk Revit 2023',NULL,0,0,0,0,0,2955,1,0,NULL,'2023-11-14 21:47:08',0,0,0.0000,1,10,1,'2023-11-01 15:58:14',NULL),
(17368,0,0,'RSA RoReinf',NULL,0,0,0,0,0,2956,1,0,NULL,'2023-11-14 21:47:08',0,0,0.0000,1,10,1,'2023-11-01 15:58:14',NULL),
(17369,0,0,'Revit 2023',NULL,0,0,0,0,0,2955,1,0,NULL,'2023-11-14 21:47:08',0,0,0.0000,1,10,1,'2023-11-01 15:58:14',NULL),
(17370,0,0,'Revit LT 2023',NULL,0,0,0,0,0,2955,1,0,NULL,'2023-11-14 21:47:08',0,0,0.0000,1,10,1,'2023-11-01 15:58:14',NULL),
(17371,0,0,'REX Framework',NULL,0,0,0,0,0,2956,1,0,NULL,'2023-11-14 21:47:08',0,0,0.0000,1,10,1,'2023-11-01 15:58:14',NULL),
(17372,0,0,'REX Revit',NULL,0,0,0,0,0,2956,1,0,NULL,'2023-11-14 21:47:08',0,0,0.0000,1,10,1,'2023-11-01 15:58:14',NULL),
(17373,0,0,'FormIt Converter for Revit 2023',NULL,0,0,0,0,0,2955,1,0,NULL,'2023-11-14 21:47:08',0,0,0.0000,1,10,1,'2023-11-01 15:58:14',NULL),
(17374,0,0,'FormIt Converter for Revit LT 2023',NULL,0,0,0,0,0,2955,1,0,NULL,'2023-11-14 21:47:08',0,0,0.0000,1,10,1,'2023-11-01 15:58:14',NULL),
(17375,0,0,'Results Explorer Manager',NULL,0,0,0,0,0,2956,1,0,NULL,'2023-11-14 21:47:08',0,0,0.0000,1,10,1,'2023-11-01 15:58:14',NULL),
(17376,0,0,'Worksharing Monitor for Autodesk Revit 2023',NULL,0,0,0,0,0,2955,1,0,NULL,'2023-11-14 21:47:08',0,0,0.0000,1,10,1,'2023-11-01 15:58:14',NULL),
(17377,0,0,'Autodesk AutoCAD LT 2022.1 Update',NULL,0,0,0,0,0,2956,1,0,NULL,'2023-11-14 21:47:08',0,0,0.0000,1,10,1,'2023-11-01 15:58:14',NULL),
(17378,0,0,'Autodesk Network License Manager',NULL,0,0,0,0,0,2956,1,0,NULL,'2023-11-14 21:47:08',0,0,0.0000,1,10,1,'2023-11-01 15:58:14',NULL),
(17379,0,0,'OpenStudio CLI For Revit 2023',NULL,0,0,0,0,0,3146,1,0,NULL,'2023-11-14 21:47:08',0,0,0.0000,1,10,1,'2023-11-01 15:58:14',NULL),
(17380,0,0,'eTransmit for Autodesk Revit 2023',NULL,0,0,0,0,0,2955,1,0,NULL,'2023-11-14 21:47:08',0,0,0.0000,1,10,1,'2023-11-01 15:58:14',NULL),
