INSERT INTO `glpi_networknames` VALUES
(329,8,331,'NetworkPort','ocs-inventory-ng',NULL,0,0,0,1,'2023-08-11 19:53:33','2020-02-06 18:21:50'),
(330,8,332,'NetworkPort','ocs-inventory-ng',NULL,0,0,0,1,'2023-08-11 19:53:33','2020-02-06 18:21:50'),
(331,8,333,'NetworkPort','ocs-inventory-ng',NULL,0,0,0,1,'2023-08-11 19:53:33','2020-02-06 18:21:50'),
(332,8,334,'NetworkPort','ocs-inventory-ng',NULL,0,0,0,1,'2023-08-11 19:53:33','2020-02-06 18:21:50'),
(333,8,335,'NetworkPort','ocs-inventory-ng',NULL,0,0,0,1,'2023-08-11 19:53:33','2020-02-06 18:21:50'),
(334,8,336,'NetworkPort','ocs-inventory-ng',NULL,0,0,0,1,'2023-08-11 19:53:33','2020-02-06 18:21:50'),
(335,8,337,'NetworkPort','ocs-inventory-ng',NULL,0,0,0,1,'2023-08-11 19:53:33','2020-02-06 18:21:50'),
(336,8,338,'NetworkPort','ocs-inventory-ng',NULL,0,0,0,1,'2023-08-11 19:53:33','2020-02-06 18:21:50'),
(337,8,0,'','ocs-inventory-ng',NULL,0,0,0,1,'2023-08-11 19:53:33','2020-02-06 18:21:55'),
(338,8,0,'','ocs-inventory-ng',NULL,0,0,0,1,'2023-08-11 19:53:33','2020-02-06 18:21:55'),
(339,8,0,'','ocs-inventory-ng',NULL,0,0,0,1,'2023-08-11 19:53:33','2020-02-06 18:21:55'),
(340,8,0,'','ocs-inventory-ng',NULL,0,0,0,1,'2023-08-11 19:53:33','2020-02-06 18:21:55'),
(341,8,0,'','ocs-inventory-ng',NULL,0,0,0,1,'2023-08-11 19:53:33','2020-02-06 18:21:55'),
(342,8,0,'','ocs-inventory-ng',NULL,0,0,0,1,'2023-08-11 19:53:33','2020-02-06 18:21:55'),
(343,8,0,'','ocs-inventory-ng',NULL,0,0,0,1,'2023-08-11 19:53:33','2020-02-06 18:21:55'),
(344,8,0,'','ocs-inventory-ng',NULL,0,0,0,1,'2023-08-11 19:53:33','2020-02-06 18:21:55'),
(345,8,347,'NetworkPort','ocs-inventory-ng',NULL,0,0,0,1,'2023-08-11 19:53:33','2020-02-06 18:21:59'),
(346,8,348,'NetworkPort','ocs-inventory-ng',NULL,0,0,0,1,'2023-08-11 19:53:33','2020-02-06 18:21:59'),
(347,8,349,'NetworkPort','ocs-inventory-ng',NULL,0,0,0,1,'2023-08-11 19:53:33','2020-02-06 18:21:59'),
(348,8,350,'NetworkPort','ocs-inventory-ng',NULL,0,0,0,1,'2023-08-11 19:53:33','2020-02-06 18:21:59'),
(349,8,351,'NetworkPort','ocs-inventory-ng',NULL,0,0,0,1,'2023-08-11 19:53:33','2020-02-06 18:21:59'),
(350,8,352,'NetworkPort','ocs-inventory-ng',NULL,0,0,0,1,'2023-08-11 19:53:33','2020-02-06 18:21:59'),
(351,8,353,'NetworkPort','ocs-inventory-ng',NULL,0,0,0,1,'2023-08-11 19:53:33','2020-02-06 18:21:59'),
(352,8,354,'NetworkPort','ocs-inventory-ng',NULL,0,0,0,1,'2023-08-11 19:53:33','2020-02-06 18:21:59'),
(370,5,372,'NetworkPort',NULL,NULL,0,0,0,0,'2023-04-26 14:14:02','2020-05-20 20:04:28'),
(377,0,378,'NetworkPort',NULL,NULL,0,0,0,1,'2024-11-27 15:19:52','2020-07-22 18:14:11'),
(378,0,379,'NetworkPort',NULL,NULL,0,0,0,1,'2024-11-27 15:19:52','2020-07-22 18:14:11'),
(382,0,383,'NetworkPort',NULL,NULL,0,0,0,1,'2024-11-27 15:19:52','2020-11-09 14:16:16'),
(385,0,386,'NetworkPort',NULL,NULL,0,0,0,1,'2024-11-27 15:19:52','2020-11-15 15:03:30'),
(386,0,387,'NetworkPort',NULL,NULL,0,0,0,1,'2024-11-27 15:19:52','2020-11-19 14:04:27'),
(391,0,396,'NetworkPort',NULL,NULL,0,0,0,1,'2024-11-27 15:19:52','2021-05-06 17:11:03'),
(392,0,397,'NetworkPort',NULL,NULL,0,0,0,1,'2024-11-27 15:19:52','2021-05-07 16:56:17'),
(393,0,398,'NetworkPort',NULL,NULL,0,0,0,1,'2024-11-27 15:19:52','2021-05-07 16:56:17'),
(394,0,399,'NetworkPort',NULL,NULL,0,0,0,1,'2024-11-27 15:19:52','2021-05-07 16:56:17'),
(395,0,400,'NetworkPort',NULL,NULL,0,0,0,1,'2024-11-27 15:19:52','2021-05-07 16:56:17'),
(396,0,401,'NetworkPort',NULL,NULL,0,0,0,1,'2024-11-27 15:19:52','2021-05-07 16:56:17'),
(397,0,402,'NetworkPort',NULL,NULL,0,0,0,1,'2024-11-27 15:19:52','2021-05-07 16:56:17'),
(437,0,460,'NetworkPort',NULL,NULL,0,0,0,1,'2024-11-27 15:19:52','2022-07-19 18:01:40'),
(560,0,752,'NetworkPort','interne',NULL,0,0,0,1,'2023-03-29 14:22:07','2023-03-29 14:22:07'),
(561,5,753,'NetworkPort','interne',NULL,0,0,0,1,'2023-04-26 15:01:54','2023-03-29 14:22:11'),
(562,5,754,'NetworkPort','interne',NULL,0,0,0,1,'2023-04-26 15:01:54','2023-03-29 14:22:21'),
(563,5,755,'NetworkPort','interne',NULL,0,0,0,1,'2023-04-26 15:01:54','2023-03-29 14:22:31'),
(564,5,756,'NetworkPort','interne',NULL,0,0,0,1,'2023-04-26 15:01:54','2023-03-29 14:22:35'),
(578,5,782,'NetworkPort','interne',NULL,0,0,0,1,'2023-04-26 15:01:54','2023-03-30 16:08:55'),
(579,0,783,'NetworkPort','interne',NULL,0,0,0,1,'2023-03-30 16:09:05','2023-03-30 16:09:05'),
(580,0,784,'NetworkPort','interne',NULL,0,0,0,1,'2023-03-30 21:52:04','2023-03-30 21:52:04'),
(581,5,786,'NetworkPort',NULL,NULL,0,0,0,1,'2023-04-26 14:14:02','2023-03-31 13:16:38'),
(582,5,788,'NetworkPort',NULL,NULL,0,0,0,1,'2023-04-26 14:14:02','2023-03-31 13:16:38'),
(583,0,789,'NetworkPort','management',NULL,0,0,0,1,'2023-04-19 14:06:37','2023-04-19 14:06:37'),
(629,0,839,'NetworkPort','management',NULL,0,0,0,1,'2023-04-20 18:35:08','2023-04-20 18:35:08'),
(630,0,840,'NetworkPort','management',NULL,0,0,0,1,'2023-04-20 21:01:25','2023-04-20 21:01:25'),
(653,0,866,'NetworkPort','management',NULL,0,0,0,1,'2023-04-27 12:40:57','2023-04-27 12:40:57'),
(654,0,867,'NetworkPort','management',NULL,0,0,0,1,'2023-04-27 12:41:01','2023-04-27 12:41:01'),
(655,0,868,'NetworkPort','management',NULL,0,0,0,1,'2023-04-27 12:41:11','2023-04-27 12:41:11'),
(656,0,869,'NetworkPort','management',NULL,0,0,0,1,'2023-04-28 12:13:29','2023-04-28 12:13:29'),
(660,0,876,'NetworkPort','management',NULL,0,0,0,1,'2023-06-01 12:32:25','2023-06-01 12:32:25'),
(663,0,879,'NetworkPort','management',NULL,0,0,0,1,'2023-06-12 13:34:28','2023-06-12 13:34:28'),
(719,0,1005,'NetworkPort','management',NULL,0,0,0,1,'2023-10-16 16:08:15','2023-10-16 16:08:15'),
(720,0,1006,'NetworkPort','management',NULL,0,0,0,1,'2023-10-17 21:30:58','2023-10-17 21:30:58'),
(721,0,1007,'NetworkPort','management',NULL,0,0,0,1,'2023-10-17 21:30:58','2023-10-17 21:30:58'),
(746,0,0,'','pervenche',NULL,0,0,0,0,'2023-11-01 16:34:07','2023-11-01 15:58:14'),
(747,0,0,'','pervenche',NULL,0,0,0,0,'2023-11-01 16:34:07','2023-11-01 15:58:14'),
(748,0,0,'','pervenche',NULL,0,0,0,0,'2023-11-01 16:34:07','2023-11-01 15:58:14'),
(749,0,0,'','pervenche',NULL,0,0,0,0,'2023-11-01 16:34:07','2023-11-01 15:58:14'),
(750,0,0,'','pervenche',NULL,0,0,0,0,'2023-11-01 16:34:07','2023-11-01 15:58:14'),
(751,0,0,'','pervenche',NULL,0,0,0,0,'2023-11-01 16:34:07','2023-11-01 15:58:14'),
(752,0,0,'','pervenche',NULL,0,0,0,0,'2023-11-01 16:34:07','2023-11-01 15:58:14'),
(753,0,0,'','pervenche',NULL,0,0,0,0,'2023-11-01 16:34:07','2023-11-01 15:58:14'),
(754,0,0,'','pervenche',NULL,0,0,0,0,'2023-11-01 16:34:07','2023-11-01 15:58:14'),
(755,0,0,'','pervenche',NULL,0,0,0,0,'2023-11-01 16:34:07','2023-11-01 15:58:14'),
(756,0,0,'','pervenche',NULL,0,0,0,0,'2023-11-01 16:34:07','2023-11-01 15:58:14'),
(757,0,0,'','pervenche',NULL,0,0,0,0,'2023-11-01 16:34:07','2023-11-01 15:58:14'),
(758,0,0,'','pervenche',NULL,0,0,0,0,'2023-11-01 16:34:07','2023-11-01 15:58:14'),
(759,0,0,'','pervenche',NULL,0,0,0,0,'2023-11-01 16:34:07','2023-11-01 15:58:14'),
(760,0,0,'','pervenche',NULL,0,0,0,0,'2023-11-01 16:34:07','2023-11-01 15:58:14'),
(761,0,0,'','pervenche',NULL,0,0,0,0,'2023-11-01 16:34:07','2023-11-01 15:58:14'),
(762,0,0,'','pervenche',NULL,0,0,0,0,'2023-11-01 16:34:07','2023-11-01 15:58:14'),
(763,0,0,'','pervenche',NULL,0,0,0,0,'2023-11-01 16:34:07','2023-11-01 15:58:14'),
(764,0,0,'','pervenche',NULL,0,0,0,0,'2023-11-01 16:34:07','2023-11-01 15:58:14'),
(765,0,0,'','pervenche',NULL,0,0,0,0,'2023-11-01 16:34:07','2023-11-01 15:58:14'),
(766,0,0,'','pervenche',NULL,0,0,0,0,'2023-11-01 16:34:07','2023-11-01 15:58:14'),
(767,0,0,'','pervenche',NULL,0,0,0,0,'2023-11-01 16:34:07','2023-11-01 15:58:14'),
(768,0,0,'','pervenche',NULL,0,0,0,0,'2023-11-01 16:34:07','2023-11-01 15:58:14'),
(769,0,0,'','pervenche',NULL,0,0,0,0,'2023-11-01 16:34:07','2023-11-01 15:58:14'),
(770,0,0,'','pervenche',NULL,0,0,0,0,'2023-11-01 16:34:07','2023-11-01 15:58:14'),
(771,0,0,'','pervenche',NULL,0,0,0,0,'2023-11-01 16:34:07','2023-11-01 15:58:14'),
(772,0,0,'','pervenche',NULL,0,0,0,0,'2023-11-01 16:34:07','2023-11-01 15:58:14'),
(773,0,0,'','pervenche',NULL,0,0,0,0,'2023-11-01 16:34:07','2023-11-01 15:58:14'),
(774,0,0,'','pervenche',NULL,0,0,0,0,'2023-11-01 16:34:07','2023-11-01 15:58:14'),
(775,0,0,'','pervenche',NULL,0,0,0,0,'2023-11-01 16:34:07','2023-11-01 15:58:14'),
(776,0,0,'','pervenche',NULL,0,0,0,0,'2023-11-01 16:34:07','2023-11-01 15:58:14'),
(777,0,0,'','pervenche',NULL,0,0,0,0,'2023-11-01 16:34:07','2023-11-01 15:58:14'),
(778,0,0,'','pervenche',NULL,0,0,0,0,'2023-11-01 16:34:07','2023-11-01 15:58:14'),
(779,0,0,'','pervenche',NULL,0,0,0,0,'2023-11-01 16:34:07','2023-11-01 15:58:14'),
(780,0,0,'','pervenche',NULL,0,0,0,0,'2023-11-01 16:34:07','2023-11-01 15:58:14'),
(781,0,0,'','pervenche',NULL,0,0,0,0,'2023-11-01 16:34:07','2023-11-01 15:58:14'),
(782,0,0,'','pervenche',NULL,0,0,0,0,'2023-11-01 16:34:07','2023-11-01 15:58:14'),
(783,0,0,'','pervenche',NULL,0,0,0,0,'2023-11-01 16:34:07','2023-11-01 15:58:14'),
(784,0,0,'','pervenche',NULL,0,0,0,0,'2023-11-01 16:34:07','2023-11-01 15:58:14'),
(785,0,0,'','pervenche',NULL,0,0,0,0,'2023-11-01 16:34:07','2023-11-01 15:58:14'),
(786,0,0,'','pervenche',NULL,0,0,0,0,'2023-11-01 16:34:07','2023-11-01 15:58:14'),
(787,0,0,'','pervenche',NULL,0,0,0,0,'2023-11-01 16:34:07','2023-11-01 15:58:14'),
(788,0,0,'','pervenche',NULL,0,0,0,0,'2023-11-01 16:34:07','2023-11-01 15:58:14'),
(789,0,0,'','pervenche',NULL,0,0,0,0,'2023-11-01 16:34:07','2023-11-01 15:58:14'),
(790,0,0,'','pervenche',NULL,0,0,0,0,'2023-11-01 16:34:07','2023-11-01 15:58:14'),
(791,0,0,'','pervenche',NULL,0,0,0,0,'2023-11-01 16:34:07','2023-11-01 15:58:14'),
(792,0,0,'','pervenche',NULL,0,0,0,0,'2023-11-01 16:34:07','2023-11-01 15:58:14'),
(793,0,0,'','pervenche',NULL,0,0,0,0,'2023-11-01 16:34:07','2023-11-01 15:58:14'),
(794,0,0,'','pervenche',NULL,0,0,0,0,'2023-11-01 16:34:07','2023-11-01 15:58:14'),
(795,0,0,'','pervenche',NULL,0,0,0,0,'2023-11-01 16:34:07','2023-11-01 15:58:14'),
(796,0,0,'','pervenche',NULL,0,0,0,0,'2023-11-01 16:34:07','2023-11-01 15:58:14'),
(797,0,0,'','pervenche',NULL,0,0,0,0,'2023-11-01 16:34:07','2023-11-01 15:58:14'),
(798,0,0,'','pervenche',NULL,0,0,0,0,'2023-11-01 16:34:07','2023-11-01 15:58:14'),
(799,0,0,'','pervenche',NULL,0,0,0,0,'2023-11-01 16:34:07','2023-11-01 15:58:14'),
(800,0,0,'','pervenche',NULL,0,0,0,0,'2023-11-01 16:34:07','2023-11-01 15:58:14'),
(801,0,0,'','ginseng',NULL,0,0,0,0,'2023-11-01 16:34:07','2023-11-01 15:58:14'),
(802,0,0,'','ginseng',NULL,0,0,0,0,'2023-11-01 16:34:07','2023-11-01 15:58:14'),
(803,0,0,'','ginseng',NULL,0,0,0,0,'2023-11-01 16:34:07','2023-11-01 15:58:14'),
(804,0,0,'','ginseng',NULL,0,0,0,0,'2023-11-01 16:34:07','2023-11-01 15:58:14'),
(805,0,0,'','ginseng',NULL,0,0,0,0,'2023-11-01 16:34:07','2023-11-01 15:58:14'),
(806,0,0,'','ginseng',NULL,0,0,0,0,'2023-11-01 16:34:07','2023-11-01 15:58:14'),
(807,0,0,'','ginseng',NULL,0,0,0,0,'2023-11-01 16:34:07','2023-11-01 15:58:14'),
(808,0,0,'','ginseng',NULL,0,0,0,0,'2023-11-01 16:34:07','2023-11-01 15:58:14'),
(809,0,0,'','ginseng',NULL,0,0,0,0,'2023-11-01 16:34:07','2023-11-01 15:58:14'),
(810,0,0,'','ginseng',NULL,0,0,0,0,'2023-11-01 16:34:07','2023-11-01 15:58:14'),
(811,0,0,'','ginseng',NULL,0,0,0,0,'2023-11-01 16:34:07','2023-11-01 15:58:14'),
(812,0,0,'','ginseng',NULL,0,0,0,0,'2023-11-01 16:34:07','2023-11-01 15:58:14'),
(813,0,0,'','ginseng',NULL,0,0,0,0,'2023-11-01 16:34:07','2023-11-01 15:58:14'),
(814,0,0,'','ginseng',NULL,0,0,0,0,'2023-11-01 16:34:07','2023-11-01 15:58:14'),
(815,0,0,'','ginseng',NULL,0,0,0,0,'2023-11-01 16:34:07','2023-11-01 15:58:14'),
(816,0,0,'','ginseng',NULL,0,0,0,0,'2023-11-01 16:34:07','2023-11-01 15:58:14'),
(817,0,0,'','ginseng',NULL,0,0,0,0,'2023-11-01 16:34:07','2023-11-01 15:58:14'),
(818,0,0,'','ginseng',NULL,0,0,0,0,'2023-11-01 16:34:07','2023-11-01 15:58:14'),
(819,0,0,'','ginseng',NULL,0,0,0,0,'2023-11-01 16:34:07','2023-11-01 15:58:14'),
(820,0,0,'','ginseng',NULL,0,0,0,0,'2023-11-01 16:34:07','2023-11-01 15:58:14'),
(821,0,0,'','ginseng',NULL,0,0,0,0,'2023-11-01 16:34:07','2023-11-01 15:58:14'),
(822,0,0,'','ginseng',NULL,0,0,0,0,'2023-11-01 16:34:07','2023-11-01 15:58:14'),
(823,0,0,'','ginseng',NULL,0,0,0,0,'2023-11-01 16:34:07','2023-11-01 15:58:14'),
(824,0,0,'','ginseng',NULL,0,0,0,0,'2023-11-01 16:34:07','2023-11-01 15:58:14'),
(825,0,0,'','ginseng',NULL,0,0,0,0,'2023-11-01 16:34:07','2023-11-01 15:58:14'),
(826,0,0,'','ginseng',NULL,0,0,0,0,'2023-11-01 16:34:07','2023-11-01 15:58:14'),
(827,0,0,'','agapanthe',NULL,0,0,0,0,'2023-11-01 16:34:07','2023-11-01 15:58:14'),
(828,0,0,'','agapanthe',NULL,0,0,0,0,'2023-11-01 16:34:07','2023-11-01 15:58:14'),
(829,0,0,'','agapanthe',NULL,0,0,0,0,'2023-11-01 16:34:07','2023-11-01 15:58:14'),
(830,0,0,'','agapanthe',NULL,0,0,0,0,'2023-11-01 16:34:07','2023-11-01 15:58:14'),
(831,0,0,'','agapanthe',NULL,0,0,0,0,'2023-11-01 16:34:07','2023-11-01 15:58:14'),
(832,0,0,'','agapanthe',NULL,0,0,0,0,'2023-11-01 16:34:07','2023-11-01 15:58:14'),
(833,0,0,'','agapanthe',NULL,0,0,0,0,'2023-11-01 16:34:07','2023-11-01 15:58:14'),
(834,0,0,'','agapanthe',NULL,0,0,0,0,'2023-11-01 16:34:07','2023-11-01 15:58:14'),
(835,0,0,'','agapanthe',NULL,0,0,0,0,'2023-11-01 16:34:07','2023-11-01 15:58:14'),
(836,0,0,'','agapanthe',NULL,0,0,0,0,'2023-11-01 16:34:07','2023-11-01 15:58:14'),
(837,0,0,'','agapanthe',NULL,0,0,0,0,'2023-11-01 16:34:07','2023-11-01 15:58:14'),
(838,0,0,'','agapanthe',NULL,0,0,0,0,'2023-11-01 16:34:07','2023-11-01 15:58:14'),
(839,0,0,'','agapanthe',NULL,0,0,0,0,'2023-11-01 16:34:07','2023-11-01 15:58:14'),
(840,0,0,'','agapanthe',NULL,0,0,0,0,'2023-11-01 16:34:07','2023-11-01 15:58:14'),
(841,0,0,'','agapanthe',NULL,0,0,0,0,'2023-11-01 16:34:07','2023-11-01 15:58:14'),
(842,0,0,'','agapanthe',NULL,0,0,0,0,'2023-11-01 16:34:07','2023-11-01 15:58:14'),
(843,0,0,'','agapanthe',NULL,0,0,0,0,'2023-11-01 16:34:07','2023-11-01 15:58:14'),
(844,0,0,'','agapanthe',NULL,0,0,0,0,'2023-11-01 16:34:07','2023-11-01 15:58:14'),
(845,0,0,'','agapanthe',NULL,0,0,0,0,'2023-11-01 16:34:07','2023-11-01 15:58:14'),
(846,0,0,'','agapanthe',NULL,0,0,0,0,'2023-11-01 16:34:07','2023-11-01 15:58:14'),
(847,0,0,'','agapanthe',NULL,0,0,0,0,'2023-11-01 16:34:07','2023-11-01 15:58:14'),
(848,0,0,'','agapanthe',NULL,0,0,0,0,'2023-11-01 16:34:07','2023-11-01 15:58:14'),
(849,0,0,'','humulus',NULL,0,0,0,0,'2023-11-01 16:34:07','2023-11-01 15:58:14'),
(850,0,0,'','humulus',NULL,0,0,0,0,'2023-11-01 16:34:07','2023-11-01 15:58:14'),
(851,0,0,'','humulus',NULL,0,0,0,0,'2023-11-01 16:34:07','2023-11-01 15:58:14'),
(852,0,0,'','humulus',NULL,0,0,0,0,'2023-11-01 16:34:07','2023-11-01 15:58:14'),
(853,0,0,'','humulus',NULL,0,0,0,0,'2023-11-01 16:34:07','2023-11-01 15:58:14'),
(854,0,0,'','humulus',NULL,0,0,0,0,'2023-11-01 16:34:07','2023-11-01 15:58:14'),
(855,0,0,'','humulus',NULL,0,0,0,0,'2023-11-01 16:34:07','2023-11-01 15:58:14'),
(856,0,0,'','humulus',NULL,0,0,0,0,'2023-11-01 16:34:07','2023-11-01 15:58:14'),
(857,0,0,'','humulus',NULL,0,0,0,0,'2023-11-01 16:34:07','2023-11-01 15:58:14'),
(858,0,0,'','humulus',NULL,0,0,0,0,'2023-11-01 16:34:07','2023-11-01 15:58:14'),
(859,0,0,'','humulus',NULL,0,0,0,0,'2023-11-01 16:34:07','2023-11-01 15:58:14'),
(860,0,0,'','humulus',NULL,0,0,0,0,'2023-11-01 16:34:07','2023-11-01 15:58:14'),
(861,0,0,'','humulus',NULL,0,0,0,0,'2023-11-01 16:34:07','2023-11-01 15:58:14'),
(862,0,0,'','humulus',NULL,0,0,0,0,'2023-11-01 16:34:07','2023-11-01 15:58:14'),
(863,0,0,'','humulus',NULL,0,0,0,0,'2023-11-01 16:34:07','2023-11-01 15:58:14'),
(864,0,0,'','humulus',NULL,0,0,0,0,'2023-11-01 16:34:07','2023-11-01 15:58:14'),
(865,0,0,'','humulus',NULL,0,0,0,0,'2023-11-01 16:34:07','2023-11-01 15:58:14'),
(866,0,0,'','desktop-q6j38i4',NULL,0,0,0,0,'2023-11-01 16:34:07','2023-11-01 15:58:14'),
(867,0,0,'','desktop-q6j38i4',NULL,0,0,0,0,'2023-11-01 16:34:07','2023-11-01 15:58:14'),
(868,0,0,'','desktop-q6j38i4',NULL,0,0,0,0,'2023-11-01 16:34:07','2023-11-01 15:58:14'),
(869,0,0,'','desktop-q6j38i4',NULL,0,0,0,0,'2023-11-01 16:34:07','2023-11-01 15:58:14'),
(870,0,0,'','desktop-q6j38i4',NULL,0,0,0,0,'2023-11-01 16:34:07','2023-11-01 15:58:14'),
(871,0,0,'','desktop-q6j38i4',NULL,0,0,0,0,'2023-11-01 16:34:07','2023-11-01 15:58:14'),
(872,0,0,'','desktop-q6j38i4',NULL,0,0,0,0,'2023-11-01 16:34:07','2023-11-01 15:58:14'),
(873,0,0,'','desktop-q6j38i4',NULL,0,0,0,0,'2023-11-01 16:34:07','2023-11-01 15:58:14'),
(874,0,0,'','desktop-q6j38i4',NULL,0,0,0,0,'2023-11-01 16:34:07','2023-11-01 15:58:14'),
(875,0,0,'','desktop-q6j38i4',NULL,0,0,0,0,'2023-11-01 16:34:07','2023-11-01 15:58:14'),
(876,0,0,'','desktop-q6j38i4',NULL,0,0,0,0,'2023-11-01 16:34:07','2023-11-01 15:58:14'),
(877,0,0,'','desktop-q6j38i4',NULL,0,0,0,0,'2023-11-01 16:34:07','2023-11-01 15:58:14'),
(878,0,0,'','desktop-q6j38i4',NULL,0,0,0,0,'2023-11-01 16:34:07','2023-11-01 15:58:14'),
(879,0,0,'','desktop-q6j38i4',NULL,0,0,0,0,'2023-11-01 16:34:07','2023-11-01 15:58:14'),
(880,0,0,'','desktop-q6j38i4',NULL,0,0,0,0,'2023-11-01 16:34:07','2023-11-01 15:58:14'),
(881,0,0,'','desktop-q6j38i4',NULL,0,0,0,0,'2023-11-01 16:34:07','2023-11-01 15:58:14'),
(882,0,0,'','desktop-q6j38i4',NULL,0,0,0,0,'2023-11-01 16:34:07','2023-11-01 15:58:14'),
(883,0,0,'','desktop-q6j38i4',NULL,0,0,0,0,'2023-11-01 16:34:07','2023-11-01 15:58:14'),
(884,0,0,'','cactus',NULL,0,0,0,0,'2023-11-01 16:34:07','2023-11-01 15:58:14'),
(885,0,0,'','cactus',NULL,0,0,0,0,'2023-11-01 16:34:07','2023-11-01 15:58:14'),
(886,0,0,'','cactus',NULL,0,0,0,0,'2023-11-01 16:34:07','2023-11-01 15:58:14'),
(887,0,0,'','cactus',NULL,0,0,0,0,'2023-11-01 16:34:07','2023-11-01 15:58:14'),
(888,0,0,'','cactus',NULL,0,0,0,0,'2023-11-01 16:34:07','2023-11-01 15:58:14'),
(889,0,0,'','cactus',NULL,0,0,0,0,'2023-11-01 16:34:07','2023-11-01 15:58:14'),
(890,0,0,'','cactus',NULL,0,0,0,0,'2023-11-01 16:34:07','2023-11-01 15:58:14'),
(891,0,0,'','cactus',NULL,0,0,0,0,'2023-11-01 16:34:07','2023-11-01 15:58:14'),
(892,0,0,'','cactus',NULL,0,0,0,0,'2023-11-01 16:34:07','2023-11-01 15:58:14'),
(893,0,0,'','cactus',NULL,0,0,0,0,'2023-11-01 16:34:07','2023-11-01 15:58:14'),
(894,0,0,'','cactus',NULL,0,0,0,0,'2023-11-01 16:34:07','2023-11-01 15:58:14'),
(895,0,0,'','cactus',NULL,0,0,0,0,'2023-11-01 16:34:07','2023-11-01 15:58:14'),
(896,0,0,'','cactus',NULL,0,0,0,0,'2023-11-01 16:34:07','2023-11-01 15:58:14'),
(897,0,0,'','cactus',NULL,0,0,0,0,'2023-11-01 16:34:07','2023-11-01 15:58:14'),
(898,0,0,'','cactus',NULL,0,0,0,0,'2023-11-01 16:34:07','2023-11-01 15:58:14'),
(899,0,0,'','cactus',NULL,0,0,0,0,'2023-11-01 16:34:07','2023-11-01 15:58:14'),
(900,0,0,'','cactus',NULL,0,0,0,0,'2023-11-01 16:34:07','2023-11-01 15:58:14'),
(901,0,0,'','cactus',NULL,0,0,0,0,'2023-11-01 16:34:07','2023-11-01 15:58:14'),
(902,0,0,'','cactus',NULL,0,0,0,0,'2023-11-01 16:34:07','2023-11-01 15:58:14'),
(903,0,0,'','cactus',NULL,0,0,0,0,'2023-11-01 16:34:07','2023-11-01 15:58:14'),
(904,0,0,'','cactus',NULL,0,0,0,0,'2023-11-01 16:34:07','2023-11-01 15:58:14'),
(905,0,0,'','arum',NULL,0,0,0,0,'2023-11-01 16:34:07','2023-11-01 15:58:14'),
(906,0,0,'','arum',NULL,0,0,0,0,'2023-11-01 16:34:07','2023-11-01 15:58:14'),
(907,0,0,'','arum',NULL,0,0,0,0,'2023-11-01 16:34:07','2023-11-01 15:58:14'),
(908,0,0,'','arum',NULL,0,0,0,0,'2023-11-01 16:34:07','2023-11-01 15:58:14'),
(909,0,0,'','arum',NULL,0,0,0,0,'2023-11-01 16:34:07','2023-11-01 15:58:14'),
(910,0,0,'','arum',NULL,0,0,0,0,'2023-11-01 16:34:07','2023-11-01 15:58:14'),
(911,0,0,'','arum',NULL,0,0,0,0,'2023-11-01 16:34:07','2023-11-01 15:58:14'),
(912,0,0,'','arum',NULL,0,0,0,0,'2023-11-01 16:34:07','2023-11-01 15:58:14'),
(913,0,0,'','arum',NULL,0,0,0,0,'2023-11-01 16:34:07','2023-11-01 15:58:14'),
(914,0,0,'','arum',NULL,0,0,0,0,'2023-11-01 16:34:07','2023-11-01 15:58:14'),
(915,0,0,'','arum',NULL,0,0,0,0,'2023-11-01 16:34:07','2023-11-01 15:58:14'),
(916,0,0,'','arum',NULL,0,0,0,0,'2023-11-01 16:34:07','2023-11-01 15:58:14'),
(917,0,0,'','arum',NULL,0,0,0,0,'2023-11-01 16:34:07','2023-11-01 15:58:14'),
(918,0,0,'','arum',NULL,0,0,0,0,'2023-11-01 16:34:07','2023-11-01 15:58:14'),
(919,0,0,'','arum',NULL,0,0,0,0,'2023-11-01 16:34:07','2023-11-01 15:58:14'),
(920,0,0,'','arum',NULL,0,0,0,0,'2023-11-01 16:34:07','2023-11-01 15:58:14'),
(921,0,0,'','arum',NULL,0,0,0,0,'2023-11-01 16:34:07','2023-11-01 15:58:14'),
(922,0,0,'','arum',NULL,0,0,0,0,'2023-11-01 16:34:07','2023-11-01 15:58:14'),
(923,0,0,'','arum',NULL,0,0,0,0,'2023-11-01 16:34:07','2023-11-01 15:58:14'),
(924,0,0,'','arum',NULL,0,0,0,0,'2023-11-01 16:34:07','2023-11-01 15:58:14'),
(925,0,0,'','arum',NULL,0,0,0,0,'2023-11-01 16:34:07','2023-11-01 15:58:14'),
(926,0,0,'','arum',NULL,0,0,0,0,'2023-11-01 16:34:07','2023-11-01 15:58:14'),
(927,0,0,'','olivier',NULL,0,0,0,0,'2023-11-01 16:34:07','2023-11-01 15:58:14'),
(928,0,0,'','olivier',NULL,0,0,0,0,'2023-11-01 16:34:07','2023-11-01 15:58:14'),
(929,0,0,'','olivier',NULL,0,0,0,0,'2023-11-01 16:34:07','2023-11-01 15:58:14'),
(930,0,0,'','olivier',NULL,0,0,0,0,'2023-11-01 16:34:07','2023-11-01 15:58:14'),
(931,0,0,'','olivier',NULL,0,0,0,0,'2023-11-01 16:34:07','2023-11-01 15:58:14'),
(932,0,0,'','olivier',NULL,0,0,0,0,'2023-11-01 16:34:07','2023-11-01 15:58:14'),
(933,0,0,'','olivier',NULL,0,0,0,0,'2023-11-01 16:34:07','2023-11-01 15:58:14'),
(934,0,0,'','olivier',NULL,0,0,0,0,'2023-11-01 16:34:07','2023-11-01 15:58:14'),
(935,0,0,'','olivier',NULL,0,0,0,0,'2023-11-01 16:34:07','2023-11-01 15:58:14'),
(936,0,0,'','olivier',NULL,0,0,0,0,'2023-11-01 16:34:07','2023-11-01 15:58:14'),
(937,0,0,'','olivier',NULL,0,0,0,0,'2023-11-01 16:34:07','2023-11-01 15:58:14'),
(938,0,0,'','olivier',NULL,0,0,0,0,'2023-11-01 16:34:07','2023-11-01 15:58:14'),
(939,0,0,'','olivier',NULL,0,0,0,0,'2023-11-01 16:34:07','2023-11-01 15:58:14'),
(940,0,0,'','olivier',NULL,0,0,0,0,'2023-11-01 16:34:07','2023-11-01 15:58:14'),
(941,0,0,'','olivier',NULL,0,0,0,0,'2023-11-01 16:34:07','2023-11-01 15:58:14'),
(942,0,0,'','olivier',NULL,0,0,0,0,'2023-11-01 16:34:07','2023-11-01 15:58:14'),
(943,0,0,'','olivier',NULL,0,0,0,0,'2023-11-01 16:34:07','2023-11-01 15:58:14'),
(944,0,0,'','olivier',NULL,0,0,0,0,'2023-11-01 16:34:07','2023-11-01 15:58:14'),
(945,0,0,'','olivier',NULL,0,0,0,0,'2023-11-01 16:34:07','2023-11-01 15:58:14'),
(946,0,0,'','olivier',NULL,0,0,0,0,'2023-11-01 16:34:07','2023-11-01 15:58:14'),
(947,0,0,'','olivier',NULL,0,0,0,0,'2023-11-01 16:34:07','2023-11-01 15:58:14'),
(948,0,0,'','olivier',NULL,0,0,0,0,'2023-11-01 16:34:07','2023-11-01 15:58:14'),
(949,0,0,'','olivier',NULL,0,0,0,0,'2023-11-01 16:34:07','2023-11-01 15:58:14'),
(950,0,0,'','olivier',NULL,0,0,0,0,'2023-11-01 16:34:07','2023-11-01 15:58:14'),
(951,0,0,'','olivier',NULL,0,0,0,0,'2023-11-01 16:34:07','2023-11-01 15:58:14'),
(952,0,0,'','olivier',NULL,0,0,0,0,'2023-11-01 16:34:07','2023-11-01 15:58:14'),
(953,0,0,'','olivier',NULL,0,0,0,0,'2023-11-01 16:34:07','2023-11-01 15:58:14'),
(954,0,0,'','olivier',NULL,0,0,0,0,'2023-11-01 16:34:07','2023-11-01 15:58:14'),
(955,0,0,'','olivier',NULL,0,0,0,0,'2023-11-01 16:34:07','2023-11-01 15:58:14'),
(956,0,0,'','olivier',NULL,0,0,0,0,'2023-11-01 16:34:07','2023-11-01 15:58:14'),
(957,0,0,'','olivier',NULL,0,0,0,0,'2023-11-01 16:34:07','2023-11-01 15:58:14'),
(958,0,0,'','olivier',NULL,0,0,0,0,'2023-11-01 16:34:07','2023-11-01 15:58:14'),
(959,0,0,'','olivier',NULL,0,0,0,0,'2023-11-01 16:34:07','2023-11-01 15:58:14'),
(960,0,0,'','olivier',NULL,0,0,0,0,'2023-11-01 16:34:07','2023-11-01 15:58:14'),
(961,0,0,'','olivier',NULL,0,0,0,0,'2023-11-01 16:34:07','2023-11-01 15:58:14'),
(962,0,0,'','olivier',NULL,0,0,0,0,'2023-11-01 16:34:07','2023-11-01 15:58:14'),
(963,0,0,'','taraxacum',NULL,0,0,0,0,'2023-11-01 16:34:07','2023-11-01 15:58:14'),
(964,0,0,'','taraxacum',NULL,0,0,0,0,'2023-11-01 16:34:07','2023-11-01 15:58:14'),
(965,0,0,'','taraxacum',NULL,0,0,0,0,'2023-11-01 16:34:07','2023-11-01 15:58:14'),
(966,0,0,'','taraxacum',NULL,0,0,0,0,'2023-11-01 16:34:07','2023-11-01 15:58:14'),
(967,0,0,'','taraxacum',NULL,0,0,0,0,'2023-11-01 16:34:07','2023-11-01 15:58:14'),
(968,0,0,'','taraxacum',NULL,0,0,0,0,'2023-11-01 16:34:07','2023-11-01 15:58:14'),
(969,0,0,'','taraxacum',NULL,0,0,0,0,'2023-11-01 16:34:07','2023-11-01 15:58:14'),
(970,0,0,'','taraxacum',NULL,0,0,0,0,'2023-11-01 16:34:07','2023-11-01 15:58:14'),
(971,0,0,'','taraxacum',NULL,0,0,0,0,'2023-11-01 16:34:07','2023-11-01 15:58:14'),
(972,0,0,'','taraxacum',NULL,0,0,0,0,'2023-11-01 16:34:07','2023-11-01 15:58:14'),
(973,0,0,'','taraxacum',NULL,0,0,0,0,'2023-11-01 16:34:07','2023-11-01 15:58:14'),
(974,0,0,'','taraxacum',NULL,0,0,0,0,'2023-11-01 16:34:07','2023-11-01 15:58:14'),
(975,0,0,'','taraxacum',NULL,0,0,0,0,'2023-11-01 16:34:07','2023-11-01 15:58:14'),
(976,0,0,'','taraxacum',NULL,0,0,0,0,'2023-11-01 16:34:07','2023-11-01 15:58:14'),
(977,0,0,'','taraxacum',NULL,0,0,0,0,'2023-11-01 16:34:07','2023-11-01 15:58:14'),
(978,0,0,'','taraxacum',NULL,0,0,0,0,'2023-11-01 16:34:07','2023-11-01 15:58:14'),
(979,0,0,'','taraxacum',NULL,0,0,0,0,'2023-11-01 16:34:07','2023-11-01 15:58:14'),
(980,0,0,'','taraxacum',NULL,0,0,0,0,'2023-11-01 16:34:07','2023-11-01 15:58:14'),
(981,0,0,'','taraxacum',NULL,0,0,0,0,'2023-11-01 16:34:07','2023-11-01 15:58:14'),
(982,0,0,'','taraxacum',NULL,0,0,0,0,'2023-11-01 16:34:07','2023-11-01 15:58:14'),
(983,0,0,'','taraxacum',NULL,0,0,0,0,'2023-11-01 16:34:07','2023-11-01 15:58:14'),
(984,0,0,'','garance',NULL,0,0,0,0,'2023-11-01 16:34:07','2023-11-01 15:58:14'),
(985,0,0,'','garance',NULL,0,0,0,0,'2023-11-01 16:34:07','2023-11-01 15:58:14'),
(986,0,0,'','garance',NULL,0,0,0,0,'2023-11-01 16:34:07','2023-11-01 15:58:14'),
(987,0,0,'','garance',NULL,0,0,0,0,'2023-11-01 16:34:07','2023-11-01 15:58:14'),
(988,0,0,'','garance',NULL,0,0,0,0,'2023-11-01 16:34:07','2023-11-01 15:58:14'),
(989,0,0,'','garance',NULL,0,0,0,0,'2023-11-01 16:34:07','2023-11-01 15:58:14'),
(990,0,0,'','garance',NULL,0,0,0,0,'2023-11-01 16:34:07','2023-11-01 15:58:14'),
(991,0,0,'','garance',NULL,0,0,0,0,'2023-11-01 16:34:07','2023-11-01 15:58:14'),
(992,0,0,'','garance',NULL,0,0,0,0,'2023-11-01 16:34:07','2023-11-01 15:58:14'),
(993,0,0,'','garance',NULL,0,0,0,0,'2023-11-01 16:34:07','2023-11-01 15:58:14'),
(994,0,0,'','garance',NULL,0,0,0,0,'2023-11-01 16:34:07','2023-11-01 15:58:14'),
(995,0,0,'','garance',NULL,0,0,0,0,'2023-11-01 16:34:07','2023-11-01 15:58:14'),
(996,0,0,'','garance',NULL,0,0,0,0,'2023-11-01 16:34:07','2023-11-01 15:58:14'),
(997,0,0,'','garance',NULL,0,0,0,0,'2023-11-01 16:34:07','2023-11-01 15:58:14'),
(998,0,0,'','garance',NULL,0,0,0,0,'2023-11-01 16:34:07','2023-11-01 15:58:14'),
(999,0,0,'','garance',NULL,0,0,0,0,'2023-11-01 16:34:07','2023-11-01 15:58:14'),
(1000,0,0,'','garance',NULL,0,0,0,0,'2023-11-01 16:34:07','2023-11-01 15:58:14'),
(1001,0,0,'','garance',NULL,0,0,0,0,'2023-11-01 16:34:07','2023-11-01 15:58:14'),
(1002,0,0,'','garance',NULL,0,0,0,0,'2023-11-01 16:34:07','2023-11-01 15:58:14'),
(1003,0,0,'','garance',NULL,0,0,0,0,'2023-11-01 16:34:07','2023-11-01 15:58:14'),
(1004,0,0,'','garance',NULL,0,0,0,0,'2023-11-01 16:34:07','2023-11-01 15:58:14'),
(1005,0,0,'','garance',NULL,0,0,0,0,'2023-11-01 16:34:07','2023-11-01 15:58:14'),
(1006,0,0,'','garance',NULL,0,0,0,0,'2023-11-01 16:34:07','2023-11-01 15:58:14'),
(1007,0,0,'','garance',NULL,0,0,0,0,'2023-11-01 16:34:07','2023-11-01 15:58:14'),
(1008,0,0,'','garance',NULL,0,0,0,0,'2023-11-01 16:34:07','2023-11-01 15:58:14'),
(1009,0,0,'','garance',NULL,0,0,0,0,'2023-11-01 16:34:07','2023-11-01 15:58:14'),
(1010,0,0,'','garance',NULL,0,0,0,0,'2023-11-01 16:34:07','2023-11-01 15:58:14'),
(1011,0,0,'','garance',NULL,0,0,0,0,'2023-11-01 16:34:07','2023-11-01 15:58:14'),
(1012,0,0,'','garance',NULL,0,0,0,0,'2023-11-01 16:34:07','2023-11-01 15:58:14'),
(1013,0,0,'','garance',NULL,0,0,0,0,'2023-11-01 16:34:07','2023-11-01 15:58:14'),
(1014,0,0,'','garance',NULL,0,0,0,0,'2023-11-01 16:34:07','2023-11-01 15:58:14'),
(1058,0,0,'','achillee',NULL,0,0,0,0,'2023-11-01 16:34:07','2023-11-01 15:58:14'),
(1059,0,0,'','achillee',NULL,0,0,0,0,'2023-11-01 16:34:07','2023-11-01 15:58:14'),
(1060,0,0,'','achillee',NULL,0,0,0,0,'2023-11-01 16:34:07','2023-11-01 15:58:14'),
(1061,0,0,'','achillee',NULL,0,0,0,0,'2023-11-01 16:34:07','2023-11-01 15:58:14'),
(1062,0,0,'','achillee',NULL,0,0,0,0,'2023-11-01 16:34:07','2023-11-01 15:58:14'),
(1063,0,0,'','achillee',NULL,0,0,0,0,'2023-11-01 16:34:07','2023-11-01 15:58:14'),
(1064,0,0,'','achillee',NULL,0,0,0,0,'2023-11-01 16:34:07','2023-11-01 15:58:14'),
(1065,0,0,'','achillee',NULL,0,0,0,0,'2023-11-01 16:34:07','2023-11-01 15:58:14'),
(1066,0,0,'','achillee',NULL,0,0,0,0,'2023-11-01 16:34:07','2023-11-01 15:58:14'),
(1067,0,0,'','achillee',NULL,0,0,0,0,'2023-11-01 16:34:07','2023-11-01 15:58:14'),
(1068,0,0,'','achillee',NULL,0,0,0,0,'2023-11-01 16:34:07','2023-11-01 15:58:14'),
(1069,0,0,'','achillee',NULL,0,0,0,0,'2023-11-01 16:34:07','2023-11-01 15:58:14'),
(1070,0,0,'','achillee',NULL,0,0,0,0,'2023-11-01 16:34:07','2023-11-01 15:58:14'),
(1071,0,0,'','achillee',NULL,0,0,0,0,'2023-11-01 16:34:07','2023-11-01 15:58:14'),
(1072,0,0,'','achillee',NULL,0,0,0,0,'2023-11-01 16:34:07','2023-11-01 15:58:14'),
(1073,0,0,'','achillee',NULL,0,0,0,0,'2023-11-01 16:34:07','2023-11-01 15:58:14'),
(1074,0,0,'','achillee',NULL,0,0,0,0,'2023-11-01 16:34:07','2023-11-01 15:58:14'),
(1075,0,0,'','achillee',NULL,0,0,0,0,'2023-11-01 16:34:07','2023-11-01 15:58:14'),
(1076,0,0,'','achillee',NULL,0,0,0,0,'2023-11-01 16:34:07','2023-11-01 15:58:14'),
(1077,0,0,'','achillee',NULL,0,0,0,0,'2023-11-01 16:34:07','2023-11-01 15:58:14'),
(1078,0,0,'','achillee',NULL,0,0,0,0,'2023-11-01 16:34:07','2023-11-01 15:58:14'),
(1079,0,0,'','achillee',NULL,0,0,0,0,'2023-11-01 16:34:07','2023-11-01 15:58:14'),
(1080,0,0,'','brunelle',NULL,0,0,0,0,'2023-11-01 16:34:07','2023-11-01 15:58:14'),
(1081,0,0,'','brunelle',NULL,0,0,0,0,'2023-11-01 16:34:07','2023-11-01 15:58:14'),
(1082,0,0,'','brunelle',NULL,0,0,0,0,'2023-11-01 16:34:07','2023-11-01 15:58:14'),
(1083,0,0,'','brunelle',NULL,0,0,0,0,'2023-11-01 16:34:07','2023-11-01 15:58:14'),
(1084,0,0,'','brunelle',NULL,0,0,0,0,'2023-11-01 16:34:07','2023-11-01 15:58:14'),
(1085,0,0,'','brunelle',NULL,0,0,0,0,'2023-11-01 16:34:07','2023-11-01 15:58:14'),
(1086,0,0,'','brunelle',NULL,0,0,0,0,'2023-11-01 16:34:07','2023-11-01 15:58:14'),
(1087,0,0,'','brunelle',NULL,0,0,0,0,'2023-11-01 16:34:07','2023-11-01 15:58:14'),
(1088,0,0,'','brunelle',NULL,0,0,0,0,'2023-11-01 16:34:07','2023-11-01 15:58:14'),
(1089,0,0,'','brunelle',NULL,0,0,0,0,'2023-11-01 16:34:07','2023-11-01 15:58:14'),
(1090,0,0,'','brunelle',NULL,0,0,0,0,'2023-11-01 16:34:07','2023-11-01 15:58:14'),
(1091,0,0,'','brunelle',NULL,0,0,0,0,'2023-11-01 16:34:07','2023-11-01 15:58:14'),
(1092,0,0,'','brunelle',NULL,0,0,0,0,'2023-11-01 16:34:07','2023-11-01 15:58:14'),
(1093,0,0,'','brunelle',NULL,0,0,0,0,'2023-11-01 16:34:07','2023-11-01 15:58:14'),
(1094,0,0,'','brunelle',NULL,0,0,0,0,'2023-11-01 16:34:07','2023-11-01 15:58:14'),
(1095,0,0,'','brunelle',NULL,0,0,0,0,'2023-11-01 16:34:07','2023-11-01 15:58:14'),
(1096,0,0,'','brunelle',NULL,0,0,0,0,'2023-11-01 16:34:07','2023-11-01 15:58:14'),
(1097,0,0,'','brunelle',NULL,0,0,0,0,'2023-11-01 16:34:07','2023-11-01 15:58:14'),
(1098,0,0,'','brunelle',NULL,0,0,0,0,'2023-11-01 16:34:07','2023-11-01 15:58:14'),
(1099,0,0,'','brunelle',NULL,0,0,0,0,'2023-11-01 16:34:07','2023-11-01 15:58:14'),
(1100,0,0,'','brunelle',NULL,0,0,0,0,'2023-11-01 16:34:07','2023-11-01 15:58:14'),
(1101,0,0,'','brunelle',NULL,0,0,0,0,'2023-11-01 16:34:07','2023-11-01 15:58:14'),
(1102,0,0,'','bromelia',NULL,0,0,0,0,'2023-11-01 16:34:07','2023-11-01 15:58:14'),
(1103,0,0,'','bromelia',NULL,0,0,0,0,'2023-11-01 16:34:07','2023-11-01 15:58:14'),
(1104,0,0,'','bromelia',NULL,0,0,0,0,'2023-11-01 16:34:07','2023-11-01 15:58:14'),
(1105,0,0,'','bromelia',NULL,0,0,0,0,'2023-11-01 16:34:07','2023-11-01 15:58:14'),
(1106,0,0,'','bromelia',NULL,0,0,0,0,'2023-11-01 16:34:07','2023-11-01 15:58:14'),
(1107,0,0,'','bromelia',NULL,0,0,0,0,'2023-11-01 16:34:07','2023-11-01 15:58:14'),
(1108,0,0,'','bromelia',NULL,0,0,0,0,'2023-11-01 16:34:07','2023-11-01 15:58:14'),
(1109,0,0,'','bromelia',NULL,0,0,0,0,'2023-11-01 16:34:07','2023-11-01 15:58:14'),
(1110,0,0,'','bromelia',NULL,0,0,0,0,'2023-11-01 16:34:07','2023-11-01 15:58:14'),
(1111,0,0,'','bromelia',NULL,0,0,0,0,'2023-11-01 16:34:07','2023-11-01 15:58:14'),
(1112,0,0,'','bromelia',NULL,0,0,0,0,'2023-11-01 16:34:07','2023-11-01 15:58:14'),
(1113,0,0,'','bromelia',NULL,0,0,0,0,'2023-11-01 16:34:07','2023-11-01 15:58:14'),
(1114,0,0,'','bromelia',NULL,0,0,0,0,'2023-11-01 16:34:07','2023-11-01 15:58:14'),
(1115,0,0,'','bromelia',NULL,0,0,0,0,'2023-11-01 16:34:07','2023-11-01 15:58:14'),
(1116,0,0,'','bromelia',NULL,0,0,0,0,'2023-11-01 16:34:07','2023-11-01 15:58:14'),
(1117,0,0,'','bromelia',NULL,0,0,0,0,'2023-11-01 16:34:07','2023-11-01 15:58:14'),
(1118,0,0,'','bromelia',NULL,0,0,0,0,'2023-11-01 16:34:07','2023-11-01 15:58:14'),
(1119,0,0,'','bromelia',NULL,0,0,0,0,'2023-11-01 16:34:07','2023-11-01 15:58:14'),
(1120,0,0,'','bromelia',NULL,0,0,0,0,'2023-11-01 16:34:07','2023-11-01 15:58:14'),
(1121,0,0,'','bromelia',NULL,0,0,0,0,'2023-11-01 16:34:07','2023-11-01 15:58:14'),
(1122,0,0,'','bruyere',NULL,0,0,0,0,'2023-11-01 16:34:07','2023-11-01 15:58:14'),
(1123,0,0,'','bruyere',NULL,0,0,0,0,'2023-11-01 16:34:07','2023-11-01 15:58:14'),
(1124,0,0,'','bruyere',NULL,0,0,0,0,'2023-11-01 16:34:07','2023-11-01 15:58:14'),
(1125,0,0,'','bruyere',NULL,0,0,0,0,'2023-11-01 16:34:07','2023-11-01 15:58:14'),
(1126,0,0,'','bruyere',NULL,0,0,0,0,'2023-11-01 16:34:07','2023-11-01 15:58:14'),
(1127,0,0,'','bruyere',NULL,0,0,0,0,'2023-11-01 16:34:07','2023-11-01 15:58:14'),
(1128,0,0,'','bruyere',NULL,0,0,0,0,'2023-11-01 16:34:07','2023-11-01 15:58:14'),
(1129,0,0,'','bruyere',NULL,0,0,0,0,'2023-11-01 16:34:07','2023-11-01 15:58:14'),
(1130,0,0,'','bruyere',NULL,0,0,0,0,'2023-11-01 16:34:07','2023-11-01 15:58:14'),
(1131,0,0,'','bruyere',NULL,0,0,0,0,'2023-11-01 16:34:07','2023-11-01 15:58:14'),
(1132,0,0,'','bruyere',NULL,0,0,0,0,'2023-11-01 16:34:07','2023-11-01 15:58:14'),
(1133,0,0,'','bruyere',NULL,0,0,0,0,'2023-11-01 16:34:07','2023-11-01 15:58:14'),
(1134,0,0,'','bruyere',NULL,0,0,0,0,'2023-11-01 16:34:07','2023-11-01 15:58:14'),
(1135,0,0,'','bruyere',NULL,0,0,0,0,'2023-11-01 16:34:07','2023-11-01 15:58:14'),
(1136,0,0,'','bruyere',NULL,0,0,0,0,'2023-11-01 16:34:07','2023-11-01 15:58:14'),
(1137,0,0,'','bruyere',NULL,0,0,0,0,'2023-11-01 16:34:07','2023-11-01 15:58:14'),
(1138,0,0,'','bruyere',NULL,0,0,0,0,'2023-11-01 16:34:07','2023-11-01 15:58:14'),
(1139,0,0,'','bruyere',NULL,0,0,0,0,'2023-11-01 16:34:07','2023-11-01 15:58:14'),
(1140,0,0,'','bruyere',NULL,0,0,0,0,'2023-11-01 16:34:07','2023-11-01 15:58:14'),
(1141,0,0,'','bruyere',NULL,0,0,0,0,'2023-11-01 16:34:07','2023-11-01 15:58:14'),
(1142,0,0,'','bruyere',NULL,0,0,0,0,'2023-11-01 16:34:07','2023-11-01 15:58:14'),
(1143,0,0,'','bruyere',NULL,0,0,0,0,'2023-11-01 16:34:07','2023-11-01 15:58:14'),
(1144,0,0,'','bruyere',NULL,0,0,0,0,'2023-11-01 16:34:07','2023-11-01 15:58:14'),
(1145,0,0,'','bruyere',NULL,0,0,0,0,'2023-11-01 16:34:07','2023-11-01 15:58:14'),
(1146,0,0,'','bruyere',NULL,0,0,0,0,'2023-11-01 16:34:07','2023-11-01 15:58:14'),
(1147,0,0,'','bruyere',NULL,0,0,0,0,'2023-11-01 16:34:07','2023-11-01 15:58:14'),
(1148,0,0,'','bruyere',NULL,0,0,0,0,'2023-11-01 16:34:07','2023-11-01 15:58:14'),
(1149,0,0,'','bruyere',NULL,0,0,0,0,'2023-11-01 16:34:07','2023-11-01 15:58:14'),
(1150,0,0,'','alchemille',NULL,0,0,0,0,'2023-11-01 16:34:07','2023-11-01 15:58:14'),
(1151,0,0,'','alchemille',NULL,0,0,0,0,'2023-11-01 16:34:07','2023-11-01 15:58:14'),
(1152,0,0,'','alchemille',NULL,0,0,0,0,'2023-11-01 16:34:07','2023-11-01 15:58:14'),
(1153,0,0,'','alchemille',NULL,0,0,0,0,'2023-11-01 16:34:07','2023-11-01 15:58:14'),
(1154,0,0,'','alchemille',NULL,0,0,0,0,'2023-11-01 16:34:07','2023-11-01 15:58:14'),
(1155,0,0,'','alchemille',NULL,0,0,0,0,'2023-11-01 16:34:07','2023-11-01 15:58:14'),
(1156,0,0,'','alchemille',NULL,0,0,0,0,'2023-11-01 16:34:07','2023-11-01 15:58:14'),
(1157,0,0,'','alchemille',NULL,0,0,0,0,'2023-11-01 16:34:07','2023-11-01 15:58:14'),
(1158,0,0,'','alchemille',NULL,0,0,0,0,'2023-11-01 16:34:07','2023-11-01 15:58:14'),
(1159,0,0,'','alchemille',NULL,0,0,0,0,'2023-11-01 16:34:07','2023-11-01 15:58:14'),
(1160,0,0,'','alchemille',NULL,0,0,0,0,'2023-11-01 16:34:07','2023-11-01 15:58:14'),
(1161,0,0,'','alchemille',NULL,0,0,0,0,'2023-11-01 16:34:07','2023-11-01 15:58:14'),
(1162,0,0,'','alchemille',NULL,0,0,0,0,'2023-11-01 16:34:07','2023-11-01 15:58:14'),
(1163,0,0,'','alchemille',NULL,0,0,0,0,'2023-11-01 16:34:07','2023-11-01 15:58:14'),
(1164,0,0,'','alchemille',NULL,0,0,0,0,'2023-11-01 16:34:07','2023-11-01 15:58:14'),
(1165,0,0,'','alchemille',NULL,0,0,0,0,'2023-11-01 16:34:07','2023-11-01 15:58:14'),
(1166,0,0,'','alchemille',NULL,0,0,0,0,'2023-11-01 16:34:07','2023-11-01 15:58:14'),
(1167,0,0,'','alchemille',NULL,0,0,0,0,'2023-11-01 16:34:07','2023-11-01 15:58:14'),
(1168,0,0,'','alchemille',NULL,0,0,0,0,'2023-11-01 16:34:07','2023-11-01 15:58:14'),
(1169,0,0,'','alchemille',NULL,0,0,0,0,'2023-11-01 16:34:07','2023-11-01 15:58:14'),
(1170,0,0,'','alchemille',NULL,0,0,0,0,'2023-11-01 16:34:07','2023-11-01 15:58:14'),
(1171,0,0,'','alchemille',NULL,0,0,0,0,'2023-11-01 16:34:07','2023-11-01 15:58:14'),
(1172,0,0,'','alchemille',NULL,0,0,0,0,'2023-11-01 16:34:07','2023-11-01 15:58:14'),
(1173,0,0,'','lavande',NULL,0,0,0,0,'2023-11-01 16:34:07','2023-11-01 15:58:14'),
(1174,0,0,'','lavande',NULL,0,0,0,0,'2023-11-01 16:34:07','2023-11-01 15:58:14'),
(1175,0,0,'','lavande',NULL,0,0,0,0,'2023-11-01 16:34:07','2023-11-01 15:58:14'),
(1176,0,0,'','lavande',NULL,0,0,0,0,'2023-11-01 16:34:07','2023-11-01 15:58:14'),
(1177,0,0,'','lavande',NULL,0,0,0,0,'2023-11-01 16:34:07','2023-11-01 15:58:14'),
(1178,0,0,'','lavande',NULL,0,0,0,0,'2023-11-01 16:34:07','2023-11-01 15:58:14'),
(1179,0,0,'','lavande',NULL,0,0,0,0,'2023-11-01 16:34:07','2023-11-01 15:58:14'),
(1180,0,0,'','lavande',NULL,0,0,0,0,'2023-11-01 16:34:07','2023-11-01 15:58:14'),
(1181,0,0,'','lavande',NULL,0,0,0,0,'2023-11-01 16:34:07','2023-11-01 15:58:14'),
(1182,0,0,'','lavande',NULL,0,0,0,0,'2023-11-01 16:34:07','2023-11-01 15:58:14'),
(1183,0,0,'','lavande',NULL,0,0,0,0,'2023-11-01 16:34:07','2023-11-01 15:58:14'),
(1184,0,0,'','lavande',NULL,0,0,0,0,'2023-11-01 16:34:07','2023-11-01 15:58:14'),
(1185,0,0,'','lavande',NULL,0,0,0,0,'2023-11-01 16:34:07','2023-11-01 15:58:14'),
(1186,0,0,'','lavande',NULL,0,0,0,0,'2023-11-01 16:34:07','2023-11-01 15:58:14'),
(1187,0,0,'','lavande',NULL,0,0,0,0,'2023-11-01 16:34:07','2023-11-01 15:58:14'),
(1188,0,0,'','lavande',NULL,0,0,0,0,'2023-11-01 16:34:07','2023-11-01 15:58:14'),
(1189,0,0,'','lavande',NULL,0,0,0,0,'2023-11-01 16:34:07','2023-11-01 15:58:14'),
(1190,0,0,'','lavande',NULL,0,0,0,0,'2023-11-01 16:34:07','2023-11-01 15:58:14'),
(1191,0,0,'','lavande',NULL,0,0,0,0,'2023-11-01 16:34:07','2023-11-01 15:58:14'),
(1192,0,0,'','lavande',NULL,0,0,0,0,'2023-11-01 16:34:07','2023-11-01 15:58:14'),
(1193,0,0,'','lavande',NULL,0,0,0,0,'2023-11-01 16:34:07','2023-11-01 15:58:14'),
(1194,0,0,'','chicoree',NULL,0,0,0,0,'2023-11-01 16:34:07','2023-11-01 15:58:14'),
(1195,0,0,'','chicoree',NULL,0,0,0,0,'2023-11-01 16:34:07','2023-11-01 15:58:14'),
(1196,0,0,'','chicoree',NULL,0,0,0,0,'2023-11-01 16:34:07','2023-11-01 15:58:14'),
(1197,0,0,'','chicoree',NULL,0,0,0,0,'2023-11-01 16:34:07','2023-11-01 15:58:14'),
(1198,0,0,'','chicoree',NULL,0,0,0,0,'2023-11-01 16:34:07','2023-11-01 15:58:14'),
(1199,0,0,'','chicoree',NULL,0,0,0,0,'2023-11-01 16:34:07','2023-11-01 15:58:14'),
(1200,0,0,'','chicoree',NULL,0,0,0,0,'2023-11-01 16:34:07','2023-11-01 15:58:14'),
(1201,0,0,'','chicoree',NULL,0,0,0,0,'2023-11-01 16:34:07','2023-11-01 15:58:14'),
(1202,0,0,'','chicoree',NULL,0,0,0,0,'2023-11-01 16:34:07','2023-11-01 15:58:14'),
(1203,0,0,'','chicoree',NULL,0,0,0,0,'2023-11-01 16:34:07','2023-11-01 15:58:14'),
(1204,0,0,'','chicoree',NULL,0,0,0,0,'2023-11-01 16:34:07','2023-11-01 15:58:14'),
(1205,0,0,'','chicoree',NULL,0,0,0,0,'2023-11-01 16:34:07','2023-11-01 15:58:14'),
(1206,0,0,'','chicoree',NULL,0,0,0,0,'2023-11-01 16:34:07','2023-11-01 15:58:14'),
(1207,0,0,'','chicoree',NULL,0,0,0,0,'2023-11-01 16:34:07','2023-11-01 15:58:14'),
(1208,0,0,'','chicoree',NULL,0,0,0,0,'2023-11-01 16:34:07','2023-11-01 15:58:14'),
(1209,0,0,'','chicoree',NULL,0,0,0,0,'2023-11-01 16:34:07','2023-11-01 15:58:14'),
(1210,0,0,'','geranium',NULL,0,0,0,0,'2023-11-01 16:34:07','2023-11-01 15:58:14'),
(1211,0,0,'','geranium',NULL,0,0,0,0,'2023-11-01 16:34:07','2023-11-01 15:58:14'),
(1212,0,0,'','geranium',NULL,0,0,0,0,'2023-11-01 16:34:07','2023-11-01 15:58:14'),
(1213,0,0,'','geranium',NULL,0,0,0,0,'2023-11-01 16:34:07','2023-11-01 15:58:14'),
(1214,0,0,'','geranium',NULL,0,0,0,0,'2023-11-01 16:34:07','2023-11-01 15:58:14'),
(1215,0,0,'','geranium',NULL,0,0,0,0,'2023-11-01 16:34:07','2023-11-01 15:58:14'),
(1216,0,0,'','geranium',NULL,0,0,0,0,'2023-11-01 16:34:07','2023-11-01 15:58:14'),
(1217,0,0,'','geranium',NULL,0,0,0,0,'2023-11-01 16:34:07','2023-11-01 15:58:14'),
(1218,0,0,'','geranium',NULL,0,0,0,0,'2023-11-01 16:34:07','2023-11-01 15:58:14'),
(1219,0,0,'','geranium',NULL,0,0,0,0,'2023-11-01 16:34:07','2023-11-01 15:58:14'),
(1220,0,0,'','geranium',NULL,0,0,0,0,'2023-11-01 16:34:07','2023-11-01 15:58:14'),
(1221,0,0,'','geranium',NULL,0,0,0,0,'2023-11-01 16:34:07','2023-11-01 15:58:14'),
(1222,0,0,'','geranium',NULL,0,0,0,0,'2023-11-01 16:34:07','2023-11-01 15:58:14'),
(1223,0,0,'','geranium',NULL,0,0,0,0,'2023-11-01 16:34:07','2023-11-01 15:58:14'),
(1224,0,0,'','geranium',NULL,0,0,0,0,'2023-11-01 16:34:07','2023-11-01 15:58:14'),
(1225,0,0,'','geranium',NULL,0,0,0,0,'2023-11-01 16:34:07','2023-11-01 15:58:14'),
(1226,0,0,'','chimaphile',NULL,0,0,0,0,'2023-11-01 16:34:07','2023-11-01 15:58:14'),
(1227,0,0,'','chimaphile',NULL,0,0,0,0,'2023-11-01 16:34:07','2023-11-01 15:58:14'),
(1228,0,0,'','chimaphile',NULL,0,0,0,0,'2023-11-01 16:34:07','2023-11-01 15:58:14'),
(1229,0,0,'','chimaphile',NULL,0,0,0,0,'2023-11-01 16:34:07','2023-11-01 15:58:14'),
(1230,0,0,'','chimaphile',NULL,0,0,0,0,'2023-11-01 16:34:07','2023-11-01 15:58:14'),
(1231,0,0,'','chimaphile',NULL,0,0,0,0,'2023-11-01 16:34:07','2023-11-01 15:58:14'),
(1232,0,0,'','chimaphile',NULL,0,0,0,0,'2023-11-01 16:34:07','2023-11-01 15:58:14'),
(1233,0,0,'','chimaphile',NULL,0,0,0,0,'2023-11-01 16:34:07','2023-11-01 15:58:14'),
(1234,0,0,'','chimaphile',NULL,0,0,0,0,'2023-11-01 16:34:07','2023-11-01 15:58:14'),
(1235,0,0,'','chimaphile',NULL,0,0,0,0,'2023-11-01 16:34:07','2023-11-01 15:58:14'),
(1236,0,0,'','chimaphile',NULL,0,0,0,0,'2023-11-01 16:34:07','2023-11-01 15:58:14'),
(1237,0,0,'','chimaphile',NULL,0,0,0,0,'2023-11-01 16:34:07','2023-11-01 15:58:14'),
(1238,0,0,'','chimaphile',NULL,0,0,0,0,'2023-11-01 16:34:07','2023-11-01 15:58:14'),
(1239,0,0,'','chimaphile',NULL,0,0,0,0,'2023-11-01 16:34:07','2023-11-01 15:58:14'),
(1240,0,0,'','chimaphile',NULL,0,0,0,0,'2023-11-01 16:34:07','2023-11-01 15:58:14'),
(1241,0,0,'','chimaphile',NULL,0,0,0,0,'2023-11-01 16:34:07','2023-11-01 15:58:14'),
(1242,0,0,'','chimaphile',NULL,0,0,0,0,'2023-11-01 16:34:07','2023-11-01 15:58:14'),
(1243,0,0,'','chimaphile',NULL,0,0,0,0,'2023-11-01 16:34:07','2023-11-01 15:58:14'),
(1244,0,0,'','chimaphile',NULL,0,0,0,0,'2023-11-01 16:34:07','2023-11-01 15:58:14'),
(1245,0,0,'','chimaphile',NULL,0,0,0,0,'2023-11-01 16:34:07','2023-11-01 15:58:14'),
(1246,0,0,'','chimaphile',NULL,0,0,0,0,'2023-11-01 16:34:07','2023-11-01 15:58:14'),
(1247,0,0,'','chimaphile',NULL,0,0,0,0,'2023-11-01 16:34:07','2023-11-01 15:58:14'),
(1248,0,0,'','cardamine',NULL,0,0,0,0,'2023-11-01 16:34:07','2023-11-01 15:58:14'),
(1249,0,0,'','cardamine',NULL,0,0,0,0,'2023-11-01 16:34:07','2023-11-01 15:58:14'),
(1250,0,0,'','cardamine',NULL,0,0,0,0,'2023-11-01 16:34:07','2023-11-01 15:58:14'),
(1251,0,0,'','cardamine',NULL,0,0,0,0,'2023-11-01 16:34:07','2023-11-01 15:58:14'),
(1252,0,0,'','cardamine',NULL,0,0,0,0,'2023-11-01 16:34:07','2023-11-01 15:58:14'),
(1253,0,0,'','cardamine',NULL,0,0,0,0,'2023-11-01 16:34:07','2023-11-01 15:58:14'),
(1254,0,0,'','cardamine',NULL,0,0,0,0,'2023-11-01 16:34:07','2023-11-01 15:58:14'),
(1255,0,0,'','cardamine',NULL,0,0,0,0,'2023-11-01 16:34:07','2023-11-01 15:58:14'),
(1256,0,0,'','cardamine',NULL,0,0,0,0,'2023-11-01 16:34:07','2023-11-01 15:58:14'),
(1257,0,0,'','cardamine',NULL,0,0,0,0,'2023-11-01 16:34:07','2023-11-01 15:58:14'),
(1258,0,0,'','cardamine',NULL,0,0,0,0,'2023-11-01 16:34:07','2023-11-01 15:58:14'),
(1259,0,0,'','cardamine',NULL,0,0,0,0,'2023-11-01 16:34:07','2023-11-01 15:58:14'),
(1260,0,0,'','cardamine',NULL,0,0,0,0,'2023-11-01 16:34:07','2023-11-01 15:58:14'),
(1261,0,0,'','cardamine',NULL,0,0,0,0,'2023-11-01 16:34:07','2023-11-01 15:58:14'),
(1262,0,0,'','cardamine',NULL,0,0,0,0,'2023-11-01 16:34:07','2023-11-01 15:58:14'),
(1263,0,0,'','cardamine',NULL,0,0,0,0,'2023-11-01 16:34:07','2023-11-01 15:58:14'),
(1264,0,0,'','cardamine',NULL,0,0,0,0,'2023-11-01 16:34:07','2023-11-01 15:58:14'),
(1265,0,0,'','cardamine',NULL,0,0,0,0,'2023-11-01 16:34:07','2023-11-01 15:58:14'),
(1266,0,0,'','desktop-033r1jj',NULL,0,0,0,0,'2023-11-01 16:34:07','2023-11-01 15:58:14'),
(1267,0,0,'','desktop-033r1jj',NULL,0,0,0,0,'2023-11-01 16:34:07','2023-11-01 15:58:14'),
(1268,0,0,'','desktop-033r1jj',NULL,0,0,0,0,'2023-11-01 16:34:07','2023-11-01 15:58:14'),
(1269,0,0,'','desktop-033r1jj',NULL,0,0,0,0,'2023-11-01 16:34:07','2023-11-01 15:58:14'),
(1270,0,0,'','desktop-033r1jj',NULL,0,0,0,0,'2023-11-01 16:34:07','2023-11-01 15:58:14'),
(1271,0,0,'','desktop-033r1jj',NULL,0,0,0,0,'2023-11-01 16:34:07','2023-11-01 15:58:14'),
(1272,0,0,'','desktop-033r1jj',NULL,0,0,0,0,'2023-11-01 16:34:07','2023-11-01 15:58:14'),
(1273,0,0,'','desktop-033r1jj',NULL,0,0,0,0,'2023-11-01 16:34:07','2023-11-01 15:58:14'),
(1274,0,0,'','desktop-033r1jj',NULL,0,0,0,0,'2023-11-01 16:34:07','2023-11-01 15:58:14'),
(1275,0,0,'','desktop-033r1jj',NULL,0,0,0,0,'2023-11-01 16:34:07','2023-11-01 15:58:14'),
(1276,0,0,'','desktop-033r1jj',NULL,0,0,0,0,'2023-11-01 16:34:07','2023-11-01 15:58:14'),
(1277,0,0,'','desktop-033r1jj',NULL,0,0,0,0,'2023-11-01 16:34:07','2023-11-01 15:58:14'),
(1278,0,0,'','desktop-033r1jj',NULL,0,0,0,0,'2023-11-01 16:34:07','2023-11-01 15:58:14'),
(1279,0,0,'','desktop-033r1jj',NULL,0,0,0,0,'2023-11-01 16:34:07','2023-11-01 15:58:14'),
(1280,0,0,'','desktop-033r1jj',NULL,0,0,0,0,'2023-11-01 16:34:07','2023-11-01 15:58:14'),
(1281,0,0,'','desktop-033r1jj',NULL,0,0,0,0,'2023-11-01 16:34:07','2023-11-01 15:58:14'),
(1282,0,0,'','desktop-033r1jj',NULL,0,0,0,0,'2023-11-01 16:34:07','2023-11-01 15:58:14'),
(1283,0,0,'','desktop-033r1jj',NULL,0,0,0,0,'2023-11-01 16:34:07','2023-11-01 15:58:14'),
(1284,0,0,'','comaret',NULL,0,0,0,0,'2023-11-01 16:34:07','2023-11-01 15:58:14'),
(1285,0,0,'','comaret',NULL,0,0,0,0,'2023-11-01 16:34:07','2023-11-01 15:58:14'),
(1286,0,0,'','comaret',NULL,0,0,0,0,'2023-11-01 16:34:07','2023-11-01 15:58:14'),
(1287,0,0,'','comaret',NULL,0,0,0,0,'2023-11-01 16:34:07','2023-11-01 15:58:14'),
(1288,0,0,'','comaret',NULL,0,0,0,0,'2023-11-01 16:34:07','2023-11-01 15:58:14'),
(1289,0,0,'','comaret',NULL,0,0,0,0,'2023-11-01 16:34:07','2023-11-01 15:58:14'),
(1290,0,0,'','comaret',NULL,0,0,0,0,'2023-11-01 16:34:07','2023-11-01 15:58:14'),
(1291,0,0,'','comaret',NULL,0,0,0,0,'2023-11-01 16:34:07','2023-11-01 15:58:14'),
(1292,0,0,'','comaret',NULL,0,0,0,0,'2023-11-01 16:34:07','2023-11-01 15:58:14'),
(1293,0,0,'','comaret',NULL,0,0,0,0,'2023-11-01 16:34:07','2023-11-01 15:58:14'),
(1294,0,0,'','comaret',NULL,0,0,0,0,'2023-11-01 16:34:07','2023-11-01 15:58:14'),
(1295,0,0,'','comaret',NULL,0,0,0,0,'2023-11-01 16:34:07','2023-11-01 15:58:14'),
(1296,0,0,'','comaret',NULL,0,0,0,0,'2023-11-01 16:34:07','2023-11-01 15:58:14'),
(1297,0,0,'','comaret',NULL,0,0,0,0,'2023-11-01 16:34:07','2023-11-01 15:58:14'),
(1298,0,0,'','comaret',NULL,0,0,0,0,'2023-11-01 16:34:07','2023-11-01 15:58:14'),
(1299,0,0,'','comaret',NULL,0,0,0,0,'2023-11-01 16:34:07','2023-11-01 15:58:14'),
(1300,0,0,'','comaret',NULL,0,0,0,0,'2023-11-01 16:34:07','2023-11-01 15:58:14'),
(1301,0,0,'','comaret',NULL,0,0,0,0,'2023-11-01 16:34:07','2023-11-01 15:58:14'),
(1302,0,0,'','angelique',NULL,0,0,0,0,'2023-11-01 16:34:07','2023-11-01 15:58:14'),
(1303,0,0,'','angelique',NULL,0,0,0,0,'2023-11-01 16:34:07','2023-11-01 15:58:14'),
(1304,0,0,'','angelique',NULL,0,0,0,0,'2023-11-01 16:34:07','2023-11-01 15:58:14'),
(1305,0,0,'','angelique',NULL,0,0,0,0,'2023-11-01 16:34:07','2023-11-01 15:58:14'),
(1306,0,0,'','angelique',NULL,0,0,0,0,'2023-11-01 16:34:07','2023-11-01 15:58:14'),
(1307,0,0,'','angelique',NULL,0,0,0,0,'2023-11-01 16:34:07','2023-11-01 15:58:14'),
(1308,0,0,'','angelique',NULL,0,0,0,0,'2023-11-01 16:34:07','2023-11-01 15:58:14'),
(1309,0,0,'','angelique',NULL,0,0,0,0,'2023-11-01 16:34:07','2023-11-01 15:58:14'),
(1310,0,0,'','angelique',NULL,0,0,0,0,'2023-11-01 16:34:07','2023-11-01 15:58:14'),
(1311,0,0,'','angelique',NULL,0,0,0,0,'2023-11-01 16:34:07','2023-11-01 15:58:14'),
(1312,0,0,'','angelique',NULL,0,0,0,0,'2023-11-01 16:34:07','2023-11-01 15:58:14'),
(1313,0,0,'','angelique',NULL,0,0,0,0,'2023-11-01 16:34:07','2023-11-01 15:58:14'),
(1314,0,0,'','angelique',NULL,0,0,0,0,'2023-11-01 16:34:07','2023-11-01 15:58:14'),
(1315,0,0,'','angelique',NULL,0,0,0,0,'2023-11-01 16:34:07','2023-11-01 15:58:14'),
(1316,0,0,'','angelique',NULL,0,0,0,0,'2023-11-01 16:34:07','2023-11-01 15:58:14'),
(1317,0,0,'','angelique',NULL,0,0,0,0,'2023-11-01 16:34:07','2023-11-01 15:58:14'),
(1318,0,0,'','origan',NULL,0,0,0,0,'2023-11-01 16:34:07','2023-11-01 15:58:14'),
(1319,0,0,'','origan',NULL,0,0,0,0,'2023-11-01 16:34:07','2023-11-01 15:58:14'),
(1320,0,0,'','origan',NULL,0,0,0,0,'2023-11-01 16:34:07','2023-11-01 15:58:14'),
(1321,0,0,'','origan',NULL,0,0,0,0,'2023-11-01 16:34:07','2023-11-01 15:58:14'),
(1322,0,0,'','origan',NULL,0,0,0,0,'2023-11-01 16:34:07','2023-11-01 15:58:14'),
(1323,0,0,'','origan',NULL,0,0,0,0,'2023-11-01 16:34:07','2023-11-01 15:58:14'),
(1324,0,0,'','origan',NULL,0,0,0,0,'2023-11-01 16:34:07','2023-11-01 15:58:14'),
(1325,0,0,'','origan',NULL,0,0,0,0,'2023-11-01 16:34:07','2023-11-01 15:58:14'),
(1326,0,0,'','origan',NULL,0,0,0,0,'2023-11-01 16:34:07','2023-11-01 15:58:14'),
(1327,0,0,'','origan',NULL,0,0,0,0,'2023-11-01 16:34:07','2023-11-01 15:58:14'),
(1328,0,0,'','origan',NULL,0,0,0,0,'2023-11-01 16:34:07','2023-11-01 15:58:14'),
(1329,0,0,'','origan',NULL,0,0,0,0,'2023-11-01 16:34:07','2023-11-01 15:58:14'),
(1330,0,0,'','origan',NULL,0,0,0,0,'2023-11-01 16:34:07','2023-11-01 15:58:14'),
(1331,0,0,'','origan',NULL,0,0,0,0,'2023-11-01 16:34:07','2023-11-01 15:58:14'),
(1332,0,0,'','origan',NULL,0,0,0,0,'2023-11-01 16:34:07','2023-11-01 15:58:14'),
(1333,0,0,'','origan',NULL,0,0,0,0,'2023-11-01 16:34:07','2023-11-01 15:58:14'),
(1334,0,0,'','origan',NULL,0,0,0,0,'2023-11-01 16:34:07','2023-11-01 15:58:14'),
(1335,0,0,'','origan',NULL,0,0,0,0,'2023-11-01 16:34:07','2023-11-01 15:58:14'),
(1336,0,0,'','origan',NULL,0,0,0,0,'2023-11-01 16:34:07','2023-11-01 15:58:14'),
(1337,0,0,'','origan',NULL,0,0,0,0,'2023-11-01 16:34:07','2023-11-01 15:58:14'),
(1338,0,0,'','origan',NULL,0,0,0,0,'2023-11-01 16:34:07','2023-11-01 15:58:14'),
(1339,0,0,'','origan',NULL,0,0,0,0,'2023-11-01 16:34:07','2023-11-01 15:58:14'),
(1340,0,0,'','origan',NULL,0,0,0,0,'2023-11-01 16:34:07','2023-11-01 15:58:14'),
(1341,0,0,'','origan',NULL,0,0,0,0,'2023-11-01 16:34:07','2023-11-01 15:58:14'),
(1342,0,0,'','origan',NULL,0,0,0,0,'2023-11-01 16:34:07','2023-11-01 15:58:14'),
(1343,0,0,'','origan',NULL,0,0,0,0,'2023-11-01 16:34:07','2023-11-01 15:58:14'),
(1344,0,0,'','origan',NULL,0,0,0,0,'2023-11-01 16:34:07','2023-11-01 15:58:14'),
(1345,0,0,'','origan',NULL,0,0,0,0,'2023-11-01 16:34:07','2023-11-01 15:58:14'),
(1346,0,0,'','origan',NULL,0,0,0,0,'2023-11-01 16:34:07','2023-11-01 15:58:14'),
(1347,0,0,'','bulpevre',NULL,0,0,0,0,'2023-11-01 16:34:07','2023-11-01 15:58:14'),
(1348,0,0,'','bulpevre',NULL,0,0,0,0,'2023-11-01 16:34:07','2023-11-01 15:58:14'),
(1349,0,0,'','bulpevre',NULL,0,0,0,0,'2023-11-01 16:34:07','2023-11-01 15:58:14'),
(1350,0,0,'','bulpevre',NULL,0,0,0,0,'2023-11-01 16:34:07','2023-11-01 15:58:14'),
(1351,0,0,'','bulpevre',NULL,0,0,0,0,'2023-11-01 16:34:07','2023-11-01 15:58:14'),
(1352,0,0,'','bulpevre',NULL,0,0,0,0,'2023-11-01 16:34:07','2023-11-01 15:58:14'),
(1353,0,0,'','bulpevre',NULL,0,0,0,0,'2023-11-01 16:34:07','2023-11-01 15:58:14'),
(1354,0,0,'','bulpevre',NULL,0,0,0,0,'2023-11-01 16:34:07','2023-11-01 15:58:14'),
(1355,0,0,'','bulpevre',NULL,0,0,0,0,'2023-11-01 16:34:07','2023-11-01 15:58:14'),
(1356,0,0,'','bulpevre',NULL,0,0,0,0,'2023-11-01 16:34:07','2023-11-01 15:58:14'),
(1357,0,0,'','bulpevre',NULL,0,0,0,0,'2023-11-01 16:34:07','2023-11-01 15:58:14'),
(1358,0,0,'','bulpevre',NULL,0,0,0,0,'2023-11-01 16:34:07','2023-11-01 15:58:14'),
(1359,0,0,'','bulpevre',NULL,0,0,0,0,'2023-11-01 16:34:07','2023-11-01 15:58:14'),
(1360,0,0,'','bulpevre',NULL,0,0,0,0,'2023-11-01 16:34:07','2023-11-01 15:58:14'),
(1361,0,0,'','bulpevre',NULL,0,0,0,0,'2023-11-01 16:34:07','2023-11-01 15:58:14'),
(1362,0,0,'','bulpevre',NULL,0,0,0,0,'2023-11-01 16:34:07','2023-11-01 15:58:14'),
(1363,0,0,'','jonquille',NULL,0,0,0,0,'2023-11-01 16:34:07','2023-11-01 15:58:14'),
(1364,0,0,'','jonquille',NULL,0,0,0,0,'2023-11-01 16:34:07','2023-11-01 15:58:14'),
(1365,0,0,'','jonquille',NULL,0,0,0,0,'2023-11-01 16:34:07','2023-11-01 15:58:14'),
(1366,0,0,'','jonquille',NULL,0,0,0,0,'2023-11-01 16:34:07','2023-11-01 15:58:14'),
(1367,0,0,'','jonquille',NULL,0,0,0,0,'2023-11-01 16:34:07','2023-11-01 15:58:14'),
(1368,0,0,'','jonquille',NULL,0,0,0,0,'2023-11-01 16:34:07','2023-11-01 15:58:14'),
(1369,0,0,'','jonquille',NULL,0,0,0,0,'2023-11-01 16:34:07','2023-11-01 15:58:14'),
(1370,0,0,'','jonquille',NULL,0,0,0,0,'2023-11-01 16:34:07','2023-11-01 15:58:14'),
(1371,0,0,'','jonquille',NULL,0,0,0,0,'2023-11-01 16:34:07','2023-11-01 15:58:14'),
(1372,0,0,'','jonquille',NULL,0,0,0,0,'2023-11-01 16:34:07','2023-11-01 15:58:14'),
(1373,0,0,'','jonquille',NULL,0,0,0,0,'2023-11-01 16:34:07','2023-11-01 15:58:14'),
(1374,0,0,'','jonquille',NULL,0,0,0,0,'2023-11-01 16:34:07','2023-11-01 15:58:14'),
(1375,0,0,'','jonquille',NULL,0,0,0,0,'2023-11-01 16:34:07','2023-11-01 15:58:14'),
(1376,0,0,'','jonquille',NULL,0,0,0,0,'2023-11-01 16:34:07','2023-11-01 15:58:14'),
(1377,0,0,'','jonquille',NULL,0,0,0,0,'2023-11-01 16:34:07','2023-11-01 15:58:14'),
(1378,0,0,'','jonquille',NULL,0,0,0,0,'2023-11-01 16:34:07','2023-11-01 15:58:14'),
(1379,0,0,'','astagache',NULL,0,0,0,0,'2023-11-01 16:34:07','2023-11-01 15:58:14'),
(1380,0,0,'','astagache',NULL,0,0,0,0,'2023-11-01 16:34:07','2023-11-01 15:58:14'),
(1381,0,0,'','astagache',NULL,0,0,0,0,'2023-11-01 16:34:07','2023-11-01 15:58:14'),
(1382,0,0,'','astagache',NULL,0,0,0,0,'2023-11-01 16:34:07','2023-11-01 15:58:14'),
(1383,0,0,'','astagache',NULL,0,0,0,0,'2023-11-01 16:34:07','2023-11-01 15:58:14'),
(1384,0,0,'','astagache',NULL,0,0,0,0,'2023-11-01 16:34:07','2023-11-01 15:58:14'),
(1385,0,0,'','astagache',NULL,0,0,0,0,'2023-11-01 16:34:07','2023-11-01 15:58:14'),
(1386,0,0,'','astagache',NULL,0,0,0,0,'2023-11-01 16:34:07','2023-11-01 15:58:14'),
(1387,0,0,'','astagache',NULL,0,0,0,0,'2023-11-01 16:34:07','2023-11-01 15:58:14'),
(1388,0,0,'','astagache',NULL,0,0,0,0,'2023-11-01 16:34:07','2023-11-01 15:58:14'),
(1389,0,0,'','astagache',NULL,0,0,0,0,'2023-11-01 16:34:07','2023-11-01 15:58:14'),
(1390,0,0,'','astagache',NULL,0,0,0,0,'2023-11-01 16:34:07','2023-11-01 15:58:14'),
(1391,0,0,'','astagache',NULL,0,0,0,0,'2023-11-01 16:34:07','2023-11-01 15:58:14'),
(1392,0,0,'','astagache',NULL,0,0,0,0,'2023-11-01 16:34:07','2023-11-01 15:58:14'),
(1393,0,0,'','astagache',NULL,0,0,0,0,'2023-11-01 16:34:07','2023-11-01 15:58:14'),
(1394,0,0,'','petunia',NULL,0,0,0,0,'2023-11-01 16:34:07','2023-11-01 15:58:14'),
(1395,0,0,'','petunia',NULL,0,0,0,0,'2023-11-01 16:34:07','2023-11-01 15:58:14'),
(1396,0,0,'','petunia',NULL,0,0,0,0,'2023-11-01 16:34:07','2023-11-01 15:58:14'),
(1397,0,0,'','petunia',NULL,0,0,0,0,'2023-11-01 16:34:07','2023-11-01 15:58:14'),
(1398,0,0,'','petunia',NULL,0,0,0,0,'2023-11-01 16:34:07','2023-11-01 15:58:14'),
(1399,0,0,'','petunia',NULL,0,0,0,0,'2023-11-01 16:34:07','2023-11-01 15:58:14'),
(1400,0,0,'','petunia',NULL,0,0,0,0,'2023-11-01 16:34:07','2023-11-01 15:58:14'),
(1401,0,0,'','petunia',NULL,0,0,0,0,'2023-11-01 16:34:07','2023-11-01 15:58:14'),
(1402,0,0,'','petunia',NULL,0,0,0,0,'2023-11-01 16:34:07','2023-11-01 15:58:14'),
(1403,0,0,'','petunia',NULL,0,0,0,0,'2023-11-01 16:34:07','2023-11-01 15:58:14'),
(1404,0,0,'','petunia',NULL,0,0,0,0,'2023-11-01 16:34:07','2023-11-01 15:58:14'),
(1405,0,0,'','petunia',NULL,0,0,0,0,'2023-11-01 16:34:07','2023-11-01 15:58:14'),
(1406,0,0,'','petunia',NULL,0,0,0,0,'2023-11-01 16:34:07','2023-11-01 15:58:14'),
(1407,0,0,'','petunia',NULL,0,0,0,0,'2023-11-01 16:34:07','2023-11-01 15:58:14'),
(1408,0,0,'','petunia',NULL,0,0,0,0,'2023-11-01 16:34:07','2023-11-01 15:58:14'),
(1409,0,0,'','petunia',NULL,0,0,0,0,'2023-11-01 16:34:07','2023-11-01 15:58:14'),
(1410,0,0,'','petunia',NULL,0,0,0,0,'2023-11-01 16:34:07','2023-11-01 15:58:14'),
(1411,0,0,'','petunia',NULL,0,0,0,0,'2023-11-01 16:34:07','2023-11-01 15:58:14'),
(1412,0,0,'','petunia',NULL,0,0,0,0,'2023-11-01 16:34:07','2023-11-01 15:58:14'),
(1413,0,0,'','laptop-h2117f58',NULL,0,0,0,0,'2023-11-01 16:34:07','2023-11-01 15:58:14'),
(1414,0,0,'','laptop-h2117f58',NULL,0,0,0,0,'2023-11-01 16:34:07','2023-11-01 15:58:14'),
(1415,0,0,'','laptop-h2117f58',NULL,0,0,0,0,'2023-11-01 16:34:07','2023-11-01 15:58:14'),
(1416,0,0,'','laptop-h2117f58',NULL,0,0,0,0,'2023-11-01 16:34:07','2023-11-01 15:58:14'),
(1417,0,0,'','laptop-h2117f58',NULL,0,0,0,0,'2023-11-01 16:34:07','2023-11-01 15:58:14'),
(1418,0,0,'','laptop-h2117f58',NULL,0,0,0,0,'2023-11-01 16:34:07','2023-11-01 15:58:14'),
(1419,0,0,'','laptop-h2117f58',NULL,0,0,0,0,'2023-11-01 16:34:07','2023-11-01 15:58:14'),
(1420,0,0,'','laptop-h2117f58',NULL,0,0,0,0,'2023-11-01 16:34:07','2023-11-01 15:58:14'),
(1421,0,0,'','laptop-h2117f58',NULL,0,0,0,0,'2023-11-01 16:34:07','2023-11-01 15:58:14'),
(1422,0,0,'','laptop-h2117f58',NULL,0,0,0,0,'2023-11-01 16:34:07','2023-11-01 15:58:14'),
(1423,0,0,'','laptop-h2117f58',NULL,0,0,0,0,'2023-11-01 16:34:07','2023-11-01 15:58:14'),
(1424,0,0,'','laptop-h2117f58',NULL,0,0,0,0,'2023-11-01 16:34:07','2023-11-01 15:58:14'),
(1425,0,0,'','laptop-h2117f58',NULL,0,0,0,0,'2023-11-01 16:34:07','2023-11-01 15:58:14'),
(1426,0,0,'','laptop-h2117f58',NULL,0,0,0,0,'2023-11-01 16:34:07','2023-11-01 15:58:14'),
(1427,0,0,'','laptop-h2117f58',NULL,0,0,0,0,'2023-11-01 16:34:07','2023-11-01 15:58:14'),
(1428,0,0,'','laptop-h2117f58',NULL,0,0,0,0,'2023-11-01 16:34:07','2023-11-01 15:58:14'),
(1429,0,0,'','laptop-h2117f58',NULL,0,0,0,0,'2023-11-01 16:34:07','2023-11-01 15:58:14'),
(1430,0,0,'','laptop-h2117f58',NULL,0,0,0,0,'2023-11-01 16:34:07','2023-11-01 15:58:14'),
(1431,0,0,'','laptop-h2117f58',NULL,0,0,0,0,'2023-11-01 16:34:07','2023-11-01 15:58:14'),
(1432,0,0,'','laptop-h2117f58',NULL,0,0,0,0,'2023-11-01 16:34:07','2023-11-01 15:58:14'),
(1433,0,0,'','laptop-h2117f58',NULL,0,0,0,0,'2023-11-01 16:34:07','2023-11-01 15:58:14'),
(1434,0,0,'','coquelicot',NULL,0,0,0,0,'2023-11-01 16:34:07','2023-11-01 15:58:14'),
(1435,0,0,'','coquelicot',NULL,0,0,0,0,'2023-11-01 16:34:07','2023-11-01 15:58:14'),
(1436,0,0,'','coquelicot',NULL,0,0,0,0,'2023-11-01 16:34:07','2023-11-01 15:58:14'),
(1437,0,0,'','coquelicot',NULL,0,0,0,0,'2023-11-01 16:34:07','2023-11-01 15:58:14'),
(1438,0,0,'','coquelicot',NULL,0,0,0,0,'2023-11-01 16:34:07','2023-11-01 15:58:14'),
(1439,0,0,'','coquelicot',NULL,0,0,0,0,'2023-11-01 16:34:07','2023-11-01 15:58:14'),
(1440,0,0,'','coquelicot',NULL,0,0,0,0,'2023-11-01 16:34:07','2023-11-01 15:58:14'),
(1441,0,0,'','coquelicot',NULL,0,0,0,0,'2023-11-01 16:34:07','2023-11-01 15:58:14'),
(1442,0,0,'','coquelicot',NULL,0,0,0,0,'2023-11-01 16:34:07','2023-11-01 15:58:14'),
(1443,0,0,'','coquelicot',NULL,0,0,0,0,'2023-11-01 16:34:07','2023-11-01 15:58:14'),
(1444,0,0,'','coquelicot',NULL,0,0,0,0,'2023-11-01 16:34:07','2023-11-01 15:58:14'),
(1445,0,0,'','coquelicot',NULL,0,0,0,0,'2023-11-01 16:34:07','2023-11-01 15:58:14'),
(1446,0,0,'','coquelicot',NULL,0,0,0,0,'2023-11-01 16:34:07','2023-11-01 15:58:14'),
(1447,0,0,'','coquelicot',NULL,0,0,0,0,'2023-11-01 16:34:07','2023-11-01 15:58:14'),
(1448,0,0,'','coquelicot',NULL,0,0,0,0,'2023-11-01 16:34:07','2023-11-01 15:58:14'),
(1449,0,0,'','coquelicot',NULL,0,0,0,0,'2023-11-01 16:34:07','2023-11-01 15:58:14'),
(1450,0,0,'','coquelicot',NULL,0,0,0,0,'2023-11-01 16:34:07','2023-11-01 15:58:14'),
(1451,0,0,'','coquelicot',NULL,0,0,0,0,'2023-11-01 16:34:07','2023-11-01 15:58:14'),
(1452,0,0,'','coquelicot',NULL,0,0,0,0,'2023-11-01 16:34:07','2023-11-01 15:58:14'),
(1453,0,0,'','coquelicot',NULL,0,0,0,0,'2023-11-01 16:34:07','2023-11-01 15:58:14'),
(1454,0,0,'','coquelicot',NULL,0,0,0,0,'2023-11-01 16:34:07','2023-11-01 15:58:14'),
(1455,0,0,'','coquelicot',NULL,0,0,0,0,'2023-11-01 16:34:07','2023-11-01 15:58:14'),
(1456,0,0,'','coquelicot',NULL,0,0,0,0,'2023-11-01 16:34:07','2023-11-01 15:58:14'),
(1457,0,0,'','coquelicot',NULL,0,0,0,0,'2023-11-01 16:34:07','2023-11-01 15:58:14'),
(1458,0,0,'','ammi',NULL,0,0,0,0,'2023-11-01 16:34:07','2023-11-01 15:58:14'),
(1459,0,0,'','ammi',NULL,0,0,0,0,'2023-11-01 16:34:07','2023-11-01 15:58:14'),
(1460,0,0,'','ammi',NULL,0,0,0,0,'2023-11-01 16:34:07','2023-11-01 15:58:14'),
(1461,0,0,'','ammi',NULL,0,0,0,0,'2023-11-01 16:34:07','2023-11-01 15:58:14'),
(1462,0,0,'','ammi',NULL,0,0,0,0,'2023-11-01 16:34:07','2023-11-01 15:58:14'),
(1463,0,0,'','ammi',NULL,0,0,0,0,'2023-11-01 16:34:07','2023-11-01 15:58:14'),
(1464,0,0,'','ammi',NULL,0,0,0,0,'2023-11-01 16:34:07','2023-11-01 15:58:14'),
(1465,0,0,'','ammi',NULL,0,0,0,0,'2023-11-01 16:34:07','2023-11-01 15:58:14'),
(1466,0,0,'','ammi',NULL,0,0,0,0,'2023-11-01 16:34:07','2023-11-01 15:58:14'),
(1467,0,0,'','ammi',NULL,0,0,0,0,'2023-11-01 16:34:07','2023-11-01 15:58:14'),
(1468,0,0,'','ammi',NULL,0,0,0,0,'2023-11-01 16:34:07','2023-11-01 15:58:14'),
(1469,0,0,'','ammi',NULL,0,0,0,0,'2023-11-01 16:34:07','2023-11-01 15:58:14'),
(1470,0,0,'','ammi',NULL,0,0,0,0,'2023-11-01 16:34:07','2023-11-01 15:58:14'),
(1471,0,0,'','ammi',NULL,0,0,0,0,'2023-11-01 16:34:07','2023-11-01 15:58:14'),
(1472,0,0,'','ammi',NULL,0,0,0,0,'2023-11-01 16:34:07','2023-11-01 15:58:14'),
(1473,0,0,'','ammi',NULL,0,0,0,0,'2023-11-01 16:34:07','2023-11-01 15:58:14'),
(1474,0,0,'','ammi',NULL,0,0,0,0,'2023-11-01 16:34:07','2023-11-01 15:58:14'),
(1475,0,0,'','ammi',NULL,0,0,0,0,'2023-11-01 16:34:07','2023-11-01 15:58:14'),
(1476,0,0,'','ammi',NULL,0,0,0,0,'2023-11-01 16:34:07','2023-11-01 15:58:14'),
(1477,0,0,'','ammi',NULL,0,0,0,0,'2023-11-01 16:34:07','2023-11-01 15:58:14'),
(1478,0,0,'','ammi',NULL,0,0,0,0,'2023-11-01 16:34:07','2023-11-01 15:58:14'),
(1479,0,0,'','ammi',NULL,0,0,0,0,'2023-11-01 16:34:07','2023-11-01 15:58:14'),
(1480,0,0,'','ammi',NULL,0,0,0,0,'2023-11-01 16:34:07','2023-11-01 15:58:14'),
(1481,0,0,'','ammi',NULL,0,0,0,0,'2023-11-01 16:34:07','2023-11-01 15:58:14'),
(1482,0,0,'','ammi',NULL,0,0,0,0,'2023-11-01 16:34:07','2023-11-01 15:58:14'),
(1483,0,0,'','ammi',NULL,0,0,0,0,'2023-11-01 16:34:07','2023-11-01 15:58:14'),
(1484,0,0,'','chevrefeuille',NULL,0,0,0,0,'2023-11-01 16:34:07','2023-11-01 15:58:14'),
(1485,0,0,'','chevrefeuille',NULL,0,0,0,0,'2023-11-01 16:34:07','2023-11-01 15:58:14'),
(1486,0,0,'','chevrefeuille',NULL,0,0,0,0,'2023-11-01 16:34:07','2023-11-01 15:58:14'),
(1487,0,0,'','chevrefeuille',NULL,0,0,0,0,'2023-11-01 16:34:07','2023-11-01 15:58:14'),
(1488,0,0,'','chevrefeuille',NULL,0,0,0,0,'2023-11-01 16:34:07','2023-11-01 15:58:14'),
(1489,0,0,'','chevrefeuille',NULL,0,0,0,0,'2023-11-01 16:34:07','2023-11-01 15:58:14'),
(1490,0,0,'','chevrefeuille',NULL,0,0,0,0,'2023-11-01 16:34:07','2023-11-01 15:58:14'),
(1491,0,0,'','chevrefeuille',NULL,0,0,0,0,'2023-11-01 16:34:07','2023-11-01 15:58:14'),
(1492,0,0,'','chevrefeuille',NULL,0,0,0,0,'2023-11-01 16:34:07','2023-11-01 15:58:14'),
(1493,0,0,'','chevrefeuille',NULL,0,0,0,0,'2023-11-01 16:34:07','2023-11-01 15:58:14'),
(1494,0,0,'','chevrefeuille',NULL,0,0,0,0,'2023-11-01 16:34:07','2023-11-01 15:58:14'),
(1495,0,0,'','chevrefeuille',NULL,0,0,0,0,'2023-11-01 16:34:07','2023-11-01 15:58:14'),
(1496,0,0,'','chevrefeuille',NULL,0,0,0,0,'2023-11-01 16:34:07','2023-11-01 15:58:14'),
(1497,0,0,'','chevrefeuille',NULL,0,0,0,0,'2023-11-01 16:34:07','2023-11-01 15:58:14'),
(1498,0,0,'','chevrefeuille',NULL,0,0,0,0,'2023-11-01 16:34:07','2023-11-01 15:58:14'),
(1499,0,0,'','chevrefeuille',NULL,0,0,0,0,'2023-11-01 16:34:07','2023-11-01 15:58:14'),
(1500,0,0,'','chevrefeuille',NULL,0,0,0,0,'2023-11-01 16:34:07','2023-11-01 15:58:14'),
(1501,0,0,'','chevrefeuille',NULL,0,0,0,0,'2023-11-01 16:34:07','2023-11-01 15:58:14'),
(1502,0,0,'','chevrefeuille',NULL,0,0,0,0,'2023-11-01 16:34:07','2023-11-01 15:58:14'),
(1503,0,0,'','chevrefeuille',NULL,0,0,0,0,'2023-11-01 16:34:07','2023-11-01 15:58:14'),
(1504,0,0,'','chevrefeuille',NULL,0,0,0,0,'2023-11-01 16:34:07','2023-11-01 15:58:14'),
(1505,0,0,'','rhododendron',NULL,0,0,0,0,'2023-11-01 16:34:07','2023-11-01 15:58:14'),
(1506,0,0,'','rhododendron',NULL,0,0,0,0,'2023-11-01 16:34:07','2023-11-01 15:58:14'),
(1507,0,0,'','rhododendron',NULL,0,0,0,0,'2023-11-01 16:34:07','2023-11-01 15:58:14'),
(1508,0,0,'','rhododendron',NULL,0,0,0,0,'2023-11-01 16:34:07','2023-11-01 15:58:14'),
(1509,0,0,'','rhododendron',NULL,0,0,0,0,'2023-11-01 16:34:07','2023-11-01 15:58:14'),
(1510,0,0,'','rhododendron',NULL,0,0,0,0,'2023-11-01 16:34:07','2023-11-01 15:58:14'),
(1511,0,0,'','rhododendron',NULL,0,0,0,0,'2023-11-01 16:34:07','2023-11-01 15:58:14'),
(1512,0,0,'','rhododendron',NULL,0,0,0,0,'2023-11-01 16:34:07','2023-11-01 15:58:14'),
(1513,0,0,'','rhododendron',NULL,0,0,0,0,'2023-11-01 16:34:07','2023-11-01 15:58:14'),
(1514,0,0,'','rhododendron',NULL,0,0,0,0,'2023-11-01 16:34:07','2023-11-01 15:58:14'),
(1515,0,0,'','rhododendron',NULL,0,0,0,0,'2023-11-01 16:34:07','2023-11-01 15:58:14'),
(1516,0,0,'','rhododendron',NULL,0,0,0,0,'2023-11-01 16:34:07','2023-11-01 15:58:14'),
(1517,0,0,'','rhododendron',NULL,0,0,0,0,'2023-11-01 16:34:07','2023-11-01 15:58:14'),
(1518,0,0,'','rhododendron',NULL,0,0,0,0,'2023-11-01 16:34:07','2023-11-01 15:58:14'),
(1519,0,0,'','rhododendron',NULL,0,0,0,0,'2023-11-01 16:34:07','2023-11-01 15:58:14'),
(1520,0,0,'','rhododendron',NULL,0,0,0,0,'2023-11-01 16:34:07','2023-11-01 15:58:14'),
(1521,0,0,'','rhododendron',NULL,0,0,0,0,'2023-11-01 16:34:07','2023-11-01 15:58:14'),
(1522,0,0,'','rhododendron',NULL,0,0,0,0,'2023-11-01 16:34:07','2023-11-01 15:58:14'),
(1523,0,0,'','rhododendron',NULL,0,0,0,0,'2023-11-01 16:34:07','2023-11-01 15:58:14'),
(1524,0,0,'','rhododendron',NULL,0,0,0,0,'2023-11-01 16:34:07','2023-11-01 15:58:14'),
(1525,0,0,'','rhododendron',NULL,0,0,0,0,'2023-11-01 16:34:07','2023-11-01 15:58:14'),
(1526,0,0,'','rhododendron',NULL,0,0,0,0,'2023-11-01 16:34:07','2023-11-01 15:58:14'),
(1527,0,0,'','rhododendron',NULL,0,0,0,0,'2023-11-01 16:34:07','2023-11-01 15:58:14'),
(1528,0,0,'','rhododendron',NULL,0,0,0,0,'2023-11-01 16:34:07','2023-11-01 15:58:14'),
(1529,0,0,'','rhododendron',NULL,0,0,0,0,'2023-11-01 16:34:07','2023-11-01 15:58:14'),
(1530,0,0,'','rhododendron',NULL,0,0,0,0,'2023-11-01 16:34:07','2023-11-01 15:58:14'),
(1531,0,0,'','rhododendron',NULL,0,0,0,0,'2023-11-01 16:34:07','2023-11-01 15:58:14'),
(1532,0,0,'','dahlia',NULL,0,0,0,0,'2023-11-01 16:34:07','2023-11-01 15:58:14'),
(1533,0,0,'','dahlia',NULL,0,0,0,0,'2023-11-01 16:34:07','2023-11-01 15:58:14'),
(1534,0,0,'','dahlia',NULL,0,0,0,0,'2023-11-01 16:34:07','2023-11-01 15:58:14'),
(1535,0,0,'','dahlia',NULL,0,0,0,0,'2023-11-01 16:34:07','2023-11-01 15:58:14'),
(1536,0,0,'','dahlia',NULL,0,0,0,0,'2023-11-01 16:34:07','2023-11-01 15:58:14'),
(1537,0,0,'','dahlia',NULL,0,0,0,0,'2023-11-01 16:34:07','2023-11-01 15:58:14'),
(1538,0,0,'','dahlia',NULL,0,0,0,0,'2023-11-01 16:34:07','2023-11-01 15:58:14'),
(1539,0,0,'','dahlia',NULL,0,0,0,0,'2023-11-01 16:34:07','2023-11-01 15:58:14'),
(1540,0,0,'','dahlia',NULL,0,0,0,0,'2023-11-01 16:34:07','2023-11-01 15:58:14'),
(1541,0,0,'','dahlia',NULL,0,0,0,0,'2023-11-01 16:34:07','2023-11-01 15:58:14'),
(1542,0,0,'','dahlia',NULL,0,0,0,0,'2023-11-01 16:34:07','2023-11-01 15:58:14'),
(1543,0,0,'','dahlia',NULL,0,0,0,0,'2023-11-01 16:34:07','2023-11-01 15:58:14'),
(1544,0,0,'','dahlia',NULL,0,0,0,0,'2023-11-01 16:34:07','2023-11-01 15:58:14'),
(1545,0,0,'','dahlia',NULL,0,0,0,0,'2023-11-01 16:34:07','2023-11-01 15:58:14'),
(1546,0,0,'','dahlia',NULL,0,0,0,0,'2023-11-01 16:34:07','2023-11-01 15:58:14'),
(1547,0,0,'','dahlia',NULL,0,0,0,0,'2023-11-01 16:34:07','2023-11-01 15:58:14'),
(1548,0,0,'','dahlia',NULL,0,0,0,0,'2023-11-01 16:34:07','2023-11-01 15:58:14'),
(1549,0,0,'','dahlia',NULL,0,0,0,0,'2023-11-01 16:34:07','2023-11-01 15:58:14'),
(1550,0,0,'','dahlia',NULL,0,0,0,0,'2023-11-01 16:34:07','2023-11-01 15:58:14'),
(1551,0,0,'','dahlia',NULL,0,0,0,0,'2023-11-01 16:34:07','2023-11-01 15:58:14'),
(1552,0,0,'','dahlia',NULL,0,0,0,0,'2023-11-01 16:34:07','2023-11-01 15:58:14'),
(1553,0,0,'','dahlia',NULL,0,0,0,0,'2023-11-01 16:34:07','2023-11-01 15:58:14'),
(1554,0,0,'','dahlia',NULL,0,0,0,0,'2023-11-01 16:34:07','2023-11-01 15:58:14'),
(1555,0,0,'','dahlia',NULL,0,0,0,0,'2023-11-01 16:34:07','2023-11-01 15:58:14'),
(1556,0,0,'','dahlia',NULL,0,0,0,0,'2023-11-01 16:34:07','2023-11-01 15:58:14'),
(1557,0,0,'','campanula',NULL,0,0,0,0,'2023-11-01 16:34:07','2023-11-01 15:58:14'),
(1558,0,0,'','campanula',NULL,0,0,0,0,'2023-11-01 16:34:07','2023-11-01 15:58:14'),
(1559,0,0,'','campanula',NULL,0,0,0,0,'2023-11-01 16:34:07','2023-11-01 15:58:14'),
(1560,0,0,'','campanula',NULL,0,0,0,0,'2023-11-01 16:34:07','2023-11-01 15:58:14'),
(1561,0,0,'','campanula',NULL,0,0,0,0,'2023-11-01 16:34:07','2023-11-01 15:58:14'),
(1562,0,0,'','campanula',NULL,0,0,0,0,'2023-11-01 16:34:07','2023-11-01 15:58:14'),
(1563,0,0,'','campanula',NULL,0,0,0,0,'2023-11-01 16:34:07','2023-11-01 15:58:14'),
(1564,0,0,'','campanula',NULL,0,0,0,0,'2023-11-01 16:34:07','2023-11-01 15:58:14'),
(1565,0,0,'','campanula',NULL,0,0,0,0,'2023-11-01 16:34:07','2023-11-01 15:58:14'),
(1566,0,0,'','campanula',NULL,0,0,0,0,'2023-11-01 16:34:07','2023-11-01 15:58:14'),
(1567,0,0,'','campanula',NULL,0,0,0,0,'2023-11-01 16:34:07','2023-11-01 15:58:14'),
(1568,0,0,'','campanula',NULL,0,0,0,0,'2023-11-01 16:34:07','2023-11-01 15:58:14'),
(1569,0,0,'','campanula',NULL,0,0,0,0,'2023-11-01 16:34:07','2023-11-01 15:58:14'),
(1570,0,0,'','campanula',NULL,0,0,0,0,'2023-11-01 16:34:07','2023-11-01 15:58:14'),
(1571,0,0,'','campanula',NULL,0,0,0,0,'2023-11-01 16:34:07','2023-11-01 15:58:14'),
(1572,0,0,'','campanula',NULL,0,0,0,0,'2023-11-01 16:34:07','2023-11-01 15:58:14'),
(1573,0,0,'','campanula',NULL,0,0,0,0,'2023-11-01 16:34:07','2023-11-01 15:58:14'),
(1574,0,0,'','campanula',NULL,0,0,0,0,'2023-11-01 16:34:07','2023-11-01 15:58:14'),
(1575,0,0,'','campanula',NULL,0,0,0,0,'2023-11-01 16:34:07','2023-11-01 15:58:14'),
(1576,0,0,'','campanula',NULL,0,0,0,0,'2023-11-01 16:34:07','2023-11-01 15:58:14'),
(1577,0,0,'','campanula',NULL,0,0,0,0,'2023-11-01 16:34:07','2023-11-01 15:58:14'),
(1578,0,0,'','campanula',NULL,0,0,0,0,'2023-11-01 16:34:07','2023-11-01 15:58:14'),
(1579,0,0,'','campanula',NULL,0,0,0,0,'2023-11-01 16:34:07','2023-11-01 15:58:14'),
(1580,0,0,'','campanula',NULL,0,0,0,0,'2023-11-01 16:34:07','2023-11-01 15:58:14'),
(1581,0,0,'','amaryllis',NULL,0,0,0,0,'2023-11-01 16:34:07','2023-11-01 15:58:14'),
(1582,0,0,'','amaryllis',NULL,0,0,0,0,'2023-11-01 16:34:07','2023-11-01 15:58:14'),
(1583,0,0,'','amaryllis',NULL,0,0,0,0,'2023-11-01 16:34:07','2023-11-01 15:58:14'),
(1584,0,0,'','amaryllis',NULL,0,0,0,0,'2023-11-01 16:34:07','2023-11-01 15:58:14'),
(1585,0,0,'','amaryllis',NULL,0,0,0,0,'2023-11-01 16:34:07','2023-11-01 15:58:14'),
(1586,0,0,'','amaryllis',NULL,0,0,0,0,'2023-11-01 16:34:07','2023-11-01 15:58:14'),
(1587,0,0,'','amaryllis',NULL,0,0,0,0,'2023-11-01 16:34:07','2023-11-01 15:58:14'),
(1588,0,0,'','amaryllis',NULL,0,0,0,0,'2023-11-01 16:34:07','2023-11-01 15:58:14'),
(1589,0,0,'','amaryllis',NULL,0,0,0,0,'2023-11-01 16:34:07','2023-11-01 15:58:14'),
(1590,0,0,'','amaryllis',NULL,0,0,0,0,'2023-11-01 16:34:07','2023-11-01 15:58:14'),
(1591,0,0,'','amaryllis',NULL,0,0,0,0,'2023-11-01 16:34:07','2023-11-01 15:58:14'),
(1592,0,0,'','amaryllis',NULL,0,0,0,0,'2023-11-01 16:34:07','2023-11-01 15:58:14'),
(1593,0,0,'','amaryllis',NULL,0,0,0,0,'2023-11-01 16:34:07','2023-11-01 15:58:14'),
(1594,0,0,'','amaryllis',NULL,0,0,0,0,'2023-11-01 16:34:07','2023-11-01 15:58:14'),
(1595,0,0,'','amaryllis',NULL,0,0,0,0,'2023-11-01 16:34:07','2023-11-01 15:58:14'),
(1596,0,0,'','amaryllis',NULL,0,0,0,0,'2023-11-01 16:34:07','2023-11-01 15:58:14'),
(1597,0,0,'','amaryllis',NULL,0,0,0,0,'2023-11-01 16:34:07','2023-11-01 15:58:14'),
(1598,0,0,'','amaryllis',NULL,0,0,0,0,'2023-11-01 16:34:07','2023-11-01 15:58:14'),
(1599,0,0,'','amaryllis',NULL,0,0,0,0,'2023-11-01 16:34:07','2023-11-01 15:58:14'),
(1600,0,0,'','amaryllis',NULL,0,0,0,0,'2023-11-01 16:34:07','2023-11-01 15:58:14'),
(1601,0,0,'','amaryllis',NULL,0,0,0,0,'2023-11-01 16:34:07','2023-11-01 15:58:14'),
(1602,0,0,'','amaryllis',NULL,0,0,0,0,'2023-11-01 16:34:07','2023-11-01 15:58:14'),
(1603,0,0,'','amaryllis',NULL,0,0,0,0,'2023-11-01 16:34:07','2023-11-01 15:58:14'),
(1604,0,0,'','amaryllis',NULL,0,0,0,0,'2023-11-01 16:34:07','2023-11-01 15:58:14'),
(1605,0,0,'','amaryllis',NULL,0,0,0,0,'2023-11-01 16:34:07','2023-11-01 15:58:14'),
(1606,0,0,'','daubepine202101261747',NULL,0,0,0,0,'2023-11-01 16:34:07','2023-11-01 15:58:14'),
(1607,0,0,'','diroko',NULL,0,0,0,0,'2023-11-01 16:34:07','2023-11-01 15:58:14');

--
-- Table structure for table `glpi_networkportaggregates`
--

CREATE TABLE `glpi_networkportaggregates` (
  `id` int(10) unsigned NOT NULL AUTO_INCREMENT,
  `networkports_id` int(10) unsigned NOT NULL DEFAULT 0,
  `networkports_id_list` mediumtext DEFAULT NULL COMMENT 'array of associated networkports_id',
  `date_mod` timestamp NULL DEFAULT NULL,
  `date_creation` timestamp NULL DEFAULT NULL,
  PRIMARY KEY (`id`),
  UNIQUE KEY `networkports_id` (`networkports_id`),
  KEY `date_mod` (`date_mod`),
  KEY `date_creation` (`date_creation`)
) ENGINE=InnoDB DEFAULT CHARSET=utf8mb4 COLLATE=utf8mb4_unicode_ci;

--
-- Dumping data for table `glpi_networkportaggregates`
--


--
-- Table structure for table `glpi_networkportaliases`
--

CREATE TABLE `glpi_networkportaliases` (
  `id` int(10) unsigned NOT NULL AUTO_INCREMENT,
  `networkports_id` int(10) unsigned NOT NULL DEFAULT 0,
  `networkports_id_alias` int(10) unsigned NOT NULL DEFAULT 0,
  `date_mod` timestamp NULL DEFAULT NULL,
  `date_creation` timestamp NULL DEFAULT NULL,
  PRIMARY KEY (`id`),
  UNIQUE KEY `networkports_id` (`networkports_id`),
  KEY `networkports_id_alias` (`networkports_id_alias`),
  KEY `date_mod` (`date_mod`),
  KEY `date_creation` (`date_creation`)
) ENGINE=InnoDB DEFAULT CHARSET=utf8mb4 COLLATE=utf8mb4_unicode_ci;

--
-- Dumping data for table `glpi_networkportaliases`
--


--
-- Table structure for table `glpi_networkportconnectionlogs`
--

CREATE TABLE `glpi_networkportconnectionlogs` (
  `id` int(10) unsigned NOT NULL AUTO_INCREMENT,
  `date` timestamp NULL DEFAULT NULL,
  `connected` tinyint(4) NOT NULL DEFAULT 0,
  `networkports_id_source` int(10) unsigned NOT NULL DEFAULT 0,
  `networkports_id_destination` int(10) unsigned NOT NULL DEFAULT 0,
  PRIMARY KEY (`id`),
  KEY `date` (`date`),
  KEY `networkports_id_destination` (`networkports_id_destination`),
  KEY `networkports_id_source` (`networkports_id_source`)
) ENGINE=InnoDB DEFAULT CHARSET=utf8mb4 COLLATE=utf8mb4_unicode_ci ROW_FORMAT=DYNAMIC;

--
-- Dumping data for table `glpi_networkportconnectionlogs`
--


--
-- Table structure for table `glpi_networkportdialups`
--

CREATE TABLE `glpi_networkportdialups` (
  `id` int(10) unsigned NOT NULL AUTO_INCREMENT,
  `networkports_id` int(10) unsigned NOT NULL DEFAULT 0,
  `date_mod` timestamp NULL DEFAULT NULL,
  `date_creation` timestamp NULL DEFAULT NULL,
  PRIMARY KEY (`id`),
  UNIQUE KEY `networkports_id` (`networkports_id`),
  KEY `date_mod` (`date_mod`),
  KEY `date_creation` (`date_creation`)
) ENGINE=InnoDB DEFAULT CHARSET=utf8mb4 COLLATE=utf8mb4_unicode_ci;

--
-- Dumping data for table `glpi_networkportdialups`
--


--
-- Table structure for table `glpi_networkportethernets`
--

CREATE TABLE `glpi_networkportethernets` (
  `id` int(10) unsigned NOT NULL AUTO_INCREMENT,
  `networkports_id` int(10) unsigned NOT NULL DEFAULT 0,
  `items_devicenetworkcards_id` int(10) unsigned NOT NULL DEFAULT 0,
  `type` varchar(10) DEFAULT '' COMMENT 'T, LX, SX',
  `speed` int(11) NOT NULL DEFAULT 10 COMMENT 'Mbit/s: 10, 100, 1000, 10000',
  `date_mod` timestamp NULL DEFAULT NULL,
  `date_creation` timestamp NULL DEFAULT NULL,
  PRIMARY KEY (`id`),
  UNIQUE KEY `networkports_id` (`networkports_id`),
  KEY `card` (`items_devicenetworkcards_id`),
  KEY `type` (`type`),
  KEY `speed` (`speed`),
  KEY `date_mod` (`date_mod`),
  KEY `date_creation` (`date_creation`)
) ENGINE=InnoDB AUTO_INCREMENT=293 DEFAULT CHARSET=utf8mb4 COLLATE=utf8mb4_unicode_ci;

--
-- Dumping data for table `glpi_networkportethernets`
--

INSERT INTO `glpi_networkportethernets` VALUES
(117,378,0,'',100,'2020-07-22 18:14:11','2020-07-22 18:14:11'),
(118,379,0,'',100,'2020-07-22 18:14:11','2020-07-22 18:14:11'),
(122,383,876,'',1000,'2021-05-06 17:11:03','2020-11-09 14:16:16'),
(125,386,0,'',1000,'2020-11-15 15:03:30','2020-11-15 15:03:30'),
(130,396,0,'',1000,'2021-05-06 17:11:03','2021-05-06 17:11:03'),
(131,397,878,'',10,'2021-05-07 16:56:17','2021-05-07 16:56:17'),
(132,398,0,'',100,'2021-05-07 16:56:17','2021-05-07 16:56:17'),
(133,399,0,'',100,'2021-05-07 16:56:17','2021-05-07 16:56:17'),
(134,400,0,'',1000,'2021-05-07 16:56:17','2021-05-07 16:56:17'),
(135,402,0,'',1000,'2021-05-07 16:56:17','2021-05-07 16:56:17'),
(225,785,0,'',10,'2023-03-31 13:16:38','2023-03-31 13:16:38'),
(226,786,0,'',10,'2023-03-31 13:16:38','2023-03-31 13:16:38'),
(227,787,0,'',10,'2023-03-31 13:16:38','2023-03-31 13:16:38'),
(228,788,0,'',10,'2023-03-31 13:16:38','2023-03-31 13:16:38');

--
-- Table structure for table `glpi_networkportfiberchannels`
--

CREATE TABLE `glpi_networkportfiberchannels` (
  `id` int(10) unsigned NOT NULL AUTO_INCREMENT,
  `networkports_id` int(10) unsigned NOT NULL DEFAULT 0,
  `items_devicenetworkcards_id` int(10) unsigned NOT NULL DEFAULT 0,
  `networkportfiberchanneltypes_id` int(10) unsigned NOT NULL DEFAULT 0,
  `wwn` varchar(50) DEFAULT '',
  `speed` int(11) NOT NULL DEFAULT 10 COMMENT 'Mbit/s: 10, 100, 1000, 10000',
  `date_mod` timestamp NULL DEFAULT NULL,
  `date_creation` timestamp NULL DEFAULT NULL,
  PRIMARY KEY (`id`),
  UNIQUE KEY `networkports_id` (`networkports_id`),
  KEY `card` (`items_devicenetworkcards_id`),
  KEY `wwn` (`wwn`),
  KEY `speed` (`speed`),
  KEY `date_mod` (`date_mod`),
  KEY `date_creation` (`date_creation`),
  KEY `type` (`networkportfiberchanneltypes_id`)
) ENGINE=InnoDB DEFAULT CHARSET=utf8mb4 COLLATE=utf8mb4_unicode_ci;

--
-- Dumping data for table `glpi_networkportfiberchannels`
--


--
-- Table structure for table `glpi_networkportfiberchanneltypes`
--

CREATE TABLE `glpi_networkportfiberchanneltypes` (
  `id` int(10) unsigned NOT NULL AUTO_INCREMENT,
  `name` varchar(255) DEFAULT NULL,
  `comment` text DEFAULT NULL,
  `date_mod` timestamp NULL DEFAULT NULL,
  `date_creation` timestamp NULL DEFAULT NULL,
  PRIMARY KEY (`id`),
  KEY `name` (`name`),
  KEY `date_mod` (`date_mod`),
  KEY `date_creation` (`date_creation`)
) ENGINE=InnoDB DEFAULT CHARSET=utf8mb4 COLLATE=utf8mb4_unicode_ci ROW_FORMAT=DYNAMIC;

--
-- Dumping data for table `glpi_networkportfiberchanneltypes`
--


--
-- Table structure for table `glpi_networkportlocals`
--

CREATE TABLE `glpi_networkportlocals` (
  `id` int(10) unsigned NOT NULL AUTO_INCREMENT,
  `networkports_id` int(10) unsigned NOT NULL DEFAULT 0,
  `date_mod` timestamp NULL DEFAULT NULL,
  `date_creation` timestamp NULL DEFAULT NULL,
  PRIMARY KEY (`id`),
  UNIQUE KEY `networkports_id` (`networkports_id`),
  KEY `date_mod` (`date_mod`),
  KEY `date_creation` (`date_creation`)
) ENGINE=InnoDB DEFAULT CHARSET=utf8mb4 COLLATE=utf8mb4_unicode_ci;

--
-- Dumping data for table `glpi_networkportlocals`
--


--
-- Table structure for table `glpi_networkportmetrics`
--

CREATE TABLE `glpi_networkportmetrics` (
  `id` int(10) unsigned NOT NULL AUTO_INCREMENT,
  `date` date DEFAULT NULL,
  `ifinbytes` bigint(20) NOT NULL DEFAULT 0,
  `ifinerrors` bigint(20) NOT NULL DEFAULT 0,
  `ifoutbytes` bigint(20) NOT NULL DEFAULT 0,
  `ifouterrors` bigint(20) NOT NULL DEFAULT 0,
  `networkports_id` int(10) unsigned NOT NULL DEFAULT 0,
  `date_creation` timestamp NULL DEFAULT NULL,
  `date_mod` timestamp NULL DEFAULT NULL,
  PRIMARY KEY (`id`),
  UNIQUE KEY `unicity` (`networkports_id`,`date`),
  KEY `date` (`date`),
  KEY `date_mod` (`date_mod`),
  KEY `date_creation` (`date_creation`)
) ENGINE=InnoDB AUTO_INCREMENT=4620 DEFAULT CHARSET=utf8mb4 COLLATE=utf8mb4_unicode_ci ROW_FORMAT=DYNAMIC;

--
-- Dumping data for table `glpi_networkportmetrics`
--

INSERT INTO `glpi_networkportmetrics` VALUES
(1,'2022-05-05',0,0,0,0,372,'2022-05-05 22:07:07','2022-05-05 22:07:07'),
(2,'2022-05-05',0,0,0,0,392,'2022-05-05 22:07:07','2022-05-05 22:07:07'),
(3,'2022-05-05',0,0,0,0,393,'2022-05-05 22:07:07','2022-05-05 22:07:07'),
(4,'2022-05-05',0,0,0,0,394,'2022-05-05 22:07:07','2022-05-05 22:07:07'),
(5,'2022-05-05',0,0,0,0,395,'2022-05-05 22:07:07','2022-05-05 22:07:07'),
(6,'2022-05-13',0,0,0,0,428,'2022-05-13 19:39:21','2022-05-13 19:39:21'),
(7,'2022-05-13',0,0,0,0,429,'2022-05-13 19:39:21','2022-05-13 19:39:21'),
(8,'2022-05-13',0,0,0,0,430,'2022-05-13 19:39:21','2022-05-13 19:39:21'),
(9,'2022-05-13',0,0,0,0,431,'2022-05-13 19:39:21','2022-05-13 19:39:21'),
(10,'2022-05-13',0,0,0,0,432,'2022-05-13 19:39:21','2022-05-13 19:39:21'),
(11,'2022-06-03',0,0,0,0,433,'2022-06-03 20:57:27','2022-06-03 20:57:27'),
(12,'2022-06-03',0,0,0,0,434,'2022-06-03 20:57:27','2022-06-03 20:57:27'),
(13,'2022-06-03',0,0,0,0,435,'2022-06-03 20:57:27','2022-06-03 20:57:27'),
(14,'2022-06-28',0,0,0,0,436,'2022-06-28 20:57:55','2022-06-28 20:57:55'),
(15,'2022-06-28',0,0,0,0,437,'2022-06-28 20:57:55','2022-06-28 20:57:55'),
(16,'2022-06-28',0,0,0,0,438,'2022-06-28 20:57:55','2022-06-28 20:57:55'),
(17,'2022-06-28',0,0,0,0,439,'2022-06-28 20:57:55','2022-06-28 20:57:55'),
(18,'2022-06-28',0,0,0,0,440,'2022-06-28 20:57:55','2022-06-28 20:57:55'),
(19,'2022-06-28',0,0,0,0,441,'2022-06-28 20:57:55','2022-06-28 20:57:55'),
(20,'2022-06-28',0,0,0,0,442,'2022-06-28 20:57:55','2022-06-28 20:57:55'),
(21,'2022-06-28',0,0,0,0,443,'2022-06-28 20:57:55','2022-06-28 20:57:55'),
(23,'2022-06-28',0,0,0,0,445,'2022-06-28 21:13:21','2022-06-28 21:13:21'),
(24,'2022-06-28',0,0,0,0,446,'2022-06-28 21:13:21','2022-06-28 21:13:21'),
(25,'2022-06-28',0,0,0,0,447,'2022-06-28 21:13:21','2022-06-28 21:13:21'),
(26,'2022-06-28',0,0,0,0,448,'2022-06-28 21:13:21','2022-06-28 21:13:21'),
(27,'2022-06-28',0,0,0,0,449,'2022-06-28 21:13:21','2022-06-28 21:13:21'),
(28,'2022-06-28',0,0,0,0,450,'2022-06-28 21:13:21','2022-06-28 21:13:21'),
(29,'2022-06-28',0,0,0,0,451,'2022-06-28 21:13:21','2022-06-28 21:13:21'),
(30,'2022-06-28',0,0,0,0,452,'2022-06-28 21:13:21','2022-06-28 21:13:21'),
(36,'2022-06-30',0,0,0,0,458,'2022-06-30 19:53:16','2022-06-30 19:53:16'),
(37,'2022-07-18',0,0,0,0,459,'2022-07-18 11:50:23','2022-07-18 11:50:23'),
(38,'2022-07-19',0,0,0,0,460,'2022-07-19 18:01:40','2022-07-19 18:01:40'),
(39,'2022-08-05',0,0,0,0,461,'2022-08-05 11:45:20','2022-08-05 11:45:20'),
(40,'2022-08-09',0,0,0,0,462,'2022-08-09 12:22:47','2022-08-09 12:22:47'),
(41,'2022-08-16',0,0,0,0,463,'2022-08-16 10:25:27','2022-08-16 10:25:27'),
(42,'2022-08-17',0,0,0,0,464,'2022-08-17 09:47:19','2022-08-17 09:47:19'),
(43,'2022-08-19',0,0,0,0,465,'2022-08-19 08:34:45','2022-08-19 08:34:45'),
(44,'2022-08-29',0,0,0,0,466,'2022-08-29 12:25:13','2022-08-29 12:25:13'),
(45,'2022-09-13',0,0,0,0,467,'2022-09-13 09:54:13','2022-09-13 09:54:13'),
(46,'2022-09-20',0,0,0,0,468,'2022-09-20 12:53:27','2022-09-20 12:53:27'),
(47,'2022-09-22',0,0,0,0,469,'2022-09-22 12:00:21','2022-09-22 12:00:21'),
(48,'2022-09-26',0,0,0,0,470,'2022-09-26 12:26:06','2022-09-26 12:26:06'),
(49,'2022-09-26',0,0,0,0,471,'2022-09-26 12:26:06','2022-09-26 12:26:06'),
(50,'2022-09-29',0,0,0,0,472,'2022-09-29 12:33:33','2022-09-29 12:33:33'),
(51,'2022-10-11',0,0,0,0,473,'2022-10-11 12:13:28','2022-10-11 12:13:28'),
(52,'2022-10-13',0,0,0,0,474,'2022-10-13 12:10:40','2022-10-13 12:10:40'),
(53,'2022-10-27',0,0,0,0,475,'2022-10-27 16:07:08','2022-10-27 16:07:08'),
(401,'2023-02-22',0,0,0,0,743,'2023-02-22 13:08:16','2023-02-22 13:08:16'),
(403,'2023-02-22',0,0,0,0,745,'2023-02-22 13:08:16','2023-02-22 13:08:16'),
(404,'2023-02-22',0,0,0,0,746,'2023-02-22 13:08:16','2023-02-22 13:08:16'),
(407,'2023-03-06',0,0,0,0,749,'2023-03-06 13:24:24','2023-03-06 13:24:24'),
(408,'2023-03-16',0,0,0,0,750,'2023-03-16 12:08:38','2023-03-16 12:08:38'),
(409,'2023-03-29',0,0,0,0,751,'2023-03-29 14:21:47','2023-03-29 14:21:47'),
(410,'2023-03-29',0,0,0,0,752,'2023-03-29 14:22:07','2023-03-29 14:22:07'),
(411,'2023-03-29',0,0,0,0,753,'2023-03-29 14:22:11','2023-03-29 14:22:11'),
(412,'2023-03-29',0,0,0,0,754,'2023-03-29 14:22:21','2023-03-29 14:22:21'),
(413,'2023-03-29',0,0,0,0,755,'2023-03-29 14:22:31','2023-03-29 14:22:31'),
(414,'2023-03-29',0,0,0,0,756,'2023-03-29 14:22:35','2023-03-29 14:22:35'),
(415,'2023-03-29',0,0,0,0,757,'2023-03-29 14:22:41','2023-03-29 14:22:41'),
(416,'2023-03-29',0,0,0,0,758,'2023-03-29 14:26:48','2023-03-29 14:26:48'),
(417,'2023-03-29',5270858,0,399617,0,759,'2023-03-29 14:26:48','2023-03-29 14:26:48'),
(418,'2023-03-29',0,0,0,0,760,'2023-03-29 14:26:48','2023-03-29 14:26:48'),
(419,'2023-03-29',0,0,0,340,761,'2023-03-29 14:26:48','2023-03-29 14:26:48'),
(420,'2023-03-29',0,0,0,0,762,'2023-03-29 14:38:50','2023-03-29 14:38:50'),
(421,'2023-03-29',5980645,0,449929,0,763,'2023-03-29 14:38:50','2023-03-29 14:38:50'),
(422,'2023-03-29',0,0,0,0,764,'2023-03-29 14:38:50','2023-03-29 14:38:50'),
(423,'2023-03-29',0,0,0,342,765,'2023-03-29 14:38:50','2023-03-29 14:38:50'),
(424,'2023-03-29',0,0,0,0,766,'2023-03-29 14:48:51','2023-03-29 14:48:51'),
(425,'2023-03-29',6538449,0,486476,0,767,'2023-03-29 14:48:51','2023-03-29 14:48:51'),
(426,'2023-03-29',0,0,0,0,768,'2023-03-29 14:48:51','2023-03-29 14:48:51'),
(427,'2023-03-29',0,0,0,344,769,'2023-03-29 14:48:51','2023-03-29 14:48:51'),
(428,'2023-03-29',0,0,0,0,770,'2023-03-29 14:56:23','2023-03-29 14:56:23'),
(429,'2023-03-29',7157516,0,519062,0,771,'2023-03-29 14:56:23','2023-03-29 14:56:23'),
(430,'2023-03-29',0,0,0,0,772,'2023-03-29 14:56:23','2023-03-29 14:56:23'),
(431,'2023-03-29',0,0,0,344,773,'2023-03-29 14:56:23','2023-03-29 14:56:23'),
(432,'2023-03-29',0,0,0,0,460,'2023-03-29 15:27:25','2023-03-29 15:27:25'),
(433,'2023-03-29',0,0,0,0,774,'2023-03-29 15:29:49','2023-03-29 15:29:49'),
(434,'2023-03-29',9269049,0,590715,0,775,'2023-03-29 15:29:49','2023-03-29 15:29:49'),
(435,'2023-03-29',0,0,0,0,776,'2023-03-29 15:29:49','2023-03-29 15:29:49'),
(436,'2023-03-29',0,0,0,351,777,'2023-03-29 15:29:49','2023-03-29 15:29:49'),
(437,'2023-03-29',0,0,0,0,778,'2023-03-29 16:19:21','2023-03-29 16:19:21'),
(438,'2023-03-29',12220257,0,685813,0,779,'2023-03-29 16:19:21','2023-03-29 16:19:21'),
(439,'2023-03-29',0,0,0,0,780,'2023-03-29 16:19:21','2023-03-29 16:19:21'),
(440,'2023-03-29',0,0,0,359,781,'2023-03-29 16:19:21','2023-03-29 16:19:21'),
(443,'2023-03-30',0,0,0,0,782,'2023-03-30 16:08:55','2023-03-30 16:08:55'),
(444,'2023-03-30',0,0,0,0,783,'2023-03-30 16:09:05','2023-03-30 16:09:05'),
(445,'2023-03-30',0,0,0,0,784,'2023-03-30 21:52:04','2023-03-30 21:52:04'),
(446,'2023-03-31',0,0,0,0,785,'2023-03-31 13:16:38','2023-03-31 13:16:38'),
(447,'2023-03-31',2946144,0,318453,0,786,'2023-03-31 13:16:38','2023-03-31 13:16:38'),
(448,'2023-03-31',0,0,0,0,787,'2023-03-31 13:16:38','2023-03-31 13:16:38'),
(449,'2023-03-31',0,0,0,358,788,'2023-03-31 13:16:38','2023-03-31 13:16:38'),
(450,'2023-03-31',0,0,0,0,753,'2023-03-31 14:13:26','2023-03-31 14:13:26'),
(451,'2023-03-31',0,0,0,0,754,'2023-03-31 14:13:50','2023-03-31 14:13:50'),
(452,'2023-03-31',0,0,0,0,755,'2023-03-31 14:13:50','2023-03-31 14:13:50'),
(453,'2023-03-31',0,0,0,0,756,'2023-03-31 14:13:50','2023-03-31 14:13:50'),
(454,'2023-03-31',0,0,0,0,782,'2023-03-31 14:13:50','2023-03-31 14:13:50'),
(455,'2023-04-19',0,0,0,0,789,'2023-04-19 14:06:37','2023-04-19 14:06:37'),
(505,'2023-04-20',0,0,0,0,839,'2023-04-20 18:35:08','2023-04-20 18:35:08'),
(506,'2023-04-20',0,0,0,0,840,'2023-04-20 21:01:25','2023-04-20 21:01:25'),
(532,'2023-04-26',0,0,0,0,372,'2023-04-26 14:14:02','2023-04-26 14:14:02'),
(533,'2023-04-26',0,0,0,0,392,'2023-04-26 14:14:02','2023-04-26 14:14:02'),
(534,'2023-04-26',0,0,0,0,393,'2023-04-26 14:14:02','2023-04-26 14:14:02'),
(535,'2023-04-26',0,0,0,0,394,'2023-04-26 14:14:02','2023-04-26 14:14:02'),
(536,'2023-04-26',0,0,0,0,395,'2023-04-26 14:14:02','2023-04-26 14:14:02'),
(537,'2023-04-26',0,0,0,0,785,'2023-04-26 14:14:02','2023-04-26 14:14:02'),
(538,'2023-04-26',2946144,0,318453,0,786,'2023-04-26 14:14:02','2023-04-26 14:14:02'),
(539,'2023-04-26',0,0,0,0,787,'2023-04-26 14:14:02','2023-04-26 14:14:02'),
(540,'2023-04-26',0,0,0,358,788,'2023-04-26 14:14:02','2023-04-26 14:14:02'),
(543,'2023-04-26',0,0,0,0,460,'2023-04-26 14:15:09','2023-04-26 14:15:09'),
(549,'2023-04-26',0,0,0,0,753,'2023-04-26 15:01:54','2023-04-26 15:01:54'),
(550,'2023-04-26',0,0,0,0,754,'2023-04-26 15:01:54','2023-04-26 15:01:54'),
(551,'2023-04-26',0,0,0,0,755,'2023-04-26 15:01:54','2023-04-26 15:01:54'),
(552,'2023-04-26',0,0,0,0,756,'2023-04-26 15:01:54','2023-04-26 15:01:54'),
(553,'2023-04-26',0,0,0,0,782,'2023-04-26 15:01:54','2023-04-26 15:01:54'),
(554,'2023-04-27',0,0,0,0,866,'2023-04-27 12:40:57','2023-04-27 12:40:57'),
(555,'2023-04-27',0,0,0,0,867,'2023-04-27 12:41:01','2023-04-27 12:41:01'),
(556,'2023-04-27',0,0,0,0,868,'2023-04-27 12:41:11','2023-04-27 12:41:11'),
(557,'2023-04-28',0,0,0,0,869,'2023-04-28 12:13:29','2023-04-28 12:13:29'),
(564,'2023-05-15',0,0,0,0,460,'2023-05-15 16:06:51','2023-05-15 16:06:51'),
(570,'2023-06-01',0,0,0,0,876,'2023-06-01 12:32:25','2023-06-01 12:32:25'),
(573,'2023-06-12',0,0,0,0,879,'2023-06-12 13:34:28','2023-06-12 13:34:28'),
(580,'2023-06-30',0,0,0,0,785,'2023-06-30 20:24:11','2023-06-30 20:24:11'),
(581,'2023-06-30',77353360,0,2379949,0,786,'2023-06-30 20:24:11','2023-06-30 20:56:12'),
(582,'2023-06-30',0,0,0,0,787,'2023-06-30 20:24:11','2023-06-30 20:24:11'),
(583,'2023-06-30',0,0,0,598,788,'2023-06-30 20:24:11','2023-06-30 20:56:12'),
(673,'2023-08-24',0,0,0,0,460,'2023-08-24 12:55:50','2023-08-24 12:55:50'),
(723,'2023-10-16',0,0,0,0,372,'2023-10-16 15:20:44','2023-10-16 15:20:44'),
(724,'2023-10-16',0,0,0,0,392,'2023-10-16 15:20:44','2023-10-16 15:20:44'),
(725,'2023-10-16',0,0,0,0,393,'2023-10-16 15:20:44','2023-10-16 15:20:44'),
(726,'2023-10-16',0,0,0,0,394,'2023-10-16 15:20:44','2023-10-16 15:20:44'),
(727,'2023-10-16',0,0,0,0,395,'2023-10-16 15:20:44','2023-10-16 15:20:44'),
(728,'2023-10-16',0,0,0,0,785,'2023-10-16 15:20:44','2023-10-16 15:20:44'),
(729,'2023-10-16',8029595,0,371572,0,786,'2023-10-16 15:20:44','2023-10-16 16:58:46'),
(730,'2023-10-16',0,0,0,0,787,'2023-10-16 15:20:44','2023-10-16 15:20:44'),
(731,'2023-10-16',0,0,0,340,788,'2023-10-16 15:20:44','2023-10-16 16:58:46'),
(732,'2023-10-16',0,0,0,0,1005,'2023-10-16 16:08:15','2023-10-16 16:08:15'),
(734,'2023-10-17',0,0,0,0,785,'2023-10-17 21:24:36','2023-10-17 21:24:36'),
(735,'2023-10-17',901374,0,462727,0,786,'2023-10-17 21:24:36','2023-10-17 21:24:36'),
(736,'2023-10-17',0,0,0,0,787,'2023-10-17 21:24:36','2023-10-17 21:24:36'),
(737,'2023-10-17',0,0,0,340,788,'2023-10-17 21:24:36','2023-10-17 21:24:36'),
(742,'2023-10-17',0,0,0,0,1006,'2023-10-17 21:30:58','2023-10-17 21:30:58'),
(743,'2023-10-17',0,0,0,0,1007,'2023-10-17 21:30:58','2023-10-17 21:30:58'),
(4609,'2023-12-05',0,0,0,0,785,'2023-12-05 22:14:02','2023-12-05 22:14:02'),
(4610,'2023-12-05',16031300,0,725111,16,786,'2023-12-05 22:14:02','2023-12-05 22:14:02'),
(4611,'2023-12-05',0,0,0,0,787,'2023-12-05 22:14:02','2023-12-05 22:14:02'),
(4612,'2023-12-05',0,0,0,730,788,'2023-12-05 22:14:02','2023-12-05 22:14:02'),
(4618,'2024-11-27',0,0,0,0,460,'2024-11-27 15:19:52','2024-11-27 15:19:52'),
(4619,'2025-06-10',0,0,0,0,460,'2025-06-10 20:27:42','2025-06-10 20:27:42');

--
-- Table structure for table `glpi_networkports`
--

CREATE TABLE `glpi_networkports` (
  `id` int(10) unsigned NOT NULL AUTO_INCREMENT,
  `items_id` int(10) unsigned NOT NULL DEFAULT 0,
  `itemtype` varchar(100) NOT NULL,
  `entities_id` int(10) unsigned NOT NULL DEFAULT 0,
  `is_recursive` tinyint(1) NOT NULL DEFAULT 0,
  `logical_number` int(11) NOT NULL DEFAULT 0,
  `name` varchar(255) DEFAULT NULL,
  `instantiation_type` varchar(255) DEFAULT NULL,
  `mac` varchar(255) DEFAULT NULL,
  `comment` mediumtext DEFAULT NULL,
  `is_deleted` tinyint(1) NOT NULL DEFAULT 0,
  `is_dynamic` tinyint(1) NOT NULL DEFAULT 0,
  `date_mod` timestamp NULL DEFAULT NULL,
  `date_creation` timestamp NULL DEFAULT NULL,
  `ifmtu` int(11) NOT NULL DEFAULT 0,
  `ifspeed` bigint(20) NOT NULL DEFAULT 0,
  `ifinternalstatus` varchar(255) DEFAULT NULL,
  `ifconnectionstatus` int(11) NOT NULL DEFAULT 0,
  `iflastchange` varchar(255) DEFAULT NULL,
  `ifinbytes` bigint(20) NOT NULL DEFAULT 0,
  `ifinerrors` bigint(20) NOT NULL DEFAULT 0,
  `ifoutbytes` bigint(20) NOT NULL DEFAULT 0,
  `ifouterrors` bigint(20) NOT NULL DEFAULT 0,
  `ifstatus` varchar(255) DEFAULT NULL,
  `ifdescr` varchar(255) DEFAULT NULL,
  `ifalias` varchar(255) DEFAULT NULL,
  `portduplex` varchar(255) DEFAULT NULL,
  `trunk` tinyint(4) NOT NULL DEFAULT 0,
  `lastup` timestamp NULL DEFAULT NULL,
  PRIMARY KEY (`id`),
  KEY `item` (`itemtype`,`items_id`),
  KEY `entities_id` (`entities_id`),
  KEY `is_recursive` (`is_recursive`),
  KEY `mac` (`mac`),
  KEY `is_deleted` (`is_deleted`),
  KEY `is_dynamic` (`is_dynamic`),
  KEY `date_mod` (`date_mod`),
  KEY `date_creation` (`date_creation`),
  KEY `name` (`name`)
) ENGINE=InnoDB AUTO_INCREMENT=4871 DEFAULT CHARSET=utf8mb4 COLLATE=utf8mb4_unicode_ci;

--
-- Dumping data for table `glpi_networkports`
--

INSERT INTO `glpi_networkports` VALUES
(331,10044,'Computer',3,0,0,'Bluetooth Device (Personal Area Network)','NetworkPortEthernet','34:f3:9a:32:4e:a6',NULL,0,1,'2020-02-12 09:57:31','2020-02-06 18:21:50',0,0,NULL,0,NULL,0,0,0,0,NULL,NULL,NULL,NULL,0,NULL),
(332,10044,'Computer',3,0,0,'Lenovo USB Ethernet','NetworkPortEthernet','6c:0b:84:23:60:65',NULL,0,1,'2020-02-12 09:57:31','2020-02-06 18:21:50',0,0,NULL,0,NULL,0,0,0,0,NULL,NULL,NULL,NULL,0,NULL),
(333,10044,'Computer',3,0,0,'Intel(R) Dual Band Wireless-AC 8260-WFP Native MAC Layer LightWeight Filter-0000','PluginOcsinventoryngNetworkPort','34:f3:9a:32:4e:a2',NULL,0,1,'2020-02-12 09:57:31','2020-02-06 18:21:50',0,0,NULL,0,NULL,0,0,0,0,NULL,NULL,NULL,NULL,0,NULL),
(334,10044,'Computer',3,0,0,'Intel(R) Dual Band Wireless-AC 8260-Virtual WiFi Filter Driver-0000','NetworkPortAlias','34:f3:9a:32:4e:a2',NULL,0,1,'2020-02-12 09:57:31','2020-02-06 18:21:50',0,0,NULL,0,NULL,0,0,0,0,NULL,NULL,NULL,NULL,0,NULL),
(335,10044,'Computer',3,0,0,'Intel(R) Dual Band Wireless-AC 8260-Native WiFi Filter Driver-0000','NetworkPortAlias','34:f3:9a:32:4e:a2',NULL,0,1,'2020-02-12 09:57:31','2020-02-06 18:21:50',0,0,NULL,0,NULL,0,0,0,0,NULL,NULL,NULL,NULL,0,NULL),
(336,10044,'Computer',3,0,0,'Intel(R) Dual Band Wireless-AC 8260-QoS Packet Scheduler-0000','NetworkPortAlias','34:f3:9a:32:4e:a2',NULL,0,1,'2020-02-12 09:57:31','2020-02-06 18:21:50',0,0,NULL,0,NULL,0,0,0,0,NULL,NULL,NULL,NULL,0,NULL),
(337,10044,'Computer',3,0,0,'Intel(R) Dual Band Wireless-AC 8260-WFP 802.3 MAC Layer LightWeight Filter-0000','NetworkPortAlias','34:f3:9a:32:4e:a2',NULL,0,1,'2020-02-12 09:57:31','2020-02-06 18:21:50',0,0,NULL,0,NULL,0,0,0,0,NULL,NULL,NULL,NULL,0,NULL),
(338,10044,'Computer',3,0,0,'Intel(R) Dual Band Wireless-AC 8260','NetworkPortAlias','34:f3:9a:32:4e:a2',NULL,0,1,'2020-02-12 09:57:31','2020-02-06 18:21:50',0,0,NULL,0,NULL,0,0,0,0,NULL,NULL,NULL,NULL,0,NULL),
(347,10046,'Computer',3,0,0,'TAP-Windows Adapter V9-WFP Native MAC Layer LightWeight Filter-0000','NetworkPortEthernet','00:ff:c0:3b:e2:e5',NULL,0,1,'2020-02-12 09:57:31','2020-02-06 18:21:59',0,0,NULL,0,NULL,0,0,0,0,NULL,NULL,NULL,NULL,0,NULL),
(348,10046,'Computer',3,0,0,'TAP-Windows Adapter V9-VirtualBox NDIS Light-Weight Filter-0000','NetworkPortAlias','00:ff:c0:3b:e2:e5',NULL,0,1,'2020-02-12 09:57:31','2020-02-06 18:21:59',0,0,NULL,0,NULL,0,0,0,0,NULL,NULL,NULL,NULL,0,NULL),
(349,10046,'Computer',3,0,0,'TAP-Windows Adapter V9-QoS Packet Scheduler-0000','NetworkPortAlias','00:ff:c0:3b:e2:e5',NULL,0,1,'2020-02-12 09:57:31','2020-02-06 18:21:59',0,0,NULL,0,NULL,0,0,0,0,NULL,NULL,NULL,NULL,0,NULL),
(350,10046,'Computer',3,0,0,'TAP-Windows Adapter V9-WFP 802.3 MAC Layer LightWeight Filter-0000','NetworkPortAlias','00:ff:c0:3b:e2:e5',NULL,0,1,'2020-02-12 09:57:31','2020-02-06 18:21:59',0,0,NULL,0,NULL,0,0,0,0,NULL,NULL,NULL,NULL,0,NULL),
(351,10046,'Computer',3,0,0,'TAP-Windows Adapter V9','NetworkPortAlias','00:ff:c0:3b:e2:e5',NULL,0,1,'2020-02-12 09:57:31','2020-02-06 18:21:59',0,0,NULL,0,NULL,0,0,0,0,NULL,NULL,NULL,NULL,0,NULL),
(352,10046,'Computer',3,0,0,'Bluetooth Device (Personal Area Network)','NetworkPortEthernet','cc:2f:71:9f:97:4a',NULL,0,1,'2020-02-12 09:57:31','2020-02-06 18:21:59',0,0,NULL,0,NULL,0,0,0,0,NULL,NULL,NULL,NULL,0,NULL),
(353,10046,'Computer',3,0,0,'VirtualBox Host-Only Ethernet Adapter #6','NetworkPortEthernet','0a:00:27:00:00:15',NULL,0,1,'2020-02-12 09:57:31','2020-02-06 18:21:59',0,0,NULL,0,NULL,0,0,0,0,NULL,NULL,NULL,NULL,0,NULL),
(354,10046,'Computer',3,0,0,'Intel(R) Dual Band Wireless-AC 8265','PluginOcsinventoryngNetworkPort','cc:2f:71:9f:97:46',NULL,0,1,'2020-02-12 09:57:31','2020-02-06 18:21:59',0,0,NULL,0,NULL,0,0,0,0,NULL,NULL,NULL,NULL,0,NULL),
(372,285,'Printer',5,1,3,'wlan0','NetworkPortEthernet','c4:65:16:d0:70:e7',NULL,1,0,'2023-10-16 15:20:44','2020-05-20 20:04:28',0,0,NULL,0,NULL,0,0,0,0,NULL,NULL,NULL,NULL,0,NULL),
(378,10039,'Computer',6,0,0,'Fortinet Virtual Ethernet Adapter (NDIS 6.30)','NetworkPortEthernet','00:09:0f:fe:00:01',NULL,0,1,'2021-04-02 08:35:37','2020-07-22 18:14:11',0,0,NULL,0,NULL,0,0,0,0,NULL,NULL,NULL,NULL,0,NULL),
(379,10039,'Computer',6,0,0,'TAP-Windows Adapter V9','NetworkPortEthernet','00:ff:f9:15:b6:15',NULL,0,1,'2021-04-02 08:35:37','2020-07-22 18:14:11',0,0,NULL,0,NULL,0,0,0,0,NULL,NULL,NULL,NULL,0,NULL),
(383,10039,'Computer',6,0,1,'Intel(R) Ethernet Connection (4) I219-V','NetworkPortEthernet','54:e1:ad:89:18:f8',NULL,0,1,'2021-04-02 08:35:37','2020-11-09 14:16:16',0,0,NULL,0,NULL,0,0,0,0,NULL,NULL,NULL,NULL,0,NULL),
(386,10039,'Computer',6,0,0,'Check Point Virtual Network Adapter For Endpoint VPN Client','NetworkPortEthernet','54:7c:a1:ab:24:05',NULL,0,1,'2021-04-02 08:35:37','2020-11-15 15:03:30',0,0,NULL,0,NULL,0,0,0,0,NULL,NULL,NULL,NULL,0,NULL),
(387,10039,'Computer',6,0,1,'Intel(R) Dual Band Wireless-AC 8265','NetworkPortWifi','f8:34:41:62:ab:6f',NULL,0,1,'2021-04-02 08:35:37','2020-11-19 14:04:27',0,0,NULL,0,NULL,0,0,0,0,NULL,NULL,NULL,NULL,0,NULL),
(392,285,'Printer',5,1,1,'lo','NetworkPortEthernet','',NULL,1,0,'2023-10-16 15:20:44','2021-01-07 13:32:19',0,0,NULL,0,NULL,0,0,0,0,NULL,NULL,NULL,NULL,0,NULL),
(393,285,'Printer',5,1,2,'eth0','NetworkPortEthernet','c4:65:16:d0:70:e6',NULL,1,0,'2023-10-16 15:20:44','2021-01-07 13:32:19',0,0,NULL,0,NULL,0,0,0,0,NULL,NULL,NULL,NULL,0,NULL),
(394,285,'Printer',5,1,4,'wfd0','NetworkPortEthernet','c6:65:16:d0:70:e7',NULL,1,0,'2023-10-16 15:20:44','2021-01-07 13:32:19',0,0,NULL,0,NULL,0,0,0,0,NULL,NULL,NULL,NULL,0,NULL),
(395,285,'Printer',5,1,6,'wlan1','NetworkPortEthernet','c6:65:16:d0:f0:e7',NULL,1,0,'2023-10-16 15:20:44','2021-01-07 13:32:19',0,0,NULL,0,NULL,0,0,0,0,NULL,NULL,NULL,NULL,0,NULL),
(396,10039,'Computer',6,0,0,'VirtualBox Host-Only Ethernet Adapter','NetworkPortEthernet','0a:00:27:00:00:15',NULL,0,1,'2021-05-06 17:11:03','2021-05-06 17:11:03',0,0,NULL,0,NULL,0,0,0,0,NULL,NULL,NULL,NULL,0,NULL),
(397,7,'Computer',6,0,1,'Intel(R) Ethernet Connection (4) I219-V','NetworkPortEthernet','54:e1:ad:89:18:f8',NULL,0,1,'2021-05-07 16:56:17','2021-05-07 16:56:17',0,0,NULL,0,NULL,0,0,0,0,NULL,NULL,NULL,NULL,0,NULL),
(398,7,'Computer',6,0,0,'Fortinet Virtual Ethernet Adapter (NDIS 6.30)','NetworkPortEthernet','00:09:0f:fe:00:01',NULL,0,1,'2021-05-07 16:56:17','2021-05-07 16:56:17',0,0,NULL,0,NULL,0,0,0,0,NULL,NULL,NULL,NULL,0,NULL),
(399,7,'Computer',6,0,0,'TAP-Windows Adapter V9','NetworkPortEthernet','00:ff:f9:15:b6:15',NULL,0,1,'2021-05-07 16:56:17','2021-05-07 16:56:17',0,0,NULL,0,NULL,0,0,0,0,NULL,NULL,NULL,NULL,0,NULL),
(400,7,'Computer',6,0,0,'VirtualBox Host-Only Ethernet Adapter','NetworkPortEthernet','0a:00:27:00:00:15',NULL,0,1,'2021-05-07 16:56:17','2021-05-07 16:56:17',0,0,NULL,0,NULL,0,0,0,0,NULL,NULL,NULL,NULL,0,NULL),
(401,7,'Computer',6,0,1,'Intel(R) Dual Band Wireless-AC 8265','NetworkPortWifi','f8:34:41:62:ab:6f',NULL,0,1,'2021-05-07 16:56:17','2021-05-07 16:56:17',0,0,NULL,0,NULL,0,0,0,0,NULL,NULL,NULL,NULL,0,NULL),
(402,7,'Computer',6,0,0,'Check Point Virtual Network Adapter For Endpoint VPN Client','NetworkPortEthernet','54:7c:a1:ab:24:05',NULL,0,1,'2021-05-07 16:56:17','2021-05-07 16:56:17',0,0,NULL,0,NULL,0,0,0,0,NULL,NULL,NULL,NULL,0,NULL),
(460,33871,'Computer',0,1,1,'Intel(R) PRO/1000 MT Desktop Adapter',NULL,'08:00:27:29:f5:a9',NULL,0,1,'2025-06-10 20:27:42','2022-07-19 18:01:40',0,0,'1',0,NULL,0,0,0,0,'1',NULL,NULL,NULL,0,NULL),
(752,1,'Unmanaged',0,0,0,'Management','NetworkPortAggregate','8c:49:62:67:3d:ea',NULL,0,1,'2023-03-29 14:22:07','2023-03-29 14:22:07',0,0,NULL,0,NULL,0,0,0,0,NULL,NULL,NULL,NULL,0,NULL),
(753,53,'NetworkEquipment',5,0,0,'Management','NetworkPortAggregate',NULL,NULL,0,1,'2023-04-26 15:01:54','2023-03-29 14:22:11',0,0,NULL,0,NULL,0,0,0,0,NULL,NULL,NULL,NULL,0,NULL),
(754,54,'NetworkEquipment',5,0,0,'Management','NetworkPortAggregate','7a:03:1a:eb:f3:7b',NULL,0,1,'2023-04-26 15:01:54','2023-03-29 14:22:21',0,0,NULL,0,NULL,0,0,0,0,NULL,NULL,NULL,NULL,0,NULL),
(755,55,'NetworkEquipment',5,0,0,'Management','NetworkPortAggregate','44:91:60:63:47:4a',NULL,0,1,'2023-04-26 15:01:54','2023-03-29 14:22:31',0,0,NULL,0,NULL,0,0,0,0,NULL,NULL,NULL,NULL,0,NULL),
(756,56,'NetworkEquipment',5,0,0,'Management','NetworkPortAggregate','6c:33:a9:77:7e:38',NULL,0,1,'2023-04-26 15:01:54','2023-03-29 14:22:35',0,0,NULL,0,NULL,0,0,0,0,NULL,NULL,NULL,NULL,0,NULL),
(782,57,'NetworkEquipment',5,0,0,'Management','NetworkPortAggregate','9a:44:d8:42:44:2b',NULL,0,1,'2023-04-26 15:01:54','2023-03-30 16:08:55',0,0,NULL,0,NULL,0,0,0,0,NULL,NULL,NULL,NULL,0,NULL),
(783,7,'Unmanaged',0,0,0,'Management','NetworkPortAggregate','14:9f:3c:f8:fc:bb',NULL,0,1,'2023-03-30 16:09:05','2023-03-30 16:09:05',0,0,NULL,0,NULL,0,0,0,0,NULL,NULL,NULL,NULL,0,NULL),
(784,8,'Unmanaged',0,0,0,'Management','NetworkPortAggregate','02:59:4d:f5:df:d7',NULL,0,1,'2023-03-30 21:52:04','2023-03-30 21:52:04',0,0,NULL,0,NULL,0,0,0,0,NULL,NULL,NULL,NULL,0,NULL),
(785,285,'Printer',5,1,2,'eth0','NetworkPortEthernet','c4:65:16:d0:70:e6',NULL,0,1,'2023-10-16 15:20:44','2023-03-31 13:16:38',1500,100000000,'1',0,'0.00 seconds',0,0,0,0,'2','eth0',NULL,NULL,0,NULL),
(786,285,'Printer',5,1,3,'wlan0','NetworkPortEthernet','c4:65:16:d0:70:e7',NULL,0,1,'2023-12-05 22:14:02','2023-03-31 13:16:38',1500,0,'1',0,'24.15 seconds',16031300,0,725111,16,'1','wlan0',NULL,NULL,0,NULL),
(787,285,'Printer',5,1,4,'wfd0','NetworkPortEthernet','c6:65:16:d0:70:e7',NULL,0,1,'2023-10-16 15:20:44','2023-03-31 13:16:38',1500,0,'1',0,'0.00 seconds',0,0,0,0,'2','wfd0',NULL,NULL,0,NULL),
(788,285,'Printer',5,1,6,'wlan1','NetworkPortEthernet','c6:65:16:d0:f0:e7',NULL,0,1,'2023-12-05 22:14:02','2023-03-31 13:16:38',1500,0,'1',0,'9.10 seconds',0,0,0,730,'1','wlan1',NULL,NULL,0,NULL),
(789,9,'Unmanaged',0,0,0,'Management','NetworkPortAggregate',NULL,NULL,0,1,'2023-04-19 14:06:37','2023-04-19 14:06:37',0,0,NULL,0,NULL,0,0,0,0,NULL,NULL,NULL,NULL,0,NULL),
(839,10,'Unmanaged',0,0,0,'Management','NetworkPortAggregate','84:b5:41:47:87:7a',NULL,0,1,'2023-04-20 18:35:08','2023-04-20 18:35:08',0,0,NULL,0,NULL,0,0,0,0,NULL,NULL,NULL,NULL,0,NULL),
(840,11,'Unmanaged',0,0,0,'Management','NetworkPortAggregate','9c:8c:6e:19:78:bc',NULL,0,1,'2023-04-20 21:01:25','2023-04-20 21:01:25',0,0,NULL,0,NULL,0,0,0,0,NULL,NULL,NULL,NULL,0,NULL),
(866,12,'Unmanaged',0,0,0,'Management','NetworkPortAggregate','7a:03:1a:eb:f3:7b',NULL,0,1,'2023-04-27 12:40:57','2023-04-27 12:40:57',0,0,NULL,0,NULL,0,0,0,0,NULL,NULL,NULL,NULL,0,NULL),
(867,13,'Unmanaged',0,0,0,'Management','NetworkPortAggregate','9a:44:d8:42:44:2b',NULL,0,1,'2023-04-27 12:41:01','2023-04-27 12:41:01',0,0,NULL,0,NULL,0,0,0,0,NULL,NULL,NULL,NULL,0,NULL),
(868,14,'Unmanaged',0,0,0,'Management','NetworkPortAggregate','6c:33:a9:77:7e:38',NULL,0,1,'2023-04-27 12:41:11','2023-04-27 12:41:11',0,0,NULL,0,NULL,0,0,0,0,NULL,NULL,NULL,NULL,0,NULL),
(869,15,'Unmanaged',0,0,0,'Management','NetworkPortAggregate','44:91:60:63:47:4a',NULL,0,1,'2023-04-28 12:13:29','2023-04-28 12:13:29',0,0,NULL,0,NULL,0,0,0,0,NULL,NULL,NULL,NULL,0,NULL),
(876,16,'Unmanaged',0,0,0,'Management','NetworkPortAggregate','08:00:27:9f:a8:e8',NULL,0,1,'2023-06-01 12:32:25','2023-06-01 12:32:25',0,0,NULL,0,NULL,0,0,0,0,NULL,NULL,NULL,NULL,0,NULL),
(879,17,'Unmanaged',0,0,0,'Management','NetworkPortAggregate','08:00:27:4f:32:40',NULL,0,1,'2023-06-12 13:34:28','2023-06-12 13:34:28',0,0,NULL,0,NULL,0,0,0,0,NULL,NULL,NULL,NULL,0,NULL),
(1005,18,'Unmanaged',0,0,0,'Management','NetworkPortAggregate',NULL,NULL,0,1,'2023-10-16 16:08:15','2023-10-16 16:08:15',0,0,NULL,0,NULL,0,0,0,0,NULL,NULL,NULL,NULL,0,NULL),
(1006,19,'Unmanaged',0,0,0,'Management','NetworkPortAggregate','dc:e9:94:4d:86:d5',NULL,0,1,'2023-10-17 21:30:58','2023-10-17 21:30:58',0,0,NULL,0,NULL,0,0,0,0,NULL,NULL,NULL,NULL,0,NULL),
(1007,20,'Unmanaged',0,0,0,'Management','NetworkPortAggregate','dc:e9:94:4d:86:d5',NULL,0,1,'2023-10-17 21:30:58','2023-10-17 21:30:58',0,0,NULL,0,NULL,0,0,0,0,NULL,NULL,NULL,NULL,0,NULL);

--
-- Table structure for table `glpi_networkports_networkports`
--

CREATE TABLE `glpi_networkports_networkports` (
  `id` int(10) unsigned NOT NULL AUTO_INCREMENT,
  `networkports_id_1` int(10) unsigned NOT NULL DEFAULT 0,
  `networkports_id_2` int(10) unsigned NOT NULL DEFAULT 0,
  PRIMARY KEY (`id`),
  UNIQUE KEY `unicity` (`networkports_id_1`,`networkports_id_2`),
  KEY `networkports_id_2` (`networkports_id_2`)
) ENGINE=InnoDB DEFAULT CHARSET=utf8mb4 COLLATE=utf8mb4_unicode_ci;

--
-- Dumping data for table `glpi_networkports_networkports`
--


--
-- Table structure for table `glpi_networkports_vlans`
--

CREATE TABLE `glpi_networkports_vlans` (
  `id` int(10) unsigned NOT NULL AUTO_INCREMENT,
  `networkports_id` int(10) unsigned NOT NULL DEFAULT 0,
  `vlans_id` int(10) unsigned NOT NULL DEFAULT 0,
  `tagged` tinyint(1) NOT NULL DEFAULT 0,
  PRIMARY KEY (`id`),
  UNIQUE KEY `unicity` (`networkports_id`,`vlans_id`),
  KEY `vlans_id` (`vlans_id`)
) ENGINE=InnoDB DEFAULT CHARSET=utf8mb4 COLLATE=utf8mb4_unicode_ci;

--
-- Dumping data for table `glpi_networkports_vlans`
--


--
-- Table structure for table `glpi_networkporttypes`
--

CREATE TABLE `glpi_networkporttypes` (
  `id` int(10) unsigned NOT NULL AUTO_INCREMENT,
  `entities_id` int(10) unsigned NOT NULL DEFAULT 0,
  `is_recursive` tinyint(4) NOT NULL DEFAULT 0,
  `value_decimal` int(11) NOT NULL,
  `name` varchar(255) DEFAULT NULL,
  `comment` text DEFAULT NULL,
  `is_importable` tinyint(4) NOT NULL DEFAULT 0,
  `instantiation_type` varchar(255) DEFAULT NULL,
  `date_creation` timestamp NULL DEFAULT NULL,
  `date_mod` timestamp NULL DEFAULT NULL,
  PRIMARY KEY (`id`),
  KEY `value_decimal` (`value_decimal`),
  KEY `name` (`name`),
  KEY `entities_id` (`entities_id`),
  KEY `is_recursive` (`is_recursive`),
  KEY `is_importable` (`is_importable`),
  KEY `date_mod` (`date_mod`),
  KEY `date_creation` (`date_creation`)
) ENGINE=InnoDB AUTO_INCREMENT=302 DEFAULT CHARSET=utf8mb4 COLLATE=utf8mb4_unicode_ci ROW_FORMAT=DYNAMIC;

--
-- Dumping data for table `glpi_networkporttypes`
--

INSERT INTO `glpi_networkporttypes` VALUES
(2,0,0,1,'other','none of the following [RFC1213]',0,NULL,'2022-04-25 20:14:11','2022-04-25 20:14:11'),
(3,0,0,2,'regular1822','BBN Report 1822 [RFC1213]',0,NULL,'2022-04-25 20:14:11','2022-04-25 20:14:11'),
(4,0,0,3,'hdh1822','BBN Report 1822 [RFC1213]',0,NULL,'2022-04-25 20:14:11','2022-04-25 20:14:11'),
(5,0,0,4,'ddn-x25','BBN Report 1822 [RFC1213]',0,NULL,'2022-04-25 20:14:11','2022-04-25 20:14:11'),
(6,0,0,5,'x25','X.25 [RFC1382]',0,NULL,'2022-04-25 20:14:11','2022-04-25 20:14:11'),
(7,0,0,6,'ethernet-csmacd','[RFC1213]',1,'NetworkPortEthernet','2022-04-25 20:14:11','2022-04-25 20:14:11'),
(8,0,0,7,'IEEE802.3','DEPRECATED [RFC3635]',1,'NetworkPortEthernet','2022-04-25 20:14:11','2022-04-25 20:14:11'),
(9,0,0,8,'IEEE802.4','Token Bus-like Objects [RFC1239]',0,NULL,'2022-04-25 20:14:11','2022-04-25 20:14:11'),
(10,0,0,9,'IEEE802.5','Token Ring-like Objects [RFC1748]',0,NULL,'2022-04-25 20:14:11','2022-04-25 20:14:11'),
(11,0,0,10,'iso88026-man','[RFC1213]',0,NULL,'2022-04-25 20:14:11','2022-04-25 20:14:11'),
(12,0,0,11,'starLan','DEPRECATED [RFC3635]',0,NULL,'2022-04-25 20:14:11','2022-04-25 20:14:11'),
(13,0,0,12,'proteon-10Mbit','[RFC1213]',0,NULL,'2022-04-25 20:14:11','2022-04-25 20:14:11'),
(14,0,0,13,'proteon-80Mbit','[RFC1213]',0,NULL,'2022-04-25 20:14:11','2022-04-25 20:14:11'),
(15,0,0,14,'hyperchannel','[RFC1213]',0,NULL,'2022-04-25 20:14:11','2022-04-25 20:14:11'),
(16,0,0,15,'FDDI','FDDI Objects [RFC1512]',0,NULL,'2022-04-25 20:14:11','2022-04-25 20:14:11'),
(17,0,0,16,'lapb','LAP B [RFC1381]',0,NULL,'2022-04-25 20:14:11','2022-04-25 20:14:11'),
(18,0,0,17,'sdlc','[RFC1213]',0,NULL,'2022-04-25 20:14:11','2022-04-25 20:14:11'),
(19,0,0,18,'ds1','T1/E1 Carrier Objects [RFC4805]',0,NULL,'2022-04-25 20:14:11','2022-04-25 20:14:11'),
(20,0,0,19,'e1','obsolete [RFC4805]',0,NULL,'2022-04-25 20:14:11','2022-04-25 20:14:11'),
(21,0,0,20,'basicISDN','[RFC1213]',0,NULL,'2022-04-25 20:14:11','2022-04-25 20:14:11'),
(22,0,0,21,'primaryISDN','[RFC1213]',0,NULL,'2022-04-25 20:14:11','2022-04-25 20:14:11'),
(23,0,0,22,'propPointToPointSerial','[RFC1213]',0,NULL,'2022-04-25 20:14:11','2022-04-25 20:14:11'),
(24,0,0,23,'ppp','Point-to-Point Protocol [RFC1213][RFC1471]',0,NULL,'2022-04-25 20:14:11','2022-04-25 20:14:11'),
(25,0,0,24,'softwareLoopback','[RFC1213]',0,NULL,'2022-04-25 20:14:11','2022-04-25 20:14:11'),
(26,0,0,25,'eon','[RFC1213]',0,NULL,'2022-04-25 20:14:11','2022-04-25 20:14:11'),
(27,0,0,26,'ethernet-3Mbit','[RFC1213]',0,NULL,'2022-04-25 20:14:11','2022-04-25 20:14:11'),
(28,0,0,27,'nsip','[RFC1213]',0,NULL,'2022-04-25 20:14:11','2022-04-25 20:14:11'),
(29,0,0,28,'slip','[RFC1213]',0,NULL,'2022-04-25 20:14:11','2022-04-25 20:14:11'),
(30,0,0,29,'ultra','[RFC1213]',0,NULL,'2022-04-25 20:14:11','2022-04-25 20:14:11'),
(31,0,0,30,'ds3','DS3/E3 Interface Objects [RFC3896]',0,NULL,'2022-04-25 20:14:11','2022-04-25 20:14:11'),
(32,0,0,31,'sip','SMDS Interface Objects [RFC1694]',0,NULL,'2022-04-25 20:14:11','2022-04-25 20:14:11'),
(33,0,0,32,'frame-relay','Frame Relay Objects for DTE [RFC2115]',0,NULL,'2022-04-25 20:14:11','2022-04-25 20:14:11'),
(34,0,0,33,'RS-232','RS-232 Objects [RFC1659]',0,NULL,'2022-04-25 20:14:11','2022-04-25 20:14:11'),
(35,0,0,34,'Parallel','Parallel Printer Objects [RFC1660]',0,NULL,'2022-04-25 20:14:11','2022-04-25 20:14:11'),
(36,0,0,35,'arcnet','ARC network',0,NULL,'2022-04-25 20:14:11','2022-04-25 20:14:11'),
(37,0,0,36,'arcnet-plus','ARC network plus',0,NULL,'2022-04-25 20:14:11','2022-04-25 20:14:11'),
(38,0,0,37,'atm','ATM',0,NULL,'2022-04-25 20:14:11','2022-04-25 20:14:11'),
(39,0,0,38,'MIOX25','MIOX25 [RFC1461]',0,NULL,'2022-04-25 20:14:11','2022-04-25 20:14:11'),
(40,0,0,39,'SONET','SONET or SDH',0,NULL,'2022-04-25 20:14:11','2022-04-25 20:14:11'),
(41,0,0,40,'x25ple','X.25 packet level [RFC2127]',0,NULL,'2022-04-25 20:14:11','2022-04-25 20:14:11'),
(42,0,0,41,'iso88022llc','802.2 LLC',0,NULL,'2022-04-25 20:14:11','2022-04-25 20:14:11'),
(43,0,0,42,'localTalk','',0,NULL,'2022-04-25 20:14:11','2022-04-25 20:14:11'),
(44,0,0,43,'smds-dxi','SMDS DXI',0,NULL,'2022-04-25 20:14:11','2022-04-25 20:14:11'),
(45,0,0,44,'frameRelayService','Frame Relay DCE [RFC2954]',0,NULL,'2022-04-25 20:14:11','2022-04-25 20:14:11'),
(46,0,0,45,'v35','V.35',0,NULL,'2022-04-25 20:14:11','2022-04-25 20:14:11'),
(47,0,0,46,'hssi','HSSI',0,NULL,'2022-04-25 20:14:11','2022-04-25 20:14:11'),
(48,0,0,47,'hippi','HIPPI',0,NULL,'2022-04-25 20:14:11','2022-04-25 20:14:11'),
(49,0,0,48,'modem','generic modem',0,NULL,'2022-04-25 20:14:11','2022-04-25 20:14:11'),
(50,0,0,49,'aal5','AAL5 over ATM',0,NULL,'2022-04-25 20:14:11','2022-04-25 20:14:11'),
(51,0,0,50,'sonetPath','',0,NULL,'2022-04-25 20:14:11','2022-04-25 20:14:11'),
(52,0,0,51,'sonetVT','',0,NULL,'2022-04-25 20:14:11','2022-04-25 20:14:11'),
(53,0,0,52,'smds-icip','SMDS Inter-Carrier Interface Protocol',0,NULL,'2022-04-25 20:14:11','2022-04-25 20:14:11'),
(54,0,0,53,'propVirtual','proprietary vitural/internal interface [RFC2863]',0,NULL,'2022-04-25 20:14:11','2022-04-25 20:14:11'),
(55,0,0,54,'propMultiLink','proprietary multi-link multiplexing [RFC2863]',0,NULL,'2022-04-25 20:14:11','2022-04-25 20:14:11'),
(56,0,0,55,'ieee80212','100BaseVG',0,NULL,'2022-04-25 20:14:11','2022-04-25 20:14:11'),
(57,0,0,56,'fibre-channel','Fibre Channel',1,'NetworkPortFiberchannel','2022-04-25 20:14:11','2022-04-25 20:14:11'),
(58,0,0,57,'hippiInterfaces','HIPPI interfaces [Philip_Cameron]',0,NULL,'2022-04-25 20:14:11','2022-04-25 20:14:11'),
(59,0,0,58,'FrameRelayInterconnect','Interconnet over FR [Unknown]',0,NULL,'2022-04-25 20:14:11','2022-04-25 20:14:11'),
(60,0,0,59,'aflane8023','ATM Emulated LAN for 802.3 [Keith_McCloghrie]',0,NULL,'2022-04-25 20:14:11','2022-04-25 20:14:11'),
(61,0,0,60,'aflane8025','ATM Emulated LAN for 802.5 [Keith_McCloghrie]',0,NULL,'2022-04-25 20:14:11','2022-04-25 20:14:11'),
(62,0,0,61,'cctEmul','ATM Emulated circuit [Guy_Fedorkow]',0,NULL,'2022-04-25 20:14:11','2022-04-25 20:14:11'),
(63,0,0,62,'fastEther','DEPRECATED [RFC3635]',1,'NetworkPortEthernet','2022-04-25 20:14:11','2022-04-25 20:14:11'),
(64,0,0,63,'isdn','ISDN and X.25 [RFC1356]',0,NULL,'2022-04-25 20:14:11','2022-04-25 20:14:11'),
(65,0,0,64,'v11','CCITT V.11/X.21 [Satish_Popat]',0,NULL,'2022-04-25 20:14:11','2022-04-25 20:14:11'),
(66,0,0,65,'v36','CCITT V.36 [Satish_Popat]',0,NULL,'2022-04-25 20:14:11','2022-04-25 20:14:11'),
(67,0,0,66,'g703-64k','CCITT G703 at 64Kbps [Satish_Popat]',0,NULL,'2022-04-25 20:14:11','2022-04-25 20:14:11'),
(68,0,0,67,'g703-2mb','CCITT G703 at 2Mbps [Satish_Popat]',0,NULL,'2022-04-25 20:14:11','2022-04-25 20:14:11'),
(69,0,0,68,'qllc','SNA QLLC [Satish_Popat]',0,NULL,'2022-04-25 20:14:11','2022-04-25 20:14:11'),
(70,0,0,69,'fastEtherFX','DEPRECATED [RFC3635]',0,NULL,'2022-04-25 20:14:11','2022-04-25 20:14:11'),
(71,0,0,70,'channel','channel [Steven_Schwell]',0,NULL,'2022-04-25 20:14:11','2022-04-25 20:14:11'),
(72,0,0,71,'IEEE802.11','radio spread spectrum [Dawkoon_Paul_Lee]',1,'NetworkPortWifi','2022-04-25 20:14:11','2022-04-25 20:14:11'),
(73,0,0,72,'ibm370parChan','IBM System 360/370 OEMI Channel [Bill_Kwan]',0,NULL,'2022-04-25 20:14:11','2022-04-25 20:14:11'),
(74,0,0,73,'ESCON','IBM Enterprise Systems Connection [Bill_Kwan]',0,NULL,'2022-04-25 20:14:11','2022-04-25 20:14:11'),
(75,0,0,74,'DLSw','Data Link Switching [Bill_Kwan]',0,NULL,'2022-04-25 20:14:11','2022-04-25 20:14:11'),
(76,0,0,75,'ISDNs','ISDN S/T interface [Ed_Alcoff]',0,NULL,'2022-04-25 20:14:11','2022-04-25 20:14:11'),
(77,0,0,76,'ISDNu','ISDN U interface [Ed_Alcoff]',0,NULL,'2022-04-25 20:14:11','2022-04-25 20:14:11'),
(78,0,0,77,'lapd','Link Access Protocol D [Ed_Alcoff]',0,NULL,'2022-04-25 20:14:11','2022-04-25 20:14:11'),
(79,0,0,78,'ip-switch','IP Switching Objects [Joe_Wei]',0,NULL,'2022-04-25 20:14:11','2022-04-25 20:14:11'),
(80,0,0,79,'rsrb','Remote Source Route Bridging [Bob_Clouston]',0,NULL,'2022-04-25 20:14:11','2022-04-25 20:14:11'),
(81,0,0,80,'atm-logical','ATM Logical Port [RFC3606]',0,NULL,'2022-04-25 20:14:11','2022-04-25 20:14:11'),
(82,0,0,81,'ds0','Digital Signal Level 0 [RFC2494]',0,NULL,'2022-04-25 20:14:11','2022-04-25 20:14:11'),
(83,0,0,82,'ds0Bundle','group of ds0s on the same ds1 [RFC2494]',0,NULL,'2022-04-25 20:14:11','2022-04-25 20:14:11'),
(84,0,0,83,'bsc','Bisynchronous Protocol [Bill_Kwan]',0,NULL,'2022-04-25 20:14:11','2022-04-25 20:14:11'),
(85,0,0,84,'async','Asynchronous Protocol [Bill_Kwan]',0,NULL,'2022-04-25 20:14:11','2022-04-25 20:14:11'),
(86,0,0,85,'cnr','Combat Net Radio [Herb_Jensen]',0,NULL,'2022-04-25 20:14:11','2022-04-25 20:14:11'),
(87,0,0,86,'iso88025Dtr','ISO 802.5r DTR [Trevor_Warwick]',0,NULL,'2022-04-25 20:14:11','2022-04-25 20:14:11'),
(88,0,0,87,'eplrs','Enhanced  Pos Loc Report Sys [Herb_Jensen]',0,NULL,'2022-04-25 20:14:11','2022-04-25 20:14:11'),
(89,0,0,88,'arap','Appletalk Remote Access Protocol [Jim_Halpin]',0,NULL,'2022-04-25 20:14:11','2022-04-25 20:14:11'),
(90,0,0,89,'propCnls','Proprietary Connectionless Proto. [Robert_Neill]',0,NULL,'2022-04-25 20:14:11','2022-04-25 20:14:11'),
(91,0,0,90,'hostPad','CCITT-ITU X.29 PAD Protocol [Robert_Neill]',0,NULL,'2022-04-25 20:14:11','2022-04-25 20:14:11'),
(92,0,0,91,'termPad','CCITT-ITU X.3 PAD Facility [Robert_Neill]',0,NULL,'2022-04-25 20:14:11','2022-04-25 20:14:11'),
(93,0,0,92,'frameRelayMPI','Multiproto Interconnect over FR [Robert_Neill]',0,NULL,'2022-04-25 20:14:11','2022-04-25 20:14:11'),
(94,0,0,93,'x213','CCITT-ITU X213 [Robert_Neill]',0,NULL,'2022-04-25 20:14:11','2022-04-25 20:14:11'),
(95,0,0,94,'adsl','Asymmetric Digital Subscriber Loop [Gregory_Bathrick]',0,NULL,'2022-04-25 20:14:11','2022-04-25 20:14:11'),
(96,0,0,95,'radsl','Rate-Adapt. Digital Subscriber Loop [Gregory_Bathrick]',0,NULL,'2022-04-25 20:14:11','2022-04-25 20:14:11'),
(97,0,0,96,'sdsl','Symmetric Digital Subscriber Loop [Gregory_Bathrick]',0,NULL,'2022-04-25 20:14:11','2022-04-25 20:14:11'),
(98,0,0,97,'vdsl','Very H-Speed Digital Subscrib. Loop [Gregory_Bathrick]',0,NULL,'2022-04-25 20:14:11','2022-04-25 20:14:11'),
(99,0,0,98,'iso88025CRFPInt','ISO 802.5 CRFP [Trevor_Warwick]',0,NULL,'2022-04-25 20:14:11','2022-04-25 20:14:11'),
(100,0,0,99,'myrinet','Myricom Myrinet [Bob_Felderman]',0,NULL,'2022-04-25 20:14:11','2022-04-25 20:14:11'),
(101,0,0,100,'voiceEM','Voice recEive and transMit (E&#38;M) [Bob_Stewart]',0,NULL,'2022-04-25 20:14:11','2022-04-25 20:14:11'),
(102,0,0,101,'voiceFXO','Voice Foreign Exchange Office [Bob_Stewart]',0,NULL,'2022-04-25 20:14:11','2022-04-25 20:14:11'),
(103,0,0,102,'voiceFXS','Voice Foreign Exchange Station [Bob_Stewart]',0,NULL,'2022-04-25 20:14:11','2022-04-25 20:14:11'),
(104,0,0,103,'voiceEncap','Voice encapsulation [Bob_Stewart]',0,NULL,'2022-04-25 20:14:11','2022-04-25 20:14:11'),
(105,0,0,104,'voiceOverIp','Voice over IP encapsulation [Bob_Stewart]',0,NULL,'2022-04-25 20:14:11','2022-04-25 20:14:11'),
(106,0,0,105,'atmDxi','ATM DXI [Gary_Hanson]',0,NULL,'2022-04-25 20:14:11','2022-04-25 20:14:11'),
(107,0,0,106,'atmFuni','ATM FUNI [Gary_Hanson]',0,NULL,'2022-04-25 20:14:11','2022-04-25 20:14:11'),
(108,0,0,107,'atmIma','ATM IMA [Chris_Martin]',0,NULL,'2022-04-25 20:14:11','2022-04-25 20:14:11'),
(109,0,0,108,'pppMultilinkBundle','PPP Multilink Bundle [John_Shriver]',0,NULL,'2022-04-25 20:14:11','2022-04-25 20:14:11'),
(110,0,0,109,'ipOverCdlc','IBM ipOverCdlc [Ken_White]',0,NULL,'2022-04-25 20:14:11','2022-04-25 20:14:11'),
(111,0,0,110,'ipOverClaw','IBM Common Link Access to Workstn [Ken_White]',0,NULL,'2022-04-25 20:14:11','2022-04-25 20:14:11'),
(112,0,0,111,'stackToStack','IBM stackToStack [Ken_White]',0,NULL,'2022-04-25 20:14:11','2022-04-25 20:14:11'),
(113,0,0,112,'virtualIpAddress','IBM VIPA [Ken_White]',0,NULL,'2022-04-25 20:14:11','2022-04-25 20:14:11'),
(114,0,0,113,'mpc','IBM multi-protocol channel support [Ken_White]',0,NULL,'2022-04-25 20:14:11','2022-04-25 20:14:11'),
(115,0,0,114,'ipOverAtm','IBM ipOverAtm [RFC2320]',0,NULL,'2022-04-25 20:14:11','2022-04-25 20:14:11'),
(116,0,0,115,'iso88025Fiber','ISO 802.5j Fiber Token Ring [Kevin_Lingle]',0,NULL,'2022-04-25 20:14:11','2022-04-25 20:14:11'),
(117,0,0,116,'tdlc','IBM twinaxial data link control [John_Pechacek]',0,NULL,'2022-04-25 20:14:11','2022-04-25 20:14:11'),
(118,0,0,117,'gigabitEthernet','DEPRECATED [RFC3635]',1,'NetworkPortEthernet','2022-04-25 20:14:11','2022-04-25 20:14:11'),
(119,0,0,118,'hdlc','HDLC [Sebastien_Rosset]',0,NULL,'2022-04-25 20:14:11','2022-04-25 20:14:11'),
(120,0,0,119,'lapf','LAP F [Sebastien_Rosset]',0,NULL,'2022-04-25 20:14:11','2022-04-25 20:14:11'),
(121,0,0,120,'v37','V.37 [Sebastien_Rosset]',0,NULL,'2022-04-25 20:14:11','2022-04-25 20:14:11'),
(122,0,0,121,'x25mlp','Multi-Link Protocol [Sebastien_Rosset]',0,NULL,'2022-04-25 20:14:11','2022-04-25 20:14:11'),
(123,0,0,122,'x25huntGroup','X25 Hunt Group [Sebastien_Rosset]',0,NULL,'2022-04-25 20:14:11','2022-04-25 20:14:11'),
(124,0,0,123,'transpHdlc','Transp HDLC [Sebastien_Rosset]',0,NULL,'2022-04-25 20:14:11','2022-04-25 20:14:11'),
(125,0,0,124,'interleave','Interleave channel [Karmous_Edwards]',0,NULL,'2022-04-25 20:14:11','2022-04-25 20:14:11'),
(126,0,0,125,'fast','Fast channel [Karmous_Edwards]',0,NULL,'2022-04-25 20:14:11','2022-04-25 20:14:11'),
(127,0,0,126,'ip','IP (for APPN HPR in IP networks) [Robert_Moore]',0,NULL,'2022-04-25 20:14:11','2022-04-25 20:14:11'),
(128,0,0,127,'docsCableMaclayer','CATV Mac Layer [Azlina_Palmer]',0,NULL,'2022-04-25 20:14:11','2022-04-25 20:14:11'),
(129,0,0,128,'docsCableDownstream','CATV Downstream interface [Azlina_Palmer]',0,NULL,'2022-04-25 20:14:11','2022-04-25 20:14:11'),
(130,0,0,129,'docsCableUpstream','CATV Upstream interface [Azlina_Palmer]',0,NULL,'2022-04-25 20:14:11','2022-04-25 20:14:11'),
(131,0,0,130,'a12MppSwitch','Avalon Parallel Processor [Ross_Harvey]',0,NULL,'2022-04-25 20:14:11','2022-04-25 20:14:11'),
(132,0,0,131,'tunnel','Encapsulation interface [Dave_Thaler]',0,NULL,'2022-04-25 20:14:11','2022-04-25 20:14:11'),
(133,0,0,132,'coffee','coffee pot [RFC2325]',0,NULL,'2022-04-25 20:14:11','2022-04-25 20:14:11'),
(134,0,0,133,'ces','Circiut Emulation Service [Ron_Carmona]',0,NULL,'2022-04-25 20:14:11','2022-04-25 20:14:11'),
(135,0,0,134,'atmSubInterface','(x)  ATM Sub Interface [Keith_McCloghrie]',0,NULL,'2022-04-25 20:14:11','2022-04-25 20:14:11'),
(136,0,0,135,'l2vlan','Layer 2 Virtual LAN using 802.1Q [Mike_MacFaden]',0,NULL,'2022-04-25 20:14:11','2022-04-25 20:14:11'),
(137,0,0,136,'l3ipvlan','Layer 3 Virtual LAN - IP Protocol [Mike_MacFaden]',0,NULL,'2022-04-25 20:14:11','2022-04-25 20:14:11'),
(138,0,0,137,'l3ipxvlan','Layer 3 Virtual LAN - IPX Prot. [Mike_MacFaden]',0,NULL,'2022-04-25 20:14:11','2022-04-25 20:14:11'),
(139,0,0,138,'digitalPowerLine','IP over Power Lines [Hans_Scholtes]',0,NULL,'2022-04-25 20:14:11','2022-04-25 20:14:11'),
(140,0,0,139,'mediaMailOverIp','(xxx)  Multimedia Mail over IP [Hongchi_Shih]',0,NULL,'2022-04-25 20:14:11','2022-04-25 20:14:11'),
(141,0,0,140,'dtm','Dynamic synchronous Transfer Mode [Jakob_Ellerstedt]',0,NULL,'2022-04-25 20:14:11','2022-04-25 20:14:11'),
(142,0,0,141,'dcn','Data Communications Network [James_Card]',0,NULL,'2022-04-25 20:14:11','2022-04-25 20:14:11'),
(143,0,0,142,'ipForward','IP Forwarding Interface [James_Card]',0,NULL,'2022-04-25 20:14:11','2022-04-25 20:14:11'),
(144,0,0,143,'msdsl','Multi-rate Symmetric DSL [Gopinath_Durairaj]',0,NULL,'2022-04-25 20:14:11','2022-04-25 20:14:11'),
(145,0,0,144,'ieee1394     IEEE1394','High Performance Serial Bus [Kenji_Fujisawa]',0,NULL,'2022-04-25 20:14:11','2022-04-25 20:14:11'),
(146,0,0,145,'if-gsn','HIPPI-6400 [Jean_Michel_Pittet]',0,NULL,'2022-04-25 20:14:11','2022-04-25 20:14:11'),
(147,0,0,146,'dvbRccMacLayer','DVB-RCC MAC Layer [Maarten_Oelering]',0,NULL,'2022-04-25 20:14:11','2022-04-25 20:14:11'),
(148,0,0,147,'dvbRccDownstream','DVB-RCC Downstream Channel [Maarten_Oelering]',0,NULL,'2022-04-25 20:14:11','2022-04-25 20:14:11'),
(149,0,0,148,'dvbRccUpstream','DVB-RCC Upstream Channel [Maarten_Oelering]',0,NULL,'2022-04-25 20:14:11','2022-04-25 20:14:11'),
(150,0,0,149,'atmVirtual','ATM Virtual Interface [Subrahmanya_Hegde]',0,NULL,'2022-04-25 20:14:11','2022-04-25 20:14:11'),
(151,0,0,150,'mplsTunnel','MPLS Tunnel Virtual Interface [Cheenu_Srinivasan]',0,NULL,'2022-04-25 20:14:11','2022-04-25 20:14:11'),
(152,0,0,151,'srp','Spatial Reuse Protocol [Bill_Shetti]',0,NULL,'2022-04-25 20:14:11','2022-04-25 20:14:11'),
(153,0,0,152,'voiceOverAtm','Voice over ATM [Chris_White]',0,NULL,'2022-04-25 20:14:11','2022-04-25 20:14:11'),
(154,0,0,153,'voiceOverFrameRelay','Voice Over Frame Relay [Chris_White]',0,NULL,'2022-04-25 20:14:11','2022-04-25 20:14:11'),
(155,0,0,154,'idsl','Digital Subscriber Loop over ISDN [Patrick_Gili]',0,NULL,'2022-04-25 20:14:11','2022-04-25 20:14:11'),
(156,0,0,155,'compositeLink','Avici Composite Link Interface [Joseph_Dube]',0,NULL,'2022-04-25 20:14:11','2022-04-25 20:14:11'),
(157,0,0,156,'ss7SigLink','SS7 Signaling Link [Cheenu_Srinivasan]',0,NULL,'2022-04-25 20:14:11','2022-04-25 20:14:11'),
(158,0,0,157,'propWirelessP2P','Prop. P2P wireless interface [Joseph_Raja]',0,NULL,'2022-04-25 20:14:11','2022-04-25 20:14:11'),
(159,0,0,158,'frForward','Frame forward Interface [Subrahmanya_Hegde]',0,NULL,'2022-04-25 20:14:11','2022-04-25 20:14:11'),
(160,0,0,159,'rfc1483','Multiprotocol over ATM AAL5 [RFC1483]',0,NULL,'2022-04-25 20:14:11','2022-04-25 20:14:11'),
(161,0,0,160,'USB','USB Interface [Bejamin_Dolnik]',0,NULL,'2022-04-25 20:14:11','2022-04-25 20:14:11'),
(162,0,0,161,'ieee8023adLag','IEEE 802.3ad Link Aggregate [Les_Bell]',0,NULL,'2022-04-25 20:14:11','2022-04-25 20:14:11'),
(163,0,0,162,'bgpPolicyAccounting','BGP Policy Accounting [Vinod_B_C]',0,NULL,'2022-04-25 20:14:11','2022-04-25 20:14:11'),
(164,0,0,163,'frf16MfrBundle','FRF.16 Multilik Frame Relay [Pate_Prayson]',0,NULL,'2022-04-25 20:14:11','2022-04-25 20:14:11'),
(165,0,0,164,'h323Gatekeeper','H323 Gatekeeper [Chris_White]',0,NULL,'2022-04-25 20:14:11','2022-04-25 20:14:11'),
(166,0,0,165,'h323Proxy','H323 Voice and Video Proxy [Chris_White]',0,NULL,'2022-04-25 20:14:11','2022-04-25 20:14:11'),
(167,0,0,166,'mpls','MPLS [Cheenu_Srinivasan]',0,NULL,'2022-04-25 20:14:11','2022-04-25 20:14:11'),
(168,0,0,167,'mfSigLink','Multi-frequency signaling link [Cheenu_Srinivasan]',0,NULL,'2022-04-25 20:14:11','2022-04-25 20:14:11'),
(169,0,0,168,'hdsl2','High Bit-Rate DSL, 2nd gen. [Bob_Ray]',0,NULL,'2022-04-25 20:14:11','2022-04-25 20:14:11'),
(170,0,0,169,'shdsl','Multirate HDSL2 [Bob_Ray]',1,'NetworkPortEthernet','2022-04-25 20:14:11','2022-04-25 20:14:11'),
(171,0,0,170,'ds1FDL','Facility Data Link (4Kbps) on a DS1 [Bill_Kwan]',0,NULL,'2022-04-25 20:14:11','2022-04-25 20:14:11'),
(172,0,0,171,'POS','Packet over SONET/SDH Interface [Ewart_Tempest]',0,NULL,'2022-04-25 20:14:11','2022-04-25 20:14:11'),
(173,0,0,172,'dvbAsiIn','DVB-ASI Input [Hezi_Oved]',0,NULL,'2022-04-25 20:14:11','2022-04-25 20:14:11'),
(174,0,0,173,'dvbAsiOut','DVB-ASI Output [Hezi_Oved]',0,NULL,'2022-04-25 20:14:11','2022-04-25 20:14:11'),
(175,0,0,174,'plc','Power Line Communications [Andrew_Lunn]',0,NULL,'2022-04-25 20:14:11','2022-04-25 20:14:11'),
(176,0,0,175,'NFAS','Non-Facility Associated Signaling [Sidney_Antommarchi]',0,NULL,'2022-04-25 20:14:11','2022-04-25 20:14:11'),
(177,0,0,176,'TR008','TROO8 [Sidney_Antommarchi]',0,NULL,'2022-04-25 20:14:11','2022-04-25 20:14:11'),
(178,0,0,177,'GR303RDT','Remote Digital Terminal [Sidney_Antommarchi]',0,NULL,'2022-04-25 20:14:11','2022-04-25 20:14:11'),
(179,0,0,178,'GR303IDT','Integrated Digital Terminal [Sidney_Antommarchi]',0,NULL,'2022-04-25 20:14:11','2022-04-25 20:14:11'),
(180,0,0,179,'ISUP','ISUP [Sidney_Antommarchi]',0,NULL,'2022-04-25 20:14:11','2022-04-25 20:14:11'),
(181,0,0,180,'propDocsWirelessMaclayer','Cisco proprietary Maclayer [Joseph_Raja]',0,NULL,'2022-04-25 20:14:11','2022-04-25 20:14:11'),
(182,0,0,181,'propDocsWirelessDownstream','Cisco proprietary Downstream [Joseph_Raja]',0,NULL,'2022-04-25 20:14:11','2022-04-25 20:14:11'),
(183,0,0,182,'propDocsWirelessUpstream','Cisco proprietary Upstream [Joseph_Raja]',0,NULL,'2022-04-25 20:14:11','2022-04-25 20:14:11'),
(184,0,0,183,'hiperlan2','HIPERLAN Type 2 Radio Interface [Jamshid_Khun_Jush]',0,NULL,'2022-04-25 20:14:11','2022-04-25 20:14:11'),
(185,0,0,184,'propBWAp2Mp','PropBroadbandWirelessAccesspt2Multipt\n(use of this type for IEEE 802.16\nWMAN, interfaces as per IEEE 802.16\nis deprecated and iftype 237 should\nbe used instead) [Zvika_Zilberman]',0,NULL,'2022-04-25 20:14:11','2022-04-25 20:14:11'),
(186,0,0,185,'sonetOverheadChannel','SONET Overhead Channel [ODSI_Coalition_K_Arv]',0,NULL,'2022-04-25 20:14:11','2022-04-25 20:14:11'),
(187,0,0,186,'digitalWrapperOverheadChannel','Digital Wrapper\nOverhead [ODSI_Coalition_K_Arv]',0,NULL,'2022-04-25 20:14:11','2022-04-25 20:14:11'),
(188,0,0,187,'aal2','ATM adaptation layer 2 [K_Ashoka]',0,NULL,'2022-04-25 20:14:11','2022-04-25 20:14:11'),
(189,0,0,188,'radioMAC','MAC layer over radio links [Daniele_Behar]',0,NULL,'2022-04-25 20:14:11','2022-04-25 20:14:11'),
(190,0,0,189,'atmRadio','ATM over radio links [Daniele_Behar]',0,NULL,'2022-04-25 20:14:11','2022-04-25 20:14:11'),
(191,0,0,190,'IMT','Inter-Machine Trunks [Sidney_Antommarchi]',0,NULL,'2022-04-25 20:14:11','2022-04-25 20:14:11'),
(192,0,0,191,'mvl','Multiple Virtual Lines DSL [Kevin_Baughman]',0,NULL,'2022-04-25 20:14:11','2022-04-25 20:14:11'),
(193,0,0,192,'reachDSL','Long Reach DSL [Kevin_Baughman]',0,NULL,'2022-04-25 20:14:11','2022-04-25 20:14:11'),
(194,0,0,193,'frDlciEndPt','Frame Relay DLCI End Point [Robert_Steinberger]',0,NULL,'2022-04-25 20:14:11','2022-04-25 20:14:11'),
(195,0,0,194,'atmVciEndPt','ATM VCI End Point [Robert_Steinberger]',0,NULL,'2022-04-25 20:14:11','2022-04-25 20:14:11'),
(196,0,0,195,'opticalChannel','Optical Channel [Mark_Stewart]',0,NULL,'2022-04-25 20:14:11','2022-04-25 20:14:11'),
(197,0,0,196,'opticalTransport','Optical Transport [Mark_Stewart]',0,NULL,'2022-04-25 20:14:11','2022-04-25 20:14:11'),
(198,0,0,197,'propAtm','Proprietary ATM [Subrahmanya_Hegde]',0,NULL,'2022-04-25 20:14:11','2022-04-25 20:14:11'),
(199,0,0,198,'voiceOverCable','Voice Over Cable Interface [Eugene_Nechamkin]',0,NULL,'2022-04-25 20:14:11','2022-04-25 20:14:11'),
(200,0,0,199,'infiniband','Infiniband [Bill_Strahm]',0,NULL,'2022-04-25 20:14:11','2022-04-25 20:14:11'),
(201,0,0,200,'teLink','TE Link [Martin_Dubuc]',0,NULL,'2022-04-25 20:14:11','2022-04-25 20:14:11'),
(202,0,0,201,'q2931','Q.2931 [Sidney_Antommarchi_2]',0,NULL,'2022-04-25 20:14:11','2022-04-25 20:14:11'),
(203,0,0,202,'virtualTg','Virtual Trunk Group [Sidney_Antommarchi_2]',0,NULL,'2022-04-25 20:14:11','2022-04-25 20:14:11'),
(204,0,0,203,'sipTg','SIP Trunk Group [Sidney_Antommarchi_2]',0,NULL,'2022-04-25 20:14:11','2022-04-25 20:14:11'),
(205,0,0,204,'sipSig','SIP Signaling [Sidney_Antommarchi_2]',0,NULL,'2022-04-25 20:14:11','2022-04-25 20:14:11'),
(206,0,0,205,'docsCableUpstreamChannel','CATV Upstream Channel [Greg_Nakanishi]',0,NULL,'2022-04-25 20:14:11','2022-04-25 20:14:11'),
(207,0,0,206,'econet','Acorn Econet [Ben_Harris]',0,NULL,'2022-04-25 20:14:11','2022-04-25 20:14:11'),
(208,0,0,207,'pon155','FSAN 155Mb Symetrical PON interface [Graham_Higgins]',0,NULL,'2022-04-25 20:14:11','2022-04-25 20:14:11'),
(209,0,0,208,'pon622','FSAN 622Mb Symetrical PON interface [Graham_Higgins]',0,NULL,'2022-04-25 20:14:11','2022-04-25 20:14:11'),
(210,0,0,209,'bridge','Transparent bridge interface [Yuzo_Watanabe]',0,NULL,'2022-04-25 20:14:11','2022-04-25 20:14:11'),
(211,0,0,210,'linegroup','Interface common to multiple lines [Yuzo_Watanabe]',0,NULL,'2022-04-25 20:14:11','2022-04-25 20:14:11'),
(212,0,0,211,'voiceEMFGD','voice E&#38;M Feature Group D [Taher_Shaikh]',0,NULL,'2022-04-25 20:14:11','2022-04-25 20:14:11'),
(213,0,0,212,'voiceFGDEANA','voice FGD Exchange Access North American [Taher_Shaikh]',0,NULL,'2022-04-25 20:14:11','2022-04-25 20:14:11'),
(214,0,0,213,'voiceDID','voice Direct Inward Dialing [Taher_Shaikh]',0,NULL,'2022-04-25 20:14:11','2022-04-25 20:14:11'),
(215,0,0,214,'mpegTransport','MPEG transport interface [Gaurav_Aggarwal]',0,NULL,'2022-04-25 20:14:11','2022-04-25 20:14:11'),
(216,0,0,215,'sixToFour','6to4 interface  (DEPRECATED) [RFC4087]',0,NULL,'2022-04-25 20:14:11','2022-04-25 20:14:11'),
(217,0,0,216,'gtp','GTP (GPRS Tunneling Protocol) [Rajesh_M_L]',0,NULL,'2022-04-25 20:14:11','2022-04-25 20:14:11'),
(218,0,0,217,'pdnEtherLoop1','Paradyne EtherLoop 1 [Shu_Dong]',0,NULL,'2022-04-25 20:14:11','2022-04-25 20:14:11'),
(219,0,0,218,'pdnEtherLoop2','Paradyne EtherLoop 2 [Shu_Dong]',0,NULL,'2022-04-25 20:14:11','2022-04-25 20:14:11'),
(220,0,0,219,'opticalChannelGroup','Optical Channel Group [Hing_Kam_Lam]',0,NULL,'2022-04-25 20:14:11','2022-04-25 20:14:11'),
(221,0,0,220,'homepna','HomePNA ITU-T G.989 [Stephen_Palm]',0,NULL,'2022-04-25 20:14:11','2022-04-25 20:14:11'),
(222,0,0,221,'gfp','Generic Framing Procedure (GFP) [Italo_Busi]',0,NULL,'2022-04-25 20:14:11','2022-04-25 20:14:11'),
(223,0,0,222,'ciscoISLvlan','Layer 2 Virtual LAN using Cisco ISL [Sandeep_Raghavendra]',0,NULL,'2022-04-25 20:14:11','2022-04-25 20:14:11'),
(224,0,0,223,'actelisMetaLOOP','Acteleis proprietary MetaLOOP\nHigh Speed Link [Edward_Beili]',0,NULL,'2022-04-25 20:14:11','2022-04-25 20:14:11'),
(225,0,0,224,'fcipLink','FCIP Link [Anil_Rijhsinghani]',0,NULL,'2022-04-25 20:14:11','2022-04-25 20:14:11'),
(226,0,0,225,'rpr','Resilient Packet Ring Interface Type [IEEE 802.17]',0,NULL,'2022-04-25 20:14:11','2022-04-25 20:14:11'),
(227,0,0,226,'qam','RF Qam Interface [Jeyachitra_Alagar]',0,NULL,'2022-04-25 20:14:11','2022-04-25 20:14:11'),
(228,0,0,227,'lmp','Link Management Protocol [RFC4327]',0,NULL,'2022-04-25 20:14:11','2022-04-25 20:14:11'),
(229,0,0,228,'cblVectaStar','Cambridge Broadband Networks Limited\nVectaStar [John_Naylon]',0,NULL,'2022-04-25 20:14:11','2022-04-25 20:14:11'),
(230,0,0,229,'docsCableMCmtsDownstream','CATV Modular CMTS Downstream\nInterface [Eduardo_Cardona][\"Data-Over-Cable Service Interface Specifications:\nM-CMTS Operations Support System Interface Specification,\nCM-SP-M-OSSI-I01-050805\", DOCSIS, August 2005.][http://www.cablemodem.com/specifications][https://www.cablelabs.com/specifications/archives/docsis.html]',0,NULL,'2022-04-25 20:14:11','2022-04-25 20:14:11'),
(231,0,0,230,'adsl2','Asymmetric Digital Subscriber Loop\nVersion 2 (DEPRECATED - REPLACED\nBY 238) [RFC4706]',0,NULL,'2022-04-25 20:14:11','2022-04-25 20:14:11'),
(232,0,0,231,'macSecControlledIF','MACSecControlled [Paul_Congdon]',0,NULL,'2022-04-25 20:14:11','2022-04-25 20:14:11'),
(233,0,0,232,'macSecUncontrolledIF','MACSecUncontrolled [Paul_Congdon]',0,NULL,'2022-04-25 20:14:11','2022-04-25 20:14:11'),
(234,0,0,233,'aviciOpticalEther','Avici Optical Ethernet Aggregate [Somen_Bhattacharya]',0,NULL,'2022-04-25 20:14:11','2022-04-25 20:14:11'),
(235,0,0,234,'atmbond','atmbond [https://www.itu.int/rec/T-REC-G.998.1-200501-I/en]',0,NULL,'2022-04-25 20:14:11','2022-04-25 20:14:11'),
(236,0,0,235,'voiceFGDOS','voice FGD Operator Services [Lizzie_Cheung]',0,NULL,'2022-04-25 20:14:11','2022-04-25 20:14:11'),
(237,0,0,236,'mocaVersion1','MultiMedia over Coax Alliance [Ladd_Wardani]',0,NULL,'2022-04-25 20:14:11','2022-04-25 20:14:11'),
(238,0,0,237,'ieee80216WMAN','IEEE 802.16 WMAN interface [http://standards.ieee.org/getieee802/802.16.html]',0,NULL,'2022-04-25 20:14:11','2022-04-25 20:14:11'),
(239,0,0,238,'adsl2plus','Asymmetric Digital Subscriber Loop\nVersion 2 -- Version 2 Plus and all\nvariants [RFC4706]',0,NULL,'2022-04-25 20:14:11','2022-04-25 20:14:11'),
(240,0,0,239,'dvbRcsMacLayer','DVB-RCS MAC Layer [RFC5728][ETSI EN 301 790][https://web.archive.org/web/20181229131835/http://satlabs.org/pdf/SatLabs_System_Recommendations_v2.0_M&#38;C.pdf]',0,NULL,'2022-04-25 20:14:11','2022-04-25 20:14:11'),
(241,0,0,240,'dvbTdm','DVB Satellite TDM [RFC5728][ETSI EN 300 421][ETSI EN 302 307][https://web.archive.org/web/20181229131835/http://satlabs.org/pdf/SatLabs_System_Recommendations_v2.0_M&#38;C.pdf]',0,NULL,'2022-04-25 20:14:11','2022-04-25 20:14:11'),
(242,0,0,241,'dvbRcsTdma','DVB-RCS TDMA [RFC5728][ETSI EN 301 790][ETSI EN 300 421][https://web.archive.org/web/20181229131835/http://satlabs.org/pdf/SatLabs_System_Recommendations_v2.0_M&#38;C.pdf]',0,NULL,'2022-04-25 20:14:11','2022-04-25 20:14:11'),
(243,0,0,242,'x86Laps','LAPS based on ITU-T X.86/Y.1323 [Orly_Nicklass][http://grouper.ieee.org/groups/802/3/ad_hoc/etholaps/public/docs/opening_report_0301.pdf]',0,NULL,'2022-04-25 20:14:11','2022-04-25 20:14:11'),
(244,0,0,243,'wwanPP','3GPP WWAN [Gabriel_Montenegro][https://www.3gpp.org/ftp/specs/archive/23_series/23.060/23060-740.zip]',0,NULL,'2022-04-25 20:14:11','2022-04-25 20:14:11'),
(245,0,0,244,'wwanPP2','3GPP2 WWAN [Gabriel_Montenegro][http://www.3gpp2.org/Public_html/Specs/C.S0017-005-A_v1.0_040617.pdf]',0,NULL,'2022-04-25 20:14:11','2022-04-25 20:14:11'),
(246,0,0,245,'voiceEBS','voice P-phone EBS physical interface [Tom_Chou]',0,NULL,'2022-04-25 20:14:11','2022-04-25 20:14:11'),
(247,0,0,246,'ifPwType','Pseudowire interface type [RFC5601]',0,NULL,'2022-04-25 20:14:11','2022-04-25 20:14:11'),
(248,0,0,247,'ILAN','Internal LAN on a bridge per IEEE\n802.1ap [Glenn_Parsons][http://www.ieee802.org/1/files/private/ap-drafts/d3/802-1ap-D3-4.pdf]',0,NULL,'2022-04-25 20:14:11','2022-04-25 20:14:11'),
(249,0,0,248,'PIP','Provider Instance Port on a bridge\nper IEEE 802.1ah PBB [Glenn_Parsons][http://www.ieee802.org/1/files/private/ah-drafts/d4/802-1ah-d4-2.pdf]',0,NULL,'2022-04-25 20:14:11','2022-04-25 20:14:11'),
(250,0,0,249,'aluELP','Alcatel-Lucent Ethernet Link Protection [Xiaohua_Ma]',0,NULL,'2022-04-25 20:14:11','2022-04-25 20:14:11'),
(251,0,0,250,'gpon','Gigabit-capable passive optical networks\n(G-PON)  as per ITU-T G.948 [Hyeri_Koh]',0,NULL,'2022-04-25 20:14:11','2022-04-25 20:14:11'),
(252,0,0,251,'vdsl2','Very high speed digital subscriber\nline Version 2 (as per ITU-T Recommendation\nG.993.2) [Markus_Freudenberger][RFC5650]',0,NULL,'2022-04-25 20:14:11','2022-04-25 20:14:11'),
(253,0,0,252,'capwapDot11Profile','WLAN Profile Interface [RFC5834]',0,NULL,'2022-04-25 20:14:11','2022-04-25 20:14:11'),
(254,0,0,253,'capwapDot11Bss','WLAN BSS Interface [RFC5834]',0,NULL,'2022-04-25 20:14:11','2022-04-25 20:14:11'),
(255,0,0,254,'capwapWtpVirtualRadio','WTP Virtual Radio Interface [RFC5833]',0,NULL,'2022-04-25 20:14:11','2022-04-25 20:14:11'),
(256,0,0,255,'bits','bitsport [Du_Feng]',0,NULL,'2022-04-25 20:14:11','2022-04-25 20:14:11'),
(257,0,0,256,'docsCableUpstreamRfPort','DOCSIS CATV Upstream RF\nPort [Michael_Patrick][https://www.cablelabs.com/specifications/CM-SP-EQAM-PMI-I01-081209.pdf]',0,NULL,'2022-04-25 20:14:11','2022-04-25 20:14:11'),
(258,0,0,257,'cableDownstreamRfPort','CATV downstream RF port [Michael_Patrick]',0,NULL,'2022-04-25 20:14:11','2022-04-25 20:14:11'),
(259,0,0,258,'vmwareVirtualNic','VMware Virtual Network Interface [Mike_MacFaden]',0,NULL,'2022-04-25 20:14:11','2022-04-25 20:14:11'),
(260,0,0,259,'ieee802154','IEEE 802.15.4 WPAN interface [Juergen_Schoenwaelde][\"IEEE Std. 802.15.4-2006\", October 2006.]',0,NULL,'2022-04-25 20:14:11','2022-04-25 20:14:11'),
(261,0,0,260,'otnOdu','OTN Optical Data Unit [Jim_Vance][https://www.itu.int/ITU-T/studygroups/com15/otn/OTNtutorial.pdf]',0,NULL,'2022-04-25 20:14:11','2022-04-25 20:14:11'),
(262,0,0,261,'otnOtu','OTN Optical channel Transport Unit [Jim_Vance][https://www.itu.int/ITU-T/studygroups/com15/otn/OTNtutorial.pdf]',0,NULL,'2022-04-25 20:14:11','2022-04-25 20:14:11'),
(263,0,0,262,'ifVfiType','VPLS Forwarding Instance Interface\nType [Manas_Pati]',0,NULL,'2022-04-25 20:14:11','2022-04-25 20:14:11'),
(264,0,0,263,'g9981','G.998.1 bonded interface [RFC6768][RFC Errata 3591]',0,NULL,'2022-04-25 20:14:11','2022-04-25 20:14:11'),
(265,0,0,264,'g9982','G.998.2 bonded interface [RFC6767][RFC Errata 3589]',0,NULL,'2022-04-25 20:14:11','2022-04-25 20:14:11'),
(266,0,0,265,'g9983','G.998.3 bonded interface [RFC6766][RFC Errata 3588]',0,NULL,'2022-04-25 20:14:11','2022-04-25 20:14:11'),
(267,0,0,266,'aluEpon (E-PON)','Ethernet Passive Optical Networks [Karel_Meijfroidt]',0,NULL,'2022-04-25 20:14:11','2022-04-25 20:14:11'),
(268,0,0,267,'aluEponOnu','EPON Optical Network Unit [Karel_Meijfroidt]',0,NULL,'2022-04-25 20:14:11','2022-04-25 20:14:11'),
(269,0,0,268,'aluEponPhysicalUni','EPON physical User to Network\ninterface [Karel_Meijfroidt]',0,NULL,'2022-04-25 20:14:11','2022-04-25 20:14:11'),
(270,0,0,269,'aluEponLogicalLink','The emulation of a point-to-point\nlink over the EPON layer [Karel_Meijfroidt]',0,NULL,'2022-04-25 20:14:11','2022-04-25 20:14:11'),
(271,0,0,270,'aluGponOnu','GPON Optical Network Unit [Karel_Meijfroidt][https://www.itu.int/rec/T-REC-G.984.2/en]',0,NULL,'2022-04-25 20:14:11','2022-04-25 20:14:11'),
(272,0,0,271,'aluGponPhysicalUni','GPON physical User to Network\ninterface [Karel_Meijfroidt][https://www.itu.int/rec/T-REC-G.984.2/en]',0,NULL,'2022-04-25 20:14:11','2022-04-25 20:14:11'),
(273,0,0,272,'vmwareNicTeam','VMware NIC Team [Michael_MacFaden][https://www.vmware.com/pdf/esx2_NIC_Teaming.pdf]',0,NULL,'2022-04-25 20:14:11','2022-04-25 20:14:11'),
(274,0,0,273,'Reserved','The corresponding transmission value\nis allocated according to the following\nreference. [RFC6825]',0,NULL,'2022-04-25 20:14:11','2022-04-25 20:14:11'),
(275,0,0,274,'Reserved','The corresponding transmission value\nis allocated according to the following reference. [RFC7257]',0,NULL,'2022-04-25 20:14:11','2022-04-25 20:14:11'),
(276,0,0,275,'Reserved','The corresponding transmission value\nis allocated according to the following reference. [RFC7257]',0,NULL,'2022-04-25 20:14:11','2022-04-25 20:14:11'),
(277,0,0,276,'Reserved','The corresponding transmission value\nis allocated according to the following reference. [RFC7257]',0,NULL,'2022-04-25 20:14:11','2022-04-25 20:14:11'),
(278,0,0,277,'docsOfdmDownstream','CATV Downstream OFDM interface [https://www.cablelabs.com/specification/cable-modem-operations-support-system-interface-specification][Miguel_O_Alvarez]',0,NULL,'2022-04-25 20:14:11','2022-04-25 20:14:11'),
(279,0,0,278,'docsOfdmaUpstream','CATV Upstream OFDMA interface [https://www.cablelabs.com/specification/cable-modem-operations-support-system-interface-specification][Miguel_O_Alvarez]',0,NULL,'2022-04-25 20:14:11','2022-04-25 20:14:11'),
(280,0,0,279,'gfast','G.fast port [ITU-T G.9701]',0,NULL,'2022-04-25 20:14:11','2022-04-25 20:14:11'),
(281,0,0,280,'sdci','SDCI (IO-Link) [IEC 61131-9 Edition 1.0 2013-09][Markus_Rentschler]',0,NULL,'2022-04-25 20:14:11','2022-04-25 20:14:11'),
(282,0,0,281,'xboxWireless','Xbox wireless [Brandon_Jiang]',0,NULL,'2022-04-25 20:14:11','2022-04-25 20:14:11'),
(283,0,0,282,'fastdsl','FastDSL [BBF TR-355][Broadband_Forum]',0,NULL,'2022-04-25 20:14:11','2022-04-25 20:14:11'),
(284,0,0,283,'docsCableScte55d1FwdOob','Cable SCTE 55-1 OOB Forward Channel [https://www.scte.org/documents/pdf/Standards/ANSI_SCTE-55-1-2009.pdf][Brian_Hedstrom]',0,NULL,'2022-04-25 20:14:11','2022-04-25 20:14:11'),
(285,0,0,284,'docsCableScte55d1RetOob','Cable SCTE 55-1 OOB Return Channel [https://www.scte.org/documents/pdf/Standards/ANSI_SCTE-55-1-2009.pdf][Brian_Hedstrom]',0,NULL,'2022-04-25 20:14:11','2022-04-25 20:14:11'),
(286,0,0,285,'docsCableScte55d2DsOob','Cable SCTE 55-2 OOB Downstream Channel [https://web.archive.org/web/20190822104256/http://www.scte.org/documents/pdf/Standards/ANSI_SCTE%2055-2%202008.pdf][Brian_Hedstrom]',0,NULL,'2022-04-25 20:14:11','2022-04-25 20:14:11'),
(287,0,0,286,'docsCableScte55d2UsOob','Cable SCTE 55-2 OOB Upstream Channel [https://web.archive.org/web/20190822104256/http://www.scte.org/documents/pdf/Standards/ANSI_SCTE%2055-2%202008.pdf][Brian_Hedstrom]',0,NULL,'2022-04-25 20:14:11','2022-04-25 20:14:11'),
(288,0,0,287,'docsCableNdf','Cable Narrowband Digital Forward [http://www.cablelabs.com/wp-content/uploads/specdocs/CM-SP-R-OOB-I04-160923.pdf][Brian_Hedstrom]',0,NULL,'2022-04-25 20:14:11','2022-04-25 20:14:11'),
(289,0,0,288,'docsCableNdr','Cable Narrowband Digital Return [http://www.cablelabs.com/wp-content/uploads/specdocs/CM-SP-R-OOB-I04-160923.pdf][Brian_Hedstrom]',0,NULL,'2022-04-25 20:14:11','2022-04-25 20:14:11'),
(290,0,0,289,'ptm','Packet Transfer Mode [ITU-T G.993.1, Annex H][ITU-T G.993.2][ITU-T G.9701][Broadband_Forum]',0,NULL,'2022-04-25 20:14:11','2022-04-25 20:14:11'),
(291,0,0,290,'ghn','G.hn port [ITU-T G.9961][Broadband_Forum]',0,NULL,'2022-04-25 20:14:11','2022-04-25 20:14:11'),
(292,0,0,291,'otnOtsi','Optical Tributary Signal [ITU-T G.959.1][Koteswara_Boyapati]',0,NULL,'2022-04-25 20:14:11','2022-04-25 20:14:11'),
(293,0,0,292,'otnOtuc','OTN OTUCn [ITU-T G.709/Y.1331][Koteswara_Boyapati]',0,NULL,'2022-04-25 20:14:11','2022-04-25 20:14:11'),
(294,0,0,293,'otnOduc','OTN ODUC [ITU-T G.709][Koteswara_Boyapati]',0,NULL,'2022-04-25 20:14:11','2022-04-25 20:14:11'),
(295,0,0,294,'otnOtsig','OTN OTUC Signal [ITU-T G.709][Koteswara_Boyapati]',0,NULL,'2022-04-25 20:14:11','2022-04-25 20:14:11'),
(296,0,0,295,'microwaveCarrierTermination','air interface of a single microwave carrier [RFC8561]',0,NULL,'2022-04-25 20:14:11','2022-04-25 20:14:11'),
(297,0,0,296,'microwaveRadioLinkTerminal','radio link interface for one or several aggregated microwave carriers [RFC8561]',0,NULL,'2022-04-25 20:14:11','2022-04-25 20:14:11'),
(298,0,0,297,'ieee8021axDrni','IEEE 802.1AX Distributed Resilient Network Interface [IEEE 802.1AX-Rev-d2-0][John_Messenger]',0,NULL,'2022-04-25 20:14:11','2022-04-25 20:14:11'),
(299,0,0,298,'ax25','AX.25 network interfaces [AX.25 Link Access Protocol for Amateur Packet Radio version 2.2][Iain_Learmonth]',0,NULL,'2022-04-25 20:14:11','2022-04-25 20:14:11'),
(300,0,0,299,'ieee19061nanocom','Nanoscale and Molecular Communication [IEEE 1906.1-2015][Stephen_F_Bush]',0,NULL,'2022-04-25 20:14:11','2022-04-25 20:14:11'),
(301,0,0,300,'cpri','Common Public Radio Interface [CPRI v7.0][Renwang_Liu]',0,NULL,'2022-04-25 20:14:11','2022-04-25 20:14:11');

--
-- Table structure for table `glpi_networkportwifis`
--

CREATE TABLE `glpi_networkportwifis` (
  `id` int(10) unsigned NOT NULL AUTO_INCREMENT,
  `networkports_id` int(10) unsigned NOT NULL DEFAULT 0,
  `items_devicenetworkcards_id` int(10) unsigned NOT NULL DEFAULT 0,
  `wifinetworks_id` int(10) unsigned NOT NULL DEFAULT 0,
  `networkportwifis_id` int(10) unsigned NOT NULL DEFAULT 0,
  `version` varchar(20) DEFAULT NULL COMMENT 'a, a/b, a/b/g, a/b/g/n, a/b/g/n/y',
  `mode` varchar(20) DEFAULT NULL COMMENT 'ad-hoc, managed, master, repeater, secondary, monitor, auto',
  `date_mod` timestamp NULL DEFAULT NULL,
  `date_creation` timestamp NULL DEFAULT NULL,
  PRIMARY KEY (`id`),
  UNIQUE KEY `networkports_id` (`networkports_id`),
  KEY `card` (`items_devicenetworkcards_id`),
  KEY `essid` (`wifinetworks_id`),
  KEY `version` (`version`),
  KEY `mode` (`mode`),
  KEY `date_mod` (`date_mod`),
  KEY `date_creation` (`date_creation`),
  KEY `networkportwifis_id` (`networkportwifis_id`)
) ENGINE=InnoDB DEFAULT CHARSET=utf8mb4 COLLATE=utf8mb4_unicode_ci;

--
-- Dumping data for table `glpi_networkportwifis`
--


--
-- Table structure for table `glpi_networks`
--

CREATE TABLE `glpi_networks` (
  `id` int(10) unsigned NOT NULL AUTO_INCREMENT,
  `name` varchar(255) DEFAULT NULL,
  `comment` mediumtext DEFAULT NULL,
  `date_mod` timestamp NULL DEFAULT NULL,
  `date_creation` timestamp NULL DEFAULT NULL,
  PRIMARY KEY (`id`),
  KEY `name` (`name`),
  KEY `date_mod` (`date_mod`),
  KEY `date_creation` (`date_creation`)
) ENGINE=InnoDB AUTO_INCREMENT=2 DEFAULT CHARSET=utf8mb4 COLLATE=utf8mb4_unicode_ci;

--
-- Dumping data for table `glpi_networks`
--

INSERT INTO `glpi_networks` VALUES
(1,'192.168.1.0/24','','2020-01-31 15:06:53','2020-01-22 00:04:17');

--
-- Table structure for table `glpi_notepads`
--

CREATE TABLE `glpi_notepads` (
  `id` int(10) unsigned NOT NULL AUTO_INCREMENT,
  `itemtype` varchar(100) DEFAULT NULL,
  `items_id` int(10) unsigned NOT NULL DEFAULT 0,
  `date_creation` timestamp NULL DEFAULT NULL,
  `date_mod` timestamp NULL DEFAULT NULL,
  `users_id` int(10) unsigned NOT NULL DEFAULT 0,
  `users_id_lastupdater` int(10) unsigned NOT NULL DEFAULT 0,
  `content` longtext DEFAULT NULL,
  PRIMARY KEY (`id`),
  KEY `item` (`itemtype`,`items_id`),
  KEY `date_mod` (`date_mod`),
  KEY `users_id_lastupdater` (`users_id_lastupdater`),
  KEY `users_id` (`users_id`),
  KEY `date_creation` (`date_creation`)
) ENGINE=InnoDB AUTO_INCREMENT=2 DEFAULT CHARSET=utf8mb4 COLLATE=utf8mb4_unicode_ci;

--
-- Dumping data for table `glpi_notepads`
--

INSERT INTO `glpi_notepads` VALUES
(1,'Contract',1,'2018-08-14 20:45:13','2018-08-14 20:45:13',2,2,'Juste pour faire un test');

--
-- Table structure for table `glpi_notifications`
--

CREATE TABLE `glpi_notifications` (
  `id` int(10) unsigned NOT NULL AUTO_INCREMENT,
  `name` varchar(255) DEFAULT NULL,
  `entities_id` int(10) unsigned NOT NULL DEFAULT 0,
  `itemtype` varchar(100) NOT NULL,
  `event` varchar(255) NOT NULL,
  `comment` mediumtext DEFAULT NULL,
  `is_recursive` tinyint(1) NOT NULL DEFAULT 0,
  `is_active` tinyint(1) NOT NULL DEFAULT 0,
  `date_mod` timestamp NULL DEFAULT NULL,
  `date_creation` timestamp NULL DEFAULT NULL,
  `allow_response` tinyint(1) NOT NULL DEFAULT 1,
  PRIMARY KEY (`id`),
  KEY `name` (`name`),
  KEY `itemtype` (`itemtype`),
  KEY `entities_id` (`entities_id`),
  KEY `is_active` (`is_active`),
  KEY `date_mod` (`date_mod`),
  KEY `is_recursive` (`is_recursive`),
  KEY `date_creation` (`date_creation`)
) ENGINE=InnoDB AUTO_INCREMENT=227 DEFAULT CHARSET=utf8mb4 COLLATE=utf8mb4_unicode_ci;

--
-- Dumping data for table `glpi_notifications`
--

INSERT INTO `glpi_notifications` VALUES
(1,'Alert Tickets not closed',0,'Ticket','alertnotclosed','',1,0,'2018-05-02 17:47:57','2018-05-02 17:47:57',1),
(2,'New Ticket',0,'Ticket','new','',1,1,'2018-05-02 17:48:17','2018-02-16 18:39:42',1),
(3,'Update Ticket',0,'Ticket','update','',1,0,'2010-02-16 21:41:39','2018-05-03 20:44:22',1),
(4,'Close Ticket',0,'Ticket','closed','',1,0,'2023-04-28 14:16:19','2018-02-16 19:39:50',1),
(5,'Add Followup',0,'Ticket','add_followup','',1,1,'2018-05-15 00:22:01','2018-05-02 17:47:57',1),
(6,'Add Task',0,'Ticket','add_task','',1,1,'2022-01-11 21:47:32','2018-05-02 17:47:57',1),
(7,'Update Followup',0,'Ticket','update_followup','',1,0,'2018-05-02 17:47:57','2018-02-20 13:11:01',1),
(8,'Update Task',0,'Ticket','update_task','',1,0,'2018-05-02 17:47:57','2018-05-02 17:47:57',1),
(9,'Delete Followup',0,'Ticket','delete_followup','',1,0,'2018-05-02 17:47:57','2018-05-02 17:47:57',1),
(10,'Delete Task',0,'Ticket','delete_task','',1,0,'2018-05-02 17:47:57','2018-05-02 17:47:57',1),
(11,'Resolve ticket',0,'Ticket','solved','',1,1,'2018-05-11 15:42:32','2018-02-16 19:59:54',1),
(12,'Ticket Validation',0,'Ticket','validation','',1,1,'2023-04-26 21:40:18','2018-04-06 19:04:31',1),
(13,'New Reservation',0,'Reservation','new','',1,0,'2018-05-02 17:47:57','2018-05-02 17:47:57',1),
(14,'Update Reservation',0,'Reservation','update','',1,0,'2018-05-02 17:47:57','2018-05-02 17:47:57',1),
(15,'Delete Reservation',0,'Reservation','delete','',1,0,'2018-05-02 17:47:57','2018-05-02 17:47:57',1),
(16,'Alert Reservation',0,'Reservation','alert','',1,0,'2018-05-02 17:47:57','2018-05-02 17:47:57',1),
(17,'Contract Notice',0,'Contract','notice','',1,0,'2026-01-29 10:33:32','2018-05-02 17:47:57',1),
(18,'Contract End',0,'Contract','end','',1,0,'2026-01-29 10:33:32','2018-05-02 17:47:57',1),
(19,'MySQL Synchronization',0,'DBConnection','desynchronization','',1,0,'2018-05-02 17:47:57','2018-05-02 17:47:57',1),
(20,'Cartridges',0,'CartridgeItem','alert','',1,0,'2018-05-02 17:47:57','2018-05-02 17:47:57',1),
(21,'Consumables',0,'ConsumableItem','alert','',1,0,'2018-05-02 17:47:57','2018-05-02 17:47:57',1),
(22,'Infocoms',0,'Infocom','alert','',1,0,'2018-05-02 17:47:57','2018-05-02 17:47:57',1),
(23,'Software Licenses',0,'SoftwareLicense','alert','',1,0,'2018-05-02 17:47:57','2018-05-02 17:47:57',1),
(24,'Ticket Recall',0,'Ticket','recall','',1,0,'2018-05-02 17:47:57','2018-02-16 19:59:01',1),
(25,'Password Forget',0,'User','passwordforget','',1,0,'2018-05-02 17:47:57','2018-05-02 17:47:57',1),
(26,'Ticket Satisfaction',0,'Ticket','satisfaction','',1,0,'2026-01-29 10:33:32','2018-05-02 17:47:57',1),
(27,'Item not unique',0,'FieldUnicity','refuse','',1,0,'2018-05-02 17:47:57','2018-05-02 17:47:57',1),
(28,'Crontask Watcher',0,'CronTask','alert','',1,0,'2018-05-02 17:47:57','2018-05-02 17:47:57',1),
(29,'New Problem',0,'Problem','new','',1,0,'2018-05-02 17:47:57','2018-05-02 17:47:57',1),
(30,'Update Problem',0,'Problem','update','',1,0,'2018-05-02 17:47:57','2018-05-02 17:47:57',1),
(31,'Resolve Problem',0,'Problem','solved','',1,0,'2018-05-02 17:47:57','2018-05-02 17:47:57',1),
(32,'Add Task',0,'Problem','add_task','',1,0,'2018-05-02 17:47:57','2018-05-02 17:47:57',1),
(33,'Update Task',0,'Problem','update_task','',1,0,'2018-05-02 17:47:57','2018-05-02 17:47:57',1),
(34,'Delete Task',0,'Problem','delete_task','',1,0,'2018-05-02 17:47:57','2018-05-02 17:47:57',1),
(35,'Close Problem',0,'Problem','closed','',1,0,'2018-05-02 17:47:57','2018-05-02 17:47:57',1),
(36,'Delete Problem',0,'Problem','delete','',1,0,'2018-05-02 17:47:57','2018-05-02 17:47:57',1),
(37,'Ticket Validation Answer',0,'Ticket','validation_answer','',1,0,'2018-05-02 17:47:57','2018-05-02 17:47:57',1),
(38,'Contract End Periodicity',0,'Contract','periodicity','',1,0,'2026-01-29 10:33:32','2018-05-02 17:47:57',1),
(39,'Contract Notice Periodicity',0,'Contract','periodicitynotice','',1,0,'2026-01-29 10:33:32','2018-05-02 17:47:57',1),
(40,'Planning recall',0,'PlanningRecall','planningrecall','',1,0,'2026-01-29 10:33:32','2018-05-02 17:47:57',1),
(41,'Delete Ticket',0,'Ticket','delete','',1,0,'2018-05-02 17:47:57','2018-05-02 17:47:57',1),
(42,'New Change',0,'Change','new','',1,0,'2018-05-02 17:47:57','2018-05-02 17:47:57',1),
(43,'Update Change',0,'Change','update','',1,0,'2018-05-02 17:47:57','2018-05-02 17:47:57',1),
(44,'Resolve Change',0,'Change','solved','',1,0,'2018-05-02 17:47:57','2018-05-02 17:47:57',1),
(45,'Add Task',0,'Change','add_task','',1,0,'2018-05-02 17:47:57','2018-05-02 17:47:57',1),
(46,'Update Task',0,'Change','update_task','',1,0,'2018-05-02 17:47:57','2018-05-02 17:47:57',1),
(47,'Delete Task',0,'Change','delete_task','',1,0,'2018-05-02 17:47:57','2018-05-02 17:47:57',1),
(48,'Close Change',0,'Change','closed','',1,0,'2018-05-02 17:47:57','2018-05-02 17:47:57',1),
(49,'Delete Change',0,'Change','delete','',1,0,'2018-05-02 17:47:57','2018-05-02 17:47:57',1),
(50,'Ticket Satisfaction Answer',0,'Ticket','replysatisfaction','',1,0,'2026-01-29 10:33:32','2018-05-02 17:47:57',1),
(51,'Receiver errors',0,'MailCollector','error','',1,0,'2018-05-02 17:47:57','2018-05-02 17:47:57',1),
(52,'New Project',0,'Project','new','',1,0,'2018-05-02 17:47:57','2018-05-02 17:47:57',1),
(53,'Update Project',0,'Project','update','',1,0,'2018-05-02 17:47:57','2018-05-02 17:47:57',1),
(54,'Delete Project',0,'Project','delete','',1,0,'2018-05-02 17:47:57','2018-05-02 17:47:57',1),
(55,'New Project Task',0,'ProjectTask','new','',1,0,'2018-05-02 17:47:57','2018-05-02 17:47:57',1),
(56,'Update Project Task',0,'ProjectTask','update','',1,0,'2018-05-02 17:47:57','2018-05-02 17:47:57',1),
(57,'Delete Project Task',0,'ProjectTask','delete','',1,0,'2018-05-02 17:47:57','2018-05-02 17:47:57',1),
(58,'Request Unlock Items',0,'ObjectLock','unlock','',1,0,'2018-05-02 17:47:57','2018-05-02 17:47:57',1),
(59,'New user in requesters',0,'Ticket','requester_user','',1,0,'2018-05-02 17:47:57','2018-02-16 18:58:57',1),
(60,'New group in requesters',0,'Ticket','requester_group','',1,0,'2018-05-02 17:47:57','2018-05-02 17:47:57',1),
(61,'New user in observers',0,'Ticket','observer_user','',1,0,'2026-01-29 10:33:32','2018-02-16 19:16:34',1),
(62,'New group in observers',0,'Ticket','observer_group','',1,0,'2018-05-02 17:47:57','2018-05-02 17:47:57',1),
(63,'New user in assignees',0,'Ticket','assign_user','',1,1,'2019-02-28 22:37:08','2018-05-02 17:47:57',1),
(64,'New group in assignees',0,'Ticket','assign_group','',1,1,'2019-02-28 22:37:28','2018-05-02 17:47:57',1),
(65,'New supplier in assignees',0,'Ticket','assign_supplier','',1,1,'2018-06-04 21:05:30','2018-05-02 17:47:57',1),
(66,'Saved searches',0,'SavedSearch_Alert','alert','',1,0,'2026-01-29 10:33:32','2018-05-02 17:47:57',1),
(67,'Certificates',0,'Certificate','alert','',1,0,'2026-01-29 10:33:32','2018-05-02 17:47:57',1),
(109,'New Order Validation',0,'PluginOrderOrder','ask','',1,0,'2026-01-29 10:33:32','2018-09-25 17:40:53',1),
(113,'Due date overtaken',0,'PluginOrderOrder','duedate','',1,0,'2026-01-29 10:33:32','2018-09-25 17:40:53',1),
(114,'Order Delivered',0,'PluginOrderOrder','delivered','',1,0,'2026-01-29 10:33:32','2018-09-25 17:40:53',1),
(133,'Délai dépassé',0,'Ticket','recall','',0,0,'2020-02-05 15:47:35','2020-02-05 15:47:35',1),
(140,'Toner level alert',0,'PluginPrintercountersAdditional_Data','toner_alert','',1,0,'2026-01-29 10:33:32','2020-02-13 21:56:13',1),
(146,'Rappel Automatiques des SLA',0,'Ticket','recall','',1,0,'2026-01-29 10:33:32','2020-05-05 15:26:03',1),
(147,'Rappel Automatiques des OLA',0,'Ticket','recall_ola','',1,0,'2026-01-29 10:33:32','2020-05-05 15:26:52',1),
(148,'Recherche sauvegardée Liste des billets non résolus',0,'SavedSearch_Alert','alert_13',NULL,1,0,'2026-01-29 10:35:07','2020-05-14 16:29:54',1),
(149,'Notification \"plus de rapports\"',0,'PluginMreportingNotification','sendReporting','',1,0,'2026-01-29 10:35:07','2020-05-14 19:07:14',1),
(150,'Check plugin updates',0,'Glpi\\Marketplace\\Controller','checkpluginsupdate',NULL,1,0,'2026-01-29 10:35:07','2020-06-30 21:05:11',1),
(151,'Alert expired domains',0,'Domain','ExpiredDomains',NULL,1,0,'2026-01-29 10:35:07','2020-06-30 21:05:11',1),
(152,'Alert domains close expiries',0,'Domain','DomainsWhichExpire',NULL,1,0,'2026-01-29 10:35:07','2020-06-30 21:05:11',1),
(153,'Password expires alert',0,'User','passwordexpires',NULL,1,0,'2026-01-29 10:35:07','2020-06-30 21:05:12',1),
(154,'Recherche sauvegardée Materiel preparé',0,'SavedSearch_Alert','alert_15',NULL,0,0,'2020-07-22 14:16:03','2020-07-22 14:16:03',1),
(155,'Ticket Satisfaction Reminder',0,'Ticket','survey_reminder','Created by the plugin Satisfaction',1,0,'2026-01-29 10:35:07','2020-08-04 21:39:25',1),
(166,'Credit expired',0,'PluginCreditEntity','expired','',1,0,'2026-01-29 10:35:07','2020-12-23 19:14:43',1),
(179,'Une demande a été faite à partir d\'un formulaire',0,'PluginFormcreatorFormAnswer','plugin_formcreator_form_created','',1,0,'2022-01-11 22:10:50','2021-02-02 22:04:12',1),
(180,'Un formulaire est en attente de validation',0,'PluginFormcreatorFormAnswer','plugin_formcreator_need_validation','',1,0,'2022-01-11 22:10:50','2021-02-02 22:04:12',1),
(181,'Le formulaire a été refusé',0,'PluginFormcreatorFormAnswer','plugin_formcreator_refused','',1,0,'2026-01-29 10:35:07','2021-02-02 22:04:12',1),
(182,'Le formulaire a été accepté',0,'PluginFormcreatorFormAnswer','plugin_formcreator_accepted','',1,0,'2026-01-27 10:23:13','2021-02-02 22:04:12',1),
(183,'Le formulaire a été supprimé',0,'PluginFormcreatorFormAnswer','plugin_formcreator_deleted','',1,0,'2022-01-11 22:10:50','2021-02-02 22:04:12',1),
(184,'New release',0,'PluginReleasesRelease','newRelease',NULL,1,0,NULL,NULL,1),
(185,'New Accounts',0,'PluginAccountsAccount','new',NULL,1,0,'2026-01-29 10:35:07',NULL,1),
(188,'New user mentionned',0,'Ticket','user_mention','',1,0,'2026-01-29 10:35:07','2022-04-25 20:14:21',1),
(195,'One-Time Security Code generated - MFA',0,'PluginMfaMfa','securitycodegenerate','',1,0,'2026-01-29 10:35:07','2023-02-08 17:24:01',1),
(196,'New Task',0,'PluginTasklistsTask','newtask','',1,1,'2023-04-11 15:06:02','2023-04-11 15:06:02',1),
(197,'Update Task',0,'PluginTasklistsTask','updatetask','',1,1,'2023-04-11 15:06:02','2023-04-11 15:06:02',1),
(198,'Delete Task',0,'PluginTasklistsTask','deletetask','',1,1,'2023-04-11 15:06:02','2023-04-11 15:06:02',1),
(199,'Resource Report Creation',0,'PluginResourcesResource','report','',1,0,'2026-01-29 10:35:07','2023-11-10 15:04:16',1),
(200,'New Resource',0,'PluginResourcesResource','new','',1,0,'2026-01-29 10:35:07','2023-11-10 15:04:16',1),
(201,'Update Resource',0,'PluginResourcesResource','update','',1,0,'2026-01-29 10:35:07','2023-11-10 15:04:16',1),
(202,'Delete Resource',0,'PluginResourcesResource','delete','',1,0,'2026-01-29 10:35:07','2023-11-10 15:04:16',1),
(203,'New Resource Task',0,'PluginResourcesResource','newtask','',1,0,'2026-01-29 10:35:07','2023-11-10 15:04:16',1),
(204,'Update Resource Task',0,'PluginResourcesResource','updatetask','',1,0,'2026-01-29 10:35:07','2023-11-10 15:04:16',1),
(205,'Delete Resource Task',0,'PluginResourcesResource','deletetask','',1,0,'2026-01-29 10:35:07','2023-11-10 15:04:16',1),
(210,'Leaving Resource',0,'PluginResourcesResource','LeavingResource','',1,0,'2026-01-29 10:35:07','2023-11-10 15:04:16',1),
(211,'New Resource Resting',0,'PluginResourcesResource','newresting','',1,0,'2026-01-29 10:35:07','2023-11-10 15:04:16',1),
(212,'Update Resource Resting',0,'PluginResourcesResource','updateresting','',1,0,'2026-01-29 10:35:07','2023-11-10 15:04:16',1),
(213,'Delete Resource Resting',0,'PluginResourcesResource','deleteresting','',1,0,'2026-01-29 10:35:07','2023-11-10 15:04:16',1),
(214,'New Resource Holiday',0,'PluginResourcesResource','newholiday','',1,0,'2026-01-29 10:35:07','2023-11-10 15:04:16',1),
(215,'Update Resource Holiday',0,'PluginResourcesResource','updateholiday','',1,0,'2026-01-29 10:35:07','2023-11-10 15:04:16',1),
(216,'Delete Resource Holiday',0,'PluginResourcesResource','deleteholiday','',1,0,'2026-01-29 10:35:07','2023-11-10 15:04:16',1),
(217,'Other resource notification',0,'PluginResourcesResource','other','',1,0,'2026-01-29 10:35:07','2023-11-10 15:04:16',1),
(218,'Resource Report Transfer',0,'PluginResourcesResource','transfer','',1,0,'2026-01-29 10:35:07','2023-11-10 15:04:16',1),
(220,'Changement Priorité',0,'Ticket','add_followup','',0,0,'2023-11-15 17:50:21','2023-11-15 17:50:21',0),
(221,'Low credits',0,'PluginCreditEntity','lowcredits','',1,1,'2024-11-01 14:47:34','2024-11-01 14:47:34',1),
(222,'Nouveau suivi demandeur',0,'Ticket','plugin_maedi_sendfup',NULL,1,1,'2025-03-11 14:55:54','2025-03-11 14:55:54',1),
(223,'Confirm Order Validation',0,'PluginOrderOrder','validation','',1,0,'2026-01-29 10:35:07','2025-03-31 18:49:25',1),
(224,'Cancel Order Validation',0,'PluginOrderOrder','undovalidation','',1,0,'2026-01-29 10:35:07','2025-03-31 18:49:25',1),
(225,'Cancel Order',0,'PluginOrderOrder','cancel','',1,0,'2026-01-29 10:35:07','2025-03-31 18:49:25',1),
(226,'Nouveau ticket pour fournisseur',0,'Ticket','new','Une notification est envoyée au fournisseur de support externe',1,1,'2026-01-30 08:45:31','2026-01-30 08:45:31',1);

--
-- Table structure for table `glpi_notifications_notificationtemplates`
--

CREATE TABLE `glpi_notifications_notificationtemplates` (
  `id` int(10) unsigned NOT NULL AUTO_INCREMENT,
  `notifications_id` int(10) unsigned NOT NULL DEFAULT 0,
  `mode` varchar(20) NOT NULL COMMENT 'See Notification_NotificationTemplate::MODE_* constants',
  `notificationtemplates_id` int(10) unsigned NOT NULL DEFAULT 0,
  PRIMARY KEY (`id`),
  UNIQUE KEY `unicity` (`notifications_id`,`mode`,`notificationtemplates_id`),
  KEY `notificationtemplates_id` (`notificationtemplates_id`),
  KEY `mode` (`mode`)
) ENGINE=InnoDB AUTO_INCREMENT=227 DEFAULT CHARSET=utf8mb4 COLLATE=utf8mb4_unicode_ci;

--
-- Dumping data for table `glpi_notifications_notificationtemplates`
--

INSERT INTO `glpi_notifications_notificationtemplates` VALUES
(1,1,'mailing',6),
(182,2,'mailing',171),
(3,3,'mailing',4),
(4,4,'mailing',4),
(183,5,'mailing',172),
(184,6,'mailing',174),
(7,7,'mailing',4),
(8,8,'mailing',4),
(9,9,'mailing',4),
(10,10,'mailing',4),
(181,11,'mailing',173),
(12,12,'mailing',7),
(13,13,'mailing',2),
(14,14,'mailing',2),
(15,15,'mailing',2),
(16,16,'mailing',3),
(17,17,'mailing',12),
(18,18,'mailing',12),
(19,19,'mailing',1),
(20,20,'mailing',8),
(21,21,'mailing',9),
(22,22,'mailing',10),
(23,23,'mailing',11),
(24,24,'mailing',4),
(25,25,'mailing',13),
(26,26,'mailing',14),
(27,27,'mailing',15),
(28,28,'mailing',16),
(29,29,'mailing',17),
(30,30,'mailing',17),
(31,31,'mailing',17),
(32,32,'mailing',17),
(33,33,'mailing',17),
(34,34,'mailing',17),
(35,35,'mailing',17),
(36,36,'mailing',17),
(37,37,'mailing',7),
(38,38,'mailing',12),
(39,39,'mailing',12),
(40,40,'mailing',18),
(41,41,'mailing',4),
(42,42,'mailing',19),
(43,43,'mailing',19),
(44,44,'mailing',19),
(45,45,'mailing',19),
(46,46,'mailing',19),
(47,47,'mailing',19),
(48,48,'mailing',19),
(49,49,'mailing',19),
(50,50,'mailing',14),
(51,51,'mailing',20),
(52,52,'mailing',21),
(53,53,'mailing',21),
(54,54,'mailing',21),
(55,55,'mailing',22),
(56,56,'mailing',22),
(57,57,'mailing',22),
(58,58,'mailing',23),
(59,59,'mailing',4),
(60,60,'mailing',4),
(61,61,'mailing',4),
(62,62,'mailing',4),
(63,63,'mailing',4),
(64,64,'mailing',4),
(65,65,'mailing',4),
(66,66,'mailing',24),
(67,67,'mailing',25),
(108,109,'mailing',66),
(112,113,'mailing',67),
(113,114,'mailing',68),
(138,140,'mailing',130),
(144,146,'mailing',5),
(145,147,'mailing',5),
(146,148,'mailing',24),
(147,149,'mailing',136),
(148,150,'mailing',137),
(149,151,'mailing',138),
(150,152,'mailing',138),
(151,153,'mailing',139),
(162,166,'mailing',151),
(175,179,'mailing',165),
(176,180,'mailing',166),
(177,181,'mailing',167),
(178,182,'mailing',168),
(179,183,'mailing',169),
(180,184,'mailing',170),
(185,185,'mailing',175),
(188,188,'mailing',4),
(195,195,'mailing',182),
(196,196,'mailing',183),
(197,197,'mailing',183),
(198,198,'mailing',183),
(199,199,'mailing',189),
(200,200,'mailing',184),
(201,201,'mailing',184),
(202,202,'mailing',184),
(203,203,'mailing',184),
(204,204,'mailing',184),
(205,205,'mailing',184),
(210,210,'mailing',188),
(211,211,'mailing',190),
(212,212,'mailing',190),
(213,213,'mailing',190),
(214,214,'mailing',191),
(215,215,'mailing',191),
(216,216,'mailing',191),
(217,217,'mailing',194),
(218,218,'mailing',195),
(220,220,'mailing',172),
(221,221,'mailing',197),
(222,222,'mailing',198),
(223,223,'mailing',66),
(224,224,'mailing',66),
(225,225,'mailing',66),
(226,226,'mailing',171);

--
-- Table structure for table `glpi_notificationtargets`
--

CREATE TABLE `glpi_notificationtargets` (
  `id` int(10) unsigned NOT NULL AUTO_INCREMENT,
  `items_id` int(10) unsigned NOT NULL DEFAULT 0,
  `type` int(11) NOT NULL DEFAULT 0,
  `notifications_id` int(10) unsigned NOT NULL DEFAULT 0,
  PRIMARY KEY (`id`),
  KEY `items` (`type`,`items_id`),
  KEY `notifications_id` (`notifications_id`)
) ENGINE=InnoDB AUTO_INCREMENT=273 DEFAULT CHARSET=utf8mb4 COLLATE=utf8mb4_unicode_ci;

--
-- Dumping data for table `glpi_notificationtargets`
--

INSERT INTO `glpi_notificationtargets` VALUES
(1,3,1,13),
(2,1,1,13),
(5,1,1,3),
(8,2,1,3),
(9,4,1,3),
(11,3,1,3),
(14,1,1,19),
(15,14,1,12),
(16,3,1,14),
(17,1,1,14),
(18,3,1,15),
(19,1,1,15),
(24,1,1,8),
(25,3,1,8),
(26,1,1,9),
(27,3,1,9),
(28,1,1,10),
(29,3,1,10),
(32,19,1,25),
(33,3,1,26),
(35,21,1,3),
(37,21,1,4),
(39,21,1,7),
(40,21,1,8),
(41,21,1,9),
(42,21,1,10),
(43,21,1,11),
(46,1,1,28),
(47,3,1,29),
(48,1,1,29),
(49,21,1,29),
(50,2,1,30),
(51,4,1,30),
(52,3,1,30),
(53,1,1,30),
(54,21,1,30),
(55,3,1,31),
(56,1,1,31),
(57,21,1,31),
(58,3,1,32),
(59,1,1,32),
(60,21,1,32),
(61,3,1,33),
(62,1,1,33),
(63,21,1,33),
(64,3,1,34),
(65,1,1,34),
(66,21,1,34),
(67,3,1,35),
(68,1,1,35),
(69,21,1,35),
(70,3,1,36),
(71,1,1,36),
(72,21,1,36),
(73,14,1,37),
(74,3,1,40),
(75,1,1,41),
(76,3,1,42),
(77,1,1,42),
(78,21,1,42),
(79,2,1,43),
(80,4,1,43),
(81,3,1,43),
(82,1,1,43),
(83,21,1,43),
(84,3,1,44),
(85,1,1,44),
(86,21,1,44),
(87,3,1,45),
(88,1,1,45),
(89,21,1,45),
(90,3,1,46),
(91,1,1,46),
(92,21,1,46),
(93,3,1,47),
(94,1,1,47),
(95,21,1,47),
(96,3,1,48),
(97,1,1,48),
(98,21,1,48),
(99,3,1,49),
(100,1,1,49),
(101,21,1,49),
(102,3,1,50),
(103,2,1,50),
(104,1,1,51),
(105,27,1,52),
(106,1,1,52),
(107,28,1,52),
(108,27,1,53),
(109,1,1,53),
(110,28,1,53),
(111,27,1,54),
(112,1,1,54),
(113,28,1,54),
(114,31,1,55),
(115,1,1,55),
(116,32,1,55),
(117,31,1,56),
(118,1,1,56),
(119,32,1,56),
(120,31,1,57),
(121,1,1,57),
(122,32,1,57),
(123,19,1,58),
(125,13,1,60),
(127,20,1,62),
(128,2,1,63),
(130,8,1,65),
(131,19,1,66),
(157,21,1,24),
(158,3,1,2),
(174,3,1,4),
(175,3,1,11),
(181,10,1,3),
(185,53,1,61),
(186,3,1,5),
(211,16,1,40),
(213,10,1,147),
(217,209,3,146),
(218,1,1,146),
(219,211,5,148),
(220,1,1,149),
(221,1,1,150),
(222,5,1,151),
(223,23,1,151),
(224,5,1,152),
(225,23,1,152),
(226,19,1,153),
(237,11,1,166),
(248,101,1,179),
(249,102,1,180),
(250,101,1,181),
(251,101,1,182),
(252,101,1,183),
(253,39,1,188),
(254,23,1,67),
(255,5,1,67),
(256,211,3,67),
(257,214,3,18),
(258,214,3,38),
(259,214,3,17),
(260,214,3,39),
(261,9,1,64),
(262,19,1,195),
(264,9,1,5),
(265,37,1,6),
(266,16,1,6),
(268,2,1,5),
(269,11,1,221),
(270,3,1,222),
(272,8,1,226);

--
-- Table structure for table `glpi_notificationtemplates`
--

CREATE TABLE `glpi_notificationtemplates` (
  `id` int(10) unsigned NOT NULL AUTO_INCREMENT,
  `name` varchar(255) DEFAULT NULL,
  `itemtype` varchar(100) NOT NULL,
  `date_mod` timestamp NULL DEFAULT NULL,
  `comment` mediumtext DEFAULT NULL,
  `css` mediumtext DEFAULT NULL,
  `date_creation` timestamp NULL DEFAULT NULL,
  PRIMARY KEY (`id`),
  KEY `itemtype` (`itemtype`),
  KEY `date_mod` (`date_mod`),
  KEY `name` (`name`),
  KEY `date_creation` (`date_creation`)
) ENGINE=InnoDB AUTO_INCREMENT=199 DEFAULT CHARSET=utf8mb4 COLLATE=utf8mb4_unicode_ci;

--
-- Dumping data for table `glpi_notificationtemplates`
--

INSERT INTO `glpi_notificationtemplates` VALUES
(1,'MySQL Synchronization','DBConnection','2010-02-01 20:51:46','',NULL,NULL),
(2,'Reservations','Reservation','2010-02-03 19:03:45','',NULL,NULL),
(3,'Alert Reservation','Reservation','2010-02-03 19:03:45','',NULL,NULL),
(4,'Tickets','Ticket','2010-02-08 02:39:15','',NULL,NULL),
(5,'Tickets (Simple)','Ticket','2010-02-08 02:39:15','',NULL,'2020-05-05 15:28:08'),
(6,'Alert Tickets not closed','Ticket','2010-02-08 02:39:15','',NULL,NULL),
(7,'Tickets Validation','Ticket','2010-02-27 02:39:15','',NULL,NULL),
(8,'Cartridges','CartridgeItem','2010-02-16 18:17:24','',NULL,NULL),
(9,'Consumables','ConsumableItem','2010-02-16 18:17:38','',NULL,NULL),
(10,'Infocoms','Infocom','2010-02-16 18:17:55','',NULL,NULL),
(11,'Licenses','SoftwareLicense','2010-02-16 18:18:12','',NULL,NULL),
(12,'Contracts','Contract','2010-02-16 18:18:12','',NULL,NULL),
(13,'Password Forget','User','2011-03-04 16:35:13',NULL,NULL,NULL),
(14,'Ticket Satisfaction','Ticket','2011-03-04 16:35:15',NULL,NULL,'2020-05-13 18:18:02'),
(15,'Item not unique','FieldUnicity','2011-03-04 16:35:16',NULL,NULL,NULL),
(16,'Crontask','CronTask','2011-03-04 16:35:16',NULL,NULL,NULL),
(17,'Problems','Problem','2011-12-06 14:48:33',NULL,NULL,NULL),
(18,'Planning recall','PlanningRecall','2014-01-15 19:35:24',NULL,NULL,NULL),
(19,'Changes','Change','2014-06-18 12:02:07',NULL,NULL,NULL),
(20,'Receiver errors','MailCollector','2014-06-18 12:02:08',NULL,NULL,NULL),
(21,'Projects','Project','2014-06-18 12:02:09',NULL,NULL,NULL),
(22,'Project Tasks','ProjectTask','2014-06-18 12:02:09',NULL,NULL,NULL),
(23,'Unlock Item request','ObjectLock','2016-02-08 21:57:46',NULL,NULL,NULL),
(24,'Saved searches alerts','SavedSearch_Alert',NULL,NULL,NULL,'2020-05-14 16:35:00'),
(25,'Certificates','Certificate',NULL,'',NULL,NULL),
(49,'Template notif test','Ticket','2018-02-28 20:05:52','','','2018-02-28 20:05:52'),
(66,'Order Validation','PluginOrderOrder','2018-09-25 17:40:53','','','2018-09-25 17:40:53'),
(67,'Due date overtaken','PluginOrderOrder','2018-09-25 17:40:53','','','2018-09-25 17:40:53'),
(68,'Order Delivered','PluginOrderOrder','2018-09-25 17:40:53','','','2018-09-25 17:40:53'),
(124,'Alert no validated typology','PluginTypologyTypology','2012-11-19 20:20:46','',NULL,'2012-11-19 20:20:46'),
(125,'Computers not imported','PluginOcsinventoryngNotimportedcomputer','2020-02-05 19:08:38','',NULL,'2020-02-05 19:08:38'),
(126,'Check rule import entity','PluginOcsinventoryngRuleImportEntity',NULL,NULL,NULL,NULL),
(127,'Alert machines ocs','PluginOcsinventoryngOcsAlert',NULL,NULL,NULL,NULL),
(128,'Consumables Request','PluginConsumablesRequest','2020-02-13 21:44:41',NULL,NULL,NULL),
(129,'Consumables Request Validation','PluginConsumablesRequest','2020-02-13 21:44:41','','',NULL),
(130,'Toner level alert','PluginPrintercountersAdditional_Data','2020-02-13 21:56:13','','','2020-02-13 21:56:13'),
(136,'Notification \"plus de rapports\"','PluginMreportingNotification','2020-05-14 19:07:14','',NULL,'2020-05-14 19:07:14'),
(137,'Plugin updates','Glpi\\Marketplace\\Controller','2020-06-30 21:05:11',NULL,NULL,NULL),
(138,'Alert domains','Domain','2020-06-30 21:05:11',NULL,NULL,NULL),
(139,'Password expires alert','User','2020-06-30 21:05:12',NULL,NULL,NULL),
(140,'Ticket Satisfaction Reminder','Ticket','2020-08-04 21:39:25','Created by the plugin satisfaction',NULL,'2020-08-04 21:39:25'),
(151,'Credit expired','PluginCreditEntity','2020-12-23 19:14:43','','','2020-12-23 19:14:43'),
(152,'Alert Badges','PluginBadgesBadge',NULL,NULL,NULL,NULL),
(153,'Access Badges Request','PluginBadgesBadge','2020-12-23 19:14:52','','',NULL),
(154,'Access Badges Return','PluginBadgesBadge','2020-12-23 19:14:52','','',NULL),
(165,'Une demande a été faite à partir d\'un formulaire','PluginFormcreatorFormAnswer','2021-02-02 22:04:12','',NULL,'2021-02-02 22:04:12'),
(166,'Un formulaire est en attente de validation','PluginFormcreatorFormAnswer','2021-02-02 22:04:12','',NULL,'2021-02-02 22:04:12'),
(167,'Le formulaire a été refusé','PluginFormcreatorFormAnswer','2021-02-02 22:04:12','',NULL,'2021-02-02 22:04:12'),
(168,'Le formulaire a été accepté','PluginFormcreatorFormAnswer','2021-02-02 22:04:12','',NULL,'2021-02-02 22:04:12'),
(169,'Le formulaire a été supprimé','PluginFormcreatorFormAnswer','2021-02-02 22:04:12','',NULL,'2021-02-02 22:04:12'),
(170,'New release','PluginReleasesRelease','2021-04-15 16:21:51',NULL,NULL,NULL),
(171,'MD_Nouveau ticket','Ticket','2022-01-11 21:48:46','','','2022-01-11 21:31:04'),
(172,'MD_Nouveau suivi','Ticket','2022-01-11 21:48:33','','','2022-01-11 21:35:39'),
(173,'MD_Ticket résolu','Ticket','2022-01-11 21:48:21','','','2022-01-11 21:37:14'),
(174,'MD_Nouvelle tâche','Ticket','2022-01-11 21:48:58','','','2022-01-11 21:43:43'),
(175,'New Accounts','PluginAccountsAccount','2010-02-18 03:36:46','',NULL,'2010-02-18 03:36:46'),
(176,'Alert Accounts','PluginAccountsAccount','2010-02-23 16:37:46','',NULL,'2010-02-18 03:36:46'),
(177,'Alert infocoms','PluginAdditionalalertsInfocomAlert','2010-03-13 15:44:46','',NULL,'2010-03-13 15:44:46'),
(178,'Alert machines ocs','PluginAdditionalalertsOcsAlert','2010-03-13 15:44:46','',NULL,'2010-03-13 15:44:46'),
(179,'Alert ink level','PluginAdditionalalertsInkAlert','2010-03-13 15:44:46','',NULL,'2010-03-13 15:44:46'),
(180,'Alert Ticket Unresolved','PluginAdditionalalertsTicketUnresolved','2010-03-13 15:44:46','',NULL,'2010-03-13 15:44:46'),
(182,'One-Time Security Code generated - MFA','PluginMfaMfa','2023-02-08 17:24:01','','','2023-02-08 17:24:01'),
(183,'Tasks','PluginTasklistsTask','2023-04-11 15:06:02','','','2023-04-11 15:06:02'),
(184,'Resources','PluginResourcesResource',NULL,NULL,NULL,NULL),
(185,'Alert Resources Tasks','PluginResourcesResource',NULL,NULL,NULL,NULL),
(186,'Alert Leaving Resources','PluginResourcesResource',NULL,NULL,NULL,NULL),
(187,'Alert Resources Checklists','PluginResourcesResource',NULL,NULL,NULL,NULL),
(188,'Leaving Resource','PluginResourcesResource',NULL,NULL,NULL,NULL),
(189,'Resource Report Creation','PluginResourcesResource',NULL,NULL,NULL,NULL),
(190,'Resource Resting','PluginResourcesResource',NULL,NULL,NULL,NULL),
(191,'Resource Holiday','PluginResourcesResource',NULL,NULL,NULL,NULL),
(192,'Resource Holiday','PluginResourcesResource',NULL,NULL,NULL,NULL),
(193,'Resources list of commercial manager','PluginResourcesResource',NULL,NULL,NULL,NULL),
(194,'Send other resource notification','PluginResourcesResource',NULL,NULL,NULL,NULL),
(195,'Resource Transfer','PluginResourcesResource',NULL,NULL,NULL,NULL),
(196,'Alert for sales people','PluginResourcesResource',NULL,NULL,NULL,NULL),
(197,'Low credits','PluginCreditEntity','2024-11-01 14:47:34','','','2024-11-01 14:47:34'),
(198,'Suivi Maedi','Ticket','2025-03-11 14:55:54',NULL,NULL,'2025-03-11 14:55:54');

--
-- Table structure for table `glpi_notificationtemplatetranslations`
--

CREATE TABLE `glpi_notificationtemplatetranslations` (
  `id` int(10) unsigned NOT NULL AUTO_INCREMENT,
  `notificationtemplates_id` int(10) unsigned NOT NULL DEFAULT 0,
  `language` varchar(10) NOT NULL DEFAULT '',
  `subject` varchar(255) NOT NULL,
  `content_text` mediumtext DEFAULT NULL,
  `content_html` mediumtext DEFAULT NULL,
  PRIMARY KEY (`id`),
  KEY `notificationtemplates_id` (`notificationtemplates_id`)
) ENGINE=InnoDB AUTO_INCREMENT=168 DEFAULT CHARSET=utf8mb4 COLLATE=utf8mb4_unicode_ci;

--
-- Dumping data for table `glpi_notificationtemplatetranslations`
--

INSERT INTO `glpi_notificationtemplatetranslations` VALUES
(1,1,'','##lang.dbconnection.title##','##lang.dbconnection.delay## : ##dbconnection.delay##\n','&lt;p&gt;##lang.dbconnection.delay## : ##dbconnection.delay##&lt;/p&gt;'),
(2,2,'','##reservation.action##','======================================================================\n##lang.reservation.user##: ##reservation.user##\n##lang.reservation.item.name##: ##reservation.itemtype## - ##reservation.item.name##\n##IFreservation.tech## ##lang.reservation.tech## ##reservation.tech## ##ENDIFreservation.tech##\n##lang.reservation.begin##: ##reservation.begin##\n##lang.reservation.end##: ##reservation.end##\n##lang.reservation.comment##: ##reservation.comment##\n======================================================================\n','&lt;!-- description{ color: inherit; background: #ebebeb;border-style: solid;border-color: #8d8d8d; border-width: 0px 1px 1px 0px; } --&gt;\n&lt;p&gt;&lt;span style=\"color: #8b8c8f; font-weight: bold; text-decoration: underline;\"&gt;##lang.reservation.user##:&lt;/span&gt;##reservation.user##&lt;br /&gt; &lt;span style=\"color: #8b8c8f; font-weight: bold; text-decoration: underline;\"&gt;##lang.reservation.item.name##:&lt;/span&gt;##reservation.itemtype## - ##reservation.item.name##&lt;br /&gt;##IFreservation.tech## ##lang.reservation.tech## ##reservation.tech####ENDIFreservation.tech##&lt;br /&gt; &lt;span style=\"color: #8b8c8f; font-weight: bold; text-decoration: underline;\"&gt;##lang.reservation.begin##:&lt;/span&gt; ##reservation.begin##&lt;br /&gt; &lt;span style=\"color: #8b8c8f; font-weight: bold; text-decoration: underline;\"&gt;##lang.reservation.end##:&lt;/span&gt;##reservation.end##&lt;br /&gt; &lt;span style=\"color: #8b8c8f; font-weight: bold; text-decoration: underline;\"&gt;##lang.reservation.comment##:&lt;/span&gt; ##reservation.comment##&lt;/p&gt;'),
(3,3,'','##reservation.action##  ##reservation.entity##','##lang.reservation.entity## : ##reservation.entity##\n\n\n##FOREACHreservations##\n##lang.reservation.itemtype## : ##reservation.itemtype##\n\n ##lang.reservation.item## : ##reservation.item##\n\n ##reservation.url##\n\n ##ENDFOREACHreservations##','&lt;p&gt;##lang.reservation.entity## : ##reservation.entity## &lt;br /&gt; &lt;br /&gt;\n##FOREACHreservations## &lt;br /&gt;##lang.reservation.itemtype## :  ##reservation.itemtype##&lt;br /&gt;\n ##lang.reservation.item## :  ##reservation.item##&lt;br /&gt; &lt;br /&gt;\n &lt;a href=\"##reservation.url##\"&gt; ##reservation.url##&lt;/a&gt;&lt;br /&gt;\n ##ENDFOREACHreservations##&lt;/p&gt;'),
(4,4,'','##ticket.action## ##ticket.title##',' ##IFticket.storestatus=5##\n ##lang.ticket.url## : ##ticket.urlapprove##\n ##lang.ticket.autoclosewarning##\n ##lang.ticket.solvedate## : ##ticket.solvedate##\n ##lang.ticket.solution.type## : ##ticket.solution.type##\n ##lang.ticket.solution.description## : ##ticket.solution.description## ##ENDIFticket.storestatus##\n ##ELSEticket.storestatus## ##lang.ticket.url## : ##ticket.url## ##ENDELSEticket.storestatus##\n\n ##lang.ticket.description##\n\n ##lang.ticket.title## : ##ticket.title##\n ##lang.ticket.authors## : ##IFticket.authors## ##ticket.authors## ##ENDIFticket.authors## ##ELSEticket.authors##--##ENDELSEticket.authors##\n ##lang.ticket.creationdate## : ##ticket.creationdate##\n ##lang.ticket.closedate## : ##ticket.closedate##\n ##lang.ticket.requesttype## : ##ticket.requesttype##\n##lang.ticket.item.name## :\n\n##FOREACHitems##\n\n ##IFticket.itemtype##\n  ##ticket.itemtype## - ##ticket.item.name##\n  ##IFticket.item.model## ##lang.ticket.item.model## : ##ticket.item.model## ##ENDIFticket.item.model##\n  ##IFticket.item.serial## ##lang.ticket.item.serial## : ##ticket.item.serial## ##ENDIFticket.item.serial##\n  ##IFticket.item.otherserial## ##lang.ticket.item.otherserial## : ##ticket.item.otherserial## ##ENDIFticket.item.otherserial##\n ##ENDIFticket.itemtype##\n\n##ENDFOREACHitems##\n##IFticket.assigntousers## ##lang.ticket.assigntousers## : ##ticket.assigntousers## ##ENDIFticket.assigntousers##\n ##lang.ticket.status## : ##ticket.status##\n##IFticket.assigntogroups## ##lang.ticket.assigntogroups## : ##ticket.assigntogroups## ##ENDIFticket.assigntogroups##\n ##lang.ticket.urgency## : ##ticket.urgency##\n ##lang.ticket.impact## : ##ticket.impact##\n ##lang.ticket.priority## : ##ticket.priority##\n##IFticket.user.email## ##lang.ticket.user.email## : ##ticket.user.email ##ENDIFticket.user.email##\n##IFticket.category## ##lang.ticket.category## : ##ticket.category## ##ENDIFticket.category## ##ELSEticket.category## ##lang.ticket.nocategoryassigned## ##ENDELSEticket.category##\n ##lang.ticket.content## : ##ticket.content##\n ##IFticket.storestatus=6##\n\n ##lang.ticket.solvedate## : ##ticket.solvedate##\n ##lang.ticket.solution.type## : ##ticket.solution.type##\n ##lang.ticket.solution.description## : ##ticket.solution.description##\n ##ENDIFticket.storestatus##\n ##lang.ticket.numberoffollowups## : ##ticket.numberoffollowups##\n\n##FOREACHfollowups##\n\n [##followup.date##] ##lang.followup.isprivate## : ##followup.isprivate##\n ##lang.followup.author## ##followup.author##\n ##lang.followup.description## ##followup.description##\n ##lang.followup.date## ##followup.date##\n ##lang.followup.requesttype## ##followup.requesttype##\n\n##ENDFOREACHfollowups##\n ##lang.ticket.numberoftasks## : ##ticket.numberoftasks##\n\n##FOREACHtasks##\n\n [##task.date##] ##lang.task.isprivate## : ##task.isprivate##\n ##lang.task.author## ##task.author##\n ##lang.task.description## ##task.description##\n ##lang.task.time## ##task.time##\n ##lang.task.category## ##task.category##\n\n##ENDFOREACHtasks##','&#60;!-- description{ color: inherit; background: #ebebeb; border-style: solid;border-color: #8d8d8d; border-width: 0px 1px 1px 0px; }    --&#62;\n&#60;div&#62;##IFticket.storestatus=5##&#60;/div&#62;\n&#60;div&#62;##lang.ticket.url## : &#60;a href=\"##ticket.urlapprove##\"&#62;##ticket.urlapprove##&#60;/a&#62; &#60;strong&#62;&#38;#160;&#60;/strong&#62;&#60;/div&#62;\n&#60;div&#62;&#60;strong&#62;##lang.ticket.autoclosewarning##&#60;/strong&#62;&#60;/div&#62;\n&#60;div&#62;&#60;span style=\"color: #888888;\"&#62;&#60;strong&#62;&#60;span style=\"text-decoration: underline;\"&#62;##lang.ticket.solvedate##&#60;/span&#62;&#60;/strong&#62;&#60;/span&#62; : ##ticket.solvedate##&#60;br /&#62;&#60;span style=\"text-decoration: underline; color: #888888;\"&#62;&#60;strong&#62;##lang.ticket.solution.type##&#60;/strong&#62;&#60;/span&#62; : ##ticket.solution.type##&#60;br /&#62;&#60;span style=\"text-decoration: underline; color: #888888;\"&#62;&#60;strong&#62;##lang.ticket.solution.description##&#60;/strong&#62;&#60;/span&#62; : ##ticket.solution.description## ##ENDIFticket.storestatus##&#60;/div&#62;\n&#60;div&#62;##ELSEticket.storestatus## ##lang.ticket.url## : &#60;a href=\"##ticket.url##\"&#62;##ticket.url##&#60;/a&#62; ##ENDELSEticket.storestatus##&#60;/div&#62;\n&#60;p class=\"description b\"&#62;&#60;strong&#62;##lang.ticket.description##&#60;/strong&#62;&#60;/p&#62;\n&#60;p&#62;&#60;span style=\"color: #8b8c8f; font-weight: bold; text-decoration: underline;\"&#62; ##lang.ticket.title##&#60;/span&#62;&#38;#160;:##ticket.title## &#60;br /&#62; &#60;span style=\"color: #8b8c8f; font-weight: bold; text-decoration: underline;\"&#62; ##lang.ticket.authors##&#60;/span&#62;&#38;#160;:##IFticket.authors## ##ticket.authors## ##ENDIFticket.authors##    ##ELSEticket.authors##--##ENDELSEticket.authors## &#60;br /&#62; &#60;span style=\"color: #8b8c8f; font-weight: bold; text-decoration: underline;\"&#62; ##lang.ticket.creationdate##&#60;/span&#62;&#38;#160;:##ticket.creationdate## &#60;br /&#62; &#60;span style=\"color: #8b8c8f; font-weight: bold; text-decoration: underline;\"&#62; ##lang.ticket.closedate##&#60;/span&#62;&#38;#160;:##ticket.closedate## &#60;br /&#62; &#60;span style=\"color: #8b8c8f; font-weight: bold; text-decoration: underline;\"&#62; ##lang.ticket.requesttype##&#60;/span&#62;&#38;#160;:##ticket.requesttype##&#60;br /&#62;\n&#60;br /&#62;&#60;span style=\"color: #8b8c8f; font-weight: bold; text-decoration: underline;\"&#62; ##lang.ticket.item.name##&#60;/span&#62;&#38;#160;:\n&#60;p&#62;##FOREACHitems##&#60;/p&#62;\n&#60;div class=\"description b\"&#62;##IFticket.itemtype## ##ticket.itemtype##&#38;#160;- ##ticket.item.name## ##IFticket.item.model## ##lang.ticket.item.model## : ##ticket.item.model## ##ENDIFticket.item.model## ##IFticket.item.serial## ##lang.ticket.item.serial## : ##ticket.item.serial## ##ENDIFticket.item.serial## ##IFticket.item.otherserial## ##lang.ticket.item.otherserial## : ##ticket.item.otherserial## ##ENDIFticket.item.otherserial## ##ENDIFticket.itemtype## &#60;/div&#62;&#60;br /&#62;\n&#60;p&#62;##ENDFOREACHitems##&#60;/p&#62;\n##IFticket.assigntousers## &#60;span style=\"color: #8b8c8f; font-weight: bold; text-decoration: underline;\"&#62; ##lang.ticket.assigntousers##&#60;/span&#62;&#38;#160;: ##ticket.assigntousers## ##ENDIFticket.assigntousers##&#60;br /&#62; &#60;span style=\"color: #8b8c8f; font-weight: bold; text-decoration: underline;\"&#62;##lang.ticket.status## &#60;/span&#62;&#38;#160;: ##ticket.status##&#60;br /&#62; ##IFticket.assigntogroups## &#60;span style=\"color: #8b8c8f; font-weight: bold; text-decoration: underline;\"&#62; ##lang.ticket.assigntogroups##&#60;/span&#62;&#38;#160;: ##ticket.assigntogroups## ##ENDIFticket.assigntogroups##&#60;br /&#62; &#60;span style=\"color: #8b8c8f; font-weight: bold; text-decoration: underline;\"&#62; ##lang.ticket.urgency##&#60;/span&#62;&#38;#160;: ##ticket.urgency##&#60;br /&#62; &#60;span style=\"color: #8b8c8f; font-weight: bold; text-decoration: underline;\"&#62; ##lang.ticket.impact##&#60;/span&#62;&#38;#160;: ##ticket.impact##&#60;br /&#62; &#60;span style=\"color: #8b8c8f; font-weight: bold; text-decoration: underline;\"&#62; ##lang.ticket.priority##&#60;/span&#62;&#38;#160;: ##ticket.priority## &#60;br /&#62; ##IFticket.user.email##&#60;span style=\"color: #8b8c8f; font-weight: bold; text-decoration: underline;\"&#62; ##lang.ticket.user.email##&#60;/span&#62;&#38;#160;: ##ticket.user.email ##ENDIFticket.user.email##    &#60;br /&#62; ##IFticket.category##&#60;span style=\"color: #8b8c8f; font-weight: bold; text-decoration: underline;\"&#62;##lang.ticket.category## &#60;/span&#62;&#38;#160;:##ticket.category## ##ENDIFticket.category## ##ELSEticket.category## ##lang.ticket.nocategoryassigned## ##ENDELSEticket.category##    &#60;br /&#62; &#60;span style=\"color: #8b8c8f; font-weight: bold; text-decoration: underline;\"&#62; ##lang.ticket.content##&#60;/span&#62;&#38;#160;: ##ticket.content##&#60;/p&#62;\n&#60;br /&#62;##IFticket.storestatus=6##&#60;br /&#62;&#60;span style=\"text-decoration: underline;\"&#62;&#60;strong&#62;&#60;span style=\"color: #888888;\"&#62;##lang.ticket.solvedate##&#60;/span&#62;&#60;/strong&#62;&#60;/span&#62; : ##ticket.solvedate##&#60;br /&#62;&#60;span style=\"color: #888888;\"&#62;&#60;strong&#62;&#60;span style=\"text-decoration: underline;\"&#62;##lang.ticket.solution.type##&#60;/span&#62;&#60;/strong&#62;&#60;/span&#62; : ##ticket.solution.type##&#60;br /&#62;&#60;span style=\"text-decoration: underline; color: #888888;\"&#62;&#60;strong&#62;##lang.ticket.solution.description##&#60;/strong&#62;&#60;/span&#62; : ##ticket.solution.description##&#60;br /&#62;##ENDIFticket.storestatus##&#60;/p&#62;\n&#60;div class=\"description b\"&#62;##lang.ticket.numberoffollowups##&#38;#160;: ##ticket.numberoffollowups##&#60;/div&#62;\n&#60;p&#62;##FOREACHfollowups##&#60;/p&#62;\n&#60;div class=\"description b\"&#62;&#60;br /&#62; &#60;strong&#62; [##followup.date##] &#60;em&#62;##lang.followup.isprivate## : ##followup.isprivate## &#60;/em&#62;&#60;/strong&#62;&#60;br /&#62; &#60;span style=\"color: #8b8c8f; font-weight: bold; text-decoration: underline;\"&#62; ##lang.followup.author## &#60;/span&#62; ##followup.author##&#60;br /&#62; &#60;span style=\"color: #8b8c8f; font-weight: bold; text-decoration: underline;\"&#62; ##lang.followup.description## &#60;/span&#62; ##followup.description##&#60;br /&#62; &#60;span style=\"color: #8b8c8f; font-weight: bold; text-decoration: underline;\"&#62; ##lang.followup.date## &#60;/span&#62; ##followup.date##&#60;br /&#62; &#60;span style=\"color: #8b8c8f; font-weight: bold; text-decoration: underline;\"&#62; ##lang.followup.requesttype## &#60;/span&#62; ##followup.requesttype##&#60;/div&#62;\n&#60;p&#62;##ENDFOREACHfollowups##&#60;/p&#62;\n&#60;div class=\"description b\"&#62;##lang.ticket.numberoftasks##&#38;#160;: ##ticket.numberoftasks##&#60;/div&#62;\n&#60;p&#62;##FOREACHtasks##&#60;/p&#62;\n&#60;div class=\"description b\"&#62;&#60;br /&#62; &#60;strong&#62; [##task.date##] &#60;em&#62;##lang.task.isprivate## : ##task.isprivate## &#60;/em&#62;&#60;/strong&#62;&#60;br /&#62; &#60;span style=\"color: #8b8c8f; font-weight: bold; text-decoration: underline;\"&#62; ##lang.task.author##&#60;/span&#62; ##task.author##&#60;br /&#62; &#60;span style=\"color: #8b8c8f; font-weight: bold; text-decoration: underline;\"&#62; ##lang.task.description##&#60;/span&#62; ##task.description##&#60;br /&#62; &#60;span style=\"color: #8b8c8f; font-weight: bold; text-decoration: underline;\"&#62; ##lang.task.time##&#60;/span&#62; ##task.time##&#60;br /&#62; &#60;span style=\"color: #8b8c8f; font-weight: bold; text-decoration: underline;\"&#62; ##lang.task.category##&#60;/span&#62; ##task.category##&#60;/div&#62;\n&#60;p&#62;##ENDFOREACHtasks##&#60;/p&#62;'),
(5,12,'','##contract.action##  ##contract.entity##','##lang.contract.entity## : ##contract.entity##\n\n##FOREACHcontracts##\n##lang.contract.name## : ##contract.name##\n##lang.contract.number## : ##contract.number##\n##lang.contract.time## : ##contract.time##\n##IFcontract.type####lang.contract.type## : ##contract.type####ENDIFcontract.type##\n##contract.url##\n##ENDFOREACHcontracts##','&lt;p&gt;##lang.contract.entity## : ##contract.entity##&lt;br /&gt;\n&lt;br /&gt;##FOREACHcontracts##&lt;br /&gt;##lang.contract.name## :\n##contract.name##&lt;br /&gt;\n##lang.contract.number## : ##contract.number##&lt;br /&gt;\n##lang.contract.time## : ##contract.time##&lt;br /&gt;\n##IFcontract.type####lang.contract.type## : ##contract.type##\n##ENDIFcontract.type##&lt;br /&gt;\n&lt;a href=\"##contract.url##\"&gt;\n##contract.url##&lt;/a&gt;&lt;br /&gt;\n##ENDFOREACHcontracts##&lt;/p&gt;'),
(6,5,'','##ticket.action## ##ticket.title##','##lang.ticket.url## : ##ticket.url##\n\n##lang.ticket.description##\n\n\n##lang.ticket.title##  :##ticket.title##\n\n##lang.ticket.authors##  :##IFticket.authors##\n##ticket.authors## ##ENDIFticket.authors##\n##ELSEticket.authors##--##ENDELSEticket.authors##\n\n##IFticket.category## ##lang.ticket.category##  :##ticket.category##\n##ENDIFticket.category## ##ELSEticket.category##\n##lang.ticket.nocategoryassigned## ##ENDELSEticket.category##\n\n##lang.ticket.content##  : ##ticket.content##\n##IFticket.itemtype##\n##lang.ticket.item.name##  : ##ticket.itemtype## - ##ticket.item.name##\n##ENDIFticket.itemtype##','&#60;div&#62;##lang.ticket.url## : &#60;a href=\"##ticket.url##\"&#62;\n##ticket.url##&#60;/a&#62;&#60;/div&#62;\n&#60;div class=\"description b\"&#62;\n##lang.ticket.description##&#60;/div&#62;\n&#60;p&#62;&#60;span\nstyle=\"color: #8b8c8f; font-weight: bold; text-decoration: underline;\"&#62;\n##lang.ticket.title##&#60;/span&#62;&#38;#160;:##ticket.title##\n&#60;br /&#62; &#60;span style=\"color: #8b8c8f; font-weight: bold; text-decoration: underline;\"&#62;\n##lang.ticket.authors##&#60;/span&#62;\n##IFticket.authors## ##ticket.authors##\n##ENDIFticket.authors##\n##ELSEticket.authors##--##ENDELSEticket.authors##\n&#60;span style=\"color: #8b8c8f; font-weight: bold; text-decoration: underline;\"&#62;&#38;#160\n;&#60;/span&#62;&#60;br /&#62; &#60;span style=\"color: #8b8c8f; font-weight: bold; text-decoration: underline;\"&#62; &#60;/span&#62;\n##IFticket.category##&#60;span style=\"color: #8b8c8f; font-weight: bold; text-decoration: underline;\"&#62;\n##lang.ticket.category## &#60;/span&#62;&#38;#160;:##ticket.category##\n##ENDIFticket.category## ##ELSEticket.category##\n##lang.ticket.nocategoryassigned## ##ENDELSEticket.category##\n&#60;br /&#62; &#60;span style=\"color: #8b8c8f; font-weight: bold; text-decoration: underline;\"&#62;\n##lang.ticket.content##&#60;/span&#62;&#38;#160;:\n##ticket.content##&#60;br /&#62;##IFticket.itemtype##\n&#60;span style=\"color: #8b8c8f; font-weight: bold; text-decoration: underline;\"&#62;\n##lang.ticket.item.name##&#60;/span&#62;&#38;#160;:\n##ticket.itemtype## - ##ticket.item.name##\n##ENDIFticket.itemtype##&#60;/p&#62;'),
(7,7,'','##ticket.action## ##ticket.title##','##FOREACHvalidations##\n\n##IFvalidation.storestatus=2##\n##validation.submission.title##\n##lang.validation.commentsubmission## : ##validation.commentsubmission##\n##ENDIFvalidation.storestatus##\n##ELSEvalidation.storestatus## ##validation.answer.title## ##ENDELSEvalidation.storestatus##\n\n##lang.ticket.url## : ##ticket.urlvalidation##\n\n##IFvalidation.status## ##lang.validation.status## : ##validation.status## ##ENDIFvalidation.status##\n##IFvalidation.commentvalidation##\n##lang.validation.commentvalidation## : ##validation.commentvalidation##\n##ENDIFvalidation.commentvalidation##\n##ENDFOREACHvalidations##','&lt;div&gt;##FOREACHvalidations##&lt;/div&gt;\n&lt;p&gt;##IFvalidation.storestatus=2##&lt;/p&gt;\n&lt;div&gt;##validation.submission.title##&lt;/div&gt;\n&lt;div&gt;##lang.validation.commentsubmission## : ##validation.commentsubmission##&lt;/div&gt;\n&lt;div&gt;##ENDIFvalidation.storestatus##&lt;/div&gt;\n&lt;div&gt;##ELSEvalidation.storestatus## ##validation.answer.title## ##ENDELSEvalidation.storestatus##&lt;/div&gt;\n&lt;div&gt;&lt;/div&gt;\n&lt;div&gt;\n&lt;div&gt;##lang.ticket.url## : &lt;a href=\"##ticket.urlvalidation##\"&gt; ##ticket.urlvalidation## &lt;/a&gt;&lt;/div&gt;\n&lt;/div&gt;\n&lt;p&gt;##IFvalidation.status## ##lang.validation.status## : ##validation.status## ##ENDIFvalidation.status##\n&lt;br /&gt; ##IFvalidation.commentvalidation##&lt;br /&gt; ##lang.validation.commentvalidation## :\n&#160; ##validation.commentvalidation##&lt;br /&gt; ##ENDIFvalidation.commentvalidation##\n&lt;br /&gt;##ENDFOREACHvalidations##&lt;/p&gt;'),
(8,6,'','##ticket.action## ##ticket.entity##','##lang.ticket.entity## : ##ticket.entity##\n\n##FOREACHtickets##\n\n##lang.ticket.title## : ##ticket.title##\n ##lang.ticket.status## : ##ticket.status##\n\n ##ticket.url##\n ##ENDFOREACHtickets##','&lt;table class=\"tab_cadre\" border=\"1\" cellspacing=\"2\" cellpadding=\"3\"&gt;\n&lt;tbody&gt;\n&lt;tr&gt;\n&lt;td style=\"text-align: left;\" width=\"auto\" bgcolor=\"#cccccc\"&gt;&lt;span style=\"font-size: 11px; text-align: left;\"&gt;##lang.ticket.authors##&lt;/span&gt;&lt;/td&gt;\n&lt;td style=\"text-align: left;\" width=\"auto\" bgcolor=\"#cccccc\"&gt;&lt;span style=\"font-size: 11px; text-align: left;\"&gt;##lang.ticket.title##&lt;/span&gt;&lt;/td&gt;\n&lt;td style=\"text-align: left;\" width=\"auto\" bgcolor=\"#cccccc\"&gt;&lt;span style=\"font-size: 11px; text-align: left;\"&gt;##lang.ticket.priority##&lt;/span&gt;&lt;/td&gt;\n&lt;td style=\"text-align: left;\" width=\"auto\" bgcolor=\"#cccccc\"&gt;&lt;span style=\"font-size: 11px; text-align: left;\"&gt;##lang.ticket.status##&lt;/span&gt;&lt;/td&gt;\n&lt;td style=\"text-align: left;\" width=\"auto\" bgcolor=\"#cccccc\"&gt;&lt;span style=\"font-size: 11px; text-align: left;\"&gt;##lang.ticket.attribution##&lt;/span&gt;&lt;/td&gt;\n&lt;td style=\"text-align: left;\" width=\"auto\" bgcolor=\"#cccccc\"&gt;&lt;span style=\"font-size: 11px; text-align: left;\"&gt;##lang.ticket.creationdate##&lt;/span&gt;&lt;/td&gt;\n&lt;td style=\"text-align: left;\" width=\"auto\" bgcolor=\"#cccccc\"&gt;&lt;span style=\"font-size: 11px; text-align: left;\"&gt;##lang.ticket.content##&lt;/span&gt;&lt;/td&gt;\n&lt;/tr&gt;\n##FOREACHtickets##\n&lt;tr&gt;\n&lt;td width=\"auto\"&gt;&lt;span style=\"font-size: 11px; text-align: left;\"&gt;##ticket.authors##&lt;/span&gt;&lt;/td&gt;\n&lt;td width=\"auto\"&gt;&lt;span style=\"font-size: 11px; text-align: left;\"&gt;&lt;a href=\"##ticket.url##\"&gt;##ticket.title##&lt;/a&gt;&lt;/span&gt;&lt;/td&gt;\n&lt;td width=\"auto\"&gt;&lt;span style=\"font-size: 11px; text-align: left;\"&gt;##ticket.priority##&lt;/span&gt;&lt;/td&gt;\n&lt;td width=\"auto\"&gt;&lt;span style=\"font-size: 11px; text-align: left;\"&gt;##ticket.status##&lt;/span&gt;&lt;/td&gt;\n&lt;td width=\"auto\"&gt;&lt;span style=\"font-size: 11px; text-align: left;\"&gt;##IFticket.assigntousers####ticket.assigntousers##&lt;br /&gt;##ENDIFticket.assigntousers####IFticket.assigntogroups##&lt;br /&gt;##ticket.assigntogroups## ##ENDIFticket.assigntogroups####IFticket.assigntosupplier##&lt;br /&gt;##ticket.assigntosupplier## ##ENDIFticket.assigntosupplier##&lt;/span&gt;&lt;/td&gt;\n&lt;td width=\"auto\"&gt;&lt;span style=\"font-size: 11px; text-align: left;\"&gt;##ticket.creationdate##&lt;/span&gt;&lt;/td&gt;\n&lt;td width=\"auto\"&gt;&lt;span style=\"font-size: 11px; text-align: left;\"&gt;##ticket.content##&lt;/span&gt;&lt;/td&gt;\n&lt;/tr&gt;\n##ENDFOREACHtickets##\n&lt;/tbody&gt;\n&lt;/table&gt;'),
(9,9,'','##consumable.action##  ##consumable.entity##','##lang.consumable.entity## : ##consumable.entity##\n\n\n##FOREACHconsumables##\n##lang.consumable.item## : ##consumable.item##\n\n\n##lang.consumable.reference## : ##consumable.reference##\n\n##lang.consumable.remaining## : ##consumable.remaining##\n\n##consumable.url##\n\n##ENDFOREACHconsumables##','&lt;p&gt;\n##lang.consumable.entity## : ##consumable.entity##\n&lt;br /&gt; &lt;br /&gt;##FOREACHconsumables##\n&lt;br /&gt;##lang.consumable.item## : ##consumable.item##&lt;br /&gt;\n&lt;br /&gt;##lang.consumable.reference## : ##consumable.reference##&lt;br /&gt;\n##lang.consumable.remaining## : ##consumable.remaining##&lt;br /&gt;\n&lt;a href=\"##consumable.url##\"&gt; ##consumable.url##&lt;/a&gt;&lt;br /&gt;\n   ##ENDFOREACHconsumables##&lt;/p&gt;'),
(10,8,'','##cartridge.action##  ##cartridge.entity##','##lang.cartridge.entity## : ##cartridge.entity##\n\n\n##FOREACHcartridges##\n##lang.cartridge.item## : ##cartridge.item##\n\n\n##lang.cartridge.reference## : ##cartridge.reference##\n\n##lang.cartridge.remaining## : ##cartridge.remaining##\n\n##cartridge.url##\n ##ENDFOREACHcartridges##','&lt;p&gt;##lang.cartridge.entity## : ##cartridge.entity##\n&lt;br /&gt; &lt;br /&gt;##FOREACHcartridges##\n&lt;br /&gt;##lang.cartridge.item## :\n##cartridge.item##&lt;br /&gt; &lt;br /&gt;\n##lang.cartridge.reference## :\n##cartridge.reference##&lt;br /&gt;\n##lang.cartridge.remaining## :\n##cartridge.remaining##&lt;br /&gt;\n&lt;a href=\"##cartridge.url##\"&gt;\n##cartridge.url##&lt;/a&gt;&lt;br /&gt;\n##ENDFOREACHcartridges##&lt;/p&gt;'),
(11,10,'','##infocom.action##  ##infocom.entity##','##lang.infocom.entity## : ##infocom.entity##\n\n\n##FOREACHinfocoms##\n\n##lang.infocom.itemtype## : ##infocom.itemtype##\n\n##lang.infocom.item## : ##infocom.item##\n\n\n##lang.infocom.expirationdate## : ##infocom.expirationdate##\n\n##infocom.url##\n ##ENDFOREACHinfocoms##','&lt;p&gt;##lang.infocom.entity## : ##infocom.entity##\n&lt;br /&gt; &lt;br /&gt;##FOREACHinfocoms##\n&lt;br /&gt;##lang.infocom.itemtype## : ##infocom.itemtype##&lt;br /&gt;\n##lang.infocom.item## : ##infocom.item##&lt;br /&gt; &lt;br /&gt;\n##lang.infocom.expirationdate## : ##infocom.expirationdate##\n&lt;br /&gt; &lt;a href=\"##infocom.url##\"&gt;\n##infocom.url##&lt;/a&gt;&lt;br /&gt;\n##ENDFOREACHinfocoms##&lt;/p&gt;'),
(12,11,'','##license.action##  ##license.entity##','##lang.license.entity## : ##license.entity##\n\n##FOREACHlicenses##\n\n##lang.license.item## : ##license.item##\n\n##lang.license.serial## : ##license.serial##\n\n##lang.license.expirationdate## : ##license.expirationdate##\n\n##license.url##\n ##ENDFOREACHlicenses##','&lt;p&gt;\n##lang.license.entity## : ##license.entity##&lt;br /&gt;\n##FOREACHlicenses##\n&lt;br /&gt;##lang.license.item## : ##license.item##&lt;br /&gt;\n##lang.license.serial## : ##license.serial##&lt;br /&gt;\n##lang.license.expirationdate## : ##license.expirationdate##\n&lt;br /&gt; &lt;a href=\"##license.url##\"&gt; ##license.url##\n&lt;/a&gt;&lt;br /&gt; ##ENDFOREACHlicenses##&lt;/p&gt;'),
(13,13,'','##user.action##','##user.realname## ##user.firstname##\n\n##lang.passwordforget.information##\n\n##lang.passwordforget.link## ##user.passwordforgeturl##','&lt;p&gt;&lt;strong&gt;##user.realname## ##user.firstname##&lt;/strong&gt;&lt;/p&gt;\n&lt;p&gt;##lang.passwordforget.information##&lt;/p&gt;\n&lt;p&gt;##lang.passwordforget.link## &lt;a title=\"##user.passwordforgeturl##\" href=\"##user.passwordforgeturl##\"&gt;##user.passwordforgeturl##&lt;/a&gt;&lt;/p&gt;'),
(14,14,'','##ticket.action## ##ticket.title##','##lang.ticket.title## : ##ticket.title##\r\n\r\n##lang.ticket.closedate## : ##ticket.closedate##\r\n\r\n##lang.satisfaction.text## ##ticket.urlsatisfaction##','&lt;p&gt;##lang.ticket.title## : ##ticket.title##&lt;/p&gt;&lt;p&gt;##lang.ticket.closedate## : ##ticket.closedate##&lt;/p&gt;&lt;p&gt;##lang.satisfaction.text## &lt;a href=\"##ticket.urlsatisfaction##\"&gt;##ticket.urlsatisfaction##&lt;/a&gt;&lt;/p&gt;'),
(15,15,'','##lang.unicity.action##','##lang.unicity.entity## : ##unicity.entity##\n\n##lang.unicity.itemtype## : ##unicity.itemtype##\n\n##lang.unicity.message## : ##unicity.message##\n\n##lang.unicity.action_user## : ##unicity.action_user##\n\n##lang.unicity.action_type## : ##unicity.action_type##\n\n##lang.unicity.date## : ##unicity.date##','&lt;p&gt;##lang.unicity.entity## : ##unicity.entity##&lt;/p&gt;\n&lt;p&gt;##lang.unicity.itemtype## : ##unicity.itemtype##&lt;/p&gt;\n&lt;p&gt;##lang.unicity.message## : ##unicity.message##&lt;/p&gt;\n&lt;p&gt;##lang.unicity.action_user## : ##unicity.action_user##&lt;/p&gt;\n&lt;p&gt;##lang.unicity.action_type## : ##unicity.action_type##&lt;/p&gt;\n&lt;p&gt;##lang.unicity.date## : ##unicity.date##&lt;/p&gt;'),
(16,16,'','##crontask.action##','##lang.crontask.warning##\n\n##FOREACHcrontasks##\n ##crontask.name## : ##crontask.description##\n\n##ENDFOREACHcrontasks##','&lt;p&gt;##lang.crontask.warning##&lt;/p&gt;\n&lt;p&gt;##FOREACHcrontasks## &lt;br /&gt;&lt;a href=\"##crontask.url##\"&gt;##crontask.name##&lt;/a&gt; : ##crontask.description##&lt;br /&gt; &lt;br /&gt;##ENDFOREACHcrontasks##&lt;/p&gt;'),
(17,17,'','##problem.action## ##problem.title##','##IFproblem.storestatus=5##\n ##lang.problem.url## : ##problem.urlapprove##\n ##lang.problem.solvedate## : ##problem.solvedate##\n ##lang.problem.solution.type## : ##problem.solution.type##\n ##lang.problem.solution.description## : ##problem.solution.description## ##ENDIFproblem.storestatus##\n ##ELSEproblem.storestatus## ##lang.problem.url## : ##problem.url## ##ENDELSEproblem.storestatus##\n\n ##lang.problem.description##\n\n ##lang.problem.title##  :##problem.title##\n ##lang.problem.authors##  :##IFproblem.authors## ##problem.authors## ##ENDIFproblem.authors## ##ELSEproblem.authors##--##ENDELSEproblem.authors##\n ##lang.problem.creationdate##  :##problem.creationdate##\n ##IFproblem.assigntousers## ##lang.problem.assigntousers##  : ##problem.assigntousers## ##ENDIFproblem.assigntousers##\n ##lang.problem.status##  : ##problem.status##\n ##IFproblem.assigntogroups## ##lang.problem.assigntogroups##  : ##problem.assigntogroups## ##ENDIFproblem.assigntogroups##\n ##lang.problem.urgency##  : ##problem.urgency##\n ##lang.problem.impact##  : ##problem.impact##\n ##lang.problem.priority## : ##problem.priority##\n##IFproblem.category## ##lang.problem.category##  :##problem.category## ##ENDIFproblem.category## ##ELSEproblem.category## ##lang.problem.nocategoryassigned## ##ENDELSEproblem.category##\n ##lang.problem.content##  : ##problem.content##\n\n##IFproblem.storestatus=6##\n ##lang.problem.solvedate## : ##problem.solvedate##\n ##lang.problem.solution.type## : ##problem.solution.type##\n ##lang.problem.solution.description## : ##problem.solution.description##\n##ENDIFproblem.storestatus##\n ##lang.problem.numberoftickets## : ##problem.numberoftickets##\n\n##FOREACHtickets##\n [##ticket.date##] ##lang.problem.title## : ##ticket.title##\n ##lang.problem.content## ##ticket.content##\n\n##ENDFOREACHtickets##\n ##lang.problem.numberoftasks## : ##problem.numberoftasks##\n\n##FOREACHtasks##\n [##task.date##]\n ##lang.task.author## ##task.author##\n ##lang.task.description## ##task.description##\n ##lang.task.time## ##task.time##\n ##lang.task.category## ##task.category##\n\n##ENDFOREACHtasks##\n','&lt;p&gt;##IFproblem.storestatus=5##&lt;/p&gt;\n&lt;div&gt;##lang.problem.url## : &lt;a href=\"##problem.urlapprove##\"&gt;##problem.urlapprove##&lt;/a&gt;&lt;/div&gt;\n&lt;div&gt;&lt;span style=\"color: #888888;\"&gt;&lt;strong&gt;&lt;span style=\"text-decoration: underline;\"&gt;##lang.problem.solvedate##&lt;/span&gt;&lt;/strong&gt;&lt;/span&gt; : ##problem.solvedate##&lt;br /&gt;&lt;span style=\"text-decoration: underline; color: #888888;\"&gt;&lt;strong&gt;##lang.problem.solution.type##&lt;/strong&gt;&lt;/span&gt; : ##problem.solution.type##&lt;br /&gt;&lt;span style=\"text-decoration: underline; color: #888888;\"&gt;&lt;strong&gt;##lang.problem.solution.description##&lt;/strong&gt;&lt;/span&gt; : ##problem.solution.description## ##ENDIFproblem.storestatus##&lt;/div&gt;\n&lt;div&gt;##ELSEproblem.storestatus## ##lang.problem.url## : &lt;a href=\"##problem.url##\"&gt;##problem.url##&lt;/a&gt; ##ENDELSEproblem.storestatus##&lt;/div&gt;\n&lt;p class=\"description b\"&gt;&lt;strong&gt;##lang.problem.description##&lt;/strong&gt;&lt;/p&gt;\n&lt;p&gt;&lt;span style=\"color: #8b8c8f; font-weight: bold; text-decoration: underline;\"&gt; ##lang.problem.title##&lt;/span&gt;&#160;:##problem.title## &lt;br /&gt; &lt;span style=\"color: #8b8c8f; font-weight: bold; text-decoration: underline;\"&gt; ##lang.problem.authors##&lt;/span&gt;&#160;:##IFproblem.authors## ##problem.authors## ##ENDIFproblem.authors##    ##ELSEproblem.authors##--##ENDELSEproblem.authors## &lt;br /&gt; &lt;span style=\"color: #8b8c8f; font-weight: bold; text-decoration: underline;\"&gt; ##lang.problem.creationdate##&lt;/span&gt;&#160;:##problem.creationdate## &lt;br /&gt; ##IFproblem.assigntousers## &lt;span style=\"color: #8b8c8f; font-weight: bold; text-decoration: underline;\"&gt; ##lang.problem.assigntousers##&lt;/span&gt;&#160;: ##problem.assigntousers## ##ENDIFproblem.assigntousers##&lt;br /&gt; &lt;span style=\"color: #8b8c8f; font-weight: bold; text-decoration: underline;\"&gt;##lang.problem.status## &lt;/span&gt;&#160;: ##problem.status##&lt;br /&gt; ##IFproblem.assigntogroups## &lt;span style=\"color: #8b8c8f; font-weight: bold; text-decoration: underline;\"&gt; ##lang.problem.assigntogroups##&lt;/span&gt;&#160;: ##problem.assigntogroups## ##ENDIFproblem.assigntogroups##&lt;br /&gt; &lt;span style=\"color: #8b8c8f; font-weight: bold; text-decoration: underline;\"&gt; ##lang.problem.urgency##&lt;/span&gt;&#160;: ##problem.urgency##&lt;br /&gt; &lt;span style=\"color: #8b8c8f; font-weight: bold; text-decoration: underline;\"&gt; ##lang.problem.impact##&lt;/span&gt;&#160;: ##problem.impact##&lt;br /&gt; &lt;span style=\"color: #8b8c8f; font-weight: bold; text-decoration: underline;\"&gt; ##lang.problem.priority##&lt;/span&gt; : ##problem.priority## &lt;br /&gt;##IFproblem.category##&lt;span style=\"color: #8b8c8f; font-weight: bold; text-decoration: underline;\"&gt;##lang.problem.category## &lt;/span&gt;&#160;:##problem.category##  ##ENDIFproblem.category## ##ELSEproblem.category##  ##lang.problem.nocategoryassigned## ##ENDELSEproblem.category##    &lt;br /&gt; &lt;span style=\"color: #8b8c8f; font-weight: bold; text-decoration: underline;\"&gt; ##lang.problem.content##&lt;/span&gt;&#160;: ##problem.content##&lt;/p&gt;\n&lt;p&gt;##IFproblem.storestatus=6##&lt;br /&gt;&lt;span style=\"text-decoration: underline;\"&gt;&lt;strong&gt;&lt;span style=\"color: #888888;\"&gt;##lang.problem.solvedate##&lt;/span&gt;&lt;/strong&gt;&lt;/span&gt; : ##problem.solvedate##&lt;br /&gt;&lt;span style=\"color: #888888;\"&gt;&lt;strong&gt;&lt;span style=\"text-decoration: underline;\"&gt;##lang.problem.solution.type##&lt;/span&gt;&lt;/strong&gt;&lt;/span&gt; : ##problem.solution.type##&lt;br /&gt;&lt;span style=\"text-decoration: underline; color: #888888;\"&gt;&lt;strong&gt;##lang.problem.solution.description##&lt;/strong&gt;&lt;/span&gt; : ##problem.solution.description##&lt;br /&gt;##ENDIFproblem.storestatus##&lt;/p&gt;\n&lt;div class=\"description b\"&gt;##lang.problem.numberoftickets##&#160;: ##problem.numberoftickets##&lt;/div&gt;\n&lt;p&gt;##FOREACHtickets##&lt;/p&gt;\n&lt;div&gt;&lt;strong&gt; [##ticket.date##] &lt;em&gt;##lang.problem.title## : &lt;a href=\"##ticket.url##\"&gt;##ticket.title## &lt;/a&gt;&lt;/em&gt;&lt;/strong&gt;&lt;br /&gt; &lt;span style=\"color: #8b8c8f; font-weight: bold; text-decoration: underline;\"&gt; &lt;/span&gt;&lt;span style=\"color: #8b8c8f; font-weight: bold; text-decoration: underline;\"&gt;##lang.problem.content## &lt;/span&gt; ##ticket.content##\n&lt;p&gt;##ENDFOREACHtickets##&lt;/p&gt;\n&lt;div class=\"description b\"&gt;##lang.problem.numberoftasks##&#160;: ##problem.numberoftasks##&lt;/div&gt;\n&lt;p&gt;##FOREACHtasks##&lt;/p&gt;\n&lt;div class=\"description b\"&gt;&lt;strong&gt;[##task.date##] &lt;/strong&gt;&lt;br /&gt; &lt;span style=\"color: #8b8c8f; font-weight: bold; text-decoration: underline;\"&gt; ##lang.task.author##&lt;/span&gt; ##task.author##&lt;br /&gt; &lt;span style=\"color: #8b8c8f; font-weight: bold; text-decoration: underline;\"&gt; ##lang.task.description##&lt;/span&gt; ##task.description##&lt;br /&gt; &lt;span style=\"color: #8b8c8f; font-weight: bold; text-decoration: underline;\"&gt; ##lang.task.time##&lt;/span&gt; ##task.time##&lt;br /&gt; &lt;span style=\"color: #8b8c8f; font-weight: bold; text-decoration: underline;\"&gt; ##lang.task.category##&lt;/span&gt; ##task.category##&lt;/div&gt;\n&lt;p&gt;##ENDFOREACHtasks##&lt;/p&gt;\n&lt;/div&gt;'),
(18,18,'','##recall.action##: ##recall.item.name##','##recall.action##: ##recall.item.name##\n\n##recall.item.content##\n\n##lang.recall.planning.begin##: ##recall.planning.begin##\n##lang.recall.planning.end##: ##recall.planning.end##\n##lang.recall.planning.state##: ##recall.planning.state##\n##lang.recall.item.private##: ##recall.item.private##','&lt;p&gt;##recall.action##: &lt;a href=\"##recall.item.url##\"&gt;##recall.item.name##&lt;/a&gt;&lt;/p&gt;\n&lt;p&gt;##recall.item.content##&lt;/p&gt;\n&lt;p&gt;##lang.recall.planning.begin##: ##recall.planning.begin##&lt;br /&gt;##lang.recall.planning.end##: ##recall.planning.end##&lt;br /&gt;##lang.recall.planning.state##: ##recall.planning.state##&lt;br /&gt;##lang.recall.item.private##: ##recall.item.private##&lt;br /&gt;&lt;br /&gt;&lt;/p&gt;\n&lt;p&gt;&lt;br /&gt;&lt;br /&gt;&lt;/p&gt;'),
(19,19,'','##change.action## ##change.title##','##IFchange.storestatus=5##\n ##lang.change.url## : ##change.urlapprove##\n ##lang.change.solvedate## : ##change.solvedate##\n ##lang.change.solution.type## : ##change.solution.type##\n ##lang.change.solution.description## : ##change.solution.description## ##ENDIFchange.storestatus##\n ##ELSEchange.storestatus## ##lang.change.url## : ##change.url## ##ENDELSEchange.storestatus##\n\n ##lang.change.description##\n\n ##lang.change.title##  :##change.title##\n ##lang.change.authors##  :##IFchange.authors## ##change.authors## ##ENDIFchange.authors## ##ELSEchange.authors##--##ENDELSEchange.authors##\n ##lang.change.creationdate##  :##change.creationdate##\n ##IFchange.assigntousers## ##lang.change.assigntousers##  : ##change.assigntousers## ##ENDIFchange.assigntousers##\n ##lang.change.status##  : ##change.status##\n ##IFchange.assigntogroups## ##lang.change.assigntogroups##  : ##change.assigntogroups## ##ENDIFchange.assigntogroups##\n ##lang.change.urgency##  : ##change.urgency##\n ##lang.change.impact##  : ##change.impact##\n ##lang.change.priority## : ##change.priority##\n##IFchange.category## ##lang.change.category##  :##change.category## ##ENDIFchange.category## ##ELSEchange.category## ##lang.change.nocategoryassigned## ##ENDELSEchange.category##\n ##lang.change.content##  : ##change.content##\n\n##IFchange.storestatus=6##\n ##lang.change.solvedate## : ##change.solvedate##\n ##lang.change.solution.type## : ##change.solution.type##\n ##lang.change.solution.description## : ##change.solution.description##\n##ENDIFchange.storestatus##\n ##lang.change.numberofproblems## : ##change.numberofproblems##\n\n##FOREACHproblems##\n [##problem.date##] ##lang.change.title## : ##problem.title##\n ##lang.change.content## ##problem.content##\n\n##ENDFOREACHproblems##\n ##lang.change.numberoftasks## : ##change.numberoftasks##\n\n##FOREACHtasks##\n [##task.date##]\n ##lang.task.author## ##task.author##\n ##lang.task.description## ##task.description##\n ##lang.task.time## ##task.time##\n ##lang.task.category## ##task.category##\n\n##ENDFOREACHtasks##\n','&lt;p&gt;##IFchange.storestatus=5##&lt;/p&gt;\n&lt;div&gt;##lang.change.url## : &lt;a href=\"##change.urlapprove##\"&gt;##change.urlapprove##&lt;/a&gt;&lt;/div&gt;\n&lt;div&gt;&lt;span style=\"color: #888888;\"&gt;&lt;strong&gt;&lt;span style=\"text-decoration: underline;\"&gt;##lang.change.solvedate##&lt;/span&gt;&lt;/strong&gt;&lt;/span&gt; : ##change.solvedate##&lt;br /&gt;&lt;span style=\"text-decoration: underline; color: #888888;\"&gt;&lt;strong&gt;##lang.change.solution.type##&lt;/strong&gt;&lt;/span&gt; : ##change.solution.type##&lt;br /&gt;&lt;span style=\"text-decoration: underline; color: #888888;\"&gt;&lt;strong&gt;##lang.change.solution.description##&lt;/strong&gt;&lt;/span&gt; : ##change.solution.description## ##ENDIFchange.storestatus##&lt;/div&gt;\n&lt;div&gt;##ELSEchange.storestatus## ##lang.change.url## : &lt;a href=\"##change.url##\"&gt;##change.url##&lt;/a&gt; ##ENDELSEchange.storestatus##&lt;/div&gt;\n&lt;p class=\"description b\"&gt;&lt;strong&gt;##lang.change.description##&lt;/strong&gt;&lt;/p&gt;\n&lt;p&gt;&lt;span style=\"color: #8b8c8f; font-weight: bold; text-decoration: underline;\"&gt; ##lang.change.title##&lt;/span&gt;&#160;:##change.title## &lt;br /&gt; &lt;span style=\"color: #8b8c8f; font-weight: bold; text-decoration: underline;\"&gt; ##lang.change.authors##&lt;/span&gt;&#160;:##IFchange.authors## ##change.authors## ##ENDIFchange.authors##    ##ELSEchange.authors##--##ENDELSEchange.authors## &lt;br /&gt; &lt;span style=\"color: #8b8c8f; font-weight: bold; text-decoration: underline;\"&gt; ##lang.change.creationdate##&lt;/span&gt;&#160;:##change.creationdate## &lt;br /&gt; ##IFchange.assigntousers## &lt;span style=\"color: #8b8c8f; font-weight: bold; text-decoration: underline;\"&gt; ##lang.change.assigntousers##&lt;/span&gt;&#160;: ##change.assigntousers## ##ENDIFchange.assigntousers##&lt;br /&gt; &lt;span style=\"color: #8b8c8f; font-weight: bold; text-decoration: underline;\"&gt;##lang.change.status## &lt;/span&gt;&#160;: ##change.status##&lt;br /&gt; ##IFchange.assigntogroups## &lt;span style=\"color: #8b8c8f; font-weight: bold; text-decoration: underline;\"&gt; ##lang.change.assigntogroups##&lt;/span&gt;&#160;: ##change.assigntogroups## ##ENDIFchange.assigntogroups##&lt;br /&gt; &lt;span style=\"color: #8b8c8f; font-weight: bold; text-decoration: underline;\"&gt; ##lang.change.urgency##&lt;/span&gt;&#160;: ##change.urgency##&lt;br /&gt; &lt;span style=\"color: #8b8c8f; font-weight: bold; text-decoration: underline;\"&gt; ##lang.change.impact##&lt;/span&gt;&#160;: ##change.impact##&lt;br /&gt; &lt;span style=\"color: #8b8c8f; font-weight: bold; text-decoration: underline;\"&gt; ##lang.change.priority##&lt;/span&gt; : ##change.priority## &lt;br /&gt;##IFchange.category##&lt;span style=\"color: #8b8c8f; font-weight: bold; text-decoration: underline;\"&gt;##lang.change.category## &lt;/span&gt;&#160;:##change.category##  ##ENDIFchange.category## ##ELSEchange.category##  ##lang.change.nocategoryassigned## ##ENDELSEchange.category##    &lt;br /&gt; &lt;span style=\"color: #8b8c8f; font-weight: bold; text-decoration: underline;\"&gt; ##lang.change.content##&lt;/span&gt;&#160;: ##change.content##&lt;/p&gt;\n&lt;p&gt;##IFchange.storestatus=6##&lt;br /&gt;&lt;span style=\"text-decoration: underline;\"&gt;&lt;strong&gt;&lt;span style=\"color: #888888;\"&gt;##lang.change.solvedate##&lt;/span&gt;&lt;/strong&gt;&lt;/span&gt; : ##change.solvedate##&lt;br /&gt;&lt;span style=\"color: #888888;\"&gt;&lt;strong&gt;&lt;span style=\"text-decoration: underline;\"&gt;##lang.change.solution.type##&lt;/span&gt;&lt;/strong&gt;&lt;/span&gt; : ##change.solution.type##&lt;br /&gt;&lt;span style=\"text-decoration: underline; color: #888888;\"&gt;&lt;strong&gt;##lang.change.solution.description##&lt;/strong&gt;&lt;/span&gt; : ##change.solution.description##&lt;br /&gt;##ENDIFchange.storestatus##&lt;/p&gt;\n&lt;div class=\"description b\"&gt;##lang.change.numberofproblems##&#160;: ##change.numberofproblems##&lt;/div&gt;\n&lt;p&gt;##FOREACHproblems##&lt;/p&gt;\n&lt;div&gt;&lt;strong&gt; [##problem.date##] &lt;em&gt;##lang.change.title## : &lt;a href=\"##problem.url##\"&gt;##problem.title## &lt;/a&gt;&lt;/em&gt;&lt;/strong&gt;&lt;br /&gt; &lt;span style=\"color: #8b8c8f; font-weight: bold; text-decoration: underline;\"&gt; &lt;/span&gt;&lt;span style=\"color: #8b8c8f; font-weight: bold; text-decoration: underline;\"&gt;##lang.change.content## &lt;/span&gt; ##problem.content##\n&lt;p&gt;##ENDFOREACHproblems##&lt;/p&gt;\n&lt;div class=\"description b\"&gt;##lang.change.numberoftasks##&#160;: ##change.numberoftasks##&lt;/div&gt;\n&lt;p&gt;##FOREACHtasks##&lt;/p&gt;\n&lt;div class=\"description b\"&gt;&lt;strong&gt;[##task.date##] &lt;/strong&gt;&lt;br /&gt; &lt;span style=\"color: #8b8c8f; font-weight: bold; text-decoration: underline;\"&gt; ##lang.task.author##&lt;/span&gt; ##task.author##&lt;br /&gt; &lt;span style=\"color: #8b8c8f; font-weight: bold; text-decoration: underline;\"&gt; ##lang.task.description##&lt;/span&gt; ##task.description##&lt;br /&gt; &lt;span style=\"color: #8b8c8f; font-weight: bold; text-decoration: underline;\"&gt; ##lang.task.time##&lt;/span&gt; ##task.time##&lt;br /&gt; &lt;span style=\"color: #8b8c8f; font-weight: bold; text-decoration: underline;\"&gt; ##lang.task.category##&lt;/span&gt; ##task.category##&lt;/div&gt;\n&lt;p&gt;##ENDFOREACHtasks##&lt;/p&gt;\n&lt;/div&gt;'),
(20,20,'','##mailcollector.action##','##FOREACHmailcollectors##\n##lang.mailcollector.name## : ##mailcollector.name##\n##lang.mailcollector.errors## : ##mailcollector.errors##\n##mailcollector.url##\n##ENDFOREACHmailcollectors##','&lt;p&gt;##FOREACHmailcollectors##&lt;br /&gt;##lang.mailcollector.name## : ##mailcollector.name##&lt;br /&gt; ##lang.mailcollector.errors## : ##mailcollector.errors##&lt;br /&gt;&lt;a href=\"##mailcollector.url##\"&gt;##mailcollector.url##&lt;/a&gt;&lt;br /&gt; ##ENDFOREACHmailcollectors##&lt;/p&gt;\n&lt;p&gt;&lt;/p&gt;'),
(21,21,'','##project.action## ##project.name## ##project.code##','##lang.project.url## : ##project.url##\n\n##lang.project.description##\n\n##lang.project.name## : ##project.name##\n##lang.project.code## : ##project.code##\n##lang.project.manager## : ##project.manager##\n##lang.project.managergroup## : ##project.managergroup##\n##lang.project.creationdate## : ##project.creationdate##\n##lang.project.priority## : ##project.priority##\n##lang.project.state## : ##project.state##\n##lang.project.type## : ##project.type##\n##lang.project.description## : ##project.description##\n\n##lang.project.numberoftasks## : ##project.numberoftasks##\n\n\n\n##FOREACHtasks##\n\n[##task.creationdate##]\n##lang.task.name## : ##task.name##\n##lang.task.state## : ##task.state##\n##lang.task.type## : ##task.type##\n##lang.task.percent## : ##task.percent##\n##lang.task.description## : ##task.description##\n\n##ENDFOREACHtasks##','&lt;p&gt;##lang.project.url## : &lt;a href=\"##project.url##\"&gt;##project.url##&lt;/a&gt;&lt;/p&gt;\n&lt;p&gt;&lt;strong&gt;##lang.project.description##&lt;/strong&gt;&lt;/p&gt;\n&lt;p&gt;##lang.project.name## : ##project.name##&lt;br /&gt;##lang.project.code## : ##project.code##&lt;br /&gt; ##lang.project.manager## : ##project.manager##&lt;br /&gt;##lang.project.managergroup## : ##project.managergroup##&lt;br /&gt; ##lang.project.creationdate## : ##project.creationdate##&lt;br /&gt;##lang.project.priority## : ##project.priority## &lt;br /&gt;##lang.project.state## : ##project.state##&lt;br /&gt;##lang.project.type## : ##project.type##&lt;br /&gt;##lang.project.description## : ##project.description##&lt;/p&gt;\n&lt;p&gt;##lang.project.numberoftasks## : ##project.numberoftasks##&lt;/p&gt;\n&lt;div&gt;\n&lt;p&gt;##FOREACHtasks##&lt;/p&gt;\n&lt;div&gt;&lt;strong&gt;[##task.creationdate##] &lt;/strong&gt;&lt;br /&gt; ##lang.task.name## : ##task.name##&lt;br /&gt;##lang.task.state## : ##task.state##&lt;br /&gt;##lang.task.type## : ##task.type##&lt;br /&gt;##lang.task.percent## : ##task.percent##&lt;br /&gt;##lang.task.description## : ##task.description##&lt;/div&gt;\n&lt;p&gt;##ENDFOREACHtasks##&lt;/p&gt;\n&lt;/div&gt;'),
(22,22,'','##projecttask.action## ##projecttask.name##','##lang.projecttask.url## : ##projecttask.url##\n\n##lang.projecttask.description##\n\n##lang.projecttask.name## : ##projecttask.name##\n##lang.projecttask.project## : ##projecttask.project##\n##lang.projecttask.creationdate## : ##projecttask.creationdate##\n##lang.projecttask.state## : ##projecttask.state##\n##lang.projecttask.type## : ##projecttask.type##\n##lang.projecttask.description## : ##projecttask.description##\n\n##lang.projecttask.numberoftasks## : ##projecttask.numberoftasks##\n\n\n\n##FOREACHtasks##\n\n[##task.creationdate##]\n##lang.task.name## : ##task.name##\n##lang.task.state## : ##task.state##\n##lang.task.type## : ##task.type##\n##lang.task.percent## : ##task.percent##\n##lang.task.description## : ##task.description##\n\n##ENDFOREACHtasks##','&lt;p&gt;##lang.projecttask.url## : &lt;a href=\"##projecttask.url##\"&gt;##projecttask.url##&lt;/a&gt;&lt;/p&gt;\n&lt;p&gt;&lt;strong&gt;##lang.projecttask.description##&lt;/strong&gt;&lt;/p&gt;\n&lt;p&gt;##lang.projecttask.name## : ##projecttask.name##&lt;br /&gt;##lang.projecttask.project## : &lt;a href=\"##projecttask.projecturl##\"&gt;##projecttask.project##&lt;/a&gt;&lt;br /&gt;##lang.projecttask.creationdate## : ##projecttask.creationdate##&lt;br /&gt;##lang.projecttask.state## : ##projecttask.state##&lt;br /&gt;##lang.projecttask.type## : ##projecttask.type##&lt;br /&gt;##lang.projecttask.description## : ##projecttask.description##&lt;/p&gt;\n&lt;p&gt;##lang.projecttask.numberoftasks## : ##projecttask.numberoftasks##&lt;/p&gt;\n&lt;div&gt;\n&lt;p&gt;##FOREACHtasks##&lt;/p&gt;\n&lt;div&gt;&lt;strong&gt;[##task.creationdate##] &lt;/strong&gt;&lt;br /&gt;##lang.task.name## : ##task.name##&lt;br /&gt;##lang.task.state## : ##task.state##&lt;br /&gt;##lang.task.type## : ##task.type##&lt;br /&gt;##lang.task.percent## : ##task.percent##&lt;br /&gt;##lang.task.description## : ##task.description##&lt;/div&gt;\n&lt;p&gt;##ENDFOREACHtasks##&lt;/p&gt;\n&lt;/div&gt;'),
(23,23,'','##objectlock.action##','##objectlock.type## ###objectlock.id## - ##objectlock.name##\n\n      ##lang.objectlock.url##\n      ##objectlock.url##\n\n      ##lang.objectlock.date_mod##\n      ##objectlock.date_mod##\n\n      Hello ##objectlock.lockedby.firstname##,\n      Could go to this item and unlock it for me?\n      Thank you,\n      Regards,\n      ##objectlock.requester.firstname##','&lt;table&gt;\n      &lt;tbody&gt;\n      &lt;tr&gt;&lt;th colspan=\"2\"&gt;&lt;a href=\"##objectlock.url##\"&gt;##objectlock.type## ###objectlock.id## - ##objectlock.name##&lt;/a&gt;&lt;/th&gt;&lt;/tr&gt;\n      &lt;tr&gt;\n      &lt;td&gt;##lang.objectlock.url##&lt;/td&gt;\n      &lt;td&gt;##objectlock.url##&lt;/td&gt;\n      &lt;/tr&gt;\n      &lt;tr&gt;\n      &lt;td&gt;##lang.objectlock.date_mod##&lt;/td&gt;\n      &lt;td&gt;##objectlock.date_mod##&lt;/td&gt;\n      &lt;/tr&gt;\n      &lt;/tbody&gt;\n      &lt;/table&gt;\n      &lt;p&gt;&lt;span style=\"font-size: small;\"&gt;Hello ##objectlock.lockedby.firstname##,&lt;br /&gt;Could go to this item and unlock it for me?&lt;br /&gt;Thank you,&lt;br /&gt;Regards,&lt;br /&gt;##objectlock.requester.firstname## ##objectlock.requester.lastname##&lt;/span&gt;&lt;/p&gt;'),
(24,24,'','##savedsearch.action## ##savedsearch.name##','##savedsearch.type## ###savedsearch.id## - ##savedsearch.name##\n\n      ##savedsearch.message##\n\n      ##lang.savedsearch.url##\n      ##savedsearch.url##\n\n      Regards,','&lt;table&gt;\n      &lt;tbody&gt;\n      &lt;tr&gt;&lt;th colspan=\"2\"&gt;&lt;a href=\"##savedsearch.url##\"&gt;##savedsearch.type## ###savedsearch.id## - ##savedsearch.name##&lt;/a&gt;&lt;/th&gt;&lt;/tr&gt;\n      &lt;tr&gt;&lt;td colspan=\"2\"&gt;&lt;a href=\"##savedsearch.url##\"&gt;##savedsearch.message##&lt;/a&gt;&lt;/td&gt;&lt;/tr&gt;\n      &lt;tr&gt;\n      &lt;td&gt;##lang.savedsearch.url##&lt;/td&gt;\n      &lt;td&gt;##savedsearch.url##&lt;/td&gt;\n      &lt;/tr&gt;\n      &lt;/tbody&gt;\n      &lt;/table&gt;\n      &lt;p&gt;&lt;span style=\"font-size: small;\"&gt;Hello &lt;br /&gt;Regards,&lt;/span&gt;&lt;/p&gt;'),
(25,25,'','##certificate.action##  ##certificate.entity##','##lang.certificate.entity## : ##certificate.entity##\n\n##FOREACHcertificates##\n\n##lang.certificate.serial## : ##certificate.serial##\n\n##lang.certificate.expirationdate## : ##certificate.expirationdate##\n\n##certificate.url##\n ##ENDFOREACHcertificates##','&lt;p&gt;\n##lang.certificate.entity## : ##certificate.entity##&lt;br /&gt;\n##FOREACHcertificates##\n&lt;br /&gt;##lang.certificate.name## : ##certificate.name##&lt;br /&gt;\n##lang.certificate.serial## : ##certificate.serial##&lt;br /&gt;\n##lang.certificate.expirationdate## : ##certificate.expirationdate##\n&lt;br /&gt; &lt;a href=\"##certificate.url##\"&gt; ##certificate.url##\n&lt;/a&gt;&lt;br /&gt; ##ENDFOREACHcertificates##&lt;/p&gt;'),
(49,49,'','Nouveau ticket','Titre :       ##ticket.title## \r\nDescription : ##ticket.content## \r\n\r\n---\r\n\r\nCatégorie : ##ticket.category##\r\nUrgence :   ##ticket.urgency##\r\n\r\nTicket ouvert le ##ticket.creationdate##\r\n##IFticket.authors##Par ##ticket.authors## ##ENDIFticket.authors##',''),
(50,50,'','','##FOREACHvalidations##\r\n##IFvalidation.storestatus=2##\r\n##validation.submission.title##\r\n##lang.validation.commentsubmission## : ##validation.commentsubmission##\r\n##ENDIFvalidation.storestatus##\r\n##ELSEvalidation.storestatus## ##validation.answer.title## ##ENDELSEvalidation.storestatus##\r\n\r\n##lang.ticket.url## : &lt;a href=\"http://lab.sq.synairgis.net/plugins/formcreator/front/issue.form.php?id=##ticket.id##&amp;sub_itemtype=Ticket\"&gt;Ticket&lt;/a&gt;\r\n\r\n##IFvalidation.status## ##lang.validation.status## : ##validation.status## ##ENDIFvalidation.status## \r\n##IFvalidation.commentvalidation##\r\n##lang.validation.commentvalidation## : ##validation.commentvalidation##\r\n##ENDIFvalidation.commentvalidation## \r\n##ENDFOREACHvalidations##','&lt;div&gt;##FOREACHvalidations##&lt;/div&gt;&lt;p&gt;##IFvalidation.storestatus=2##&lt;/p&gt;&lt;div&gt;##validation.submission.title##&lt;/div&gt;&lt;div&gt;##lang.validation.commentsubmission## : ##validation.commentsubmission##&lt;/div&gt;&lt;div&gt;##ENDIFvalidation.storestatus##&lt;/div&gt;&lt;div&gt;##ELSEvalidation.storestatus## ##validation.answer.title## ##ENDELSEvalidation.storestatus##&lt;/div&gt;&lt;div&gt; &lt;/div&gt;&lt;div&gt;&lt;div&gt;##lang.ticket.url## : &lt;a href=\"http://lab.sq.synairgis.net/plugins/formcreator/front/issue.form.php?id=##ticket.id##&amp;sub_itemtype=Ticket\"&gt;Ticket&lt;/a&gt;&lt;/div&gt;&lt;/div&gt;&lt;p&gt;##IFvalidation.status## ##lang.validation.status## : ##validation.status## ##ENDIFvalidation.status## &lt;br /&gt;##IFvalidation.commentvalidation##&lt;br /&gt;##lang.validation.commentvalidation## :   ##validation.commentvalidation##&lt;br /&gt;##ENDIFvalidation.commentvalidation## &lt;br /&gt;##ENDFOREACHvalidations##&lt;/p&gt;'),
(66,24,'','##lang.ordervalidation.title##','##lang.ordervalidation.url## : ##ordervalidation.url##\n               ##lang.ordervalidation.entity## : ##ordervalidation.entity##\n               ##IFordervalidation.name####lang.ordervalidation.name## : ##ordervalidation.name##\n               ##ENDIFordervalidation.name##\n               ##IFordervalidation.numorder####lang.ordervalidation.numorder## : ##ordervalidation.numorder##\n               ##ENDIFordervalidation.numorder##\n               ##IFordervalidation.orderdate####lang.ordervalidation.orderdate##  : ##ordervalidation.orderdate####ENDIFordervalidation.orderdate##\n               ##IFordervalidation.state####lang.ordervalidation.state## : ##ordervalidation.state####ENDIFordervalidation.state##\n               ##IFordervalidation.users####lang.ordervalidation.users## : ##ordervalidation.users####ENDIFordervalidation.users##\n\n               ##IFordervalidation.comment####lang.ordervalidation.comment## : ##ordervalidation.comment####ENDIFordervalidation.comment##','&lt;p&gt;&lt;strong&gt;##lang.ordervalidation.url##&lt;/strong&gt; : &lt;a href=\"##ordervalidation.url##\"&gt;##ordervalidation.url##&lt;/a&gt;&lt;br /&gt;&lt;br /&gt;&lt;strong&gt;##lang.ordervalidation.entity##&lt;/strong&gt; : ##ordervalidation.entity##&lt;br /&gt; ##IFordervalidation.name##&lt;strong&gt;##lang.ordervalidation.name##&lt;/strong&gt; : ##ordervalidation.name####ENDIFordervalidation.name##&lt;br /&gt;##IFordervalidation.numorder##&lt;strong&gt;##lang.ordervalidation.numorder##&lt;/strong&gt; : ##ordervalidation.numorder####ENDIFordervalidation.numorder##&lt;br /&gt;##IFordervalidation.orderdate##&lt;strong&gt;##lang.ordervalidation.orderdate##&lt;/strong&gt; : ##ordervalidation.orderdate####ENDIFordervalidation.orderdate##&lt;br /&gt;##IFordervalidation.state##&lt;strong&gt;##lang.ordervalidation.state##&lt;/strong&gt; : ##ordervalidation.state####ENDIFordervalidation.state##&lt;br /&gt;##IFordervalidation.users##&lt;strong&gt;##lang.ordervalidation.users##&lt;/strong&gt; : ##ordervalidation.users####ENDIFordervalidation.users##&lt;br /&gt;&lt;br /&gt;##IFordervalidation.comment##&lt;strong&gt;##lang.ordervalidation.comment##&lt;/strong&gt; : ##ordervalidation.comment####ENDIFordervalidation.comment##&lt;/p&gt;'),
(67,25,'','##order.action## ##order.entity##','##lang.order.entity## : ##order.entity##\n \n##FOREACHorders##\n##lang.order.item.name## : ##order.item.name##\n ##lang.order.item.numorder## : ##order.item.numorder##\n ##lang.order.item.orderdate## : ##order.item.orderdate##\n ##lang.order.item.duedate## : ##order.item.duedate##\n ##lang.order.item.deliverydate## : ##order.item.deliverydate##\n ##order.item.url## \n ##ENDFOREACHorders##','##lang.order.entity## : ##order.entity##&lt;br /&gt; &lt;br /&gt;##FOREACHorders##&lt;br /&gt;##lang.order.item.name## : ##order.item.name##&lt;br /&gt; ##lang.order.item.numorder## : ##order.item.numorder##&lt;br /&gt; ##lang.order.item.orderdate## : ##order.item.orderdate##&lt;br /&gt; &lt;a&gt;##lang.order.item.duedate## : ##order.item.duedate##&lt;br /&gt; &lt;/a&gt;&lt;a&gt;##lang.order.item.deliverydate## : ##order.item.deliverydate##&lt;br /&gt; &lt;/a&gt;&lt;a&gt;##order.item.url##&lt;/a&gt;&lt;br /&gt; ##ENDFOREACHorders##'),
(68,68,'','##order.action## ##ordervalidation.name## ##ordervalidation.numorder##','##order.action##\n##lang.ordervalidation.name## :\n##ordervalidation.name##\n##lang.ordervalidation.orderdate## :\n##ordervalidation.orderdate##\n##lang.ordervalidation.entity## :\n##ordervalidation.entity##','&lt;p&gt;##order.action## &lt;br /&gt;&lt;br /&gt;&#160;\n                ##lang.ordervalidation.name## : &lt;br /&gt;&#160;\n                ##ordervalidation.name## &lt;br /&gt;&#160;\n                ##lang.ordervalidation.orderdate## : &lt;br /&gt;&#160;\n                ##ordervalidation.orderdate## &lt;br /&gt;&#160; &lt;br /&gt;&#160;\n                ##lang.ordervalidation.entity## : &lt;br /&gt;&#160;##ordervalidation.entity##&lt;/p&gt;'),
(70,66,'','##lang.ordervalidation.title##','##lang.ordervalidation.url## : ##ordervalidation.url##\n               ##lang.ordervalidation.entity## : ##ordervalidation.entity##\n               ##IFordervalidation.name####lang.ordervalidation.name## : ##ordervalidation.name##\n               ##ENDIFordervalidation.name##\n               ##IFordervalidation.numorder####lang.ordervalidation.numorder## : ##ordervalidation.numorder##\n               ##ENDIFordervalidation.numorder##\n               ##IFordervalidation.orderdate####lang.ordervalidation.orderdate##  : ##ordervalidation.orderdate####ENDIFordervalidation.orderdate##\n               ##IFordervalidation.state####lang.ordervalidation.state## : ##ordervalidation.state####ENDIFordervalidation.state##\n               ##IFordervalidation.users####lang.ordervalidation.users## : ##ordervalidation.users####ENDIFordervalidation.users##\n\n               ##IFordervalidation.comment####lang.ordervalidation.comment## : ##ordervalidation.comment####ENDIFordervalidation.comment##','&lt;p&gt;&lt;strong&gt;##lang.ordervalidation.url##&lt;/strong&gt; : &lt;a href=\"##ordervalidation.url##\"&gt;##ordervalidation.url##&lt;/a&gt;&lt;br /&gt;&lt;br /&gt;&lt;strong&gt;##lang.ordervalidation.entity##&lt;/strong&gt; : ##ordervalidation.entity##&lt;br /&gt; ##IFordervalidation.name##&lt;strong&gt;##lang.ordervalidation.name##&lt;/strong&gt; : ##ordervalidation.name####ENDIFordervalidation.name##&lt;br /&gt;##IFordervalidation.numorder##&lt;strong&gt;##lang.ordervalidation.numorder##&lt;/strong&gt; : ##ordervalidation.numorder####ENDIFordervalidation.numorder##&lt;br /&gt;##IFordervalidation.orderdate##&lt;strong&gt;##lang.ordervalidation.orderdate##&lt;/strong&gt; : ##ordervalidation.orderdate####ENDIFordervalidation.orderdate##&lt;br /&gt;##IFordervalidation.state##&lt;strong&gt;##lang.ordervalidation.state##&lt;/strong&gt; : ##ordervalidation.state####ENDIFordervalidation.state##&lt;br /&gt;##IFordervalidation.users##&lt;strong&gt;##lang.ordervalidation.users##&lt;/strong&gt; : ##ordervalidation.users####ENDIFordervalidation.users##&lt;br /&gt;&lt;br /&gt;##IFordervalidation.comment##&lt;strong&gt;##lang.ordervalidation.comment##&lt;/strong&gt; : ##ordervalidation.comment####ENDIFordervalidation.comment##&lt;/p&gt;'),
(71,67,'','##order.action## ##order.entity##','##lang.order.entity## : ##order.entity##\n \n##FOREACHorders##\n##lang.order.item.name## : ##order.item.name##\n ##lang.order.item.numorder## : ##order.item.numorder##\n ##lang.order.item.orderdate## : ##order.item.orderdate##\n ##lang.order.item.duedate## : ##order.item.duedate##\n ##lang.order.item.deliverydate## : ##order.item.deliverydate##\n ##order.item.url## \n ##ENDFOREACHorders##','##lang.order.entity## : ##order.entity##&lt;br /&gt; &lt;br /&gt;##FOREACHorders##&lt;br /&gt;##lang.order.item.name## : ##order.item.name##&lt;br /&gt; ##lang.order.item.numorder## : ##order.item.numorder##&lt;br /&gt; ##lang.order.item.orderdate## : ##order.item.orderdate##&lt;br /&gt; &lt;a&gt;##lang.order.item.duedate## : ##order.item.duedate##&lt;br /&gt; &lt;/a&gt;&lt;a&gt;##lang.order.item.deliverydate## : ##order.item.deliverydate##&lt;br /&gt; &lt;/a&gt;&lt;a&gt;##order.item.url##&lt;/a&gt;&lt;br /&gt; ##ENDFOREACHorders##'),
(98,124,'','##typology.action## : ##typology.entity##','##lang.typology.name##\n ##lang.typology.itemtype##\n ##lang.typology.items_id##\n ##lang.typology.itemlocation##\n ##lang.typology.itemuser##\n ##lang.typology.error##\n\n##FOREACHtypologyitems##\n\n##typology.name##\n ##typology.itemtype##\n ##typology.items_id##\n ##typology.itemlocation##\n ##typology.itemuser##\n ##typology.error##\n\n##ENDFOREACHtypologyitems##','&lt;table class=\"tab_cadre\" border=\"1\" cellspacing=\"2\" cellpadding=\"3\"&gt;\n   &lt;tbody&gt;\n   &lt;tr&gt;\n   &lt;td style=\"text-align: left;\" bgcolor=\"#cccccc\"&gt;&lt;span style=\"font-family: Verdana; font-size: 11px; text-align: left;\"&gt;##lang.typology.name##&lt;/span&gt;&lt;/td&gt;\n   &lt;td style=\"text-align: left;\" bgcolor=\"#cccccc\"&gt;&lt;span style=\"font-family: Verdana; font-size: 11px; text-align: left;\"&gt;##lang.typology.itemtype##&lt;/span&gt;&lt;/td&gt;\n   &lt;td style=\"text-align: left;\" bgcolor=\"#cccccc\"&gt;&lt;span style=\"font-family: Verdana; font-size: 11px; text-align: left;\"&gt;##lang.typology.items_id##&lt;/span&gt;&lt;/td&gt;\n   &lt;td style=\"text-align: left;\" bgcolor=\"#cccccc\"&gt;&lt;span style=\"font-family: Verdana; font-size: 11px; text-align: left;\"&gt;##lang.typology.itemlocation##&lt;/span&gt;&lt;/td&gt;\n   &lt;td style=\"text-align: left;\" bgcolor=\"#cccccc\"&gt;&lt;span style=\"font-family: Verdana; font-size: 11px; text-align: left;\"&gt;##lang.typology.itemuser##&lt;/span&gt;&lt;/td&gt;\n   &lt;td style=\"text-align: left;\" bgcolor=\"#cccccc\"&gt;&lt;span style=\"font-family: Verdana; font-size: 11px; text-align: left;\"&gt;##lang.typology.error##&lt;/span&gt;&lt;/td&gt;\n   &lt;/tr&gt;\n   ##FOREACHtypologyitems##\n   &lt;tr&gt;\n   &lt;td&gt;&lt;a href=\"##typology.url##\" target=\"_blank\"&gt;&lt;span style=\"font-family: Verdana; font-size: 11px; text-align: left;\"&gt;##typology.name##&lt;/span&gt;&lt;/a&gt;&lt;/td&gt;\n   &lt;td&gt;&lt;span style=\"font-family: Verdana; font-size: 11px; text-align: left;\"&gt;##typology.itemtype##&lt;/span&gt;&lt;/td&gt;\n   &lt;td&gt;&lt;a href=\"##typology.itemurl##\" target=\"_blank\"&gt;&lt;span style=\"font-family: Verdana; font-size: 11px; text-align: left;\"&gt;##typology.items_id##&lt;/span&gt;&lt;/a&gt;&lt;/td&gt;\n   &lt;td&gt;&lt;span style=\"font-family: Verdana; font-size: 11px; text-align: left;\"&gt;##typology.itemlocation##&lt;/span&gt;&lt;/td&gt;\n   &lt;td&gt;&lt;span style=\"font-family: Verdana; font-size: 11px; text-align: left;\"&gt;##typology.itemuser##&lt;/span&gt;&lt;/td&gt;\n   &lt;td&gt;&lt;span style=\"font-family: Verdana; font-size: 11px; text-align: left;\"&gt;##typology.error##&lt;/span&gt;&lt;/td&gt;\n   &lt;/tr&gt;\n   ##ENDFOREACHtypologyitems##\n   &lt;/tbody&gt;\n   &lt;/table&gt;'),
(99,125,'','##lang.notimported.action## : ##notimported.entity##','\r\n\n##lang.notimported.action## :&#160;##notimported.entity##\n\n##FOREACHnotimported##&#160;\n##lang.notimported.reason## : ##notimported.reason##\n##lang.notimported.name## : ##notimported.name##\n##lang.notimported.deviceid## : ##notimported.deviceid##\n##lang.notimported.tag## : ##notimported.tag##\n##lang.notimported.serial## : ##notimported.serial## \r\n\n ##notimported.url## \n##ENDFOREACHnotimported## \r\n','&lt;p&gt;##lang.notimported.action## :&#160;##notimported.entity##&lt;br /&gt;&lt;br /&gt;##FOREACHnotimported##&#160;&lt;br /&gt;##lang.notimported.reason## : ##notimported.reason##&lt;br /&gt;##lang.notimported.name## : ##notimported.name##&lt;br /&gt;##lang.notimported.deviceid## : ##notimported.deviceid##&lt;br /&gt;##lang.notimported.tag## : ##notimported.tag##&lt;br /&gt;##lang.notimported.serial## : ##notimported.serial##&lt;/p&gt;\r\n&lt;p&gt;&lt;a href=\"##notimported.url##\"&gt;##notimported.url##&lt;/a&gt;&lt;br /&gt;##ENDFOREACHnotimported##&lt;/p&gt;'),
(100,126,'','[##checkruleimportentity.date##] ##checkruleimportentity.title## : ##checkruleimportentity.entity##','##FOREACHcheckruleimportentityitems##\n##lang.checkruleimportentity.entity## : ##checkruleimportentity.entity##\n##lang.checkruleimportentity.computer## : ##checkruleimportentity.computer##\n##lang.checkruleimportentity.location## : ##checkruleimportentity.location##\n##lang.checkruleimportentity.error## : ##checkruleimportentity.error##\n##lang.checkruleimportentity.dataerror## : ##checkruleimportentity.dataerror##\n##lang.checkruleimportentity.name_rule## ##checkruleimportentity.name_rule##\n##ENDFOREACHcheckruleimportentityitems##','&lt;table class=\"tab_cadre\" border=\"1\" cellspacing=\"2\" cellpadding=\"3\"&gt;\n&lt;tbody&gt;\n&lt;tr&gt;\n&lt;td style=\"text-align: left;\" bgcolor=\"#cccccc\"&gt;&lt;span style=\"font-family: Verdana; font-size: 11px; text-align: left;\"&gt;##lang.checkruleimportentity.entity##&lt;/span&gt;&lt;/td&gt;\n&lt;td style=\"text-align: left;\" bgcolor=\"#cccccc\"&gt;&lt;span style=\"font-family: Verdana; font-size: 11px; text-align: left;\"&gt;##lang.checkruleimportentity.computer##&lt;/span&gt;&lt;/td&gt;\n&lt;td style=\"text - align: left;\" bgcolor=\"#cccccc\"&gt;&lt;span style=\"font-family: Verdana; font-size: 11px; text-align: left;\"&gt;##lang.checkruleimportentity.location##&lt;/span&gt;&lt;/td&gt;\n&lt;td style=\"text-align: left;\" bgcolor=\"#cccccc\"&gt;&lt;span style=\"font-family: Verdana; font-size: 11px; text-align: left;\"&gt;##lang.checkruleimportentity.error##&lt;/span&gt;&lt;/td&gt;\n&lt;td style=\"text-align: left;\" bgcolor=\"#cccccc\"&gt;&lt;span style=\"font-family: Verdana; font-size: 11px; text-align: left;\"&gt;##lang.checkruleimportentity.dataerror##&lt;/span&gt;&lt;/td&gt;\n&lt;td style=\"text-align: left;\" bgcolor=\"#cccccc\"&gt;&lt;span style=\"font-family: Verdana; font-size: 11px; text-align: left;\"&gt;##lang.checkruleimportentity.name_rule##&lt;/span&gt;&lt;/td&gt;\n&lt;/tr&gt;\n##FOREACHcheckruleimportentityitems##\n&lt;tr&gt;\n&lt;td&gt;&lt;span style=\"font-family: Verdana; font-size: 11px; text-align: left;\"&gt;##checkruleimportentity.entity##&lt;/span&gt;&lt;/td&gt;\n&lt;td&gt;&lt;a href=\"##checkruleimportentity.url##\" target=\"_blank\"&gt;&lt;span style=\"font-family: Verdana; font-size: 11px; text-align: left;\"&gt;##checkruleimportentity.computer##&lt;/span&gt;&lt;/a&gt;&lt;/td&gt;\n&lt;td&gt;&lt;span style=\"font-family: Verdana; font-size: 11px; text-align: left;\"&gt;##checkruleimportentity.location##&lt;/span&gt;&lt;/td&gt;\n&lt;td&gt;&lt;span style=\"font-family: Verdana; font-size: 11px; text-align: left;\"&gt;##checkruleimportentity.error##&lt;/span&gt;&lt;/td&gt;\n&lt;td&gt;&lt;span style=\"font-family: Verdana; font-size: 11px; text-align: left;\"&gt;##checkruleimportentity.dataerror##&lt;/span&gt;&lt;/td&gt;\n&lt;td&gt;&lt;a href=\"##checkruleimportentity.url_rule##\" target=\"_blank\"&gt;&lt;span style=\"font-family: Verdana; font-size: 11px; text-align: left;\"&gt;##checkruleimportentity.name_rule##&lt;/span&gt;&lt;/a&gt;&lt;/td&gt;\n&lt;/tr&gt;\n##ENDFOREACHcheckruleimportentityitems##\n&lt;/tbody&gt;\n&lt;/table&gt;'),
(101,127,'','##lang.ocsmachine.title## : ##ocsmachine.entity##','##FOREACHocsmachines##\n   ##lang.ocsmachine.name## : ##ocsmachine.name##\n   ##lang.ocsmachine.operatingsystem## : ##ocsmachine.operatingsystem##\n   ##lang.ocsmachine.state## : ##ocsmachine.state##\n   ##lang.ocsmachine.location## : ##ocsmachine.location##\n   ##lang.ocsmachine.user## : ##ocsmachine.user## / ##lang.ocsmachine.group## : ##ocsmachine.group## / ##lang.ocsmachine.contact## : ##ocsmachine.contact##\n   ##lang.ocsmachine.lastocsupdate## : ##ocsmachine.lastocsupdate##\n   ##lang.ocsmachine.lastupdate## : ##ocsmachine.lastupdate##\n   ##lang.ocsmachine.ocsserver## : ##ocsmachine.ocsserver##\n   ##ENDFOREACHocsmachines##','&lt;table class=\"tab_cadre\" border=\"1\" cellspacing=\"2\" cellpadding=\"3\"&gt;\n   &lt;tbody&gt;\n   &lt;tr&gt;\n   &lt;td style=\"text-align: left;\" bgcolor=\"#cccccc\"&gt;&lt;span style=\"font-family: Verdana; font-size: 11px; text-align: left;\"&gt;##lang.ocsmachine.name##&lt;/span&gt;&lt;/td&gt;\n   &lt;td style=\"text-align: left;\" bgcolor=\"#cccccc\"&gt;&lt;span style=\"font-family: Verdana; font-size: 11px; text-align: left;\"&gt;##lang.ocsmachine.operatingsystem##&lt;/span&gt;&lt;/td&gt;\n   &lt;td style=\"text-align: left;\" bgcolor=\"#cccccc\"&gt;&lt;span style=\"font-family: Verdana; font-size: 11px; text-align: left;\"&gt;##lang.ocsmachine.state##&lt;/span&gt;&lt;/td&gt;\n   &lt;td style=\"text-align: left;\" bgcolor=\"#cccccc\"&gt;&lt;span style=\"font-family: Verdana; font-size: 11px; text-align: left;\"&gt;##lang.ocsmachine.location##&lt;/span&gt;&lt;/td&gt;\n   &lt;td style=\"text-align: left;\" bgcolor=\"#cccccc\"&gt;&lt;span style=\"font-family: Verdana; font-size: 11px; text-align: left;\"&gt;##lang.ocsmachine.user##&lt;/span&gt;&lt;/td&gt;\n   &lt;td style=\"text-align: left;\" bgcolor=\"#cccccc\"&gt;&lt;span style=\"font-family: Verdana; font-size: 11px; text-align: left;\"&gt;##lang.ocsmachine.lastocsupdate##&lt;/span&gt;&lt;/td&gt;\n   &lt;td style=\"text-align: left;\" bgcolor=\"#cccccc\"&gt;&lt;span style=\"font-family: Verdana; font-size: 11px; text-align: left;\"&gt;##lang.ocsmachine.lastupdate##&lt;/span&gt;&lt;/td&gt;\n   &lt;td style=\"text-align: left;\" bgcolor=\"#cccccc\"&gt;&lt;span style=\"font-family: Verdana; font-size: 11px; text-align: left;\"&gt;##lang.ocsmachine.ocsserver##&lt;/span&gt;&lt;/td&gt;\n   &lt;/tr&gt;\n   ##FOREACHocsmachines##\n   &lt;tr&gt;\n   &lt;td&gt;&lt;a href=\"##ocsmachine.urlname##\"&gt;&lt;span style=\"font-family: Verdana; font-size: 11px; text-align: left;\"&gt;##ocsmachine.name##&lt;/span&gt;&lt;/a&gt;&lt;/td&gt;\n   &lt;td&gt;&lt;span style=\"font-family: Verdana; font-size: 11px; text-align: left;\"&gt;##ocsmachine.operatingsystem##&lt;/span&gt;&lt;/td&gt;\n   &lt;td&gt;&lt;span style=\"font-family: Verdana; font-size: 11px; text-align: left;\"&gt;##ocsmachine.state##&lt;/span&gt;&lt;/td&gt;\n   &lt;td&gt;&lt;span style=\"font-family: Verdana; font-size: 11px; text-align: left;\"&gt;##ocsmachine.location##&lt;/span&gt;&lt;/td&gt;\n   &lt;td&gt;##IFocsmachine.user##&lt;a href=\"##ocsmachine.urluser##\"&gt;&lt;span style=\"font-family: Verdana; font-size: 11px; text-align: left;\"&gt;##ocsmachine.user##&lt;/span&gt;&lt;/a&gt; / ##ENDIFocsmachine.user####IFocsmachine.group##&lt;a href=\"##ocsmachine.urlgroup##\"&gt;&lt;span style=\"font-family: Verdana; font-size: 11px; text-align: left;\"&gt;##ocsmachine.group##&lt;/span&gt;&lt;/a&gt; / ##ENDIFocsmachine.group####IFocsmachine.contact##&lt;span style=\"font-family: Verdana; font-size: 11px; text-align: left;\"&gt;##ocsmachine.contact####ENDIFocsmachine.contact##&lt;/span&gt;&lt;/td&gt;\n   &lt;td&gt;&lt;span style=\"font-family: Verdana; font-size: 11px; text-align: left;\"&gt;##ocsmachine.lastocsupdate##&lt;/span&gt;&lt;/td&gt;\n   &lt;td&gt;&lt;span style=\"font-family: Verdana; font-size: 11px; text-align: left;\"&gt;##ocsmachine.lastupdate##&lt;/span&gt;&lt;/td&gt;\n   &lt;td&gt;&lt;span style=\"font-family: Verdana; font-size: 11px; text-align: left;\"&gt;##ocsmachine.ocsserver##&lt;/span&gt;&lt;/td&gt;\n   &lt;/tr&gt;\n   ##ENDFOREACHocsmachines##\n   &lt;/tbody&gt;\n   &lt;/table&gt;'),
(102,128,'','##consumable.action## : ##consumable.entity##','##FOREACHconsumabledatas##\n##lang.consumable.entity## :##consumable.entity##\n##lang.consumablerequest.requester## : ##consumablerequest.requester##\n##lang.consumablerequest.consumabletype## : ##consumablerequest.consumabletype##\n##lang.consumablerequest.consumable## : ##consumablerequest.consumable##\n##lang.consumablerequest.number## : ##consumablerequest.number##\n##lang.consumablerequest.requestdate## : ##consumablerequest.requestdate##\n##lang.consumablerequest.status## : ##consumablerequest.status##\n##ENDFOREACHconsumabledatas##','##FOREACHconsumabledatas##&lt;br /&gt; &lt;br /&gt;\n&lt;p&gt;##lang.consumable.entity## :##consumable.entity##&lt;br /&gt; &lt;br /&gt;\n##lang.consumablerequest.requester## : ##consumablerequest.requester##&lt;br /&gt;\n##lang.consumablerequest.consumabletype## : ##consumablerequest.consumabletype##&lt;br /&gt;\n##lang.consumablerequest.consumable## : ##consumablerequest.consumable##&lt;br /&gt;\n##lang.consumablerequest.number## : ##consumablerequest.number##&lt;br /&gt;\n##lang.consumablerequest.requestdate## : ##consumablerequest.requestdate##&lt;br /&gt;\n##lang.consumablerequest.status## : ##consumablerequest.status##&lt;br /&gt;\n##ENDFOREACHconsumabledatas##'),
(103,129,'','##consumable.action## : ##consumable.entity##','##FOREACHconsumabledatas##\n##lang.consumable.entity## :##consumable.entity##\n##lang.consumablerequest.requester## : ##consumablerequest.requester##\n##lang.consumablerequest.validator## : ##consumablerequest.validator##\n##lang.consumablerequest.consumabletype## : ##consumablerequest.consumabletype##\n##lang.consumablerequest.consumable## : ##consumablerequest.consumable##\n##lang.consumablerequest.number## : ##consumablerequest.number##\n##lang.consumablerequest.requestdate## : ##consumablerequest.requestdate##\n##lang.consumablerequest.status## : ##consumablerequest.status##\n##ENDFOREACHconsumabledatas##\n##lang.consumablerequest.comment## : ##consumablerequest.comment##','##FOREACHconsumabledatas##&lt;br /&gt; &lt;br /&gt;\n&lt;p&gt;##lang.consumable.entity## :##consumable.entity##&lt;br /&gt; &lt;br /&gt;\n##lang.consumablerequest.requester## : ##consumablerequest.requester##&lt;br /&gt;\n##lang.consumablerequest.validator## : ##consumablerequest.validator##&lt;br /&gt;\n##lang.consumablerequest.consumabletype## : ##consumablerequest.consumabletype##&lt;br /&gt;\n##lang.consumablerequest.consumable## : ##consumablerequest.consumable##&lt;br /&gt;\n##lang.consumablerequest.number## : ##consumablerequest.number##&lt;br /&gt;\n##lang.consumablerequest.requestdate## : ##consumablerequest.requestdate##&lt;br /&gt;\n##lang.consumablerequest.status## : ##consumablerequest.status##&lt;br /&gt;\n##lang.consumablerequest.comment## : ##consumablerequest.comment##&lt;br /&gt;\n##ENDFOREACHconsumabledatas##'),
(104,130,'','##lang.printercountersadditionaldatas.action## : ##lang.printercountersadditionaldatas.name##','##printercountersadditionaldatas.itemlink## : \n##.printercountersadditionaldatas.itemname##\n##lang.printercountersadditionaldatas.action## \n##FOREACHprintercountersadditionaldatas##\n##lang.printercountersadditionaldatas.name## : ##printercountersadditionaldatas.name##\n##lang.printercountersadditionaldatas.type## : ##printercountersadditionaldatas.type##\n##lang.printercountersadditionaldatas.sub_type## : ##printercountersadditionaldatas.sub_type##\n##lang.printercountersadditionaldatas.value## : ##printercountersadditionaldatas.value##\n##ENDFOREACHprintercountersadditionaldatas##','&#60;p&#62;##printercountersadditionaldatas.itemlink## :&#60;/p&#62;\n&#60;p&#62;##printercountersadditionaldatas.itemname##&#60;/p&#62;\n&#60;p&#62;##lang.printercountersadditionaldatas.action##&#60;/p&#62;\n&#60;p&#62;##FOREACHprintercountersadditionaldatas##&#60;/p&#62;\n&#60;p&#62;##lang.printercountersadditionaldatas.name## : ##printercountersadditionaldatas.name##&#60;/p&#62;\n&#60;p&#62;##lang.printercountersadditionaldatas.type## : ##printercountersadditionaldatas.type##&#60;/p&#62;\n&#60;p&#62;##lang.printercountersadditionaldatas.sub_type## : ##printercountersadditionaldatas.sub_type##&#60;/p&#62;\n&#60;p&#62;##lang.printercountersadditionaldatas.value## : ##printercountersadditionaldatas.value##&#60;/p&#62;\n&#60;p&#62;##ENDFOREACHprintercountersadditionaldatas##&#60;/p&#62;'),
(110,136,'','Rapports statistiques de GLPI','Bonjour,\n\nLes rapports de GLPI sont disponibles.\nVous les trouverez en pièce jointe dans cet e-mail.\n\n','\n\n&#60;p&#62;Bonjour,&#60;/p&#62;\n\n&#60;p&#62;Les rapports de GLPI sont disponibles.&#60;br /&#62;\nVous les trouverez en pièce jointe dans cet e-mail.&#60;/p&#62;\n\n'),
(111,137,'','##lang.plugins_updates_available##','##lang.plugins_updates_available##\n\n##FOREACHplugins##\n##plugin.name## :##plugin.old_version## -&gt; ##plugin.version##\n##ENDFOREACHplugins##','&lt;p&gt;##lang.plugins_updates_available##&lt;/p&gt;\n&lt;ul&gt;##FOREACHplugins##\n&lt;li&gt;##plugin.name## :##plugin.old_version## -&gt; ##plugin.version##&lt;/li&gt;\n##ENDFOREACHplugins##&lt;/ul&gt;'),
(112,138,'','##domain.action## : ##domain.entity##','##lang.domain.entity## :##domain.entity##\n##FOREACHdomains##\n##lang.domain.name## : ##domain.name## - ##lang.domain.dateexpiration## : ##domain.dateexpiration##\n##ENDFOREACHdomains##','&lt;p&gt;##lang.domain.entity## :##domain.entity##&lt;br /&gt; &lt;br /&gt;\n##FOREACHdomains##&lt;br /&gt;\n##lang.domain.name##  : ##domain.name## - ##lang.domain.dateexpiration## :  ##domain.dateexpiration##&lt;br /&gt;\n##ENDFOREACHdomains##&lt;/p&gt;'),
(113,139,'','##user.action##','##user.realname## ##user.firstname##,\n\n##IFuser.password.has_expired=1##\n##lang.password.has_expired.information##\n##ENDIFuser.password.has_expired##\n##ELSEuser.password.has_expired##\n##lang.password.expires_soon.information##\n##ENDELSEuser.password.has_expired##\n##lang.user.password.expiration.date##: ##user.password.expiration.date##\n##IFuser.account.lock.date##\n##lang.user.account.lock.date##: ##user.account.lock.date##\n##ENDIFuser.account.lock.date##\n\n##password.update.link## ##user.password.update.url##','&lt;p&gt;&lt;strong&gt;##user.realname## ##user.firstname##&lt;/strong&gt;&lt;/p&gt;\n\n##IFuser.password.has_expired=1##\n&lt;p&gt;##lang.password.has_expired.information##&lt;/p&gt;\n##ENDIFuser.password.has_expired##\n##ELSEuser.password.has_expired##\n&lt;p&gt;##lang.password.expires_soon.information##&lt;/p&gt;\n##ENDELSEuser.password.has_expired##\n&lt;p&gt;##lang.user.password.expiration.date##: ##user.password.expiration.date##&lt;/p&gt;\n##IFuser.account.lock.date##\n&lt;p&gt;##lang.user.account.lock.date##: ##user.account.lock.date##&lt;/p&gt;\n##ENDIFuser.account.lock.date##\n\n&lt;p&gt;##lang.password.update.link## &lt;a href=\"##user.password.update.url##\"&gt;##user.password.update.url##&lt;/a&gt;&lt;/p&gt;'),
(124,151,'','##lang.credit.expired## : ##credit.name##','##lang.credit.expired.information##','##lang.credit.expired.information##'),
(125,153,'','##badge.action## : ##badge.entity##','##lang.badge.entity## :##badge.entity##\n                        ##FOREACHbadgerequest## \n                        ##lang.badgerequest.arrivaldate## : ##badgerequest.arrivaldate##	\n                        ##lang.badgerequest.requester## : ##badgerequest.requester##	\n                        ##lang.badgerequest.visitorfirstname## : ##badgerequest.visitorfirstname##	\n                        ##lang.badgerequest.visitorrealname## : ##badgerequest.visitorrealname##\n                        ##lang.badgerequest.visitorsociety## : ##badgerequest.visitorsociety##\n                        ##ENDFOREACHbadgerequest##','&lt;p&gt;##lang.badge.entity## :##badge.entity##&lt;br /&gt; &lt;br /&gt;\n                        ##FOREACHbadgerequest##&lt;br /&gt;\n                        ##lang.badgerequest.arrivaldate## : ##badgerequest.arrivaldate##&lt;br /&gt;	\n                        ##lang.badgerequest.requester## : ##badgerequest.requester##&lt;br /&gt;\n                        ##lang.badgerequest.visitorfirstname## : ##badgerequest.visitorfirstname##&lt;br /&gt;\n                        ##lang.badgerequest.visitorrealname## : ##badgerequest.visitorrealname##&lt;br /&gt;\n                        ##lang.badgerequest.visitorsociety## : ##badgerequest.visitorsociety##&lt;br /&gt;\n                        ##ENDFOREACHbadgerequest##&lt;/p&gt;'),
(126,154,'','##badge.action## : ##badge.entity##','##lang.badge.entity## :##badge.entity##\n                     ##FOREACHbadgerequest## \n                     ##lang.badgerequest.arrivaldate## : ##badgerequest.arrivaldate##	\n                     ##lang.badgerequest.requester## : ##badgerequest.requester##	\n                     ##lang.badgerequest.visitorfirstname## : ##badgerequest.visitorfirstname##	\n                     ##lang.badgerequest.visitorrealname## : ##badgerequest.visitorrealname##\n                     ##lang.badgerequest.visitorsociety## : ##badgerequest.visitorsociety##\n                     ##ENDFOREACHbadgerequest##','&lt;p&gt;##lang.badge.entity## :##badge.entity##&lt;br /&gt; &lt;br /&gt;\n                     ##FOREACHbadgerequest##&lt;br /&gt;\n                     ##lang.badgerequest.arrivaldate## : ##badgerequest.arrivaldate##&lt;br /&gt;	\n                     ##lang.badgerequest.requester## : ##badgerequest.requester##&lt;br /&gt;\n                     ##lang.badgerequest.visitorfirstname## : ##badgerequest.visitorfirstname##&lt;br /&gt;\n                     ##lang.badgerequest.visitorrealname## : ##badgerequest.visitorrealname##&lt;br /&gt;\n                     ##lang.badgerequest.visitorsociety## : ##badgerequest.visitorsociety##&lt;br /&gt;\n                     ##ENDFOREACHbadgerequest##&lt;/p&gt;'),
(137,165,'','Votre demande a été sauvegardée avec succès !','Bonjour,\\\\nVotre formulaire de demande a été sauvegardé avec succès sous le numéro ##formcreator.request_id## et transmis à l’équipe support.\\\\nVous pouvez visualiser vos réponses à l\'adresse suivante :\\\\n##formcreator.validation_link##','&#60;p&#62;Bonjour,\\&#60;br /&#62;Votre formulaire de demande a été sauvegardé avec succès sous le numéro ##formcreator.request_id## et transmis à l’équipe support.\\&#60;br /&#62;Vous pouvez visualiser vos réponses à l\'adresse suivante :\\&#60;br /&#62;##formcreator.validation_link##&#60;/p&#62;'),
(138,166,'','Un formulaire GLPI est en attente de validation','Bonjour,\\nUn formulaire GLPI est en attente de validation et vous avez été choisi comme valideur.\\nVous pouvez accéder à celui-ci en cliquant sur le lien ci-dessous :\\n##formcreator.validation_link##','&#60;p&#62;Bonjour,&#60;br /&#62;Un formulaire GLPI est en attente de validation et vous avez été choisi comme valideur.&#60;br /&#62;Vous pouvez accéder à celui-ci en cliquant sur le lien ci-dessous :&#60;br /&#62;##formcreator.validation_link##&#60;/p&#62;'),
(139,167,'','Votre formulaire a été refusé par le valideur','Bonjour,\\\\nNous somme désolés de vous informer que votre demande a été refusé par le valideur pour les raisons suivantes :\\\\n##formcreator.validation_comment##\\\\n\\\\nVous pouvez toutefois modifier et renvoyer votre demande en cliquant sur le lien ci-dessous :\\\\n##formcreator.validation_link##','&#60;p&#62;Bonjour,\\&#60;br /&#62;Nous somme désolés de vous informer que votre demande a été refusé par le valideur pour les raisons suivantes :\\&#60;br /&#62;##formcreator.validation_comment##\\&#60;br /&#62;\\&#60;br /&#62;Vous pouvez toutefois modifier et renvoyer votre demande en cliquant sur le lien ci-dessous :\\&#60;br /&#62;##formcreator.validation_link##&#60;/p&#62;'),
(140,168,'','Votre formulaire a été accepté par le valideur','Bonjour,\\\\nNous avons le plaisir de vous informer que votre demande a été accepté par le valideur.\\\\nVotre demande vas être traitées prochainement.','&#60;p&#62;Bonjour,\\&#60;br /&#62;Nous avons le plaisir de vous informer que votre demande a été accepté par le valideur.\\&#60;br /&#62;Votre demande vas être traitées prochainement.&#60;/p&#62;'),
(141,169,'','Votre formulaire a été supprimé par un administrateur','Bonjour,\\\\nNous sommes au regret de vous informer que votre demande ne peut être traitée et a été supprimée par un administrateur.','&#60;p&#62;Bonjour,\\&#60;br /&#62;Nous sommes au regret de vous informer que votre demande ne peut être traitée et a été supprimée par un administrateur.&#60;/p&#62;'),
(142,170,'','##lang.pluginreleasesrelease.release## : ##pluginreleasesrelease.title##','##lang.pluginreleasesrelease.title## : ##pluginreleasesrelease.title##\n##lang.pluginreleasesrelease.url## : ##pluginreleasesrelease.url##\n##lang.pluginreleasesrelease.status## : ##pluginreleasesrelease.status##\n\n##lang.pluginreleasesrelease.description## : ##pluginreleasesrelease.description##\n\n##lang.pluginreleasesrelease.risks##\n##FOREACHrisks##\n\n##lang.risk.name## : ##risk.name##\n##lang.risk.description## : ##risk.description##\n\n##ENDFOREACHrisks##\n\n##lang.pluginreleasesrelease.rollbacks##\n##FOREACHrollbacks##\n\n##lang.rollback.name## : ##rollback.name##\n##lang.rollback.description## : ##rollback.description##\n\n##ENDFOREACHrollbacks##\n\n##lang.pluginreleasesrelease.numberofrollbacks## : ##pluginreleasesrelease.numberofrollbacks##\n\n\n##lang.pluginreleasesrelease.tasks##\n##FOREACHtasks##\n\n[##task.date##]\n##lang.task.author## : ##task.author##\n##lang.task.description## : ##task.description##\n##lang.task.time## : ##task.time##\n##lang.task.type## : ##task.type##\n##lang.task.status## : ##task.status##\n\n##ENDFOREACHtasks##\n\n##lang.pluginreleasesrelease.numberoftasks## : ##pluginreleasesrelease.numberoftasks##\n\n##lang.pluginreleasesrelease.tests##\n##FOREACHtests##\n\n##lang.test.author## ##test.author##\n##lang.test.description## ##test.description##\n##lang.test.type## ##test.type##\n##lang.test.status## : ##test.status##\n##ENDFOREACHtests##\n\n\n',''),
(143,171,'','##lang.ticket.title## :##ticket.title##','Bonjour,\n\nUn ticket mérite votre attention.\n\nRetrouvez les informations essentielles ci-dessous.\n\nVous pouvez consulter les détails de ce ticket via le lien suivant :\n\n##ticket.url##\n\n--------------------------------------------------------------\n##lang.ticket.title## :##ticket.title##\n##lang.ticket.type## :##ticket.type##\n\n--------------------------------------------------------------\n##lang.ticket.authors## :##IFticket.authors## ##ticket.authors## ##ENDIFticket.authors## ##ELSEticket.authors##--##ENDELSEticket.authors##\n##lang.ticket.creationdate## :##ticket.creationdate##\n##lang.ticket.closedate## :##ticket.closedate##\n\n--------------------------------------------------------------\n##lang.ticket.description## : ##ticket.description##\n##IFticket.storestatus=5##\n##lang.ticket.url## : ##ticket.urlapprove##\n##lang.ticket.autoclosewarning##\n##lang.ticket.solvedate## : ##ticket.solvedate##\n##lang.ticket.solution.type## : ##ticket.solution.type##\n##lang.ticket.solution.description## : ##ticket.solution.description## ##ENDIFticket.storestatus##\n\n--------------------------------------------------------------','&#60;p&#62;Bonjour,&#60;/p&#62;\r\n&#60;p&#62;Un ticket mérite votre attention.&#60;/p&#62;\r\n&#60;p&#62;Retrouvez les informations essentielles ci-dessous.&#60;/p&#62;\r\n&#60;p&#62;Vous pouvez consulter les détails de ce ticket via le lien suivant :&#60;/p&#62;\r\n&#60;p&#62;##ticket.url##&#60;/p&#62;\r\n&#60;p&#62;&#60;br&#62;--------------------------------------------------------------&#60;br&#62;##lang.ticket.title## :##ticket.title##&#60;br&#62;##lang.ticket.type## :##ticket.type##&#60;/p&#62;\r\n&#60;p&#62;--------------------------------------------------------------&#60;br&#62;##lang.ticket.authors## :##IFticket.authors## ##ticket.authors## ##ENDIFticket.authors## ##ELSEticket.authors##--##ENDELSEticket.authors##&#60;br&#62;##lang.ticket.creationdate## :##ticket.creationdate##&#60;br&#62;##lang.ticket.closedate## :##ticket.closedate##&#60;/p&#62;\r\n&#60;p&#62;--------------------------------------------------------------&#60;br&#62;##lang.ticket.description## : ##ticket.description##&#60;br&#62;##IFticket.storestatus=5##&#60;br&#62;##lang.ticket.url## : ##ticket.urlapprove##&#60;br&#62;##lang.ticket.autoclosewarning##&#60;br&#62;##lang.ticket.solvedate## : ##ticket.solvedate##&#60;br&#62;##lang.ticket.solution.type## : ##ticket.solution.type##&#60;br&#62;##lang.ticket.solution.description## : ##ticket.solution.description## ##ENDIFticket.storestatus##&#60;/p&#62;\r\n&#60;p&#62;--------------------------------------------------------------&#60;/p&#62;'),
(144,172,'','##lang.ticket.title## :##ticket.title##','Intitulé de la demande : ##ticket.title##\nDemandeur : ##IFticket.authors## ##ticket.authors## ##ENDIFticket.authors## ##ELSEticket.authors##--##ENDELSEticket.authors##\n\nCe message vous informe qu\'un nouveau suivi a été réalisé sur le ticket.\n\n##FOREACH last 1 followups##\n##followup.description##\n##ENDFOREACHfollowups##\n\nConsultez directement le détail du ticket pour en prendre connaissance en cliquant sur le lien suivant : ##ticket.url##','&#60;p&#62;&#60;span style=\"text-decoration: underline;\"&#62;Intitulé de la demande&#60;/span&#62; : ##ticket.title##&#60;br&#62;&#60;span style=\"text-decoration: underline;\"&#62;Demandeur &#60;/span&#62;: ##IFticket.authors## ##ticket.authors## ##ENDIFticket.authors## ##ELSEticket.authors##--##ENDELSEticket.authors##&#60;/p&#62;\r\n&#60;p&#62;Ce message vous informe qu\'un nouveau suivi a été réalisé sur le ticket.&#60;/p&#62;\r\n&#60;p&#62;##FOREACH last 1 followups##&#60;br&#62;##followup.description##&#60;br&#62;##ENDFOREACHfollowups##&#60;/p&#62;\r\n&#60;p&#62;Consultez directement le détail du ticket pour en prendre connaissance en cliquant sur le lien suivant : &#60;a href=\"##ticket.url##\"&#62;##ticket.url##&#60;/a&#62;&#60;/p&#62;'),
(145,173,'','##lang.ticket.title## :##ticket.title##','Bonjour, \r\n\r\nLe ticket ##ticket.title## est maintenant résolu.\r\n\r\nCi-dessous les détails de la solution : \r\n##ticket.solution.description##\r\n--------------------------------------------------------------\r\n \r\nSi cette solution ne correspond pas totalement à vos attentes, vous pouvez réouvrir le ticket grâce au lien suivant : ##ticket.url##\r\n##ENDELSEticket.storestatus##','Bonjour, \r\n\r\nLe ticket ##ticket.title## est maintenant résolu.\r\n\r\nCi-dessous les détails de la solution : \r\n##ticket.solution.description##\r\n--------------------------------------------------------------\r\n \r\nSi cette solution ne correspond pas totalement à vos attentes, vous pouvez réouvrir le ticket grâce au lien suivant : ##ticket.url##\r\n##ENDELSEticket.storestatus##'),
(146,174,'','##lang.ticket.title## :##ticket.title##','Bonjour,\r\n\r\nVous avez un nouveau message concernant le ticket ##ticket.title##\r\n\r\n##lang.ticket.numberoftasks## : ##ticket.numberoftasks##\r\n\r\n##FOREACHtasks##\r\n [##task.date##] ##lang.task.isprivate## : ##task.isprivate##\r\n ##lang.task.author## ##task.author##\r\n ##lang.task.description## ##task.description##\r\n ##lang.task.time## ##task.time##\r\n ##lang.task.category## ##task.category##\r\n\r\n##ENDFOREACHtasks##','Bonjour,\r\n\r\nVous avez un nouveau message concernant le ticket ##ticket.title##\r\n\r\n##lang.ticket.numberoftasks## : ##ticket.numberoftasks##\r\n\r\n##FOREACHtasks##\r\n [##task.date##] ##lang.task.isprivate## : ##task.isprivate##\r\n ##lang.task.author## ##task.author##\r\n ##lang.task.description## ##task.description##\r\n ##lang.task.time## ##task.time##\r\n ##lang.task.category## ##task.category##\r\n\r\n##ENDFOREACHtasks##'),
(147,175,'','##lang.account.title##','##lang.account.url## : ##account.url##\r\n\r\n\n                        ##lang.account.entity## : ##account.entity##\r\n\n                        ##IFaccount.name####lang.account.name## : ##account.name##\r\n##ENDIFaccount.name##\n                        ##IFaccount.type####lang.account.type## : ##account.type##\r\n##ENDIFaccount.type##\n                        ##IFaccount.state####lang.account.state## : ##account.state##\r\n##ENDIFaccount.state##\n                        ##IFaccount.login####lang.account.login## : ##account.login##\r\n##ENDIFaccount.login##\n                        ##IFaccount.users_id####lang.account.users_id## : ##account.users_id##\r\n##ENDIFaccount.users_id##\n                        ##IFaccount.groups_id####lang.account.groups_id## : ##account.groups_id##\r\n##ENDIFaccount.groups_id##\n                        ##IFaccount.others####lang.account.others## : ##account.others##\r\n##ENDIFaccount.others##\n                        ##IFaccount.datecreation####lang.account.datecreation## : ##account.datecreation##\r\n##ENDIFaccount.datecreation##\n                        ##IFaccount.dateexpiration####lang.account.dateexpiration## : ##account.dateexpiration##\r\n##ENDIFaccount.dateexpiration##\n                        ##IFaccount.comment####lang.account.comment## : ##account.comment##\r\n##ENDIFaccount.comment##','&lt;p&gt;&lt;strong&gt;##lang.account.url##&lt;/strong&gt; : &lt;a href=\"##account.url##\"&gt;##account.url##&lt;/a&gt;&lt;/p&gt;\n                        &lt;p&gt;&lt;strong&gt;##lang.account.entity##&lt;/strong&gt; : ##account.entity##&lt;br /&gt; ##IFaccount.name##&lt;strong&gt;##lang.account.name##&lt;/strong&gt; : ##account.name##&lt;br /&gt;##ENDIFaccount.name##  ##IFaccount.type##&lt;strong&gt;##lang.account.type##&lt;/strong&gt; : ##account.type##&lt;br /&gt;##ENDIFaccount.type##  ##IFaccount.state##&lt;strong&gt;##lang.account.state##&lt;/strong&gt; : ##account.state##&lt;br /&gt;##ENDIFaccount.state##  ##IFaccount.login##&lt;strong&gt;##lang.account.login##&lt;/strong&gt; : ##account.login##&lt;br /&gt;##ENDIFaccount.login##  ##IFaccount.users##&lt;strong&gt;##lang.account.users##&lt;/strong&gt; : ##account.users##&lt;br /&gt;##ENDIFaccount.users##  ##IFaccount.groups##&lt;strong&gt;##lang.account.groups##&lt;/strong&gt; : ##account.groups##&lt;br /&gt;##ENDIFaccount.groups##  ##IFaccount.others##&lt;strong&gt;##lang.account.others##&lt;/strong&gt; : ##account.others##&lt;br /&gt;##ENDIFaccount.others##  ##IFaccount.datecreation##&lt;strong&gt;##lang.account.datecreation##&lt;/strong&gt; : ##account.datecreation##&lt;br /&gt;##ENDIFaccount.datecreation##  ##IFaccount.dateexpiration##&lt;strong&gt;##lang.account.dateexpiration##&lt;/strong&gt; : ##account.dateexpiration##&lt;br /&gt;##ENDIFaccount.dateexpiration##  ##IFaccount.comment##&lt;strong&gt;##lang.account.comment##&lt;/strong&gt; : ##account.comment####ENDIFaccount.comment##&lt;/p&gt;'),
(148,176,'','##account.action## : ##account.entity##','##lang.account.entity## :##account.entity##\n                        ##FOREACHaccounts##\n                        ##lang.account.name## : ##account.name## - ##lang.account.dateexpiration## : ##account.dateexpiration##\n                        ##ENDFOREACHaccounts##','&lt;p&gt;##lang.account.entity## :##account.entity##&lt;br /&gt; &lt;br /&gt;\n                        ##FOREACHaccounts##&lt;br /&gt;\n                        ##lang.account.name##  : ##account.name## - ##lang.account.dateexpiration## :  ##account.dateexpiration##&lt;br /&gt;\n                        ##ENDFOREACHaccounts##&lt;/p&gt;'),
(149,177,'','##lang.notinfocom.title## : ##notinfocom.entity##','##FOREACHnotinfocoms##\n   ##lang.notinfocom.name## : ##notinfocom.name##\n   ##lang.notinfocom.computertype## : ##notinfocom.computertype##\n   ##lang.notinfocom.operatingsystem## : ##notinfocom.operatingsystem##\n   ##lang.notinfocom.state## : ##notinfocom.state##\n   ##lang.notinfocom.location## : ##notinfocom.location##\n   ##lang.notinfocom.user## : ##notinfocom.user## / ##notinfocom.group## / ##notinfocom.contact##\n   ##ENDFOREACHnotinfocoms##','&lt;table class=\"tab_cadre\" border=\"1\" cellspacing=\"2\" cellpadding=\"3\"&gt;\n   &lt;tbody&gt;\n   &lt;tr&gt;\n   &lt;td style=\"text-align: left;\" bgcolor=\"#cccccc\"&gt;&lt;span style=\"font-family: Verdana; font-size: 11px; text-align: left;\"&gt;##lang.notinfocom.name##&lt;/span&gt;&lt;/td&gt;\n   &lt;td style=\"text-align: left;\" bgcolor=\"#cccccc\"&gt;&lt;span style=\"font-family: Verdana; font-size: 11px; text-align: left;\"&gt;##lang.notinfocom.computertype##&lt;/span&gt;&lt;/td&gt;\n   &lt;td style=\"text-align: left;\" bgcolor=\"#cccccc\"&gt;&lt;span style=\"font-family: Verdana; font-size: 11px; text-align: left;\"&gt;##lang.notinfocom.operatingsystem##&lt;/span&gt;&lt;/td&gt;\n   &lt;td style=\"text-align: left;\" bgcolor=\"#cccccc\"&gt;&lt;span style=\"font-family: Verdana; font-size: 11px; text-align: left;\"&gt;##lang.notinfocom.state##&lt;/span&gt;&lt;/td&gt;\n   &lt;td style=\"text-align: left;\" bgcolor=\"#cccccc\"&gt;&lt;span style=\"font-family: Verdana; font-size: 11px; text-align: left;\"&gt;##lang.notinfocom.location##&lt;/span&gt;&lt;/td&gt;\n   &lt;td style=\"text-align: left;\" bgcolor=\"#cccccc\"&gt;&lt;span style=\"font-family: Verdana; font-size: 11px; text-align: left;\"&gt;##lang.notinfocom.user##&lt;/span&gt;&lt;/td&gt;\n   &lt;/tr&gt;\n   ##FOREACHnotinfocoms##            \n   &lt;tr&gt;\n   &lt;td&gt;&lt;a href=\"##notinfocom.urlname##\"&gt;&lt;span style=\"font-family: Verdana; font-size: 11px; text-align: left;\"&gt;##notinfocom.name##&lt;/span&gt;&lt;/a&gt;&lt;/td&gt;\n   &lt;td&gt;&lt;span style=\"font-family: Verdana; font-size: 11px; text-align: left;\"&gt;##notinfocom.computertype##&lt;/span&gt;&lt;/td&gt;\n   &lt;td&gt;&lt;span style=\"font-family: Verdana; font-size: 11px; text-align: left;\"&gt;##notinfocom.operatingsystem##&lt;/span&gt;&lt;/td&gt;\n   &lt;td&gt;&lt;span style=\"font-family: Verdana; font-size: 11px; text-align: left;\"&gt;##notinfocom.state##&lt;/span&gt;&lt;/td&gt;\n   &lt;td&gt;&lt;span style=\"font-family: Verdana; font-size: 11px; text-align: left;\"&gt;##notinfocom.location##&lt;/span&gt;&lt;/td&gt;\n   &lt;td&gt;&lt;a href=\"##notinfocom.urluser##\"&gt;&lt;span style=\"font-family: Verdana; font-size: 11px; text-align: left;\"&gt;##notinfocom.user##&lt;/span&gt;&lt;/a&gt; / &lt;a href=\"##notinfocom.urlgroup##\"&gt;&lt;span style=\"font-family: Verdana; font-size: 11px; text-align: left;\"&gt;##notinfocom.group##&lt;/span&gt;&lt;/a&gt; / &lt;span style=\"font-family: Verdana; font-size: 11px; text-align: left;\"&gt;##notinfocom.contact##&lt;/span&gt;&lt;/td&gt;\n   &lt;/tr&gt;\n   ##ENDFOREACHnotinfocoms##\n   &lt;/tbody&gt;\n   &lt;/table&gt;'),
(150,179,'','##lang.ink.title## : ##ink.entity##','##lang.ink.title## :\n      ##FOREACHinks##\n      - ##ink.printer## - ##ink.cartridge## - ##ink.state##%\n      ##ENDFOREACHinks##','&lt;table class=\"tab_cadre\" border=\"1\" cellspacing=\"2\" cellpadding=\"3\"&gt;\n      &lt;tbody&gt;\n      &lt;tr&gt;\n      &lt;td style=\"text-align: left;\" bgcolor=\"#cccccc\"&gt;&lt;span style=\"font-family: Verdana; font-size: 11px; text-align: left;\"&gt;##lang.ink.printer##&lt;/span&gt;&lt;/td&gt;\n      &lt;td style=\"text-align: left;\" bgcolor=\"#cccccc\"&gt;&lt;span style=\"font-family: Verdana; font-size: 11px; text-align: left;\"&gt;##lang.ink.cartridge##&lt;/span&gt;&lt;/td&gt;\n      &lt;td style=\"text-align: left;\" bgcolor=\"#cccccc\"&gt;&lt;span style=\"font-family: Verdana; font-size: 11px; text-align: left;\"&gt;##lang.ink.state##&lt;/span&gt;&lt;/td&gt;\n      &lt;/tr&gt;\n      ##FOREACHinks##\n      &lt;tr&gt;\n      &lt;td&gt;&lt;a href=\"##ink.urlprinter##\"&gt;&lt;span style=\"font-family: Verdana; font-size: 11px; text-align: left;\"&gt;##ink.printer##&lt;/span&gt;&lt;/a&gt;&lt;/td&gt;\n      &lt;td&gt;&lt;a href=\"##ink.urlcartridge##\"&gt;&lt;span style=\"font-family: Verdana; font-size: 11px; text-align: left;\"&gt;##ink.cartridge##&lt;/span&gt;&lt;/a&gt;&lt;/td&gt;\n      &lt;td&gt;&lt;span style=\"font-family: Verdana; font-size: 11px; text-align: left;\"&gt;##ink.state##%&lt;/span&gt;&lt;/td&gt;\n      &lt;/tr&gt;\n      ##ENDFOREACHinks##\n      &lt;/tbody&gt;\n      &lt;/table&gt;'),
(151,180,'','##ticket.action## ##ticket.entity##','##lang.ticket.entity## : ##ticket.entity##\n     ##FOREACHtickets##\n\n      ##lang.ticket.title## : ##ticket.title##\n       ##lang.ticket.status## : ##ticket.status##\n\n       ##ticket.url## \n       ##ENDFOREACHtickets##','&lt;table class=\"tab_cadre\" border=\"1\" cellspacing=\"2\" cellpadding=\"3\"&gt;\n&lt;tbody&gt;\n&lt;tr&gt;\n&lt;td style=\"text-align: left;\" width=\"auto\" bgcolor=\"#95bde4\"&gt;&lt;span style=\"font-family: Verdana; font-size: 11px; text-align: left;\"&gt;##lang.ticket.authors##&lt;/span&gt;&lt;/td&gt;\n&lt;td style=\"text-align: left;\" width=\"auto\" bgcolor=\"#95bde4\"&gt;&lt;span style=\"font-family: Verdana; font-size: 11px; text-align: left;\"&gt;##lang.ticket.title##&lt;/span&gt;&lt;/td&gt;\n&lt;td style=\"text-align: left;\" width=\"auto\" bgcolor=\"#95bde4\"&gt;&lt;span style=\"font-family: Verdana; font-size: 11px; text-align: left;\"&gt;##lang.ticket.priority##&lt;/span&gt;&lt;/td&gt;\n&lt;td style=\"text-align: left;\" width=\"auto\" bgcolor=\"#95bde4\"&gt;&lt;span style=\"font-family: Verdana; font-size: 11px; text-align: left;\"&gt;##lang.ticket.status##&lt;/span&gt;&lt;/td&gt;\n&lt;td style=\"text-align: left;\" width=\"auto\" bgcolor=\"#95bde4\"&gt;&lt;span style=\"font-family: Verdana; font-size: 11px; text-align: left;\"&gt;##lang.ticket.attribution##&lt;/span&gt;&lt;/td&gt;\n&lt;td style=\"text-align: left;\" width=\"auto\" bgcolor=\"#95bde4\"&gt;&lt;span style=\"font-family: Verdana; font-size: 11px; text-align: left;\"&gt;##lang.ticket.creationdate##&lt;/span&gt;&lt;/td&gt;\n&lt;td style=\"text-align: left;\" width=\"auto\" bgcolor=\"#95bde4\"&gt;&lt;span style=\"font-family: Verdana; font-size: 11px; text-align: left;\"&gt;##lang.ticket.content##&lt;/span&gt;&lt;/td&gt;\n&lt;/tr&gt;\n##FOREACHtickets## \n&lt;tr&gt;\n&lt;td width=\"auto\"&gt;&lt;span style=\"font-family: Verdana; font-size: 11px; text-align: left;\"&gt;##ticket.authors##&lt;/span&gt;&lt;/td&gt;\n&lt;td width=\"auto\"&gt;&lt;span style=\"font-family: Verdana; font-size: 11px; text-align: left;\"&gt;&lt;a href=\"##ticket.url##\"&gt;##ticket.title##&lt;/a&gt;&lt;/span&gt;&lt;/td&gt;\n&lt;td width=\"auto\"&gt;&lt;span style=\"font-family: Verdana; font-size: 11px; text-align: left;\"&gt;##ticket.priority##&lt;/span&gt;&lt;/td&gt;\n&lt;td width=\"auto\"&gt;&lt;span style=\"font-family: Verdana; font-size: 11px; text-align: left;\"&gt;##ticket.status##&lt;/span&gt;&lt;/td&gt;\n&lt;td width=\"auto\"&gt;&lt;span style=\"font-family: Verdana; font-size: 11px; text-align: left;\"&gt;##IFticket.assigntousers####ticket.assigntousers##&lt;br /&gt;##ENDIFticket.assigntousers####IFticket.assigntogroups##&lt;br /&gt;##ticket.assigntogroups## ##ENDIFticket.assigntogroups####IFticket.assigntosupplier##&lt;br /&gt;##ticket.assigntosupplier## ##ENDIFticket.assigntosupplier##&lt;/span&gt;&lt;/td&gt;\n&lt;td width=\"auto\"&gt;&lt;span style=\"font-family: Verdana; font-size: 11px; text-align: left;\"&gt;##ticket.creationdate##&lt;/span&gt;&lt;/td&gt;\n&lt;td width=\"auto\"&gt;&lt;span style=\"font-family: Verdana; font-size: 11px; text-align: left;\"&gt;##ticket.content##&lt;/span&gt;&lt;/td&gt;\n&lt;/tr&gt;\n##ENDFOREACHtickets##\n&lt;/tbody&gt;\n&lt;/table&gt;'),
(153,182,'','One-Time Security Code generated','##mfa.code##','##lang.mfa.information##<br>##mfa.code##<br>##lang.mfa.expiration##'),
(154,183,'','##lang.task.title## - ##task.name##','##lang.task.url##  : ##task.url##\n\n   ##lang.task.client## : ##task.client##\n   ##IFtask.name####lang.task.name## : ##task.name##\n   ##ENDIFtask.name## ##IFtask.type####lang.task.type## : ##task.type##\n   ##ENDIFtask.type## ##IFtask.users####lang.task.users## : ##task.users##\n   ##ENDIFtask.users## ##lang.task.status## : ##task.status##\n   ##IFtask.comment####lang.task.comment## : ##task.comment##\n   ##ENDIFtask.comment## ','&lt;p&gt;&lt;span style=\"font-family: Verdana; font-size: 11px; text-align: left;\"&gt;\n                        &lt;strong&gt;##lang.task.url##\n                        &lt;/strong&gt; :\n                        &lt;a href=\"##task.url##\"&gt;##task.url##\n                        &lt;/a&gt;&lt;/span&gt; &lt;br /&gt;&lt;br /&gt;\n                        &lt;span style=\"font-family: Verdana; font-size: 11px; text-align: left;\"&gt;\n                        &lt;strong&gt;##lang.task.client##&lt;/strong&gt; : ##task.client##\n                        &lt;/span&gt; &lt;br /&gt; ##IFtask.name##\n                        &lt;span style=\"font-family: Verdana; font-size: 11px; text-align: left;\"&gt;\n                        &lt;strong&gt;##lang.task.name##&lt;/strong&gt; : ##task.name##\n                        &lt;br /&gt;&lt;/span&gt;##ENDIFtask.name## ##IFtask.type##\n                        &lt;span style=\"font-family: Verdana; font-size: 11px; text-align: left;\"&gt;\n                        &lt;strong&gt;##lang.task.type##&lt;/strong&gt; :  ##task.type##&lt;br /&gt;\n                        &lt;/span&gt;##ENDIFtask.type## \n                        &lt;span style=\"font-family: Verdana; font-size: 11px; text-align: left;\"&gt;\n                        &lt;strong&gt;##lang.task.status##&lt;/strong&gt; :  ##task.status##&lt;br /&gt;\n                        &lt;/span&gt; ##IFtask.users##\n                        &lt;span style=\"font-family: Verdana; font-size: 11px; text-align: left;\"&gt;\n                        &lt;strong&gt;##lang.task.users##&lt;/strong&gt; :  ##task.users##&lt;br /&gt;\n                        &lt;/span&gt;##ENDIFtask.users## ##IFtask.comment##\n                        &lt;span style=\"font-family: Verdana; font-size: 11px; text-align: left;\"&gt;\n                        &lt;strong&gt;##lang.task.comment##&lt;/strong&gt; :  ##task.comment##\n                        &lt;br /&gt;&lt;/span&gt;##ENDIFtask.comment##'),
(155,189,'','##lang.resource.title## -  ##resource.firstname## ##resource.name##','##lang.resource.creationtitle##\n\n##lang.resource.entity## : ##resource.entity##\n\n##lang.resource.name## : ##resource.name##\n##lang.resource.firstname## : ##resource.firstname##\n##lang.resource.department## : ##resource.department##\n##lang.resource.location## : ##resource.location##\n##lang.resource.users## : ##resource.users##\n##lang.resource.usersrecipient## : ##resource.usersrecipient##\n##lang.resource.datedeclaration## : ##resource.datedeclaration##\n##lang.resource.datebegin## : ##resource.datebegin##\n\n##lang.resource.creation##\n\n##lang.resource.datecreation## : ##resource.datecreation##\n##lang.resource.login## : ##resource.login##\n##lang.resource.email## : ##resource.email##\n\n##lang.resource.informationtitle##\n\n##IFresource.commentaires####lang.resource.commentaires## : ##resource.commentaires####ENDIFresource.commentaires##\n\n##IFresource.informations####lang.resource.informations## : ##resource.informations####ENDIFresource.informations##','&lt;p style=\"text-align: center;\"&gt;&lt;span style=\"font-size: 11px; font-family: verdana;\"&gt;##lang.resource.creationtitle##&lt;/span&gt;&lt;/p&gt;\n&lt;table border=\"1\" cellspacing=\"2\" cellpadding=\"3\" width=\"590px\" align=\"center\"&gt;\n&lt;tbody&gt;\n&lt;tr&gt;\n&lt;td style=\"text-align: left;\" colspan=\"2\" width=\"auto\" bgcolor=\"#cccccc\"&gt;&lt;span style=\"font-family: Verdana; font-size: 11px; text-align: left;\"&gt;##lang.resource.entity##&lt;/span&gt;&lt;/td&gt;\n&lt;td style=\"text-align: left;\" colspan=\"2\" width=\"auto\"&gt;&lt;span style=\"font-family: Verdana; font-size: 11px; text-align: left;\"&gt;##resource.entity##&lt;/span&gt;&lt;/td&gt;\n&lt;/tr&gt;\n&lt;tr&gt;\n&lt;td style=\"text-align: left;\" width=\"auto\" bgcolor=\"#cccccc\"&gt;&lt;span style=\"font-family: Verdana; font-size: 11px; text-align: left;\"&gt;##lang.resource.name##&lt;/span&gt;&lt;/td&gt;\n&lt;td style=\"text-align: left;\" width=\"auto\"&gt;&lt;span style=\"font-family: Verdana; font-size: 11px; text-align: left;\"&gt;##resource.name##&lt;/span&gt;&lt;/td&gt;\n&lt;td style=\"text-align: left;\" width=\"auto\" bgcolor=\"#cccccc\"&gt;&lt;span style=\"font-family: Verdana; font-size: 11px; text-align: left;\"&gt;##lang.resource.firstname##&lt;/span&gt;&lt;/td&gt;\n&lt;td style=\"text-align: left;\" width=\"auto\"&gt;&lt;span style=\"font-family: Verdana; font-size: 11px; text-align: left;\"&gt;##resource.firstname##&lt;/span&gt;&lt;/td&gt;\n&lt;/tr&gt;\n&lt;tr&gt;\n&lt;td style=\"text-align: left;\" width=\"auto\" bgcolor=\"#cccccc\"&gt;&lt;span style=\"font-family: Verdana; font-size: 11px; text-align: left;\"&gt;##lang.resource.department##&lt;/span&gt;&lt;/td&gt;\n&lt;td style=\"text-align: left;\" width=\"auto\"&gt;&lt;span style=\"font-family: Verdana; font-size: 11px; text-align: left;\"&gt;##resource.department##&lt;/span&gt;&lt;/td&gt;\n&lt;td style=\"text-align: left;\" width=\"auto\" bgcolor=\"#cccccc\"&gt;&lt;span style=\"font-family: Verdana; font-size: 11px; text-align: left;\"&gt;##lang.resource.location##&lt;/span&gt;&lt;/td&gt;\n&lt;td style=\"text-align: left;\" width=\"auto\"&gt;&lt;span style=\"font-family: Verdana; font-size: 11px; text-align: left;\"&gt;##resource.location##&lt;/span&gt;&lt;/td&gt;\n&lt;/tr&gt;\n&lt;tr&gt;\n&lt;td style=\"text-align: left;\" width=\"auto\" bgcolor=\"#cccccc\"&gt;&lt;span style=\"font-family: Verdana; font-size: 11px; text-align: left;\"&gt;##lang.resource.users##&lt;/span&gt;&lt;/td&gt;\n&lt;td style=\"text-align: left;\" width=\"auto\"&gt;&lt;span style=\"font-family: Verdana; font-size: 11px; text-align: left;\"&gt;##resource.users##&lt;/span&gt;&lt;/td&gt;\n&lt;td style=\"text-align: left;\" width=\"auto\" bgcolor=\"#cccccc\"&gt;&lt;span style=\"font-family: Verdana; font-size: 11px; text-align: left;\"&gt;##lang.resource.usersrecipient##&lt;/span&gt;&lt;/td&gt;\n&lt;td style=\"text-align: left;\" width=\"auto\"&gt;&lt;span style=\"font-family: Verdana; font-size: 11px; text-align: left;\"&gt;##resource.usersrecipient##&lt;/span&gt;&lt;/td&gt;\n&lt;/tr&gt;\n&lt;tr&gt;\n&lt;td style=\"text-align: left;\" width=\"auto\" bgcolor=\"#cccccc\"&gt;&lt;span style=\"font-family: Verdana; font-size: 11px; text-align: left;\"&gt;##lang.resource.datedeclaration##&lt;/span&gt;&lt;/td&gt;\n&lt;td style=\"text-align: left;\" width=\"auto\"&gt;&lt;span style=\"font-family: Verdana; font-size: 11px; text-align: left;\"&gt;##resource.datedeclaration##&lt;/span&gt;&lt;/td&gt;\n&lt;td style=\"text-align: left;\" width=\"auto\" bgcolor=\"#cccccc\"&gt;&lt;span style=\"font-family: Verdana; font-size: 11px; text-align: left;\"&gt;##lang.resource.datebegin##&lt;/span&gt;&lt;/td&gt;\n&lt;td style=\"text-align: left;\" width=\"auto\"&gt;&lt;span style=\"font-family: Verdana; font-size: 11px; text-align: left;\"&gt;##resource.datebegin##&lt;/span&gt;&lt;/td&gt;\n&lt;/tr&gt;\n&lt;/tbody&gt;\n&lt;/table&gt;\n&lt;p style=\"text-align: center;\"&gt;&lt;span style=\"font-size: 11px; font-family: verdana;\"&gt;##lang.resource.creation##&lt;/span&gt;&lt;/p&gt;\n&lt;table border=\"1\" cellspacing=\"2\" cellpadding=\"3\" width=\"590px\" align=\"center\"&gt;\n&lt;tbody&gt;\n&lt;tr&gt;\n&lt;td style=\"text-align: left;\" width=\"auto\" bgcolor=\"#cccccc\"&gt;&lt;span style=\"font-family: Verdana; font-size: 11px; text-align: left;\"&gt;##lang.resource.datecreation##&lt;/span&gt;&lt;/td&gt;\n&lt;td style=\"text-align: left;\" width=\"auto\"&gt;&lt;span style=\"font-family: Verdana; font-size: 11px; text-align: left;\"&gt;##resource.datecreation##&lt;/span&gt;&lt;/td&gt;\n&lt;td style=\"text-align: left;\" width=\"auto\" bgcolor=\"#cccccc\"&gt;&lt;span style=\"font-family: Verdana; font-size: 11px; text-align: left;\"&gt;##lang.resource.login##&lt;/span&gt;&lt;/td&gt;\n&lt;td style=\"text-align: left;\" width=\"auto\"&gt;&lt;span style=\"font-family: Verdana; font-size: 11px; text-align: left;\"&gt;##resource.login##&lt;/span&gt;&lt;/td&gt;\n&lt;td style=\"text-align: left;\" width=\"auto\" bgcolor=\"#cccccc\"&gt;&lt;span style=\"font-family: Verdana; font-size: 11px; text-align: left;\"&gt;##lang.resource.email##&lt;/span&gt;&lt;/td&gt;\n&lt;td style=\"text-align: left;\" width=\"auto\"&gt;&lt;span style=\"font-family: Verdana; font-size: 11px; text-align: left;\"&gt;##resource.email##&lt;/span&gt;&lt;/td&gt;\n&lt;/tr&gt;\n&lt;/tbody&gt;\n&lt;/table&gt;\n&lt;p style=\"text-align: center;\"&gt;&lt;span style=\"font-size: 11px; font-family: verdana;\"&gt;##lang.resource.informationtitle##&lt;/span&gt;&lt;/p&gt;\n&lt;table border=\"1\" cellspacing=\"2\" cellpadding=\"3\" width=\"590px\" align=\"center\"&gt;\n&lt;tbody&gt;\n##IFresource.commentaires##\n&lt;tr&gt;\n&lt;td style=\"text-align: left;\" width=\"auto\" bgcolor=\"#cccccc\"&gt;&lt;span style=\"font-family: Verdana; font-size: 11px; text-align: left;\"&gt;##lang.resource.commentaires##&lt;/span&gt;&lt;/td&gt;\n&lt;/tr&gt;\n&lt;tr&gt;\n&lt;td style=\"text-align: left;\" width=\"auto\"&gt;&lt;span style=\"font-family: Verdana; font-size: 11px; text-align: left;\"&gt;##resource.commentaires##&lt;/span&gt;&lt;/td&gt;\n&lt;/tr&gt;\n##ENDIFresource.commentaires## ##IFresource.informations##\n&lt;tr&gt;\n&lt;td style=\"text-align: left;\" width=\"auto\" bgcolor=\"#cccccc\"&gt;&lt;span style=\"font-family: Verdana; font-size: 11px; text-align: left;\"&gt;##lang.resource.informations##&lt;/span&gt;&lt;/td&gt;\n&lt;/tr&gt;\n&lt;tr&gt;\n&lt;td style=\"text-align: left;\" width=\"auto\"&gt;&lt;span style=\"font-family: Verdana; font-size: 11px; text-align: left;\"&gt;##resource.informations##&lt;/span&gt;&lt;/td&gt;\n&lt;/tr&gt;\n##ENDIFresource.informations##\n&lt;/tbody&gt;\n&lt;/table&gt;'),
(156,184,'','##lang.resource.title## -  ##resource.firstname## ##resource.name##','##lang.resource.url##  : ##resource.url##\n\n   ##lang.resource.entity## : ##resource.entity##\n   ##IFresource.name####lang.resource.name## : ##resource.name##\n   ##ENDIFresource.name## ##IFresource.firstname####lang.resource.firstname## : ##resource.firstname##\n   ##ENDIFresource.firstname## ##IFresource.type####lang.resource.type## : ##resource.type##\n   ##ENDIFresource.type## ##IFresource.users####lang.resource.users## : ##resource.users##\n   ##ENDIFresource.users## ##IFresource.usersrecipient####lang.resource.usersrecipient## : ##resource.usersrecipient##\n   ##ENDIFresource.usersrecipient## ##IFresource.datedeclaration####lang.resource.datedeclaration## : ##resource.datedeclaration##\n   ##ENDIFresource.datedeclaration## ##IFresource.datebegin####lang.resource.datebegin## : ##resource.datebegin##\n   ##ENDIFresource.datebegin## ##IFresource.dateend####lang.resource.dateend## : ##resource.dateend##\n   ##ENDIFresource.dateend## ##IFresource.department####lang.resource.department## : ##resource.department##\n   ##ENDIFresource.department## ##IFresource.status####lang.resource.status## : ##resource.status##\n   ##ENDIFresource.status## ##IFresource.location####lang.resource.location## : ##resource.location##\n   ##ENDIFresource.location## ##IFresource.comment####lang.resource.comment## : ##resource.comment##\n   ##ENDIFresource.comment## ##IFresource.usersleaving####lang.resource.usersleaving## : ##resource.usersleaving##\n   ##ENDIFresource.usersleaving## ##IFresource.leaving####lang.resource.leaving## : ##resource.leaving##\n   ##ENDIFresource.leaving## ##IFresource.helpdesk####lang.resource.helpdesk## : ##resource.helpdesk##\n   ##ENDIFresource.helpdesk## ##FOREACHupdates##----------\n   ##lang.update.title## :\n   ##IFupdate.name####lang.resource.name## : ##update.name##\n   ##ENDIFupdate.name## ##IFupdate.firstname####lang.resource.firstname## : ##update.firstname##\n   ##ENDIFupdate.firstname## ##IFupdate.type####lang.resource.type## : ##update.type##\n   ##ENDIFupdate.type## ##IFupdate.users####lang.resource.users## : ##update.users##\n   ##ENDIFupdate.users## ##IFupdate.usersrecipient####lang.resource.usersrecipient## : ##update.usersrecipient##\n   ##ENDIFupdate.usersrecipient## ##IFupdate.datedeclaration####lang.resource.datedeclaration## : ##update.datedeclaration##\n   ##ENDIFupdate.datedeclaration## ##IFupdate.datebegin####lang.resource.datebegin## : ##update.datebegin##\n   ##ENDIFupdate.datebegin## ##IFupdate.dateend####lang.resource.dateend## : ##update.dateend##\n   ##ENDIFupdate.dateend## ##IFupdate.department####lang.resource.department## : ##update.department##\n   ##ENDIFupdate.department## ##IFupdate.status####lang.resource.status## : ##update.status##\n   ##ENDIFupdate.status## ##IFupdate.location####lang.resource.location## : ##update.location##\n   ##ENDIFupdate.location## ##IFupdate.comment####lang.resource.comment## : ##update.comment##\n   ##ENDIFupdate.comment## ##IFupdate.usersleaving####lang.resource.usersleaving## : ##update.usersleaving##\n   ##ENDIFupdate.usersleaving## ##IFupdate.leaving####lang.resource.leaving## : ##update.leaving##\n   ##ENDIFupdate.leaving## ##IFupdate.helpdesk####lang.resource.helpdesk## : ##update.helpdesk##\n   ##ENDIFupdate.helpdesk## ----------##ENDFOREACHupdates##\n   ##FOREACHtasks####lang.task.title## :\n   ##IFtask.name####lang.task.name## : ##task.name##\n   ##ENDIFtask.name## ##IFtask.type####lang.task.type## : ##task.type##\n   ##ENDIFtask.type## ##IFtask.users####lang.task.users## : ##task.users##\n   ##ENDIFtask.users## ##IFtask.groups####lang.task.groups## : ##task.groups##\n   ##ENDIFtask.groups## ##IFtask.datebegin####lang.task.datebegin## : ##task.datebegin##\n   ##ENDIFtask.datebegin## ##IFtask.dateend####lang.task.dateend## : ##task.dateend##\n   ##ENDIFtask.dateend## ##IFtask.comment####lang.task.comment## : ##task.comment##\n   ##ENDIFtask.comment## ##IFtask.finished####lang.task.finished## : ##task.finished##\n   ##ENDIFtask.finished## ##IFtask.realtime####lang.task.realtime## : ##task.realtime##\n   ##ENDIFtask.realtime## ----------##ENDFOREACHtasks## ','&lt;p&gt;&lt;span style=\"font-family: Verdana; font-size: 11px; text-align: left;\"&gt;\n                        &lt;strong&gt;##lang.resource.url##\n                        &lt;/strong&gt; :\n                        &lt;a href=\"##resource.url##\"&gt;##resource.url##\n                        &lt;/a&gt;&lt;/span&gt; &lt;br /&gt;&lt;br /&gt;\n                        &lt;span style=\"font-family: Verdana; font-size: 11px; text-align: left;\"&gt;\n                        &lt;strong&gt;##lang.resource.entity##&lt;/strong&gt; : ##resource.entity##\n                        &lt;/span&gt; &lt;br /&gt; ##IFresource.name##\n                        &lt;span style=\"font-family: Verdana; font-size: 11px; text-align: left;\"&gt;\n                        &lt;strong&gt;##lang.resource.name##&lt;/strong&gt; : ##resource.name##\n                        &lt;br /&gt;&lt;/span&gt;##ENDIFresource.name## ##IFresource.firstname##\n                        &lt;span style=\"font-family: Verdana; font-size: 11px; text-align: left;\"&gt;\n                        &lt;strong&gt;##lang.resource.firstname##&lt;/strong&gt; : ##resource.firstname##\n                        &lt;br /&gt;&lt;/span&gt;##ENDIFresource.firstname## ##IFresource.type##\n                        &lt;span style=\"font-family: Verdana; font-size: 11px; text-align: left;\"&gt;\n                        &lt;strong&gt;##lang.resource.type##&lt;/strong&gt; :  ##resource.type##&lt;br /&gt;\n                        &lt;/span&gt;##ENDIFresource.type## ##IFresource.status##\n                        &lt;span style=\"font-family: Verdana; font-size: 11px; text-align: left;\"&gt;\n                        &lt;strong&gt;##lang.resource.status##&lt;/strong&gt; :  ##resource.status##&lt;br /&gt;\n                        &lt;/span&gt;##ENDIFresource.status## ##IFresource.users##\n                        &lt;span style=\"font-family: Verdana; font-size: 11px; text-align: left;\"&gt;\n                        &lt;strong&gt;##lang.resource.users##&lt;/strong&gt; :  ##resource.users##&lt;br /&gt;\n                        &lt;/span&gt;##ENDIFresource.users## ##IFresource.usersrecipient##\n                        &lt;span style=\"font-family: Verdana; font-size: 11px; text-align: left;\"&gt;\n                        &lt;strong&gt;##lang.resource.usersrecipient##\n                        &lt;/strong&gt; :  ##resource.usersrecipient##&lt;br /&gt;\n                        &lt;/span&gt;##ENDIFresource.usersrecipient## ##IFresource.datedeclaration##\n                        &lt;span style=\"font-family: Verdana; font-size: 11px; text-align: left;\"&gt;\n                        &lt;strong&gt;##lang.resource.datedeclaration##\n                        &lt;/strong&gt; :  ##resource.datedeclaration##&lt;br /&gt;\n                        &lt;/span&gt;##ENDIFresource.datedeclaration## ##IFresource.datebegin##\n                        &lt;span style=\"font-family: Verdana; font-size: 11px; text-align: left;\"&gt;\n                        &lt;strong&gt;##lang.resource.datebegin##&lt;/strong&gt; :  ##resource.datebegin##\n                        &lt;br /&gt;&lt;/span&gt;##ENDIFresource.datebegin## ##IFresource.dateend##\n                        &lt;span style=\"font-family: Verdana; font-size: 11px; text-align: left;\"&gt;\n                        &lt;strong&gt;##lang.resource.dateend##&lt;/strong&gt; :  ##resource.dateend##\n                        &lt;br /&gt;&lt;/span&gt;##ENDIFresource.dateend## ##IFresource.department##\n                        &lt;span style=\"font-family: Verdana; font-size: 11px; text-align: left;\"&gt;\n                        &lt;strong&gt;##lang.resource.department##&lt;/strong&gt; :  ##resource.department##\n                        &lt;br /&gt;&lt;/span&gt;##ENDIFresource.department## ##IFresource.location##\n                        &lt;span style=\"font-family: Verdana; font-size: 11px; text-align: left;\"&gt;\n                        &lt;strong&gt;##lang.resource.location##&lt;/strong&gt; :  ##resource.location##\n                        &lt;br /&gt;&lt;/span&gt;##ENDIFresource.location## ##IFresource.comment##\n                        &lt;span style=\"font-family: Verdana; font-size: 11px; text-align: left;\"&gt;\n                        &lt;strong&gt;##lang.resource.comment##&lt;/strong&gt; :  ##resource.comment##\n                        &lt;br /&gt;&lt;/span&gt;##ENDIFresource.comment## ##IFresource.usersleaving##\n                        &lt;span style=\"font-family: Verdana; font-size: 11px; text-align: left;\"&gt;\n                        &lt;strong&gt;##lang.resource.usersleaving##&lt;/strong&gt; :  ##resource.usersleaving##\n                        &lt;br /&gt;&lt;/span&gt;##ENDIFresource.usersleaving## ##IFresource.leaving##\n                        &lt;span style=\"font-family: Verdana; font-size: 11px; text-align: left;\"&gt;\n                        &lt;strong&gt;##lang.resource.leaving##&lt;/strong&gt; :  ##resource.leaving##\n                        &lt;br /&gt;&lt;/span&gt;##ENDIFresource.leaving## ##IFresource.helpdesk##\n                        &lt;span style=\"font-family: Verdana; font-size: 11px; text-align: left;\"&gt;\n                        &lt;strong&gt;##lang.resource.helpdesk##&lt;/strong&gt; :  ##resource.helpdesk##\n                        &lt;br /&gt;&lt;/span&gt;##ENDIFresource.helpdesk##   ##FOREACHupdates##----------\n                        &lt;br /&gt;\n                        &lt;span style=\"font-family: Verdana; font-size: 11px; text-align: left;\"&gt;\n                        &lt;strong&gt;##lang.update.title## :&lt;/strong&gt;&lt;/span&gt;\n                        &lt;br /&gt; ##IFupdate.name##\n                        &lt;span style=\"font-family: Verdana; font-size: 11px; text-align: left;\"&gt;\n                        &lt;strong&gt;##lang.resource.name##&lt;/strong&gt; : ##update.name##&lt;br /&gt;\n                        &lt;/span&gt;##ENDIFupdate.name## ##IFupdate.firstname##\n                        &lt;span style=\"font-family: Verdana; font-size: 11px; text-align: left;\"&gt;\n                        &lt;strong&gt;##lang.resource.firstname##&lt;/strong&gt; : ##update.firstname##\n                        &lt;br /&gt;&lt;/span&gt;##ENDIFupdate.firstname## ##IFupdate.type##\n                        &lt;span style=\"font-family: Verdana; font-size: 11px; text-align: left;\"&gt;\n                        &lt;strong&gt;##lang.resource.type##&lt;/strong&gt; : ##update.type##&lt;br /&gt;\n                        &lt;/span&gt;##ENDIFupdate.type## ##IFupdate.status##\n                        &lt;span style=\"font-family: Verdana; font-size: 11px; text-align: left;\"&gt;\n                        &lt;strong&gt;##lang.resource.status##&lt;/strong&gt; : ##update.status##&lt;br /&gt;\n                        &lt;/span&gt;##ENDIFupdate.status## ##IFupdate.users##\n                        &lt;span style=\"font-family: Verdana; font-size: 11px; text-align: left;\"&gt;\n                        &lt;strong&gt;##lang.resource.users##&lt;/strong&gt; : ##update.users##&lt;br /&gt;\n                        &lt;/span&gt;##ENDIFupdate.users## ##IFupdate.usersrecipient##\n                        &lt;span style=\"font-family: Verdana; font-size: 11px; text-align: left;\"&gt;\n                        &lt;strong&gt;##lang.resource.usersrecipient##&lt;/strong&gt; : ##update.usersrecipient##\n                        &lt;br /&gt;&lt;/span&gt;##ENDIFupdate.usersrecipient## ##IFupdate.datedeclaration##\n                        &lt;span style=\"font-family: Verdana; font-size: 11px; text-align: left;\"&gt;\n                        &lt;strong&gt;##lang.resource.datedeclaration##\n                        &lt;/strong&gt; : ##update.datedeclaration##&lt;br /&gt;\n                        &lt;/span&gt;##ENDIFupdate.datedeclaration## ##IFupdate.datebegin##\n                        &lt;span style=\"font-family: Verdana; font-size: 11px; text-align: left;\"&gt;\n                        &lt;strong&gt;##lang.resource.datebegin##&lt;/strong&gt; : ##update.datebegin##\n                        &lt;br /&gt;&lt;/span&gt;##ENDIFupdate.datebegin## ##IFupdate.dateend##\n                        &lt;span style=\"font-family: Verdana; font-size: 11px; text-align: left;\"&gt;\n                        &lt;strong&gt;##lang.resource.dateend##&lt;/strong&gt; : ##update.dateend##\n                        &lt;br /&gt;&lt;/span&gt;##ENDIFupdate.dateend## ##IFupdate.department##\n                        &lt;span style=\"font-family: Verdana; font-size: 11px; text-align: left;\"&gt;\n                        &lt;strong&gt;##lang.resource.department##&lt;/strong&gt; : ##update.department##\n                        &lt;br /&gt;&lt;/span&gt;##ENDIFupdate.department## ##IFupdate.location##\n                        &lt;span style=\"font-family: Verdana; font-size: 11px; text-align: left;\"&gt;\n                        &lt;strong&gt;##lang.resource.location##&lt;/strong&gt; : ##update.location##\n                        &lt;br /&gt;&lt;/span&gt;##ENDIFupdate.location## ##IFupdate.comment##\n                        &lt;span style=\"font-family: Verdana; font-size: 11px; text-align: left;\"&gt;\n                        &lt;strong&gt;##lang.resource.comment##&lt;/strong&gt; : ##update.comment##\n                        &lt;br /&gt;&lt;/span&gt;##ENDIFupdate.comment## ##IFupdate.usersleaving##\n                        &lt;span style=\"font-family: Verdana; font-size: 11px; text-align: left;\"&gt;\n                        &lt;strong&gt;##lang.resource.usersleaving##\n                        &lt;/strong&gt; : ##update.usersleaving##&lt;br /&gt;\n                        &lt;/span&gt;##ENDIFupdate.usersleaving## ##IFupdate.leaving##\n                        &lt;span style=\"font-family: Verdana; font-size: 11px; text-align: left;\"&gt;\n                        &lt;strong&gt;##lang.resource.leaving##&lt;/strong&gt; : ##update.leaving##\n                        &lt;br /&gt;&lt;/span&gt;##ENDIFupdate.leaving## ##IFupdate.helpdesk##\n                        &lt;span style=\"font-family: Verdana; font-size: 11px; text-align: left;\"&gt;\n                        &lt;strong&gt;##lang.resource.helpdesk##&lt;/strong&gt; : ##update.helpdesk##\n                        &lt;br /&gt;&lt;/span&gt;##ENDIFupdate.helpdesk####ENDFOREACHupdates##   ##FOREACHtasks##----------\n                        &lt;br /&gt;&lt;span style=\"font-family: Verdana; font-size: 11px; text-align: left;\"&gt;\n                        &lt;strong&gt;##lang.task.title## :&lt;/strong&gt;&lt;/span&gt; &lt;br /&gt; ##IFtask.name##\n                        &lt;span style=\"font-family: Verdana; font-size: 11px; text-align: left;\"&gt;\n                        &lt;strong&gt;##lang.task.name##&lt;/strong&gt; : ##task.name##&lt;br /&gt;\n                        &lt;/span&gt;##ENDIFtask.name## ##IFtask.type##\n                        &lt;span style=\"font-family: Verdana; font-size: 11px; text-align: left;\"&gt;\n                        &lt;strong&gt;##lang.task.type##&lt;/strong&gt; : ##task.type##&lt;br /&gt;\n                        &lt;/span&gt;##ENDIFtask.type## ##IFtask.users##\n                        &lt;span style=\"font-family: Verdana; font-size: 11px; text-align: left;\"&gt;\n                        &lt;strong&gt;##lang.task.users##&lt;/strong&gt; : ##task.users##&lt;br /&gt;\n                        &lt;/span&gt;##ENDIFtask.users## ##IFtask.groups##\n                        &lt;span style=\"font-family: Verdana; font-size: 11px; text-align: left;\"&gt;\n                        &lt;strong&gt;##lang.task.groups##&lt;/strong&gt; : ##task.groups##&lt;br /&gt;\n                        &lt;/span&gt;##ENDIFtask.groups## ##IFtask.datebegin##\n                        &lt;span style=\"font-family: Verdana; font-size: 11px; text-align: left;\"&gt;\n                        &lt;strong&gt;##lang.task.datebegin##&lt;/strong&gt; : ##task.datebegin##&lt;br /&gt;\n                        &lt;/span&gt;##ENDIFtask.datebegin## ##IFtask.dateend##\n                        &lt;span style=\"font-family: Verdana; font-size: 11px; text-align: left;\"&gt;\n                        &lt;strong&gt;##lang.task.dateend##&lt;/strong&gt; : ##task.dateend##&lt;br /&gt;\n                        &lt;/span&gt;##ENDIFtask.dateend## ##IFtask.comment##\n                        &lt;span style=\"font-family: Verdana; font-size: 11px; text-align: left;\"&gt;\n                        &lt;strong&gt;##lang.task.comment##&lt;/strong&gt; : ##task.comment##&lt;br /&gt;\n                        &lt;/span&gt;##ENDIFtask.comment## ##IFtask.finished##\n                        &lt;span style=\"font-family: Verdana; font-size: 11px; text-align: left;\"&gt;\n                        &lt;strong&gt;##lang.task.finished##&lt;/strong&gt; : ##task.finished##&lt;br /&gt;\n                        &lt;/span&gt;##ENDIFtask.finished## ##IFtask.realtime##\n                        &lt;span style=\"font-family: Verdana; font-size: 11px; text-align: left;\"&gt;\n                        &lt;strong&gt;##lang.task.realtime##&lt;/strong&gt; : ##task.realtime##\n                        &lt;/span&gt;##ENDIFtask.realtime##&lt;br /&gt;----------##ENDFOREACHtasks##&lt;/p&gt;'),
(157,185,'','##resource.action## : ##resource.entity##','##FOREACHtasks##\n   ##lang.task.name## : ##task.name##\n   ##lang.task.type## : ##task.type##\n   ##lang.task.users## : ##task.users##\n   ##lang.task.groups## : ##task.groups##\n   ##lang.task.datebegin## : ##task.datebegin##\n   ##lang.task.dateend## : ##task.dateend##\n   ##lang.task.comment## : ##task.comment##\n   ##lang.task.resource## : ##task.resource##\n   ##ENDFOREACHtasks##','&lt;table class=\"tab_cadre\" border=\"1\" cellspacing=\"2\" cellpadding=\"3\"&gt;\n   &lt;tbody&gt;\n   &lt;tr&gt;\n   &lt;td style=\"text-align: left;\" bgcolor=\"#cccccc\"&gt;&lt;span style=\"font-family: Verdana; font-size: 11px; text-align: left;\"&gt;##lang.task.name##&lt;/span&gt;&lt;/td&gt;\n   &lt;td style=\"text-align: left;\" bgcolor=\"#cccccc\"&gt;&lt;span style=\"font-family: Verdana; font-size: 11px; text-align: left;\"&gt;##lang.task.type##&lt;/span&gt;&lt;/td&gt;\n   &lt;td style=\"text-align: left;\" bgcolor=\"#cccccc\"&gt;&lt;span style=\"font-family: Verdana; font-size: 11px; text-align: left;\"&gt;##lang.task.users##&lt;/span&gt;&lt;/td&gt;\n   &lt;td style=\"text-align: left;\" bgcolor=\"#cccccc\"&gt;&lt;span style=\"font-family: Verdana; font-size: 11px; text-align: left;\"&gt;##lang.task.groups##&lt;/span&gt;&lt;/td&gt;\n   &lt;td style=\"text-align: left;\" bgcolor=\"#cccccc\"&gt;&lt;span style=\"font-family: Verdana; font-size: 11px; text-align: left;\"&gt;##lang.task.datebegin##&lt;/span&gt;&lt;/td&gt;\n   &lt;td style=\"text-align: left;\" bgcolor=\"#cccccc\"&gt;&lt;span style=\"font-family: Verdana; font-size: 11px; text-align: left;\"&gt;##lang.task.dateend##&lt;/span&gt;&lt;/td&gt;\n   &lt;td style=\"text-align: left;\" bgcolor=\"#cccccc\"&gt;&lt;span style=\"font-family: Verdana; font-size: 11px; text-align: left;\"&gt;##lang.task.comment##&lt;/span&gt;&lt;/td&gt;\n   &lt;td style=\"text-align: left;\" bgcolor=\"#cccccc\"&gt;&lt;span style=\"font-family: Verdana; font-size: 11px; text-align: left;\"&gt;##lang.task.resource##&lt;/span&gt;&lt;/td&gt;\n   &lt;/tr&gt;\n   ##FOREACHtasks##\n   &lt;tr&gt;\n   &lt;td&gt;&lt;span style=\"font-family: Verdana; font-size: 11px; text-align: left;\"&gt;##task.name##&lt;/span&gt;&lt;/td&gt;\n   &lt;td&gt;&lt;span style=\"font-family: Verdana; font-size: 11px; text-align: left;\"&gt;##task.type##&lt;/span&gt;&lt;/td&gt;\n   &lt;td&gt;&lt;span style=\"font-family: Verdana; font-size: 11px; text-align: left;\"&gt;##task.users##&lt;/span&gt;&lt;/td&gt;\n   &lt;td&gt;&lt;span style=\"font-family: Verdana; font-size: 11px; text-align: left;\"&gt;##task.groups##&lt;/span&gt;&lt;/td&gt;\n   &lt;td&gt;&lt;span style=\"font-family: Verdana; font-size: 11px; text-align: left;\"&gt;##task.datebegin##&lt;/span&gt;&lt;/td&gt;\n   &lt;td&gt;&lt;span style=\"font-family: Verdana; font-size: 11px; text-align: left;\"&gt;##task.dateend##&lt;/span&gt;&lt;/td&gt;\n   &lt;td&gt;&lt;span style=\"font-family: Verdana; font-size: 11px; text-align: left;\"&gt;##task.comment##&lt;/span&gt;&lt;/td&gt;\n   &lt;td&gt;&lt;span style=\"font-family: Verdana; font-size: 11px; text-align: left;\"&gt;##task.resource##&lt;/span&gt;&lt;/td&gt;\n   &lt;/tr&gt;\n   ##ENDFOREACHtasks##\n   &lt;/tbody&gt;\n   &lt;/table&gt;'),
(158,186,'','##resource.action## : ##resource.entity##','##FOREACHresources##\n   ##lang.resource.name## : ##resource.name##\n   ##lang.resource.firstname## : ##resource.firstname##\n   ##lang.resource.type## : ##resource.type##\n   ##lang.resource.location## : ##resource.location##\n   ##lang.resource.users## : ##resource.users##\n   ##lang.resource.dateend## : ##resource.dateend##\n   ##ENDFOREACHresources##','&lt;table class=\"tab_cadre\" border=\"1\" cellspacing=\"2\" cellpadding=\"3\"&gt;\n   &lt;tbody&gt;\n   &lt;tr&gt;\n   &lt;td style=\"text-align: left;\" bgcolor=\"#cccccc\"&gt;&lt;span style=\"font-family: Verdana; font-size: 11px; text-align: left;\"&gt;##lang.resource.name##&lt;/span&gt;&lt;/td&gt;\n   &lt;td style=\"text-align: left;\" bgcolor=\"#cccccc\"&gt;&lt;span style=\"font-family: Verdana; font-size: 11px; text-align: left;\"&gt;##lang.resource.firstname##&lt;/span&gt;&lt;/td&gt;\n   &lt;td style=\"text-align: left;\" bgcolor=\"#cccccc\"&gt;&lt;span style=\"font-family: Verdana; font-size: 11px; text-align: left;\"&gt;##lang.resource.type##&lt;/span&gt;&lt;/td&gt;\n   &lt;td style=\"text-align: left;\" bgcolor=\"#cccccc\"&gt;&lt;span style=\"font-family: Verdana; font-size: 11px; text-align: left;\"&gt;##lang.resource.location##&lt;/span&gt;&lt;/td&gt;\n   &lt;td style=\"text-align: left;\" bgcolor=\"#cccccc\"&gt;&lt;span style=\"font-family: Verdana; font-size: 11px; text-align: left;\"&gt;##lang.resource.users##&lt;/span&gt;&lt;/td&gt;\n   &lt;td style=\"text-align: left;\" bgcolor=\"#cccccc\"&gt;&lt;span style=\"font-family: Verdana; font-size: 11px; text-align: left;\"&gt;##lang.resource.dateend##&lt;/span&gt;&lt;/td&gt;\n   &lt;/tr&gt;\n   ##FOREACHresources##\n   &lt;tr&gt;\n   &lt;td&gt;&lt;a href=\"##resource.url##\"&gt;&lt;span style=\"font-family: Verdana; font-size: 11px; text-align: left;\"&gt;##resource.name##&lt;/span&gt;&lt;/a&gt;&lt;/td&gt;\n   &lt;td&gt;&lt;span style=\"font-family: Verdana; font-size: 11px; text-align: left;\"&gt;##resource.firstname##&lt;/span&gt;&lt;/td&gt;\n   &lt;td&gt;&lt;span style=\"font-family: Verdana; font-size: 11px; text-align: left;\"&gt;##resource.type##&lt;/span&gt;&lt;/td&gt;\n   &lt;td&gt;&lt;span style=\"font-family: Verdana; font-size: 11px; text-align: left;\"&gt;##resource.location##&lt;/span&gt;&lt;/td&gt;\n   &lt;td&gt;&lt;span style=\"font-family: Verdana; font-size: 11px; text-align: left;\"&gt;##resource.users##&lt;/span&gt;&lt;/td&gt;\n   &lt;td&gt;&lt;span style=\"font-family: Verdana; font-size: 11px; text-align: left;\"&gt;##resource.dateend##&lt;/span&gt;&lt;/td&gt;\n   &lt;/tr&gt;\n   ##ENDFOREACHresources##\n   &lt;/tbody&gt;\n   &lt;/table&gt;'),
(159,187,'','##checklist.action## : ##checklist.entity##','##lang.checklist.title##\n\n   ##FOREACHchecklists##\n   ##lang.checklist.name## ##lang.checklist.firstname## : ##checklist.name## ##checklist.firstname##\n   ##lang.checklist.datebegin## : ##checklist.datebegin##\n   ##lang.checklist.dateend## : ##checklist.dateend##\n   ##lang.checklist.entity## : ##checklist.entity##\n   ##lang.checklist.location## : ##checklist.location##\n   ##lang.checklist.type## : ##checklist.type##\n\n   ##lang.checklist.title2## :\n   ##tasklist.name##\n   ##ENDFOREACHchecklists##','&lt;table class=\"tab_cadre\" border=\"1\" cellspacing=\"2\" cellpadding=\"3\"&gt;\n   &lt;tbody&gt;\n   &lt;tr bgcolor=\"#d9c4b8\"&gt;\n   &lt;th colspan=\"7\"&gt;&lt;span style=\"font-family: Verdana; font-size: 11px; text-align: center;\"&gt;##lang.checklist.title##&lt;/span&gt;&lt;/th&gt;\n   &lt;/tr&gt;\n   &lt;tr&gt;\n   &lt;td style=\"text-align: left;\" bgcolor=\"#cccccc\"&gt;&lt;span style=\"font-family: Verdana; font-size: 11px; text-align: left;\"&gt;##lang.checklist.name## ##lang.checklist.firstname##&lt;/span&gt;&lt;/td&gt;\n   &lt;td style=\"text-align: left;\" bgcolor=\"#cccccc\"&gt;&lt;span style=\"font-family: Verdana; font-size: 11px; text-align: left;\"&gt;##lang.checklist.datebegin##&lt;/span&gt;&lt;/td&gt;\n   &lt;td style=\"text-align: left;\" bgcolor=\"#cccccc\"&gt;&lt;span style=\"font-family: Verdana; font-size: 11px; text-align: left;\"&gt;##lang.checklist.dateend##&lt;/span&gt;&lt;/td&gt;\n   &lt;td style=\"text-align: left;\" bgcolor=\"#cccccc\"&gt;&lt;span style=\"font-family: Verdana; font-size: 11px; text-align: left;\"&gt;##lang.checklist.entity##&lt;/span&gt;&lt;/td&gt;\n   &lt;td style=\"text-align: left;\" bgcolor=\"#cccccc\"&gt;&lt;span style=\"font-family: Verdana; font-size: 11px; text-align: left;\"&gt;##lang.checklist.location##&lt;/span&gt;&lt;/td&gt;\n   &lt;td style=\"text-align: left;\" bgcolor=\"#cccccc\"&gt;&lt;span style=\"font-family: Verdana; font-size: 11px; text-align: left;\"&gt;##lang.checklist.type##&lt;/span&gt;&lt;/td&gt;\n   &lt;td style=\"text-align: left;\" bgcolor=\"#cccccc\"&gt;&lt;span style=\"font-family: Verdana; font-size: 11px; text-align: left;\"&gt;##lang.checklist.title2##&lt;/span&gt;&lt;/td&gt;\n   &lt;/tr&gt;\n   ##FOREACHchecklists##\n   &lt;tr&gt;\n   &lt;td&gt;&lt;a href=\"##checklist.url##\"&gt;&lt;span style=\"font-family: Verdana; font-size: 11px; text-align: left;\"&gt;##checklist.name## ##checklist.firstname##&lt;/span&gt;&lt;/a&gt;&lt;/td&gt;\n   &lt;td&gt;&lt;span style=\"font-family: Verdana; font-size: 11px; text-align: left;\"&gt;##checklist.datebegin##&lt;/span&gt;&lt;/td&gt;\n   &lt;td&gt;&lt;span style=\"font-family: Verdana; font-size: 11px; text-align: left;\"&gt;##checklist.dateend##&lt;/span&gt;&lt;/td&gt;\n   &lt;td&gt;&lt;span style=\"font-family: Verdana; font-size: 11px; text-align: left;\"&gt;##checklist.entity##&lt;/span&gt;&lt;/td&gt;\n   &lt;td&gt;&lt;span style=\"font-family: Verdana; font-size: 11px; text-align: left;\"&gt;##checklist.location##&lt;/span&gt;&lt;/td&gt;\n   &lt;td&gt;&lt;span style=\"font-family: Verdana; font-size: 11px; text-align: left;\"&gt;##checklist.type##&lt;/span&gt;&lt;/td&gt;\n   &lt;td&gt;&lt;span style=\"font-family: Verdana; font-size: 11px; text-align: left;\"&gt;\n   &lt;table width=\"100%\"&gt;\n   &lt;tbody&gt;\n   &lt;tr&gt;\n   &lt;td&gt;&lt;span style=\"font-family: Verdana; font-size: 11px; text-align: left;\"&gt; ##tasklist.name## &lt;/span&gt;&lt;/td&gt;\n   &lt;/tr&gt;\n   &lt;/tbody&gt;\n   &lt;/table&gt;\n   &lt;/span&gt;&lt;/td&gt;\n   &lt;/tr&gt;\n   ##ENDFOREACHchecklists##\n   &lt;/tbody&gt;\n   &lt;/table&gt;'),
(160,188,'','##lang.resource.title## -  ##resource.firstname## ##resource.name##','##lang.resource.title2##\n\n   ##lang.resource.url## : ##resource.url##\n\n   ##lang.resource.entity## : ##resource.entity##\n   ##IFresource.name## ##lang.resource.name## : ##resource.name##\n   ##ENDIFresource.name##\n   ##IFresource.firstname## ##lang.resource.firstname## : ##resource.firstname##\n   ##ENDIFresource.firstname##\n\n   ##lang.resource.badge##','&lt;p&gt;&lt;span style=\"font-family: Verdana; font-size: 11px; text-align: left;\"&gt;&lt;strong&gt;##lang.resource.title2##&lt;/strong&gt;\n   &lt;p&gt;&lt;span style=\"font-family: Verdana; font-size: 11px; text-align: left;\"&gt;\n   &lt;strong&gt;##lang.resource.url##&lt;/strong&gt; :\n   &lt;a href=\"##resource.url##\"&gt;##resource.url##&lt;/a&gt;\n   &lt;/span&gt; &lt;br /&gt;&lt;br /&gt;\n   &lt;span style=\"font-family: Verdana; font-size: 11px; text-align: left;\"&gt;\n   &lt;strong&gt;##lang.resource.entity##&lt;/strong&gt; : ##resource.entity##&lt;/span&gt;\n   &lt;br /&gt; ##IFresource.name##\n   &lt;span style=\"font-family: Verdana; font-size: 11px; text-align: left;\"&gt;\n   &lt;strong&gt;##lang.resource.name##&lt;/strong&gt; : ##resource.name##&lt;br /&gt;\n   &lt;/span&gt;##ENDIFresource.name## ##IFresource.firstname##\n   &lt;span style=\"font-family: Verdana; font-size: 11px; text-align: left;\"&gt;\n   &lt;strong&gt;##lang.resource.firstname##&lt;/strong&gt; : ##resource.firstname##\n   &lt;br /&gt;&lt;/span&gt;##ENDIFresource.firstname##&lt;/p&gt;\n   &lt;p&gt;&lt;span style=\"font-family: Verdana; font-size: 11px; text-align: left;\"&gt;&lt;strong&gt;##lang.resource.badge##&lt;/strong&gt;&lt;/span&gt;&lt;/p&gt;\n   &lt;/span&gt;&lt;/p&gt;'),
(161,190,'','##lang.resource.title## -  ##resource.firstname## ##resource.name##','##lang.resource.restingtitle##\n##lang.resource.openby## : ##resource.openby##\n##lang.resource.entity## : ##resource.entity##\n\n##lang.resource.name## : ##resource.name##\n##lang.resource.firstname## : ##resource.firstname##\n\n##lang.resource.department## : ##resource.department##\n##lang.resource.users## : ##resource.users##\n\n##lang.resource.resting##\n\n##lang.resource.location## : ##resource.location##\n##lang.resource.home## : ##resource.home##\n##lang.resource.datebegin## : ##resource.datebegin##\n##lang.resource.dateend## : ##resource.dateend##\n\n##lang.resource.commentaires## : ##resource.commentaires##\n\n##FOREACHupdates##\n##lang.update.title##\n\n##IFupdate.datebegin####lang.resource.datebegin## : ##update.datebegin####ENDIFupdate.datebegin##\n##IFupdate.dateend####lang.resource.dateend## : ##update.dateend####ENDIFupdate.dateend##\n##IFupdate.location####lang.resource.location## : ##update.location###ENDIFupdate.location##\n##IFupdate.home####lang.resource.home## : ##update.home####ENDIFupdate.home##\n##IFupdate.comment####lang.resource.comment## : ##update.comment####ENDIFupdate.comment##\n##ENDFOREACHupdates##','&lt;p style=\"text-align: center;\"&gt;&lt;span style=\"font-size: 11px; font-family: verdana;\"&gt;##lang.resource.restingtitle##&lt;/span&gt;&lt;/p&gt;\n&lt;table border=\"1\" cellspacing=\"2\" cellpadding=\"3\" width=\"590px\" align=\"center\"&gt;\n&lt;tbody&gt;\n&lt;tr&gt;\n&lt;td style=\"text-align: left;\" width=\"auto\" bgcolor=\"#cccccc\"&gt;&lt;span style=\"font-family: Verdana; font-size: 11px; text-align: left;\"&gt;##lang.resource.entity##&lt;/span&gt;&lt;/td&gt;\n&lt;td style=\"text-align: left;\" width=\"auto\"&gt;&lt;span style=\"font-family: Verdana; font-size: 11px; text-align: left;\"&gt;##resource.entity##&lt;/span&gt;&lt;/td&gt;\n&lt;td style=\"text-align: left;\" width=\"auto\" bgcolor=\"#cccccc\"&gt;&lt;span style=\"font-family: Verdana; font-size: 11px; text-align: left;\"&gt;##lang.resource.openby##&lt;/span&gt;&lt;/td&gt;\n&lt;td style=\"text-align: left;\" width=\"auto\"&gt;&lt;span style=\"font-family: Verdana; font-size: 11px; text-align: left;\"&gt;##resource.openby##&lt;/span&gt;&lt;/td&gt;\n&lt;/tr&gt;\n&lt;tr&gt;\n&lt;td style=\"text-align: left;\" width=\"auto\" bgcolor=\"#cccccc\"&gt;&lt;span style=\"font-family: Verdana; font-size: 11px; text-align: left;\"&gt;##lang.resource.name##&lt;/span&gt;&lt;/td&gt;\n&lt;td style=\"text-align: left;\" width=\"auto\"&gt;&lt;span style=\"font-family: Verdana; font-size: 11px; text-align: left;\"&gt;##resource.name##&lt;/span&gt;&lt;/td&gt;\n&lt;td style=\"text-align: left;\" width=\"auto\" bgcolor=\"#cccccc\"&gt;&lt;span style=\"font-family: Verdana; font-size: 11px; text-align: left;\"&gt;##lang.resource.firstname##&lt;/span&gt;&lt;/td&gt;\n&lt;td style=\"text-align: left;\" width=\"auto\"&gt;&lt;span style=\"font-family: Verdana; font-size: 11px; text-align: left;\"&gt;##resource.firstname##&lt;/span&gt;&lt;/td&gt;\n&lt;/tr&gt;\n&lt;tr&gt;\n&lt;td style=\"text-align: left;\" width=\"auto\" bgcolor=\"#cccccc\"&gt;&lt;span style=\"font-family: Verdana; font-size: 11px; text-align: left;\"&gt;##lang.resource.department##&lt;/span&gt;&lt;/td&gt;\n&lt;td style=\"text-align: left;\" width=\"auto\"&gt;&lt;span style=\"font-family: Verdana; font-size: 11px; text-align: left;\"&gt;##resource.department##&lt;/span&gt;&lt;/td&gt;\n&lt;td style=\"text-align: left;\" width=\"auto\" bgcolor=\"#cccccc\"&gt;&lt;span style=\"font-family: Verdana; font-size: 11px; text-align: left;\"&gt;##lang.resource.users##&lt;/span&gt;&lt;/td&gt;\n&lt;td style=\"text-align: left;\" width=\"auto\"&gt;&lt;span style=\"font-family: Verdana; font-size: 11px; text-align: left;\"&gt;##resource.users##&lt;/span&gt;&lt;/td&gt;\n&lt;/tr&gt;\n&lt;/tbody&gt;\n&lt;/table&gt;\n&lt;p style=\"text-align: center;\"&gt;&lt;span style=\"font-size: 11px; font-family: verdana;\"&gt;##lang.resource.resting##&lt;/span&gt;&lt;/p&gt;\n&lt;table border=\"1\" cellspacing=\"2\" cellpadding=\"3\" width=\"590px\" align=\"center\"&gt;\n&lt;tbody&gt;\n&lt;tr&gt;\n&lt;td style=\"text-align: left;\" width=\"auto\" bgcolor=\"#cccccc\"&gt;&lt;span style=\"font-family: Verdana; font-size: 11px; text-align: left;\"&gt;##lang.resource.location##&lt;/span&gt;&lt;/td&gt;\n&lt;td style=\"text-align: left;\" width=\"auto\"&gt;&lt;span style=\"font-family: Verdana; font-size: 11px; text-align: left;\"&gt;##resource.location##&lt;/span&gt;&lt;/td&gt;\n&lt;td style=\"text-align: left;\" width=\"auto\" bgcolor=\"#cccccc\"&gt;&lt;span style=\"font-family: Verdana; font-size: 11px; text-align: left;\"&gt;##lang.resource.home##&lt;/span&gt;&lt;/td&gt;\n&lt;td style=\"text-align: left;\" width=\"auto\"&gt;&lt;span style=\"font-family: Verdana; font-size: 11px; text-align: left;\"&gt;##resource.home##&lt;/span&gt;&lt;/td&gt;\n&lt;/tr&gt;\n&lt;tr&gt;\n&lt;td style=\"text-align: left;\" width=\"auto\" bgcolor=\"#cccccc\"&gt;&lt;span style=\"font-family: Verdana; font-size: 11px; text-align: left;\"&gt;##lang.resource.datebegin##&lt;/span&gt;&lt;/td&gt;\n&lt;td style=\"text-align: left;\" width=\"auto\"&gt;&lt;span style=\"font-family: Verdana; font-size: 11px; text-align: left;\"&gt;##resource.datebegin##&lt;/span&gt;&lt;/td&gt;\n&lt;td style=\"text-align: left;\" width=\"auto\" bgcolor=\"#cccccc\"&gt;&lt;span style=\"font-family: Verdana; font-size: 11px; text-align: left;\"&gt;##lang.resource.dateend##&lt;/span&gt;&lt;/td&gt;\n&lt;td style=\"text-align: left;\" width=\"auto\"&gt;&lt;span style=\"font-family: Verdana; font-size: 11px; text-align: left;\"&gt;##resource.dateend##&lt;/span&gt;&lt;/td&gt;\n&lt;/tr&gt;\n&lt;tr&gt;\n&lt;td style=\"text-align: left;\" colspan=\"4\" width=\"auto\" bgcolor=\"#cccccc\"&gt;&lt;span style=\"font-family: Verdana; font-size: 11px; text-align: left;\"&gt;##lang.resource.commentaires##&lt;/span&gt;&lt;/td&gt;\n&lt;/tr&gt;\n&lt;tr&gt;\n&lt;td style=\"text-align: left;\" colspan=\"4\" width=\"auto\"&gt;&lt;span style=\"font-family: Verdana; font-size: 11px; text-align: left;\"&gt;##resource.commentaires##&lt;/span&gt;&lt;/td&gt;\n&lt;/tr&gt;\n&lt;/tbody&gt;\n&lt;/table&gt;\n&lt;p&gt;##FOREACHupdates##&lt;/p&gt;\n&lt;p style=\"text-align: center;\"&gt;&lt;span style=\"font-size: 11px; font-family: verdana;\"&gt;##lang.update.title##&lt;/span&gt;&lt;/p&gt;\n&lt;table border=\"1\" cellspacing=\"2\" cellpadding=\"3\" width=\"590px\" align=\"center\"&gt;\n&lt;tbody&gt;\n##IFupdate.datebegin##\n&lt;tr&gt;\n&lt;td style=\"text-align: left;\" colspan=\"4\" width=\"auto\"&gt;\n&lt;span style=\"font-family: Verdana; font-size: 11px; text-align: left;\"&gt;\n&lt;span style=\"font-family: Verdana; font-size: 11px; text-align: left;\"&gt;##lang.resource.datebegin## : ##update.datebegin##\n&lt;/span&gt;&lt;/span&gt;&lt;/td&gt;\n&lt;/tr&gt;\n##ENDIFupdate.datebegin## ##IFupdate.dateend##\n&lt;tr&gt;\n&lt;td style=\"text-align: left;\" colspan=\"4\" width=\"auto\"&gt;\n&lt;span style=\"font-family: Verdana; font-size: 11px; text-align: left;\"&gt;\n&lt;span style=\"font-family: Verdana; font-size: 11px; text-align: left;\"&gt;##lang.resource.dateend## : ##update.dateend##\n&lt;/span&gt;&lt;/span&gt;&lt;/td&gt;\n&lt;/tr&gt;\n##ENDIFupdate.dateend## ##IFupdate.location##\n&lt;tr&gt;\n&lt;td style=\"text-align: left;\" colspan=\"4\" width=\"auto\"&gt;\n&lt;span style=\"font-family: Verdana; font-size: 11px; text-align: left;\"&gt;\n&lt;span style=\"font-family: Verdana; font-size: 11px; text-align: left;\"&gt;##lang.resource.location## : ##update.location##\n&lt;/span&gt;&lt;/span&gt;&lt;/td&gt;\n&lt;/tr&gt;\n##ENDIFupdate.location## ##IFupdate.home##\n&lt;tr&gt;\n&lt;td style=\"text-align: left;\" colspan=\"4\" width=\"auto\"&gt;\n&lt;span style=\"font-family: Verdana; font-size: 11px; text-align: left;\"&gt;\n&lt;span style=\"font-family: Verdana; font-size: 11px; text-align: left;\"&gt;##lang.resource.home## : ##update.home##\n&lt;/span&gt;&lt;/span&gt;&lt;/td&gt;\n&lt;/tr&gt;\n##ENDIFupdate.home## ##IFupdate.comment##\n&lt;tr&gt;\n&lt;td style=\"text-align: left;\" colspan=\"4\" width=\"auto\"&gt;\n&lt;span style=\"font-family: Verdana; font-size: 11px; text-align: left;\"&gt;\n&lt;span style=\"font-family: Verdana; font-size: 11px; text-align: left;\"&gt;##lang.resource.comment## : ##update.comment##\n&lt;/span&gt;&lt;/span&gt;&lt;/td&gt;\n&lt;/tr&gt;\n##ENDIFupdate.comment##\n&lt;/tbody&gt;\n&lt;/table&gt;\n&lt;p&gt;##ENDFOREACHupdates##&lt;/p&gt;'),
(162,191,'','##lang.resource.title## -  ##resource.firstname## ##resource.name##','##lang.resource.holidaytitle##\n##lang.resource.openby## : ##resource.openby##\n##lang.resource.entity## : ##resource.entity##\n\n##lang.resource.name## : ##resource.name##\n##lang.resource.firstname## : ##resource.firstname##\n\n##lang.resource.department## : ##resource.department##\n##lang.resource.users## : ##resource.users##\n\n##lang.resource.holiday##\n\n##lang.resource.datebegin## : ##resource.datebegin##\n##lang.resource.dateend## : ##resource.dateend##\n\n##lang.resource.commentaires## : ##resource.commentaires##\n\n##FOREACHupdates##\n##lang.update.title##\n\n##IFupdate.datebegin####lang.resource.datebegin## : ##update.datebegin####ENDIFupdate.datebegin##\n##IFupdate.dateend####lang.resource.dateend## : ##update.dateend####ENDIFupdate.dateend##\n##IFupdate.comment####lang.resource.comment## : ##update.comment####ENDIFupdate.comment##\n##ENDFOREACHupdates##','&lt;p style=\"text-align: center;\"&gt;&lt;span style=\"font-size: 11px; font-family: verdana;\"&gt;##lang.resource.holidaytitle##&lt;/span&gt;&lt;/p&gt;\n&lt;table border=\"1\" cellspacing=\"2\" cellpadding=\"3\" width=\"590px\" align=\"center\"&gt;\n&lt;tbody&gt;\n&lt;tr&gt;\n&lt;td style=\"text-align: left;\" width=\"auto\" bgcolor=\"#cccccc\"&gt;&lt;span style=\"font-family: Verdana; font-size: 11px; text-align: left;\"&gt;##lang.resource.entity##&lt;/span&gt;&lt;/td&gt;\n&lt;td style=\"text-align: left;\" width=\"auto\"&gt;&lt;span style=\"font-family: Verdana; font-size: 11px; text-align: left;\"&gt;##resource.entity##&lt;/span&gt;&lt;/td&gt;\n&lt;td style=\"text-align: left;\" width=\"auto\" bgcolor=\"#cccccc\"&gt;&lt;span style=\"font-family: Verdana; font-size: 11px; text-align: left;\"&gt;##lang.resource.openby##&lt;/span&gt;&lt;/td&gt;\n&lt;td style=\"text-align: left;\" width=\"auto\"&gt;&lt;span style=\"font-family: Verdana; font-size: 11px; text-align: left;\"&gt;##resource.openby##&lt;/span&gt;&lt;/td&gt;\n&lt;/tr&gt;\n&lt;tr&gt;\n&lt;td style=\"text-align: left;\" width=\"auto\" bgcolor=\"#cccccc\"&gt;&lt;span style=\"font-family: Verdana; font-size: 11px; text-align: left;\"&gt;##lang.resource.name##&lt;/span&gt;&lt;/td&gt;\n&lt;td style=\"text-align: left;\" width=\"auto\"&gt;&lt;span style=\"font-family: Verdana; font-size: 11px; text-align: left;\"&gt;##resource.name##&lt;/span&gt;&lt;/td&gt;\n&lt;td style=\"text-align: left;\" width=\"auto\" bgcolor=\"#cccccc\"&gt;&lt;span style=\"font-family: Verdana; font-size: 11px; text-align: left;\"&gt;##lang.resource.firstname##&lt;/span&gt;&lt;/td&gt;\n&lt;td style=\"text-align: left;\" width=\"auto\"&gt;&lt;span style=\"font-family: Verdana; font-size: 11px; text-align: left;\"&gt;##resource.firstname##&lt;/span&gt;&lt;/td&gt;\n&lt;/tr&gt;\n&lt;tr&gt;\n&lt;td style=\"text-align: left;\" width=\"auto\" bgcolor=\"#cccccc\"&gt;&lt;span style=\"font-family: Verdana; font-size: 11px; text-align: left;\"&gt;##lang.resource.department##&lt;/span&gt;&lt;/td&gt;\n&lt;td style=\"text-align: left;\" width=\"auto\"&gt;&lt;span style=\"font-family: Verdana; font-size: 11px; text-align: left;\"&gt;##resource.department##&lt;/span&gt;&lt;/td&gt;\n&lt;td style=\"text-align: left;\" width=\"auto\" bgcolor=\"#cccccc\"&gt;&lt;span style=\"font-family: Verdana; font-size: 11px; text-align: left;\"&gt;##lang.resource.users##&lt;/span&gt;&lt;/td&gt;\n&lt;td style=\"text-align: left;\" width=\"auto\"&gt;&lt;span style=\"font-family: Verdana; font-size: 11px; text-align: left;\"&gt;##resource.users##&lt;/span&gt;&lt;/td&gt;\n&lt;/tr&gt;\n&lt;/tbody&gt;\n&lt;/table&gt;\n&lt;p style=\"text-align: center;\"&gt;&lt;span style=\"font-size: 11px; font-family: verdana;\"&gt;##lang.resource.holiday##&lt;/span&gt;&lt;/p&gt;\n&lt;table border=\"1\" cellspacing=\"2\" cellpadding=\"3\" width=\"590px\" align=\"center\"&gt;\n&lt;tbody&gt;\n&lt;tr&gt;\n&lt;td style=\"text-align: left;\" width=\"auto\" bgcolor=\"#cccccc\"&gt;&lt;span style=\"font-family: Verdana; font-size: 11px; text-align: left;\"&gt;##lang.resource.datebegin##&lt;/span&gt;&lt;/td&gt;\n&lt;td style=\"text-align: left;\" width=\"auto\"&gt;&lt;span style=\"font-family: Verdana; font-size: 11px; text-align: left;\"&gt;##resource.datebegin##&lt;/span&gt;&lt;/td&gt;\n&lt;td style=\"text-align: left;\" width=\"auto\" bgcolor=\"#cccccc\"&gt;&lt;span style=\"font-family: Verdana; font-size: 11px; text-align: left;\"&gt;##lang.resource.dateend##&lt;/span&gt;&lt;/td&gt;\n&lt;td style=\"text-align: left;\" width=\"auto\"&gt;&lt;span style=\"font-family: Verdana; font-size: 11px; text-align: left;\"&gt;##resource.dateend##&lt;/span&gt;&lt;/td&gt;\n&lt;/tr&gt;\n&lt;tr&gt;\n&lt;td style=\"text-align: left;\" colspan=\"4\" width=\"auto\" bgcolor=\"#cccccc\"&gt;&lt;span style=\"font-family: Verdana; font-size: 11px; text-align: left;\"&gt;##lang.resource.commentaires##&lt;/span&gt;&lt;/td&gt;\n&lt;/tr&gt;\n&lt;tr&gt;\n&lt;td style=\"text-align: left;\" colspan=\"4\" width=\"auto\"&gt;&lt;span style=\"font-family: Verdana; font-size: 11px; text-align: left;\"&gt;##resource.commentaires##&lt;/span&gt;&lt;/td&gt;\n&lt;/tr&gt;\n&lt;/tbody&gt;\n&lt;/table&gt;\n&lt;p&gt;##FOREACHupdates##&lt;/p&gt;\n&lt;p style=\"text-align: center;\"&gt;&lt;span style=\"font-size: 11px; font-family: verdana;\"&gt;##lang.update.title##&lt;/span&gt;&lt;/p&gt;\n&lt;table border=\"1\" cellspacing=\"2\" cellpadding=\"3\" width=\"590px\" align=\"center\"&gt;\n&lt;tbody&gt;\n##IFupdate.datebegin##\n&lt;tr&gt;\n&lt;td style=\"text-align: left;\" colspan=\"4\" width=\"auto\"&gt;\n&lt;span style=\"font-family: Verdana; font-size: 11px; text-align: left;\"&gt;\n&lt;span style=\"font-family: Verdana; font-size: 11px; text-align: left;\"&gt;##lang.resource.datebegin## : ##update.datebegin##\n&lt;/span&gt;&lt;/span&gt;&lt;/td&gt;\n&lt;/tr&gt;\n##ENDIFupdate.datebegin## ##IFupdate.dateend##\n&lt;tr&gt;\n&lt;td style=\"text-align: left;\" colspan=\"4\" width=\"auto\"&gt;\n&lt;span style=\"font-family: Verdana; font-size: 11px; text-align: left;\"&gt;\n&lt;span style=\"font-family: Verdana; font-size: 11px; text-align: left;\"&gt;##lang.resource.dateend## : ##update.dateend##\n&lt;/span&gt;&lt;/span&gt;&lt;/td&gt;\n&lt;/tr&gt;\n##ENDIFupdate.dateend## ##IFupdate.comment##\n&lt;tr&gt;\n&lt;td style=\"text-align: left;\" colspan=\"4\" width=\"auto\"&gt;\n&lt;span style=\"font-family: Verdana; font-size: 11px; text-align: left;\"&gt;\n&lt;span style=\"font-family: Verdana; font-size: 11px; text-align: left;\"&gt;##lang.resource.comment## : ##update.comment##\n&lt;/span&gt;&lt;/span&gt;&lt;/td&gt;\n&lt;/tr&gt;\n##ENDIFupdate.comment##\n&lt;/tbody&gt;\n&lt;/table&gt;\n&lt;p&gt;##ENDFOREACHupdates##&lt;/p&gt;'),
(163,194,'','##lang.resource.title## -  ##resource.firstname## ##resource.name##','\n##lang.resource.openby## : ##resource.openby##\n##lang.resource.entity## : ##resource.entity##\n\n##lang.resource.name## : ##resource.name##\n##lang.resource.firstname## : ##resource.firstname##\n\n##lang.resource.department## : ##resource.department##\n##lang.resource.users## : ##resource.users##\n\n##lang.resource.commentaires## : ##resource.commentaires##','\n&lt;table border=\"1\" cellspacing=\"2\" cellpadding=\"3\" width=\"590px\" align=\"center\"&gt;\n&lt;tbody&gt;\n&lt;tr&gt;\n&lt;td style=\"text-align: left;\" width=\"auto\" bgcolor=\"#cccccc\"&gt;&lt;span style=\"font-family: Verdana; font-size: 11px; text-align: left;\"&gt;##lang.resource.entity##&lt;/span&gt;&lt;/td&gt;\n&lt;td style=\"text-align: left;\" width=\"auto\"&gt;&lt;span style=\"font-family: Verdana; font-size: 11px; text-align: left;\"&gt;##resource.entity##&lt;/span&gt;&lt;/td&gt;\n&lt;td style=\"text-align: left;\" width=\"auto\" bgcolor=\"#cccccc\"&gt;&lt;span style=\"font-family: Verdana; font-size: 11px; text-align: left;\"&gt;##lang.resource.openby##&lt;/span&gt;&lt;/td&gt;\n&lt;td style=\"text-align: left;\" width=\"auto\"&gt;&lt;span style=\"font-family: Verdana; font-size: 11px; text-align: left;\"&gt;##resource.openby##&lt;/span&gt;&lt;/td&gt;\n&lt;/tr&gt;\n&lt;tr&gt;\n&lt;td style=\"text-align: left;\" width=\"auto\" bgcolor=\"#cccccc\"&gt;&lt;span style=\"font-family: Verdana; font-size: 11px; text-align: left;\"&gt;##lang.resource.name##&lt;/span&gt;&lt;/td&gt;\n&lt;td style=\"text-align: left;\" width=\"auto\"&gt;&lt;span style=\"font-family: Verdana; font-size: 11px; text-align: left;\"&gt;##resource.name##&lt;/span&gt;&lt;/td&gt;\n&lt;td style=\"text-align: left;\" width=\"auto\" bgcolor=\"#cccccc\"&gt;&lt;span style=\"font-family: Verdana; font-size: 11px; text-align: left;\"&gt;##lang.resource.firstname##&lt;/span&gt;&lt;/td&gt;\n&lt;td style=\"text-align: left;\" width=\"auto\"&gt;&lt;span style=\"font-family: Verdana; font-size: 11px; text-align: left;\"&gt;##resource.firstname##&lt;/span&gt;&lt;/td&gt;\n&lt;/tr&gt;\n&lt;tr&gt;\n&lt;td style=\"text-align: left;\" width=\"auto\" bgcolor=\"#cccccc\"&gt;&lt;span style=\"font-family: Verdana; font-size: 11px; text-align: left;\"&gt;##lang.resource.department##&lt;/span&gt;&lt;/td&gt;\n&lt;td style=\"text-align: left;\" width=\"auto\"&gt;&lt;span style=\"font-family: Verdana; font-size: 11px; text-align: left;\"&gt;##resource.department##&lt;/span&gt;&lt;/td&gt;\n&lt;td style=\"text-align: left;\" width=\"auto\" bgcolor=\"#cccccc\"&gt;&lt;span style=\"font-family: Verdana; font-size: 11px; text-align: left;\"&gt;##lang.resource.users##&lt;/span&gt;&lt;/td&gt;\n&lt;td style=\"text-align: left;\" width=\"auto\"&gt;&lt;span style=\"font-family: Verdana; font-size: 11px; text-align: left;\"&gt;##resource.users##&lt;/span&gt;&lt;/td&gt;\n&lt;/tr&gt;\n&lt;/tbody&gt;\n&lt;/table&gt;\n&lt;table border=\"1\" cellspacing=\"2\" cellpadding=\"3\" width=\"590px\" align=\"center\"&gt;\n&lt;tbody&gt;\n&lt;tr&gt;\n&lt;td style=\"text-align: left;\" colspan=\"4\" width=\"auto\" bgcolor=\"#cccccc\"&gt;&lt;span style=\"font-family: Verdana; font-size: 11px; text-align: left;\"&gt;##lang.resource.commentaires##&lt;/span&gt;&lt;/td&gt;\n&lt;/tr&gt;\n&lt;tr&gt;\n&lt;td style=\"text-align: left;\" colspan=\"4\" width=\"auto\"&gt;&lt;span style=\"font-family: Verdana; font-size: 11px; text-align: left;\"&gt;##resource.commentaires##&lt;/span&gt;&lt;/td&gt;\n&lt;/tr&gt;\n&lt;/tbody&gt;\n&lt;/table&gt;'),
(164,195,'','##lang.resource.transfertitle## -  ##resource.firstname## ##resource.name##','##lang.resource.transfertitle##\nLa ressource ##resource.firstname## ##resource.name## a été transférée de l\'entité ##resource.sourceentity## vers l\'entité ##resource.sourceentity##.','&lt;p&gt;##lang.resource.transfertitle##&lt;/p&gt;\n&lt;p&gt;La ressource ##resource.firstname## ##resource.name## a été transférée de l\'entité ##resource.sourceentity## vers l\'entité ##resource.targetentity##.&lt;/p&gt;'),
(165,196,'','##lang.commercial.title##','##lang.commercial.title##\n\n##FOREACHcommercials##\n##lang.resource.name## : ##resource.name##\n##lang.resource.firstname## : ##resource.firstname##\n##lang.resource.type## : ##resource.type##\n##lang.resource.department## : ##resource.department##\n##lang.resource.location## : ##resource.location##\n##lang.resource.datebegin## : ##resource.datebegin##\n##lang.resource.dateend## : ##resource.dateend##\n##lang.resource.leaving## : ##resource.leaving##\n##lang.resource.userssale## : ##resource.userssale##\n##lang.resource.users## : ##resource.users##\n##lang.resource.accessprofile## : ##resource.accessprofile##\n##ENDFOREACHcommercials##','&lt;table class=\"tab_cadre\" border=\"1\" cellspacing=\"2\" cellpadding=\"3\"&gt;\n&lt;tbody&gt;\n&lt;tr bgcolor=\"#d9c4b8\"&gt;\n&lt;th colspan=\"11\"&gt;&lt;span style=\"font-family: Verdana; font-size: 11px; text-align: center;\"&gt;##lang.commercial.title##&lt;/span&gt;&lt;/th&gt;\n&lt;/tr&gt;\n&lt;tr&gt;\n&lt;td style=\"text-align: left;\" bgcolor=\"#cccccc\"&gt;&lt;span style=\"font-family: Verdana; font-size: 11px; text-align: left;\"&gt;##lang.resource.name##&lt;/span&gt;&lt;/td&gt;\n&lt;td style=\"text-align: left;\" bgcolor=\"#cccccc\"&gt;&lt;span style=\"font-family: Verdana; font-size: 11px; text-align: left;\"&gt;##lang.resource.firstname##&lt;/span&gt;&lt;/td&gt;\n&lt;td style=\"text-align: left;\" bgcolor=\"#cccccc\"&gt;&lt;span style=\"font-family: Verdana; font-size: 11px; text-align: left;\"&gt;##lang.resource.type##&lt;/span&gt;&lt;/td&gt;\n&lt;td style=\"text-align: left;\" bgcolor=\"#cccccc\"&gt;&lt;span style=\"font-family: Verdana; font-size: 11px; text-align: left;\"&gt;##lang.resource.department##&lt;/span&gt;&lt;/td&gt;\n&lt;td style=\"text-align: left;\" bgcolor=\"#cccccc\"&gt;&lt;span style=\"font-family: Verdana; font-size: 11px; text-align: left;\"&gt;##lang.resource.location##&lt;/span&gt;&lt;/td&gt;\n&lt;td style=\"text-align: left;\" bgcolor=\"#cccccc\"&gt;&lt;span style=\"font-family: Verdana; font-size: 11px; text-align: left;\"&gt;##lang.resource.datebegin##&lt;/span&gt;&lt;/td&gt;\n&lt;td style=\"text-align: left;\" bgcolor=\"#cccccc\"&gt;&lt;span style=\"font-family: Verdana; font-size: 11px; text-align: left;\"&gt;##lang.resource.dateend##&lt;/span&gt;&lt;/td&gt;\n&lt;td style=\"text-align: left;\" bgcolor=\"#cccccc\"&gt;&lt;span style=\"font-family: Verdana; font-size: 11px; text-align: left;\"&gt;##lang.resource.leaving##&lt;/span&gt;&lt;/td&gt;\n&lt;td style=\"text-align: left;\" bgcolor=\"#cccccc\"&gt;&lt;span style=\"font-family: Verdana; font-size: 11px; text-align: left;\"&gt;##lang.resource.userssale##&lt;/span&gt;&lt;/td&gt;\n&lt;td style=\"text-align: left;\" bgcolor=\"#cccccc\"&gt;&lt;span style=\"font-family: Verdana; font-size: 11px; text-align: left;\"&gt;##lang.resource.users##&lt;/span&gt;&lt;/td&gt;\n&lt;td style=\"text-align: left;\" bgcolor=\"#cccccc\"&gt;&lt;span style=\"font-family: Verdana; font-size: 11px; text-align: left;\"&gt;##lang.resource.accessprofile##&lt;/span&gt;&lt;/td&gt;\n&lt;/tr&gt;\n##FOREACHcommercials##\n&lt;tr&gt;\n&lt;td&gt;&lt;a href=\"##resource.url##\"&gt;&lt;span style=\"font-family: Verdana; font-size: 11px; text-align: left;\"&gt;##resource.name##&lt;/span&gt;&lt;/a&gt;&lt;/td&gt;\n&lt;td&gt;&lt;a href=\"##resource.url##\"&gt;&lt;span style=\"font-family: Verdana; font-size: 11px; text-align: left;\"&gt;##resource.firstname##&lt;/span&gt;&lt;/a&gt;&lt;/td&gt;\n&lt;td&gt;&lt;span style=\"font-family: Verdana; font-size: 11px; text-align: left;\"&gt;##resource.type##&lt;/span&gt;&lt;/td&gt;\n&lt;td&gt;&lt;span style=\"font-family: Verdana; font-size: 11px; text-align: left;\"&gt;##resource.department##&lt;/span&gt;&lt;/td&gt;\n&lt;td&gt;&lt;span style=\"font-family: Verdana; font-size: 11px; text-align: left;\"&gt;##resource.location##&lt;/span&gt;&lt;/td&gt;\n&lt;td&gt;&lt;span style=\"font-family: Verdana; font-size: 11px; text-align: left;\"&gt;##resource.datebegin##&lt;/span&gt;&lt;/td&gt;\n&lt;td&gt;&lt;span style=\"font-family: Verdana; font-size: 11px; text-align: left;\"&gt;##resource.dateend##&lt;/span&gt;&lt;/td&gt;\n&lt;td&gt;&lt;span style=\"font-family: Verdana; font-size: 11px; text-align: left;\"&gt;##resource.leaving##&lt;/span&gt;&lt;/td&gt;\n&lt;td&gt;&lt;span style=\"font-family: Verdana; font-size: 11px; text-align: left;\"&gt;##resource.userssale##&lt;/span&gt;&lt;/td&gt;\n&lt;td&gt;&lt;span style=\"font-family: Verdana; font-size: 11px; text-align: left;\"&gt;##resource.users##&lt;/span&gt;&lt;/td&gt;\n&lt;td&gt;&lt;span style=\"font-family: Verdana; font-size: 11px; text-align: left;\"&gt;##resource.accessprofile##&lt;/span&gt;&lt;/td&gt;\n&lt;/tr&gt;\n##ENDFOREACHcommercials##\n&lt;/tbody&gt;\n&lt;/table&gt;'),
(166,197,'','##lang.credit.lowcredits## : ##credit.name##','##lang.credit.lowcredits.information##','##lang.credit.lowcredits.information##'),
(167,198,'','Demande de renseignements complémentaires','##FOREACH LAST 1 followups##\n##followup.description##\n##ENDFOREACHfollowups##',NULL);

--
