(7837185,9,7837183,'2024-11-25 18:30:02',1,0.250973,0,'Nombre de messages : disponibles=0, déjà importés=0 récupérés=0, refusés=0, erreurs=0, en liste noire=0\n'),
(7837186,9,7837183,'2024-11-25 18:30:02',2,0.25538,0,'Action completed, no processing required'),
(7837187,27,0,'2024-11-25 18:30:02',0,0,0,'Run mode: CLI'),
(7837188,27,7837187,'2024-11-25 18:30:02',2,0.00343013,0,'Action completed, no processing required'),
(7837189,147,0,'2024-11-25 18:31:02',0,0,0,'Run mode: CLI'),
(7837190,147,7837189,'2024-11-25 18:31:02',2,0.026053,0,'Action completed, fully processed'),
(7837191,17,0,'2024-11-25 18:33:01',0,0,0,'Run mode: CLI'),
(7837192,17,7837191,'2024-11-25 18:33:01',2,0.026957,0,'Action completed, no processing required'),
(7837193,21,0,'2024-11-25 18:33:01',0,0,0,'Run mode: CLI'),
(7837194,21,7837193,'2024-11-25 18:33:01',2,0.0100842,0,'Action completed, no processing required'),
(7837195,147,0,'2024-11-25 18:33:01',0,0,0,'Run mode: CLI'),
(7837196,147,7837195,'2024-11-25 18:33:01',2,0.01176,0,'Action completed, fully processed'),
(7837197,32,0,'2024-11-25 18:34:01',0,0,0,'Run mode: CLI'),
(7837198,32,7837197,'2024-11-25 18:34:01',2,0.0256522,0,'Action completed, no processing required'),
(7837199,121,0,'2024-11-25 18:34:01',0,0,0,'Run mode: CLI'),
(7837200,121,7837199,'2024-11-25 18:34:01',2,0.0138869,0,'Action completed, fully processed'),
(7837201,9,0,'2024-11-25 18:35:01',0,0,0,'Run mode: CLI'),
(7837202,9,7837201,'2024-11-25 18:35:01',1,0.034363,0,'Collect mails from  y.gilat@addlys.com ({courrier2.gestiondurable.com:993/imap/ssl/novalidate-cert/notls}INBOX)\n'),
(7837203,9,7837201,'2024-11-25 18:35:01',1,0.232924,0,'Nombre de messages : disponibles=0, déjà importés=0 récupérés=0, refusés=0, erreurs=0, en liste noire=0\n'),
(7837204,9,7837201,'2024-11-25 18:35:01',2,0.238265,0,'Action completed, no processing required'),
(7837205,27,0,'2024-11-25 18:35:01',0,0,0,'Run mode: CLI'),
(7837206,27,7837205,'2024-11-25 18:35:01',2,0.00563121,0,'Action completed, no processing required'),
(7837207,147,0,'2024-11-25 18:35:01',0,0,0,'Run mode: CLI'),
(7837208,147,7837207,'2024-11-25 18:35:01',2,0.01176,0,'Action completed, fully processed'),
(7837209,147,0,'2024-11-25 18:37:01',0,0,0,'Run mode: CLI'),
(7837210,147,7837209,'2024-11-25 18:37:01',2,0.0314441,0,'Action completed, fully processed'),
(7837211,17,0,'2024-11-25 18:38:01',0,0,0,'Run mode: CLI'),
(7837212,17,7837211,'2024-11-25 18:38:01',2,0.0162458,0,'Action completed, no processing required'),
(7837213,21,0,'2024-11-25 18:38:01',0,0,0,'Run mode: CLI'),
(7837214,21,7837213,'2024-11-25 18:38:01',2,0.00930715,0,'Action completed, no processing required'),
(7837215,32,0,'2024-11-25 18:39:02',0,0,0,'Run mode: CLI'),
(7837216,32,7837215,'2024-11-25 18:39:02',2,0.0320039,0,'Action completed, no processing required'),
(7837217,121,0,'2024-11-25 18:39:02',0,0,0,'Run mode: CLI'),
(7837218,121,7837217,'2024-11-25 18:39:02',2,0.022856,0,'Action completed, fully processed'),
(7837219,147,0,'2024-11-25 18:39:02',0,0,0,'Run mode: CLI'),
(7837220,147,7837219,'2024-11-25 18:39:02',2,0.00759697,0,'Action completed, fully processed'),
(7837221,9,0,'2024-11-25 18:40:02',0,0,0,'Run mode: CLI'),
(7837222,9,7837221,'2024-11-25 18:40:02',1,0.040225,0,'Collect mails from  y.gilat@addlys.com ({courrier2.gestiondurable.com:993/imap/ssl/novalidate-cert/notls}INBOX)\n'),
(7837223,9,7837221,'2024-11-25 18:40:02',1,0.229473,0,'Nombre de messages : disponibles=0, déjà importés=0 récupérés=0, refusés=0, erreurs=0, en liste noire=0\n'),
(7837224,9,7837221,'2024-11-25 18:40:02',2,0.235101,0,'Action completed, no processing required'),
(7837225,27,0,'2024-11-25 18:40:02',0,0,0,'Run mode: CLI'),
(7837226,27,7837225,'2024-11-25 18:40:02',2,0.00527811,0,'Action completed, no processing required'),
(7837227,147,0,'2024-11-25 18:41:02',0,0,0,'Run mode: CLI'),
(7837228,147,7837227,'2024-11-25 18:41:02',2,0.0294409,0,'Action completed, fully processed'),
(7837229,17,0,'2024-11-25 18:43:02',0,0,0,'Run mode: CLI'),
(7837230,17,7837229,'2024-11-25 18:43:02',2,0.0342541,0,'Action completed, no processing required'),
(7837231,21,0,'2024-11-25 18:43:02',0,0,0,'Run mode: CLI'),
(7837232,21,7837231,'2024-11-25 18:43:02',2,0.00921893,0,'Action completed, no processing required'),
(7837233,147,0,'2024-11-25 18:43:02',0,0,0,'Run mode: CLI'),
(7837234,147,7837233,'2024-11-25 18:43:02',2,0.00792813,0,'Action completed, fully processed'),
(7837235,32,0,'2024-11-25 18:44:02',0,0,0,'Run mode: CLI'),
(7837236,32,7837235,'2024-11-25 18:44:02',2,0.019706,0,'Action completed, no processing required'),
(7837237,121,0,'2024-11-25 18:44:02',0,0,0,'Run mode: CLI'),
(7837238,121,7837237,'2024-11-25 18:44:02',2,0.014286,0,'Action completed, fully processed'),
(7837239,9,0,'2024-11-25 18:45:02',0,0,0,'Run mode: CLI'),
(7837240,9,7837239,'2024-11-25 18:45:02',1,0.02619,0,'Collect mails from  y.gilat@addlys.com ({courrier2.gestiondurable.com:993/imap/ssl/novalidate-cert/notls}INBOX)\n'),
(7837241,9,7837239,'2024-11-25 18:45:02',1,0.204496,0,'Nombre de messages : disponibles=0, déjà importés=0 récupérés=0, refusés=0, erreurs=0, en liste noire=0\n'),
(7837242,9,7837239,'2024-11-25 18:45:02',2,0.208772,0,'Action completed, no processing required'),
(7837243,27,0,'2024-11-25 18:45:02',0,0,0,'Run mode: CLI'),
(7837244,27,7837243,'2024-11-25 18:45:02',2,0.00541687,0,'Action completed, no processing required'),
(7837245,147,0,'2024-11-25 18:45:02',0,0,0,'Run mode: CLI'),
(7837246,147,7837245,'2024-11-25 18:45:02',2,0.011198,0,'Action completed, fully processed'),
(7837247,119,0,'2024-11-25 18:47:02',0,0,0,'Run mode: CLI'),
(7837248,119,7837247,'2024-11-25 18:47:02',2,0.0393629,0,'Action completed, fully processed'),
(7837249,147,0,'2024-11-25 18:47:02',0,0,0,'Run mode: CLI'),
(7837250,147,7837249,'2024-11-25 18:47:02',2,0.008811,0,'Action completed, fully processed'),
(7837251,17,0,'2024-11-25 18:48:02',0,0,0,'Run mode: CLI'),
(7837252,17,7837251,'2024-11-25 18:48:02',2,0.0240991,0,'Action completed, no processing required'),
(7837253,21,0,'2024-11-25 18:48:02',0,0,0,'Run mode: CLI'),
(7837254,21,7837253,'2024-11-25 18:48:02',2,0.00979304,0,'Action completed, no processing required'),
(7837255,32,0,'2024-11-25 18:49:02',0,0,0,'Run mode: CLI'),
(7837256,32,7837255,'2024-11-25 18:49:02',2,0.0317349,0,'Action completed, no processing required'),
(7837257,121,0,'2024-11-25 18:49:02',0,0,0,'Run mode: CLI'),
(7837258,121,7837257,'2024-11-25 18:49:02',2,0.018152,0,'Action completed, fully processed'),
(7837259,147,0,'2024-11-25 18:49:02',0,0,0,'Run mode: CLI'),
(7837260,147,7837259,'2024-11-25 18:49:02',2,0.00705886,0,'Action completed, fully processed'),
(7837261,9,0,'2024-11-25 18:50:02',0,0,0,'Run mode: CLI'),
(7837262,9,7837261,'2024-11-25 18:50:02',1,0.030576,0,'Collect mails from  y.gilat@addlys.com ({courrier2.gestiondurable.com:993/imap/ssl/novalidate-cert/notls}INBOX)\n'),
(7837263,9,7837261,'2024-11-25 18:50:02',1,0.243589,0,'Nombre de messages : disponibles=0, déjà importés=0 récupérés=0, refusés=0, erreurs=0, en liste noire=0\n'),
(7837264,9,7837261,'2024-11-25 18:50:02',2,0.247549,0,'Action completed, no processing required'),
(7837265,27,0,'2024-11-25 18:50:02',0,0,0,'Run mode: CLI'),
(7837266,27,7837265,'2024-11-25 18:50:02',2,0.00392103,0,'Action completed, no processing required'),
(7837267,147,0,'2024-11-25 18:51:02',0,0,0,'Run mode: CLI'),
(7837268,147,7837267,'2024-11-25 18:51:02',2,0.0248771,0,'Action completed, fully processed'),
(7837269,17,0,'2024-11-25 18:53:01',0,0,0,'Run mode: CLI'),
(7837270,17,7837269,'2024-11-25 18:53:01',2,0.0268128,0,'Action completed, no processing required'),
(7837271,21,0,'2024-11-25 18:53:01',0,0,0,'Run mode: CLI'),
(7837272,21,7837271,'2024-11-25 18:53:01',2,0.020005,0,'Action completed, no processing required'),
(7837273,147,0,'2024-11-25 18:53:01',0,0,0,'Run mode: CLI'),
(7837274,147,7837273,'2024-11-25 18:53:01',2,0.00858808,0,'Action completed, fully processed'),
(7837275,32,0,'2024-11-25 18:54:02',0,0,0,'Run mode: CLI'),
(7837276,32,7837275,'2024-11-25 18:54:02',2,0.0625389,0,'Action completed, no processing required'),
(7837277,121,0,'2024-11-25 18:54:02',0,0,0,'Run mode: CLI'),
(7837278,121,7837277,'2024-11-25 18:54:02',2,0.0706191,0,'Action completed, fully processed'),
(7837279,9,0,'2024-11-25 18:55:02',0,0,0,'Run mode: CLI'),
(7837280,9,7837279,'2024-11-25 18:55:02',1,0.0240569,0,'Collect mails from  y.gilat@addlys.com ({courrier2.gestiondurable.com:993/imap/ssl/novalidate-cert/notls}INBOX)\n'),
(7837281,9,7837279,'2024-11-25 18:55:02',1,0.261353,0,'Nombre de messages : disponibles=0, déjà importés=0 récupérés=0, refusés=0, erreurs=0, en liste noire=0\n'),
(7837282,9,7837279,'2024-11-25 18:55:02',2,0.279791,0,'Action completed, no processing required'),
(7837283,27,0,'2024-11-25 18:55:02',0,0,0,'Run mode: CLI'),
(7837284,27,7837283,'2024-11-25 18:55:02',2,0.00322604,0,'Action completed, no processing required'),
(7837285,147,0,'2024-11-25 18:55:02',0,0,0,'Run mode: CLI'),
(7837286,147,7837285,'2024-11-25 18:55:02',2,0.0103991,0,'Action completed, fully processed'),
(7837287,147,0,'2024-11-25 18:57:01',0,0,0,'Run mode: CLI'),
(7837288,147,7837287,'2024-11-25 18:57:01',2,0.0416391,0,'Action completed, fully processed'),
(7837289,17,0,'2024-11-25 18:58:01',0,0,0,'Run mode: CLI'),
(7837290,17,7837289,'2024-11-25 18:58:01',2,0.0317371,0,'Action completed, no processing required'),
(7837291,21,0,'2024-11-25 18:58:01',0,0,0,'Run mode: CLI'),
(7837292,21,7837291,'2024-11-25 18:58:01',2,0.0134451,0,'Action completed, no processing required'),
(7837293,32,0,'2024-11-25 18:59:01',0,0,0,'Run mode: CLI'),
(7837294,32,7837293,'2024-11-25 18:59:01',2,0.0245121,0,'Action completed, no processing required'),
(7837295,121,0,'2024-11-25 18:59:01',0,0,0,'Run mode: CLI'),
(7837296,121,7837295,'2024-11-25 18:59:01',2,0.025948,0,'Action completed, fully processed'),
(7837297,147,0,'2024-11-25 18:59:01',0,0,0,'Run mode: CLI'),
(7837298,147,7837297,'2024-11-25 18:59:01',2,0.00727201,0,'Action completed, fully processed'),
(7837299,9,0,'2024-11-25 19:00:02',0,0,0,'Run mode: CLI'),
(7837300,9,7837299,'2024-11-25 19:00:02',1,0.0447888,0,'Collect mails from  y.gilat@addlys.com ({courrier2.gestiondurable.com:993/imap/ssl/novalidate-cert/notls}INBOX)\n'),
(7837301,9,7837299,'2024-11-25 19:00:02',1,0.296404,0,'Nombre de messages : disponibles=0, déjà importés=0 récupérés=0, refusés=0, erreurs=0, en liste noire=0\n'),
(7837302,9,7837299,'2024-11-25 19:00:02',2,0.299882,0,'Action completed, no processing required'),
(7837303,27,0,'2024-11-25 19:00:02',0,0,0,'Run mode: CLI'),
(7837304,27,7837303,'2024-11-25 19:00:02',2,0.00429296,0,'Action completed, no processing required'),
(7837305,147,0,'2024-11-25 19:01:02',0,0,0,'Run mode: CLI'),
(7837306,147,7837305,'2024-11-25 19:01:02',2,0.037688,0,'Action completed, fully processed'),
(7837307,17,0,'2024-11-25 19:03:02',0,0,0,'Run mode: CLI'),
(7837308,17,7837307,'2024-11-25 19:03:02',2,0.016073,0,'Action completed, no processing required'),
(7837309,21,0,'2024-11-25 19:03:02',0,0,0,'Run mode: CLI'),
(7837310,21,7837309,'2024-11-25 19:03:02',2,0.01211,0,'Action completed, no processing required'),
(7837311,147,0,'2024-11-25 19:03:02',0,0,0,'Run mode: CLI'),
(7837312,147,7837311,'2024-11-25 19:03:02',2,0.00967717,0,'Action completed, fully processed'),
(7837313,32,0,'2024-11-25 19:04:02',0,0,0,'Run mode: CLI'),
(7837314,32,7837313,'2024-11-25 19:04:02',2,0.0175948,0,'Action completed, no processing required'),
(7837315,121,0,'2024-11-25 19:04:02',0,0,0,'Run mode: CLI'),
(7837316,121,7837315,'2024-11-25 19:04:02',2,0.0166879,0,'Action completed, fully processed'),
(7837317,9,0,'2024-11-25 19:05:02',0,0,0,'Run mode: CLI'),
(7837318,9,7837317,'2024-11-25 19:05:02',1,0.0279071,0,'Collect mails from  y.gilat@addlys.com ({courrier2.gestiondurable.com:993/imap/ssl/novalidate-cert/notls}INBOX)\n'),
(7837319,9,7837317,'2024-11-25 19:05:02',1,0.21738,0,'Nombre de messages : disponibles=0, déjà importés=0 récupérés=0, refusés=0, erreurs=0, en liste noire=0\n'),
(7837320,9,7837317,'2024-11-25 19:05:02',2,0.229003,0,'Action completed, no processing required'),
(7837321,27,0,'2024-11-25 19:05:02',0,0,0,'Run mode: CLI'),
(7837322,27,7837321,'2024-11-25 19:05:02',2,0.00349808,0,'Action completed, no processing required'),
(7837323,147,0,'2024-11-25 19:05:02',0,0,0,'Run mode: CLI'),
(7837324,147,7837323,'2024-11-25 19:05:02',2,0.00813508,0,'Action completed, fully processed'),
(7837325,147,0,'2024-11-25 19:07:02',0,0,0,'Run mode: CLI'),
(7837326,147,7837325,'2024-11-25 19:07:02',2,0.0332599,0,'Action completed, fully processed'),
(7837327,17,0,'2024-11-25 19:08:02',0,0,0,'Run mode: CLI'),
(7837328,17,7837327,'2024-11-25 19:08:02',2,0.0265422,0,'Action completed, no processing required'),
(7837329,21,0,'2024-11-25 19:08:02',0,0,0,'Run mode: CLI'),
(7837330,21,7837329,'2024-11-25 19:08:02',2,0.00897908,0,'Action completed, no processing required'),
(7837331,32,0,'2024-11-25 19:09:02',0,0,0,'Run mode: CLI'),
(7837332,32,7837331,'2024-11-25 19:09:02',2,0.0354478,0,'Action completed, no processing required'),
(7837333,121,0,'2024-11-25 19:09:02',0,0,0,'Run mode: CLI'),
(7837334,121,7837333,'2024-11-25 19:09:02',2,0.0412099,0,'Action completed, fully processed'),
(7837335,147,0,'2024-11-25 19:09:02',0,0,0,'Run mode: CLI'),
(7837336,147,7837335,'2024-11-25 19:09:02',2,0.0177519,0,'Action completed, fully processed'),
(7837337,9,0,'2024-11-25 19:10:02',0,0,0,'Run mode: CLI'),
(7837338,9,7837337,'2024-11-25 19:10:02',1,0.018585,0,'Collect mails from  y.gilat@addlys.com ({courrier2.gestiondurable.com:993/imap/ssl/novalidate-cert/notls}INBOX)\n'),
(7837339,9,7837337,'2024-11-25 19:10:02',1,0.191267,0,'Nombre de messages : disponibles=0, déjà importés=0 récupérés=0, refusés=0, erreurs=0, en liste noire=0\n'),
(7837340,9,7837337,'2024-11-25 19:10:02',2,0.195266,0,'Action completed, no processing required'),
(7837341,27,0,'2024-11-25 19:10:02',0,0,0,'Run mode: CLI'),
(7837342,27,7837341,'2024-11-25 19:10:02',2,0.00580096,0,'Action completed, no processing required'),
(7837343,147,0,'2024-11-25 19:11:01',0,0,0,'Run mode: CLI'),
(7837344,147,7837343,'2024-11-25 19:11:01',2,0.036299,0,'Action completed, fully processed'),
(7837345,17,0,'2024-11-25 19:13:01',0,0,0,'Run mode: CLI'),
(7837346,17,7837345,'2024-11-25 19:13:01',2,0.02933,0,'Action completed, no processing required'),
(7837347,21,0,'2024-11-25 19:13:01',0,0,0,'Run mode: CLI'),
(7837348,21,7837347,'2024-11-25 19:13:01',2,0.013695,0,'Action completed, no processing required'),
(7837349,147,0,'2024-11-25 19:13:01',0,0,0,'Run mode: CLI'),
(7837350,147,7837349,'2024-11-25 19:13:01',2,0.00585794,0,'Action completed, fully processed'),
(7837351,32,0,'2024-11-25 19:14:01',0,0,0,'Run mode: CLI'),
(7837352,32,7837351,'2024-11-25 19:14:01',2,0.029897,0,'Action completed, no processing required'),
(7837353,121,0,'2024-11-25 19:14:01',0,0,0,'Run mode: CLI'),
(7837354,121,7837353,'2024-11-25 19:14:01',2,0.0233319,0,'Action completed, fully processed'),
(7837355,9,0,'2024-11-25 19:15:02',0,0,0,'Run mode: CLI'),
(7837356,9,7837355,'2024-11-25 19:15:02',1,0.0426681,0,'Collect mails from  y.gilat@addlys.com ({courrier2.gestiondurable.com:993/imap/ssl/novalidate-cert/notls}INBOX)\n'),
(7837357,9,7837355,'2024-11-25 19:15:02',1,0.261014,0,'Nombre de messages : disponibles=0, déjà importés=0 récupérés=0, refusés=0, erreurs=0, en liste noire=0\n'),
(7837358,9,7837355,'2024-11-25 19:15:02',2,0.266342,0,'Action completed, no processing required'),
(7837359,13,0,'2024-11-25 19:15:02',0,0,0,'Run mode: CLI'),
(7837360,13,7837359,'2024-11-25 19:15:02',2,0.00287294,0,'Action completed, no processing required'),
(7837361,14,0,'2024-11-25 19:15:02',0,0,0,'Run mode: CLI'),
(7837362,14,7837361,'2024-11-25 19:15:02',2,0.00440502,0,'Action completed, no processing required'),
(7837363,27,0,'2024-11-25 19:15:02',0,0,0,'Run mode: CLI'),
(7837364,27,7837363,'2024-11-25 19:15:02',2,0.00485587,0,'Action completed, no processing required'),
(7837365,147,0,'2024-11-25 19:15:02',0,0,0,'Run mode: CLI'),
(7837366,147,7837365,'2024-11-25 19:15:02',2,0.0160329,0,'Action completed, fully processed'),
(7837367,24,0,'2024-11-25 19:16:02',0,0,0,'Run mode: CLI'),
(7837368,24,7837367,'2024-11-25 19:16:02',2,0.04143,0,'Action completed, no processing required'),
(7837369,119,0,'2024-11-25 19:17:01',0,0,0,'Run mode: CLI'),
(7837370,119,7837369,'2024-11-25 19:17:01',2,0.030972,0,'Action completed, fully processed'),
(7837371,75,0,'2024-11-25 19:17:01',0,0,0,'Run mode: CLI'),
(7837372,75,7837371,'2024-11-25 19:17:01',2,0.039916,0,'Action completed, fully processed'),
(7837373,147,0,'2024-11-25 19:17:01',0,0,0,'Run mode: CLI'),
(7837374,147,7837373,'2024-11-25 19:17:01',2,0.017065,0,'Action completed, fully processed'),
(7837375,17,0,'2024-11-25 19:18:01',0,0,0,'Run mode: CLI'),
(7837376,17,7837375,'2024-11-25 19:18:01',2,0.032032,0,'Action completed, no processing required'),
(7837377,21,0,'2024-11-25 19:18:01',0,0,0,'Run mode: CLI'),
(7837378,21,7837377,'2024-11-25 19:18:01',2,0.0114632,0,'Action completed, no processing required'),
(7837379,112,0,'2024-11-25 19:18:01',0,0,0,'Run mode: CLI'),
(7837380,112,7837379,'2024-11-25 19:18:01',1,0.00556302,0,'Sync issues from forms answers and tickets'),
(7837381,112,7837379,'2024-11-25 19:18:01',2,0.106013,0,'Action completed, fully processed'),
(7837382,32,0,'2024-11-25 19:19:01',0,0,0,'Run mode: CLI'),
(7837383,32,7837382,'2024-11-25 19:19:01',2,0.0183549,0,'Action completed, no processing required'),
(7837384,121,0,'2024-11-25 19:19:01',0,0,0,'Run mode: CLI'),
(7837385,121,7837384,'2024-11-25 19:19:01',2,0.012218,0,'Action completed, fully processed'),
(7837386,147,0,'2024-11-25 19:19:01',0,0,0,'Run mode: CLI'),
(7837387,147,7837386,'2024-11-25 19:19:01',2,0.0161121,0,'Action completed, fully processed'),
(7837388,9,0,'2024-11-25 19:20:02',0,0,0,'Run mode: CLI'),
(7837389,9,7837388,'2024-11-25 19:20:02',1,0.035938,0,'Collect mails from  y.gilat@addlys.com ({courrier2.gestiondurable.com:993/imap/ssl/novalidate-cert/notls}INBOX)\n'),
(7837390,9,7837388,'2024-11-25 19:20:02',1,0.229048,0,'Nombre de messages : disponibles=0, déjà importés=0 récupérés=0, refusés=0, erreurs=0, en liste noire=0\n'),
(7837391,9,7837388,'2024-11-25 19:20:02',2,0.234819,0,'Action completed, no processing required'),
(7837392,27,0,'2024-11-25 19:20:02',0,0,0,'Run mode: CLI'),
(7837393,27,7837392,'2024-11-25 19:20:02',2,0.00585389,0,'Action completed, no processing required'),
(7837394,147,0,'2024-11-25 19:21:02',0,0,0,'Run mode: CLI'),
(7837395,147,7837394,'2024-11-25 19:21:02',2,0.0359521,0,'Action completed, fully processed'),
(7837396,17,0,'2024-11-25 19:23:02',0,0,0,'Run mode: CLI'),
(7837397,17,7837396,'2024-11-25 19:23:02',2,0.026777,0,'Action completed, no processing required'),
(7837398,21,0,'2024-11-25 19:23:02',0,0,0,'Run mode: CLI'),
(7837399,21,7837398,'2024-11-25 19:23:02',2,0.013761,0,'Action completed, no processing required'),
(7837400,147,0,'2024-11-25 19:23:02',0,0,0,'Run mode: CLI'),
(7837401,147,7837400,'2024-11-25 19:23:02',2,0.012743,0,'Action completed, fully processed'),
(7837402,32,0,'2024-11-25 19:24:02',0,0,0,'Run mode: CLI'),
(7837403,32,7837402,'2024-11-25 19:24:02',2,0.0181949,0,'Action completed, no processing required'),
(7837404,121,0,'2024-11-25 19:24:02',0,0,0,'Run mode: CLI'),
(7837405,121,7837404,'2024-11-25 19:24:02',2,0.025245,0,'Action completed, fully processed'),
(7837406,9,0,'2024-11-25 19:25:02',0,0,0,'Run mode: CLI'),
(7837407,9,7837406,'2024-11-25 19:25:02',1,0.0379221,0,'Collect mails from  y.gilat@addlys.com ({courrier2.gestiondurable.com:993/imap/ssl/novalidate-cert/notls}INBOX)\n'),
(7837408,9,7837406,'2024-11-25 19:25:02',1,0.359201,0,'Nombre de messages : disponibles=0, déjà importés=0 récupérés=0, refusés=0, erreurs=0, en liste noire=0\n'),
(7837409,9,7837406,'2024-11-25 19:25:02',2,0.363188,0,'Action completed, no processing required'),
(7837410,27,0,'2024-11-25 19:25:02',0,0,0,'Run mode: CLI'),
(7837411,27,7837410,'2024-11-25 19:25:02',2,0.00491309,0,'Action completed, no processing required'),
(7837412,147,0,'2024-11-25 19:25:02',0,0,0,'Run mode: CLI'),
(7837413,147,7837412,'2024-11-25 19:25:02',2,0.0112801,0,'Action completed, fully processed'),
(7837414,147,0,'2024-11-25 19:27:02',0,0,0,'Run mode: CLI'),
(7837415,147,7837414,'2024-11-25 19:27:02',2,0.027041,0,'Action completed, fully processed'),
(7837416,17,0,'2024-11-25 19:28:02',0,0,0,'Run mode: CLI'),
(7837417,17,7837416,'2024-11-25 19:28:02',2,0.0256112,0,'Action completed, no processing required'),
(7837418,21,0,'2024-11-25 19:28:02',0,0,0,'Run mode: CLI'),
(7837419,21,7837418,'2024-11-25 19:28:02',2,0.00790191,0,'Action completed, no processing required'),
(7837420,32,0,'2024-11-25 19:29:02',0,0,0,'Run mode: CLI'),
(7837421,32,7837420,'2024-11-25 19:29:02',2,0.0169601,0,'Action completed, no processing required'),
(7837422,121,0,'2024-11-25 19:29:02',0,0,0,'Run mode: CLI'),
(7837423,121,7837422,'2024-11-25 19:29:02',2,0.0138009,0,'Action completed, fully processed'),
(7837424,147,0,'2024-11-25 19:29:02',0,0,0,'Run mode: CLI'),
(7837425,147,7837424,'2024-11-25 19:29:02',2,0.00462604,0,'Action completed, fully processed'),
(7837426,9,0,'2024-11-25 19:30:02',0,0,0,'Run mode: CLI'),
(7837427,9,7837426,'2024-11-25 19:30:02',1,0.026885,0,'Collect mails from  y.gilat@addlys.com ({courrier2.gestiondurable.com:993/imap/ssl/novalidate-cert/notls}INBOX)\n'),
(7837428,9,7837426,'2024-11-25 19:30:02',1,0.187545,0,'Nombre de messages : disponibles=0, déjà importés=0 récupérés=0, refusés=0, erreurs=0, en liste noire=0\n'),
(7837429,9,7837426,'2024-11-25 19:30:02',2,0.199721,0,'Action completed, no processing required'),
(7837430,27,0,'2024-11-25 19:30:02',0,0,0,'Run mode: CLI'),
(7837431,27,7837430,'2024-11-25 19:30:02',2,0.00453091,0,'Action completed, no processing required'),
(7837432,147,0,'2024-11-25 19:31:02',0,0,0,'Run mode: CLI'),
(7837433,147,7837432,'2024-11-25 19:31:02',2,0.033567,0,'Action completed, fully processed'),
(7837434,17,0,'2024-11-25 19:33:02',0,0,0,'Run mode: CLI'),
(7837435,17,7837434,'2024-11-25 19:33:02',2,0.0172679,0,'Action completed, no processing required'),
(7837436,21,0,'2024-11-25 19:33:02',0,0,0,'Run mode: CLI'),
(7837437,21,7837436,'2024-11-25 19:33:02',2,0.00536108,0,'Action completed, no processing required'),
(7837438,147,0,'2024-11-25 19:33:02',0,0,0,'Run mode: CLI'),
(7837439,147,7837438,'2024-11-25 19:33:02',2,0.00614595,0,'Action completed, fully processed'),
(7837440,32,0,'2024-11-25 19:34:01',0,0,0,'Run mode: CLI'),
(7837441,32,7837440,'2024-11-25 19:34:01',2,0.0262239,0,'Action completed, no processing required'),
(7837442,121,0,'2024-11-25 19:34:01',0,0,0,'Run mode: CLI'),
(7837443,121,7837442,'2024-11-25 19:34:01',2,0.019835,0,'Action completed, fully processed'),
(7837444,9,0,'2024-11-25 19:35:01',0,0,0,'Run mode: CLI'),
(7837445,9,7837444,'2024-11-25 19:35:01',1,0.027205,0,'Collect mails from  y.gilat@addlys.com ({courrier2.gestiondurable.com:993/imap/ssl/novalidate-cert/notls}INBOX)\n'),
(7837446,9,7837444,'2024-11-25 19:35:01',1,0.219982,0,'Nombre de messages : disponibles=0, déjà importés=0 récupérés=0, refusés=0, erreurs=0, en liste noire=0\n'),
(7837447,9,7837444,'2024-11-25 19:35:01',2,0.224743,0,'Action completed, no processing required'),
(7837448,27,0,'2024-11-25 19:35:01',0,0,0,'Run mode: CLI'),
(7837449,27,7837448,'2024-11-25 19:35:01',2,0.00793791,0,'Action completed, no processing required'),
(7837450,147,0,'2024-11-25 19:35:01',0,0,0,'Run mode: CLI'),
(7837451,147,7837450,'2024-11-25 19:35:01',2,0.0141571,0,'Action completed, fully processed'),
(7837452,147,0,'2024-11-25 19:37:01',0,0,0,'Run mode: CLI'),
(7837453,147,7837452,'2024-11-25 19:37:01',2,0.0304101,0,'Action completed, fully processed'),
(7837454,17,0,'2024-11-25 19:38:01',0,0,0,'Run mode: CLI'),
(7837455,17,7837454,'2024-11-25 19:38:01',2,0.0236261,0,'Action completed, no processing required'),
(7837456,21,0,'2024-11-25 19:38:01',0,0,0,'Run mode: CLI'),
(7837457,21,7837456,'2024-11-25 19:38:01',2,0.010684,0,'Action completed, no processing required'),
(7837458,32,0,'2024-11-25 19:39:02',0,0,0,'Run mode: CLI'),
(7837459,32,7837458,'2024-11-25 19:39:02',2,0.0239718,0,'Action completed, no processing required'),
(7837460,121,0,'2024-11-25 19:39:02',0,0,0,'Run mode: CLI'),
(7837461,121,7837460,'2024-11-25 19:39:02',2,0.0238721,0,'Action completed, fully processed'),
(7837462,147,0,'2024-11-25 19:39:02',0,0,0,'Run mode: CLI'),
(7837463,147,7837462,'2024-11-25 19:39:02',2,0.00690389,0,'Action completed, fully processed'),
(7837464,9,0,'2024-11-25 19:40:02',0,0,0,'Run mode: CLI'),
(7837465,9,7837464,'2024-11-25 19:40:02',1,0.0229211,0,'Collect mails from  y.gilat@addlys.com ({courrier2.gestiondurable.com:993/imap/ssl/novalidate-cert/notls}INBOX)\n'),
(7837466,9,7837464,'2024-11-25 19:40:02',1,0.247688,0,'Nombre de messages : disponibles=0, déjà importés=0 récupérés=0, refusés=0, erreurs=0, en liste noire=0\n'),
(7837467,9,7837464,'2024-11-25 19:40:02',2,0.252047,0,'Action completed, no processing required'),
(7837468,27,0,'2024-11-25 19:40:02',0,0,0,'Run mode: CLI'),
(7837469,27,7837468,'2024-11-25 19:40:02',2,0.00267005,0,'Action completed, no processing required'),
(7837470,147,0,'2024-11-25 19:41:02',0,0,0,'Run mode: CLI'),
(7837471,147,7837470,'2024-11-25 19:41:02',2,0.0228591,0,'Action completed, fully processed'),
(7837472,17,0,'2024-11-25 19:43:02',0,0,0,'Run mode: CLI'),
(7837473,17,7837472,'2024-11-25 19:43:02',2,0.021553,0,'Action completed, no processing required'),
(7837474,21,0,'2024-11-25 19:43:02',0,0,0,'Run mode: CLI'),
(7837475,21,7837474,'2024-11-25 19:43:02',2,0.00874496,0,'Action completed, no processing required'),
(7837476,147,0,'2024-11-25 19:43:02',0,0,0,'Run mode: CLI'),
(7837477,147,7837476,'2024-11-25 19:43:02',2,0.00959396,0,'Action completed, fully processed'),
(7837478,32,0,'2024-11-25 19:44:02',0,0,0,'Run mode: CLI'),
(7837479,32,7837478,'2024-11-25 19:44:02',2,0.0336039,0,'Action completed, no processing required'),
(7837480,121,0,'2024-11-25 19:44:02',0,0,0,'Run mode: CLI'),
(7837481,121,7837480,'2024-11-25 19:44:02',2,0.0342169,0,'Action completed, fully processed'),
(7837482,9,0,'2024-11-25 19:45:02',0,0,0,'Run mode: CLI'),
(7837483,9,7837482,'2024-11-25 19:45:02',1,0.0337262,0,'Collect mails from  y.gilat@addlys.com ({courrier2.gestiondurable.com:993/imap/ssl/novalidate-cert/notls}INBOX)\n'),
(7837484,9,7837482,'2024-11-25 19:45:02',1,0.214744,0,'Nombre de messages : disponibles=0, déjà importés=0 récupérés=0, refusés=0, erreurs=0, en liste noire=0\n'),
(7837485,9,7837482,'2024-11-25 19:45:02',2,0.22336,0,'Action completed, no processing required'),
(7837486,27,0,'2024-11-25 19:45:02',0,0,0,'Run mode: CLI'),
(7837487,27,7837486,'2024-11-25 19:45:02',2,0.00355697,0,'Action completed, no processing required'),
(7837488,147,0,'2024-11-25 19:45:02',0,0,0,'Run mode: CLI'),
(7837489,147,7837488,'2024-11-25 19:45:02',2,0.00667286,0,'Action completed, fully processed'),
(7837490,119,0,'2024-11-25 19:47:02',0,0,0,'Run mode: CLI'),
(7837491,119,7837490,'2024-11-25 19:47:02',2,0.027467,0,'Action completed, fully processed'),
(7837492,147,0,'2024-11-25 19:47:02',0,0,0,'Run mode: CLI'),
(7837493,147,7837492,'2024-11-25 19:47:02',2,0.0096941,0,'Action completed, fully processed'),
(7837494,17,0,'2024-11-25 19:48:02',0,0,0,'Run mode: CLI'),
(7837495,17,7837494,'2024-11-25 19:48:02',2,0.0305111,0,'Action completed, no processing required'),
(7837496,21,0,'2024-11-25 19:48:02',0,0,0,'Run mode: CLI'),
(7837497,21,7837496,'2024-11-25 19:48:02',2,0.0100231,0,'Action completed, no processing required'),
(7837498,32,0,'2024-11-25 19:49:02',0,0,0,'Run mode: CLI'),
(7837499,32,7837498,'2024-11-25 19:49:02',2,0.0162079,0,'Action completed, no processing required'),
(7837500,121,0,'2024-11-25 19:49:02',0,0,0,'Run mode: CLI'),
(7837501,121,7837500,'2024-11-25 19:49:02',2,0.014564,0,'Action completed, fully processed'),
(7837502,147,0,'2024-11-25 19:49:02',0,0,0,'Run mode: CLI'),
(7837503,147,7837502,'2024-11-25 19:49:02',2,0.00484204,0,'Action completed, fully processed'),
(7837504,9,0,'2024-11-25 19:50:02',0,0,0,'Run mode: CLI'),
(7837505,9,7837504,'2024-11-25 19:50:02',1,0.0371358,0,'Collect mails from  y.gilat@addlys.com ({courrier2.gestiondurable.com:993/imap/ssl/novalidate-cert/notls}INBOX)\n'),
(7837506,9,7837504,'2024-11-25 19:50:02',1,0.195138,0,'Nombre de messages : disponibles=0, déjà importés=0 récupérés=0, refusés=0, erreurs=0, en liste noire=0\n'),
(7837507,9,7837504,'2024-11-25 19:50:02',2,0.199806,0,'Action completed, no processing required'),
(7837508,27,0,'2024-11-25 19:50:02',0,0,0,'Run mode: CLI'),
(7837509,27,7837508,'2024-11-25 19:50:02',2,0.00494504,0,'Action completed, no processing required'),
(7837510,147,0,'2024-11-25 19:51:02',0,0,0,'Run mode: CLI'),
(7837511,147,7837510,'2024-11-25 19:51:02',2,0.0170879,0,'Action completed, fully processed'),
(7837512,17,0,'2024-11-25 19:53:01',0,0,0,'Run mode: CLI'),
(7837513,17,7837512,'2024-11-25 19:53:01',2,0.0172851,0,'Action completed, no processing required'),
(7837514,21,0,'2024-11-25 19:53:01',0,0,0,'Run mode: CLI'),
(7837515,21,7837514,'2024-11-25 19:53:01',2,0.0133801,0,'Action completed, no processing required'),
(7837516,147,0,'2024-11-25 19:53:01',0,0,0,'Run mode: CLI'),
(7837517,147,7837516,'2024-11-25 19:53:01',2,0.0201819,0,'Action completed, fully processed'),
(7837518,32,0,'2024-11-25 19:54:01',0,0,0,'Run mode: CLI'),
(7837519,32,7837518,'2024-11-25 19:54:01',2,0.015075,0,'Action completed, no processing required'),
(7837520,121,0,'2024-11-25 19:54:01',0,0,0,'Run mode: CLI'),
(7837521,121,7837520,'2024-11-25 19:54:01',2,0.013438,0,'Action completed, fully processed'),
(7837522,9,0,'2024-11-25 19:55:01',0,0,0,'Run mode: CLI'),
(7837523,9,7837522,'2024-11-25 19:55:01',1,0.03512,0,'Collect mails from  y.gilat@addlys.com ({courrier2.gestiondurable.com:993/imap/ssl/novalidate-cert/notls}INBOX)\n'),
(7837524,9,7837522,'2024-11-25 19:55:01',1,0.223231,0,'Nombre de messages : disponibles=0, déjà importés=0 récupérés=0, refusés=0, erreurs=0, en liste noire=0\n'),
(7837525,9,7837522,'2024-11-25 19:55:01',2,0.228703,0,'Action completed, no processing required'),
(7837526,27,0,'2024-11-25 19:55:01',0,0,0,'Run mode: CLI'),
(7837527,27,7837526,'2024-11-25 19:55:01',2,0.00513506,0,'Action completed, no processing required'),
(7837528,147,0,'2024-11-25 19:55:01',0,0,0,'Run mode: CLI'),
(7837529,147,7837528,'2024-11-25 19:55:01',2,0.0119071,0,'Action completed, fully processed'),
(7837530,147,0,'2024-11-25 19:57:01',0,0,0,'Run mode: CLI'),
(7837531,147,7837530,'2024-11-25 19:57:01',2,0.0691309,0,'Action completed, fully processed'),
(7837532,17,0,'2024-11-25 19:58:01',0,0,0,'Run mode: CLI'),
(7837533,17,7837532,'2024-11-25 19:58:01',2,0.0465961,0,'Action completed, no processing required'),
(7837534,21,0,'2024-11-25 19:58:01',0,0,0,'Run mode: CLI'),
(7837535,21,7837534,'2024-11-25 19:58:01',2,0.0142651,0,'Action completed, no processing required'),
(7837536,32,0,'2024-11-25 19:59:02',0,0,0,'Run mode: CLI'),
(7837537,32,7837536,'2024-11-25 19:59:02',2,0.0241919,0,'Action completed, no processing required'),
(7837538,121,0,'2024-11-25 19:59:02',0,0,0,'Run mode: CLI'),
(7837539,121,7837538,'2024-11-25 19:59:02',2,0.021369,0,'Action completed, fully processed'),
(7837540,147,0,'2024-11-25 19:59:02',0,0,0,'Run mode: CLI'),
(7837541,147,7837540,'2024-11-25 19:59:02',2,0.00573587,0,'Action completed, fully processed'),
(7837542,9,0,'2024-11-25 20:00:02',0,0,0,'Run mode: CLI'),
(7837543,9,7837542,'2024-11-25 20:00:02',1,0.0459991,0,'Collect mails from  y.gilat@addlys.com ({courrier2.gestiondurable.com:993/imap/ssl/novalidate-cert/notls}INBOX)\n'),
(7837544,9,7837542,'2024-11-25 20:00:02',1,0.317453,0,'Nombre de messages : disponibles=0, déjà importés=0 récupérés=0, refusés=0, erreurs=0, en liste noire=0\n'),
(7837545,9,7837542,'2024-11-25 20:00:02',2,0.322119,0,'Action completed, no processing required'),
(7837546,27,0,'2024-11-25 20:00:02',0,0,0,'Run mode: CLI'),
(7837547,27,7837546,'2024-11-25 20:00:02',2,0.0109789,0,'Action completed, no processing required'),
(7837548,147,0,'2024-11-25 20:01:02',0,0,0,'Run mode: CLI'),
(7837549,147,7837548,'2024-11-25 20:01:02',2,0.0302961,0,'Action completed, fully processed'),
(7837550,167,0,'2025-02-11 20:01:07',0,0,0,'Run mode: GLPI'),
(7837551,167,7837550,'2025-02-11 20:01:07',1,0.0147972,0,'Notification(s) envoyée(s) !'),
(7837552,167,7837550,'2025-02-11 20:01:07',2,6.36878,0,'Action completed, fully processed'),
(7837553,167,0,'2025-03-13 20:19:54',0,0,0,'Run mode: GLPI'),
(7837554,167,7837553,'2025-03-13 20:19:54',1,0.0168259,0,'Notification(s) envoyée(s) !'),
(7837555,167,7837553,'2025-03-13 20:19:54',2,2.71821,0,'Action completed, fully processed'),
(7837556,22,0,'2025-03-24 18:38:13',0,0,0,'Run mode: GLPI'),
(7837557,22,7837556,'2025-03-24 18:38:13',2,0.285744,1,'Action completed, fully processed'),
(7837558,167,0,'2025-04-14 12:58:56',0,0,0,'Run mode: GLPI'),
(7837559,167,7837558,'2025-04-14 12:58:56',1,0.011471,0,'Notification(s) envoyée(s) !'),
(7837560,167,7837558,'2025-04-14 12:58:56',2,0.014194,0,'Action completed, fully processed'),
(7837561,167,0,'2025-06-10 13:18:02',0,0,0,'Run mode: GLPI'),
(7837562,167,7837561,'2025-06-10 13:18:02',1,0.017375,0,'Notification(s) envoyée(s) !'),
(7837563,167,7837561,'2025-06-10 13:18:02',2,0.0209911,0,'Action completed, fully processed'),
(7837564,167,0,'2025-09-10 12:43:57',0,0,0,'Run mode: GLPI'),
(7837565,167,7837564,'2025-09-10 12:43:57',1,0.013103,0,'Notification(s) envoyée(s) !'),
(7837566,167,7837564,'2025-09-10 12:43:57',2,0.0168281,0,'Action completed, fully processed'),
(7837567,167,0,'2025-10-10 15:42:00',0,0,0,'Run mode: GLPI'),
(7837568,167,7837567,'2025-10-10 15:42:00',1,0.0121601,0,'Notification(s) envoyée(s) !'),
(7837569,167,7837567,'2025-10-10 15:42:00',2,0.0150709,0,'Action completed, fully processed'),
(7837570,167,0,'2025-12-30 16:08:51',0,0,0,'Run mode: GLPI'),
(7837571,167,7837570,'2025-12-30 16:08:51',1,0.010931,0,'Notification(s) envoyée(s) !'),
(7837572,167,7837570,'2025-12-30 16:08:51',2,0.0136919,0,'Action completed, fully processed'),
(7837573,22,0,'2026-01-28 16:04:39',0,0,0,'Run mode: GLPI'),
(7837574,22,7837573,'2026-01-28 16:04:39',2,3.47628,22,'Action completed, fully processed'),
(7837575,22,0,'2026-01-28 16:10:38',0,0,0,'Run mode: GLPI'),
(7837576,22,7837575,'2026-01-28 16:10:38',2,0.312299,0,'Action completed, fully processed'),
(7837577,22,0,'2026-01-28 16:16:11',0,0,0,'Run mode: GLPI'),
(7837578,22,7837577,'2026-01-28 16:16:11',2,0.306354,0,'Action completed, fully processed'),
(7837579,22,0,'2026-01-28 16:22:18',0,0,0,'Run mode: GLPI'),
(7837580,22,7837579,'2026-01-28 16:22:18',2,0.444855,1,'Action completed, fully processed'),
(7837581,22,0,'2026-01-28 16:28:48',0,0,0,'Run mode: GLPI'),
(7837582,22,7837581,'2026-01-28 16:28:48',2,0.32629,0,'Action completed, fully processed'),
(7837583,22,0,'2026-01-28 16:34:24',0,0,0,'Run mode: GLPI'),
(7837584,22,7837583,'2026-01-28 16:34:24',2,0.259669,0,'Action completed, fully processed'),
(7837585,22,0,'2026-01-28 16:39:55',0,0,0,'Run mode: GLPI'),
(7837586,22,7837585,'2026-01-28 16:39:55',2,0.021224,0,'Action completed, no processing required'),
(7837587,22,0,'2026-01-28 16:40:35',0,0,0,'Run mode: GLPI'),
(7837588,22,7837587,'2026-01-28 16:40:35',2,0.0205269,0,'Action completed, no processing required'),
(7837589,22,0,'2026-01-28 16:42:19',0,0,0,'Run mode: GLPI'),
(7837590,22,7837589,'2026-01-28 16:42:19',2,0.022125,0,'Action completed, no processing required'),
(7837591,22,0,'2026-01-28 16:47:44',0,0,0,'Run mode: GLPI'),
(7837592,22,7837591,'2026-01-28 16:47:44',2,0.013777,0,'Action completed, no processing required'),
(7837593,22,0,'2026-01-28 17:01:09',0,0,0,'Run mode: GLPI'),
(7837594,22,7837593,'2026-01-28 17:01:09',2,0.0147362,0,'Action completed, no processing required'),
(7837595,22,0,'2026-01-28 23:58:01',0,0,0,'Run mode: GLPI'),
(7837596,22,7837595,'2026-01-28 23:58:01',2,0.026422,0,'Action completed, no processing required'),
(7837597,22,0,'2026-01-29 00:01:47',0,0,0,'Run mode: GLPI'),
(7837598,22,7837597,'2026-01-29 00:01:47',2,0.0119231,0,'Action completed, no processing required'),
(7837599,22,0,'2026-01-29 00:07:20',0,0,0,'Run mode: GLPI'),
(7837600,22,7837599,'2026-01-29 00:07:20',2,0.011162,0,'Action completed, no processing required'),
(7837601,22,0,'2026-01-29 07:49:25',0,0,0,'Run mode: GLPI'),
(7837602,22,7837601,'2026-01-29 07:49:25',2,0.0144269,0,'Action completed, no processing required'),
(7837603,22,0,'2026-01-29 10:01:25',0,0,0,'Run mode: GLPI'),
(7837604,22,7837603,'2026-01-29 10:01:25',2,0.016464,0,'Action completed, no processing required'),
(7837605,22,0,'2026-01-29 10:09:37',0,0,0,'Run mode: GLPI'),
(7837606,22,7837605,'2026-01-29 10:09:37',2,0.0146718,0,'Action completed, no processing required'),
(7837607,22,0,'2026-01-29 10:11:26',0,0,0,'Run mode: GLPI'),
(7837608,22,7837607,'2026-01-29 10:11:26',2,0.0118809,0,'Action completed, no processing required'),
(7837609,22,0,'2026-01-29 10:12:03',0,0,0,'Run mode: GLPI'),
(7837610,22,7837609,'2026-01-29 10:12:03',2,0.00985694,0,'Action completed, no processing required'),
(7837611,22,0,'2026-01-29 10:18:01',0,0,0,'Run mode: GLPI'),
(7837612,22,7837611,'2026-01-29 10:18:01',2,0.016351,0,'Action completed, no processing required'),
(7837613,22,0,'2026-01-29 10:23:30',0,0,0,'Run mode: GLPI'),
(7837614,22,7837613,'2026-01-29 10:23:30',2,0.00907612,0,'Action completed, no processing required'),
(7837615,22,0,'2026-01-29 10:30:05',0,0,0,'Run mode: GLPI'),
(7837616,22,7837615,'2026-01-29 10:30:05',2,0.416881,2,'Action completed, fully processed'),
(7837617,22,0,'2026-01-29 10:35:08',0,0,0,'Run mode: GLPI'),
(7837618,22,7837617,'2026-01-29 10:35:08',2,0.00880885,0,'Action completed, no processing required'),
(7837619,22,0,'2026-01-29 10:44:27',0,0,0,'Run mode: GLPI'),
(7837620,22,7837619,'2026-01-29 10:44:27',2,0.156456,1,'Action completed, fully processed'),
(7837621,22,0,'2026-01-29 10:49:50',0,0,0,'Run mode: GLPI'),
(7837622,22,7837621,'2026-01-29 10:49:50',2,0.34793,2,'Action completed, fully processed'),
(7837623,22,0,'2026-01-29 10:56:53',0,0,0,'Run mode: GLPI'),
(7837624,22,7837623,'2026-01-29 10:56:53',2,0.236571,1,'Action completed, fully processed'),
(7837625,22,0,'2026-01-29 11:06:51',0,0,0,'Run mode: GLPI'),
(7837626,22,7837625,'2026-01-29 11:06:51',2,0.62116,3,'Action completed, fully processed'),
(7837627,22,0,'2026-01-29 11:15:48',0,0,0,'Run mode: GLPI'),
(7837628,22,7837627,'2026-01-29 11:15:48',2,0.154784,0,'Action completed, fully processed'),
(7837629,22,0,'2026-01-29 11:21:19',0,0,0,'Run mode: GLPI'),
(7837630,22,7837629,'2026-01-29 11:21:19',2,0.285152,1,'Action completed, fully processed'),
(7837631,22,0,'2026-01-29 11:26:27',0,0,0,'Run mode: GLPI'),
(7837632,22,7837631,'2026-01-29 11:26:27',2,0.399851,2,'Action completed, fully processed'),
(7837633,22,0,'2026-01-29 11:33:00',0,0,0,'Run mode: GLPI'),
(7837634,22,7837633,'2026-01-29 11:33:00',2,0.011142,0,'Action completed, no processing required'),
(7837635,22,0,'2026-01-29 11:38:45',0,0,0,'Run mode: GLPI'),
(7837636,22,7837635,'2026-01-29 11:38:45',2,0.0143518,0,'Action completed, no processing required'),
(7837637,22,0,'2026-01-29 11:44:05',0,0,0,'Run mode: GLPI'),
(7837638,22,7837637,'2026-01-29 11:44:05',2,0.0163071,0,'Action completed, no processing required'),
(7837639,22,0,'2026-01-29 13:18:15',0,0,0,'Run mode: GLPI'),
(7837640,22,7837639,'2026-01-29 13:18:15',2,0.237424,1,'Action completed, fully processed'),
(7837641,22,0,'2026-01-29 13:30:38',0,0,0,'Run mode: GLPI'),
(7837642,22,7837641,'2026-01-29 13:30:38',2,0.449149,3,'Action completed, fully processed'),
(7837643,22,0,'2026-01-29 14:12:54',0,0,0,'Run mode: GLPI'),
(7837644,22,7837643,'2026-01-29 14:12:54',2,0.0176599,0,'Action completed, no processing required'),
(7837645,22,0,'2026-01-29 14:40:14',0,0,0,'Run mode: GLPI'),
(7837646,22,7837645,'2026-01-29 14:40:14',2,0.0103478,0,'Action completed, no processing required'),
(7837647,22,0,'2026-01-29 14:59:39',0,0,0,'Run mode: GLPI'),
(7837648,22,7837647,'2026-01-29 14:59:39',2,0.0101771,0,'Action completed, no processing required'),
(7837649,22,0,'2026-01-29 15:54:46',0,0,0,'Run mode: GLPI'),
(7837650,22,7837649,'2026-01-29 15:54:46',2,0.01105,0,'Action completed, no processing required'),
(7837651,22,0,'2026-01-29 16:00:08',0,0,0,'Run mode: GLPI'),
(7837652,22,7837651,'2026-01-29 16:00:08',2,0.343841,2,'Action completed, fully processed'),
(7837653,22,0,'2026-01-29 16:03:38',0,0,0,'Run mode: GLPI'),
(7837654,22,7837653,'2026-01-29 16:03:38',2,0.0106399,0,'Action completed, no processing required'),
(7837655,22,0,'2026-01-29 16:05:14',0,0,0,'Run mode: GLPI'),
(7837656,22,7837655,'2026-01-29 16:05:14',2,0.0101659,0,'Action completed, no processing required'),
(7837657,22,0,'2026-01-29 16:08:51',0,0,0,'Run mode: GLPI'),
(7837658,22,7837657,'2026-01-29 16:08:51',2,0.194817,1,'Action completed, fully processed'),
(7837659,22,0,'2026-01-29 16:10:31',0,0,0,'Run mode: GLPI'),
(7837660,22,7837659,'2026-01-29 16:10:31',2,0.153593,1,'Action completed, fully processed'),
(7837661,22,0,'2026-01-29 16:14:24',0,0,0,'Run mode: GLPI'),
(7837662,22,7837661,'2026-01-29 16:14:24',2,0.0890071,0,'Action completed, fully processed'),
(7837663,22,0,'2026-01-29 16:16:35',0,0,0,'Run mode: GLPI'),
(7837664,22,7837663,'2026-01-29 16:16:35',2,0.0114021,0,'Action completed, no processing required'),
(7837665,22,0,'2026-01-29 16:26:29',0,0,0,'Run mode: GLPI'),
(7837666,22,7837665,'2026-01-29 16:26:29',2,0.411839,2,'Action completed, fully processed'),
(7837667,22,0,'2026-01-29 19:40:15',0,0,0,'Run mode: GLPI'),
(7837668,22,7837667,'2026-01-29 19:40:15',2,0.127928,0,'Action completed, fully processed'),
(7837669,22,0,'2026-01-30 08:43:09',0,0,0,'Run mode: GLPI'),
(7837670,22,7837669,'2026-01-30 08:43:09',2,0.194468,0,'Action completed, fully processed'),
(7837671,22,0,'2026-01-30 08:54:00',0,0,0,'Run mode: GLPI'),
(7837672,22,7837671,'2026-01-30 08:54:00',2,0.120174,0,'Action completed, fully processed'),
(7837673,22,0,'2026-01-30 09:05:12',0,0,0,'Run mode: GLPI'),
(7837674,22,7837673,'2026-01-30 09:05:12',2,0.659759,4,'Action completed, fully processed'),
(7837675,22,0,'2026-01-30 09:12:33',0,0,0,'Run mode: GLPI'),
(7837676,22,7837675,'2026-01-30 09:12:33',2,0.0105739,0,'Action completed, no processing required'),
(7837677,22,0,'2026-01-30 09:17:35',0,0,0,'Run mode: GLPI'),
(7837678,22,7837677,'2026-01-30 09:17:35',2,0.288415,2,'Action completed, fully processed'),
(7837679,22,0,'2026-01-30 10:00:47',0,0,0,'Run mode: GLPI'),
(7837680,22,7837679,'2026-01-30 10:00:47',2,0.550043,4,'Action completed, fully processed'),
(7837681,22,0,'2026-01-30 14:51:34',0,0,0,'Run mode: GLPI'),
(7837682,22,7837681,'2026-01-30 14:51:34',2,0.0143349,0,'Action completed, no processing required'),
(7837683,22,0,'2026-01-30 14:54:52',0,0,0,'Run mode: GLPI'),
(7837684,22,7837683,'2026-01-30 14:54:52',2,0.0120919,0,'Action completed, no processing required'),
(7837685,22,0,'2026-01-30 15:04:44',0,0,0,'Run mode: GLPI'),
(7837686,22,7837685,'2026-01-30 15:04:44',2,0.015831,0,'Action completed, no processing required'),
(7837687,22,0,'2026-01-30 15:11:11',0,0,0,'Run mode: GLPI'),
(7837688,22,7837687,'2026-01-30 15:11:11',2,0.014359,0,'Action completed, no processing required'),
(7837689,22,0,'2026-01-30 15:17:48',0,0,0,'Run mode: GLPI'),
(7837690,22,7837689,'2026-01-30 15:17:48',2,0.0129719,0,'Action completed, no processing required'),
(7837691,22,0,'2026-01-30 20:27:10',0,0,0,'Run mode: GLPI'),
(7837692,22,7837691,'2026-01-30 20:27:10',2,0.0211248,0,'Action completed, no processing required'),
(7837693,22,0,'2026-01-30 20:48:51',0,0,0,'Run mode: GLPI'),
(7837694,22,7837693,'2026-01-30 20:48:51',2,0.0107541,0,'Action completed, no processing required'),
(7837695,22,0,'2026-01-30 20:56:54',0,0,0,'Run mode: GLPI'),
(7837696,22,7837695,'2026-01-30 20:56:54',2,0.0100319,0,'Action completed, no processing required'),
(7837697,22,0,'2026-01-30 21:02:03',0,0,0,'Run mode: GLPI'),
(7837698,22,7837697,'2026-01-30 21:02:03',2,0.0123322,0,'Action completed, no processing required'),
(7837699,22,0,'2026-01-30 21:03:10',0,0,0,'Run mode: GLPI'),
(7837700,22,7837699,'2026-01-30 21:03:10',2,0.014477,0,'Action completed, no processing required'),
(7837701,22,0,'2026-01-30 21:14:15',0,0,0,'Run mode: GLPI'),
(7837702,22,7837701,'2026-01-30 21:14:15',2,0.0124972,0,'Action completed, no processing required'),
(7837703,22,0,'2026-01-30 21:19:17',0,0,0,'Run mode: GLPI'),
(7837704,22,7837703,'2026-01-30 21:19:17',2,0.0104949,0,'Action completed, no processing required'),
(7837705,22,0,'2026-01-30 22:22:26',0,0,0,'Run mode: GLPI'),
(7837706,22,7837705,'2026-01-30 22:22:26',2,0.0138462,0,'Action completed, no processing required'),
(7837707,22,0,'2026-01-30 22:38:14',0,0,0,'Run mode: GLPI'),
(7837708,22,7837707,'2026-01-30 22:38:14',2,0.011353,0,'Action completed, no processing required'),
(7837709,22,0,'2026-01-30 22:49:33',0,0,0,'Run mode: GLPI'),
(7837710,22,7837709,'2026-01-30 22:49:33',2,0.0110102,0,'Action completed, no processing required'),
(7837711,22,0,'2026-01-30 22:57:36',0,0,0,'Run mode: GLPI'),
(7837712,22,7837711,'2026-01-30 22:57:36',2,0.0106149,0,'Action completed, no processing required'),
(7837713,22,0,'2026-01-30 23:02:56',0,0,0,'Run mode: GLPI'),
(7837714,22,7837713,'2026-01-30 23:02:56',2,0.0135591,0,'Action completed, no processing required'),
(7837715,22,0,'2026-01-30 23:21:14',0,0,0,'Run mode: GLPI'),
(7837716,22,7837715,'2026-01-30 23:21:14',2,0.010227,0,'Action completed, no processing required'),
(7837717,22,0,'2026-02-02 22:26:57',0,0,0,'Run mode: GLPI'),
(7837718,22,7837717,'2026-02-02 22:26:57',2,0.0138211,0,'Action completed, no processing required'),
(7837719,22,0,'2026-02-02 22:32:47',0,0,0,'Run mode: GLPI'),
(7837720,22,7837719,'2026-02-02 22:32:47',2,0.010458,0,'Action completed, no processing required'),
(7837721,22,0,'2026-02-02 22:36:23',0,0,0,'Run mode: GLPI'),
(7837722,22,7837721,'2026-02-02 22:36:23',2,0.018178,0,'Action completed, no processing required'),
(7837723,22,0,'2026-02-02 22:38:20',0,0,0,'Run mode: GLPI'),
(7837724,22,7837723,'2026-02-02 22:38:20',2,0.00960803,0,'Action completed, no processing required'),
(7837725,167,0,'2026-02-02 22:38:46',0,0,0,'Run mode: GLPI'),
(7837726,167,7837725,'2026-02-02 22:38:46',1,0.00736809,0,'Notification(s) envoyée(s) !'),
(7837727,167,7837725,'2026-02-02 22:38:46',2,0.018065,0,'Action completed, fully processed'),
(7837728,22,0,'2026-02-02 22:41:38',0,0,0,'Run mode: GLPI'),
(7837729,22,7837728,'2026-02-02 22:41:38',2,0.0100269,0,'Action completed, no processing required'),
(7837730,22,0,'2026-02-02 22:45:55',0,0,0,'Run mode: GLPI'),
(7837731,22,7837730,'2026-02-02 22:45:55',2,0.0118399,0,'Action completed, no processing required'),
(7837732,22,0,'2026-02-02 22:47:40',0,0,0,'Run mode: GLPI'),
(7837733,22,7837732,'2026-02-02 22:47:40',2,0.0105729,0,'Action completed, no processing required'),
(7837734,22,0,'2026-02-02 22:51:29',0,0,0,'Run mode: GLPI'),
(7837735,22,7837734,'2026-02-02 22:51:29',2,0.0101259,0,'Action completed, no processing required'),
(7837736,22,0,'2026-02-03 20:47:29',0,0,0,'Run mode: GLPI'),
(7837737,22,7837736,'2026-02-03 20:47:29',2,0.0198889,0,'Action completed, no processing required'),
(7837738,22,0,'2026-02-03 21:12:05',0,0,0,'Run mode: GLPI'),
(7837739,22,7837738,'2026-02-03 21:12:05',2,0.0104761,0,'Action completed, no processing required'),
(7837740,22,0,'2026-02-03 21:29:03',0,0,0,'Run mode: GLPI'),
(7837741,22,7837740,'2026-02-03 21:29:03',2,0.0128112,0,'Action completed, no processing required'),
(7837742,22,0,'2026-02-03 21:34:19',0,0,0,'Run mode: GLPI'),
(7837743,22,7837742,'2026-02-03 21:34:19',2,0.0124719,0,'Action completed, no processing required'),
(7837744,22,0,'2026-02-03 21:39:32',0,0,0,'Run mode: GLPI'),
(7837745,22,7837744,'2026-02-03 21:39:32',2,0.0104001,0,'Action completed, no processing required'),
(7837746,22,0,'2026-02-04 14:18:59',0,0,0,'Run mode: GLPI'),
(7837747,22,7837746,'2026-02-04 14:18:59',2,0.0307481,0,'Action completed, no processing required'),
(7837748,22,0,'2026-02-04 14:23:00',0,0,0,'Run mode: GLPI'),
(7837749,22,7837748,'2026-02-04 14:23:00',2,0.0248468,0,'Action completed, no processing required'),
(7837750,22,0,'2026-02-04 14:53:40',0,0,0,'Run mode: GLPI'),
(7837751,22,7837750,'2026-02-04 14:53:40',2,0.0184181,0,'Action completed, no processing required'),
(7837752,22,0,'2026-02-04 16:08:10',0,0,0,'Run mode: GLPI'),
(7837753,22,7837752,'2026-02-04 16:08:10',2,0.0237958,0,'Action completed, no processing required'),
(7837754,22,0,'2026-02-04 16:14:27',0,0,0,'Run mode: GLPI'),
(7837755,22,7837754,'2026-02-04 16:14:27',2,0.018728,0,'Action completed, no processing required'),
(7837756,22,0,'2026-02-04 16:17:19',0,0,0,'Run mode: GLPI'),
(7837757,22,7837756,'2026-02-04 16:17:19',2,0.010232,0,'Action completed, no processing required'),
(7837758,22,0,'2026-02-04 16:23:21',0,0,0,'Run mode: GLPI'),
(7837759,22,7837758,'2026-02-04 16:23:21',2,0.00910997,0,'Action completed, no processing required'),
(7837760,22,0,'2026-02-04 16:44:20',0,0,0,'Run mode: GLPI'),
(7837761,22,7837760,'2026-02-04 16:44:20',2,0.0105929,0,'Action completed, no processing required'),
(7837762,22,0,'2026-02-04 16:49:23',0,0,0,'Run mode: GLPI'),
(7837763,22,7837762,'2026-02-04 16:49:23',2,0.00917912,0,'Action completed, no processing required'),
(7837764,22,0,'2026-02-04 21:51:38',0,0,0,'Run mode: GLPI'),
(7837765,22,7837764,'2026-02-04 21:51:38',2,0.0149441,0,'Action completed, no processing required'),
(7837766,22,0,'2026-02-04 21:59:24',0,0,0,'Run mode: GLPI'),
(7837767,22,7837766,'2026-02-04 21:59:24',2,0.0112751,0,'Action completed, no processing required'),
(7837768,22,0,'2026-02-05 21:43:57',0,0,0,'Run mode: GLPI'),
(7837769,22,7837768,'2026-02-05 21:43:57',2,0.0180991,0,'Action completed, no processing required'),
(7837770,22,0,'2026-02-05 21:51:57',0,0,0,'Run mode: GLPI'),
(7837771,22,7837770,'2026-02-05 21:51:57',2,0.00966692,0,'Action completed, no processing required'),
(7837772,22,0,'2026-02-05 21:58:26',0,0,0,'Run mode: GLPI'),
(7837773,22,7837772,'2026-02-05 21:58:26',2,0.010159,0,'Action completed, no processing required'),
(7837774,22,0,'2026-02-05 22:03:59',0,0,0,'Run mode: GLPI'),
(7837775,22,7837774,'2026-02-05 22:03:59',2,0.011852,0,'Action completed, no processing required'),
(7837776,22,0,'2026-02-05 22:13:24',0,0,0,'Run mode: GLPI'),
(7837777,22,7837776,'2026-02-05 22:13:24',2,0.00963306,0,'Action completed, no processing required'),
(7837778,22,0,'2026-02-05 22:19:11',0,0,0,'Run mode: GLPI'),
(7837779,22,7837778,'2026-02-05 22:19:11',2,0.0177691,0,'Action completed, no processing required'),
(7837780,22,0,'2026-02-05 22:24:50',0,0,0,'Run mode: GLPI'),
(7837781,22,7837780,'2026-02-05 22:24:50',2,0.0100071,0,'Action completed, no processing required'),
(7837782,22,0,'2026-02-05 22:30:59',0,0,0,'Run mode: GLPI'),
(7837783,22,7837782,'2026-02-05 22:30:59',2,0.0101759,0,'Action completed, no processing required'),
(7837784,22,0,'2026-02-05 22:41:28',0,0,0,'Run mode: GLPI'),
(7837785,22,7837784,'2026-02-05 22:41:28',2,0.00996113,0,'Action completed, no processing required'),
(7837786,22,0,'2026-02-05 22:49:04',0,0,0,'Run mode: GLPI'),
(7837787,22,7837786,'2026-02-05 22:49:04',2,0.0112438,0,'Action completed, no processing required'),
(7837788,22,0,'2026-02-06 13:22:50',0,0,0,'Run mode: GLPI'),
(7837789,22,7837788,'2026-02-06 13:22:50',2,0.0234969,0,'Action completed, no processing required'),
(7837790,22,0,'2026-02-10 15:46:46',0,0,0,'Run mode: GLPI'),
(7837791,22,7837790,'2026-02-10 15:46:46',2,0.0605609,0,'Action completed, no processing required'),
(7837792,22,0,'2026-02-10 16:02:45',0,0,0,'Run mode: GLPI'),
(7837793,22,7837792,'2026-02-10 16:02:45',2,0.00970697,0,'Action completed, no processing required'),
(7837794,22,0,'2026-02-10 16:11:43',0,0,0,'Run mode: GLPI'),
(7837795,22,7837794,'2026-02-10 16:11:43',2,0.189736,1,'Action completed, fully processed'),
(7837796,22,0,'2026-02-10 16:30:33',0,0,0,'Run mode: GLPI'),
(7837797,22,7837796,'2026-02-10 16:30:33',2,0.0106301,0,'Action completed, no processing required'),
(7837798,22,0,'2026-02-10 20:00:41',0,0,0,'Run mode: GLPI'),
(7837799,22,7837798,'2026-02-10 20:00:41',2,0.0109951,0,'Action completed, no processing required'),
(7837800,22,0,'2026-02-10 20:31:40',0,0,0,'Run mode: GLPI'),
(7837801,22,7837800,'2026-02-10 20:31:40',2,0.010668,0,'Action completed, no processing required'),
(7837802,22,0,'2026-02-10 20:37:49',0,0,0,'Run mode: GLPI'),
(7837803,22,7837802,'2026-02-10 20:37:49',2,0.011884,0,'Action completed, no processing required'),
(7837804,22,0,'2026-02-10 20:42:55',0,0,0,'Run mode: GLPI'),
(7837805,22,7837804,'2026-02-10 20:42:55',2,0.0103471,0,'Action completed, no processing required'),
(7837806,22,0,'2026-02-10 20:50:34',0,0,0,'Run mode: GLPI'),
(7837807,22,7837806,'2026-02-10 20:50:34',2,0.011924,0,'Action completed, no processing required'),
(7837808,22,0,'2026-02-10 21:01:48',0,0,0,'Run mode: GLPI'),
(7837809,22,7837808,'2026-02-10 21:01:48',2,0.010283,0,'Action completed, no processing required'),
(7837810,22,0,'2026-02-10 21:07:49',0,0,0,'Run mode: GLPI'),
(7837811,22,7837810,'2026-02-10 21:07:49',2,0.0104539,0,'Action completed, no processing required'),
(7837812,22,0,'2026-02-10 21:19:00',0,0,0,'Run mode: GLPI'),
(7837813,22,7837812,'2026-02-10 21:19:00',2,0.0100889,0,'Action completed, no processing required'),
(7837814,22,0,'2026-02-10 21:27:59',0,0,0,'Run mode: GLPI'),
(7837815,22,7837814,'2026-02-10 21:27:59',2,0.010896,0,'Action completed, no processing required'),
(7837816,22,0,'2026-02-10 22:09:21',0,0,0,'Run mode: GLPI'),
(7837817,22,7837816,'2026-02-10 22:09:21',2,0.01301,0,'Action completed, no processing required'),
(7837818,22,0,'2026-02-10 22:15:05',0,0,0,'Run mode: GLPI'),
(7837819,22,7837818,'2026-02-10 22:15:05',2,0.010334,0,'Action completed, no processing required'),
(7837820,22,0,'2026-02-10 22:21:35',0,0,0,'Run mode: GLPI'),
(7837821,22,7837820,'2026-02-10 22:21:35',2,0.0123448,0,'Action completed, no processing required'),
(7837822,22,0,'2026-02-10 22:32:17',0,0,0,'Run mode: GLPI'),
(7837823,22,7837822,'2026-02-10 22:32:17',2,0.0107341,0,'Action completed, no processing required'),
(7837824,22,0,'2026-02-11 20:27:25',0,0,0,'Run mode: GLPI'),
(7837825,22,7837824,'2026-02-11 20:27:25',2,0.0221,0,'Action completed, no processing required'),
(7837826,22,0,'2026-02-12 14:04:04',0,0,0,'Run mode: GLPI'),
(7837827,22,7837826,'2026-02-12 14:04:04',2,0.0311041,0,'Action completed, no processing required'),
(7837828,22,0,'2026-02-12 15:46:22',0,0,0,'Run mode: GLPI'),
(7837829,22,7837828,'2026-02-12 15:46:22',2,0.015389,0,'Action completed, no processing required'),
(7837830,22,0,'2026-02-12 15:48:43',0,0,0,'Run mode: GLPI'),
(7837831,22,7837830,'2026-02-12 15:48:43',2,0.0132449,0,'Action completed, no processing required'),
(7837832,22,0,'2026-02-13 16:46:37',0,0,0,'Run mode: GLPI'),
(7837833,22,7837832,'2026-02-13 16:46:37',2,0.023242,0,'Action completed, no processing required'),
(7837834,22,0,'2026-02-13 20:06:55',0,0,0,'Run mode: GLPI'),
(7837835,22,7837834,'2026-02-13 20:06:55',2,0.00882101,0,'Action completed, no processing required'),
(7837836,22,0,'2026-02-13 20:15:41',0,0,0,'Run mode: GLPI'),
(7837837,22,7837836,'2026-02-13 20:15:41',2,0.00524497,0,'Action completed, no processing required'),
(7837838,22,0,'2026-02-13 21:02:44',0,0,0,'Run mode: GLPI'),
(7837839,22,7837838,'2026-02-13 21:02:44',2,0.00527406,0,'Action completed, no processing required'),
(7837840,22,0,'2026-02-13 22:14:50',0,0,0,'Run mode: GLPI'),
(7837841,22,7837840,'2026-02-13 22:14:50',2,0.00444913,0,'Action completed, no processing required'),
(7837842,22,0,'2026-02-13 22:55:07',0,0,0,'Run mode: GLPI'),
(7837843,22,7837842,'2026-02-13 22:55:07',2,0.276999,1,'Action completed, fully processed'),
(7837844,22,0,'2026-02-16 15:35:00',0,0,0,'Run mode: GLPI'),
(7837845,22,7837844,'2026-02-16 15:35:00',2,0.00954103,0,'Action completed, no processing required'),
(7837846,22,0,'2026-02-16 16:32:40',0,0,0,'Run mode: GLPI'),
(7837847,22,7837846,'2026-02-16 16:32:40',2,0.0039649,0,'Action completed, no processing required'),
(7837848,22,0,'2026-02-16 20:25:04',0,0,0,'Run mode: GLPI'),
(7837849,22,7837848,'2026-02-16 20:25:04',2,0.00674105,0,'Action completed, no processing required'),
(7837850,22,0,'2026-02-16 20:37:16',0,0,0,'Run mode: GLPI'),
(7837851,22,7837850,'2026-02-16 20:37:16',2,0.0040741,0,'Action completed, no processing required'),
(7837852,22,0,'2026-02-16 20:54:33',0,0,0,'Run mode: GLPI'),
(7837853,22,7837852,'2026-02-16 20:54:33',2,0.00471902,0,'Action completed, no processing required'),
(7837854,22,0,'2026-02-17 14:52:29',0,0,0,'Run mode: GLPI'),
(7837855,22,7837854,'2026-02-17 14:52:29',2,0.011492,0,'Action completed, no processing required'),
(7837856,22,0,'2026-02-17 18:52:36',0,0,0,'Run mode: GLPI'),
(7837857,22,7837856,'2026-02-17 18:52:36',2,0.00815201,0,'Action completed, no processing required'),
(7837858,22,0,'2026-02-17 19:27:14',0,0,0,'Run mode: GLPI'),
(7837859,22,7837858,'2026-02-17 19:27:14',2,0.00545311,0,'Action completed, no processing required'),
(7837860,22,0,'2026-02-17 20:15:35',0,0,0,'Run mode: GLPI'),
(7837861,22,7837860,'2026-02-17 20:15:35',2,0.00374293,0,'Action completed, no processing required'),
(7837862,22,0,'2026-02-17 20:41:40',0,0,0,'Run mode: GLPI'),
(7837863,22,7837862,'2026-02-17 20:41:40',2,0.003582,0,'Action completed, no processing required'),
(7837864,22,0,'2026-02-17 21:01:46',0,0,0,'Run mode: GLPI'),
(7837865,22,7837864,'2026-02-17 21:01:46',2,0.003685,0,'Action completed, no processing required'),
(7837866,22,0,'2026-02-17 21:15:03',0,0,0,'Run mode: GLPI'),
(7837867,22,7837866,'2026-02-17 21:15:03',2,0.00566483,0,'Action completed, no processing required'),
(7837868,22,0,'2026-02-17 22:35:13',0,0,0,'Run mode: GLPI'),
(7837869,22,7837868,'2026-02-17 22:35:13',2,0.00393081,0,'Action completed, no processing required'),
(7837870,22,0,'2026-02-17 23:01:31',0,0,0,'Run mode: GLPI'),
(7837871,22,7837870,'2026-02-17 23:01:31',2,0.234969,1,'Action completed, fully processed'),
(7837872,22,0,'2026-02-17 23:11:59',0,0,0,'Run mode: GLPI'),
(7837873,22,7837872,'2026-02-17 23:11:59',2,0.313853,2,'Action completed, fully processed'),
(7837874,22,0,'2026-02-17 23:17:05',0,0,0,'Run mode: GLPI'),
(7837875,22,7837874,'2026-02-17 23:17:05',2,0.00335217,0,'Action completed, no processing required'),
(7837876,22,0,'2026-02-18 18:06:34',0,0,0,'Run mode: GLPI'),
(7837877,22,7837876,'2026-02-18 18:06:34',2,0.390687,2,'Action completed, fully processed'),
(7837878,22,0,'2026-02-18 18:17:41',0,0,0,'Run mode: GLPI'),
(7837879,22,7837878,'2026-02-18 18:17:41',2,0.00577211,0,'Action completed, no processing required'),
(7837880,22,0,'2026-02-18 18:24:12',0,0,0,'Run mode: GLPI'),
(7837881,22,7837880,'2026-02-18 18:24:12',2,0.00534678,0,'Action completed, no processing required'),
(7837882,22,0,'2026-02-18 18:29:19',0,0,0,'Run mode: GLPI'),
(7837883,22,7837882,'2026-02-18 18:29:19',2,0.00390601,0,'Action completed, no processing required'),
(7837884,22,0,'2026-02-18 18:37:10',0,0,0,'Run mode: GLPI'),
(7837885,22,7837884,'2026-02-18 18:37:10',2,0.232614,1,'Action completed, fully processed'),
(7837886,22,0,'2026-02-18 20:09:24',0,0,0,'Run mode: GLPI'),
(7837887,22,7837886,'2026-02-18 20:09:24',2,0.004812,0,'Action completed, no processing required'),
(7837888,22,0,'2026-02-18 20:16:18',0,0,0,'Run mode: GLPI'),
(7837889,22,7837888,'2026-02-18 20:16:18',2,0.00410914,0,'Action completed, no processing required'),
(7837890,22,0,'2026-02-19 16:52:27',0,0,0,'Run mode: GLPI'),
(7837891,22,7837890,'2026-02-19 16:52:27',2,1.86543,4,'Action completed, fully processed'),
(7837892,22,0,'2026-02-19 18:47:14',0,0,0,'Run mode: GLPI'),
(7837893,22,7837892,'2026-02-19 18:47:14',2,0.00607705,0,'Action completed, no processing required'),
(7837894,22,0,'2026-02-20 16:24:00',0,0,0,'Run mode: GLPI'),
(7837895,22,7837894,'2026-02-20 16:24:00',2,0.0229781,0,'Action completed, no processing required'),
(7837896,22,0,'2026-02-22 16:25:39',0,0,0,'Run mode: GLPI'),
(7837897,22,7837896,'2026-02-22 16:25:39',2,0.022783,0,'Action completed, no processing required'),
(7837898,22,0,'2026-02-23 18:04:31',0,0,0,'Run mode: GLPI'),
(7837899,22,7837898,'2026-02-23 18:04:31',2,0.0348608,0,'Action completed, no processing required'),
(7837900,22,0,'2026-02-23 18:18:48',0,0,0,'Run mode: GLPI'),
(7837901,22,7837900,'2026-02-23 18:18:48',2,0.00419807,0,'Action completed, no processing required'),
(7837902,22,0,'2026-02-23 20:00:31',0,0,0,'Run mode: GLPI'),
(7837903,22,7837902,'2026-02-23 20:00:31',2,0.00479698,0,'Action completed, no processing required'),
(7837904,22,0,'2026-02-23 23:04:16',0,0,0,'Run mode: GLPI'),
(7837905,22,7837904,'2026-02-23 23:04:16',2,0.00314498,0,'Action completed, no processing required'),
(7837906,22,0,'2026-02-24 14:05:20',0,0,0,'Run mode: GLPI'),
(7837907,22,7837906,'2026-02-24 14:05:20',2,0.00924993,0,'Action completed, no processing required'),
(7837908,22,0,'2026-02-24 14:46:57',0,0,0,'Run mode: GLPI'),
(7837909,22,7837908,'2026-02-24 14:46:57',2,0.00457215,0,'Action completed, no processing required'),
(7837910,22,0,'2026-02-24 15:20:15',0,0,0,'Run mode: GLPI'),
(7837911,22,7837910,'2026-02-24 15:20:15',2,0.604971,4,'Action completed, fully processed'),
(7837912,22,0,'2026-02-24 16:35:05',0,0,0,'Run mode: GLPI'),
(7837913,22,7837912,'2026-02-24 16:35:05',2,0.00424981,0,'Action completed, no processing required'),
(7837914,22,0,'2026-02-24 17:14:00',0,0,0,'Run mode: GLPI'),
(7837915,22,7837914,'2026-02-24 17:14:00',2,0.00348496,0,'Action completed, no processing required'),
(7837916,22,0,'2026-02-24 18:22:08',0,0,0,'Run mode: GLPI'),
(7837917,22,7837916,'2026-02-24 18:22:08',2,0.00377393,0,'Action completed, no processing required'),
(7837918,22,0,'2026-02-25 12:54:09',0,0,0,'Run mode: GLPI'),
(7837919,22,7837918,'2026-02-25 12:54:09',2,0.007442,0,'Action completed, no processing required'),
(7837920,22,0,'2026-02-25 13:00:24',0,0,0,'Run mode: GLPI'),
(7837921,22,7837920,'2026-02-25 13:00:24',2,0.00328708,0,'Action completed, no processing required'),
(7837922,22,0,'2026-02-25 13:17:43',0,0,0,'Run mode: GLPI'),
(7837923,22,7837922,'2026-02-25 13:17:43',2,0.00337505,0,'Action completed, no processing required'),
(7837924,22,0,'2026-02-25 13:23:59',0,0,0,'Run mode: GLPI'),
(7837925,22,7837924,'2026-02-25 13:23:59',2,0.003088,0,'Action completed, no processing required'),
(7837926,22,0,'2026-02-25 13:32:53',0,0,0,'Run mode: GLPI'),
(7837927,22,7837926,'2026-02-25 13:32:53',2,0.00269604,0,'Action completed, no processing required'),
(7837928,22,0,'2026-02-25 13:37:54',0,0,0,'Run mode: GLPI'),
(7837929,22,7837928,'2026-02-25 13:37:54',2,0.00307798,0,'Action completed, no processing required'),
(7837930,22,0,'2026-02-25 14:37:18',0,0,0,'Run mode: GLPI'),
(7837931,22,7837930,'2026-02-25 14:37:18',2,0.00668812,0,'Action completed, no processing required'),
(7837932,22,0,'2026-02-25 14:47:50',0,0,0,'Run mode: GLPI'),
(7837933,22,7837932,'2026-02-25 14:47:50',2,0.00321388,0,'Action completed, no processing required'),
(7837934,22,0,'2026-02-25 15:09:16',0,0,0,'Run mode: GLPI'),
(7837935,22,7837934,'2026-02-25 15:09:16',2,0.00268316,0,'Action completed, no processing required'),
(7837936,22,0,'2026-02-25 17:02:28',0,0,0,'Run mode: GLPI'),
(7837937,22,7837936,'2026-02-25 17:02:28',2,0.003227,0,'Action completed, no processing required'),
(7837938,22,0,'2026-02-26 15:44:08',0,0,0,'Run mode: GLPI'),
(7837939,22,7837938,'2026-02-26 15:44:08',2,0.00630689,0,'Action completed, no processing required'),
(7837940,22,0,'2026-02-26 15:49:13',0,0,0,'Run mode: GLPI'),
(7837941,22,7837940,'2026-02-26 15:49:13',2,0.00278497,0,'Action completed, no processing required'),
(7837942,22,0,'2026-02-26 16:06:49',0,0,0,'Run mode: GLPI'),
(7837943,22,7837942,'2026-02-26 16:06:49',2,0.0029192,0,'Action completed, no processing required'),
(7837944,22,0,'2026-02-26 16:12:02',0,0,0,'Run mode: GLPI'),
(7837945,22,7837944,'2026-02-26 16:12:02',2,0.00268698,0,'Action completed, no processing required'),
(7837946,22,0,'2026-02-26 16:17:04',0,0,0,'Run mode: GLPI'),
(7837947,22,7837946,'2026-02-26 16:17:04',2,0.00255203,0,'Action completed, no processing required'),
(7837948,22,0,'2026-02-26 16:30:45',0,0,0,'Run mode: GLPI'),
(7837949,22,7837948,'2026-02-26 16:30:45',2,0.0036881,0,'Action completed, no processing required'),
(7837950,22,0,'2026-02-26 16:31:37',0,0,0,'Run mode: GLPI'),
(7837951,22,7837950,'2026-02-26 16:31:37',2,0.00287604,0,'Action completed, no processing required'),
(7837952,22,0,'2026-02-26 16:51:27',0,0,0,'Run mode: GLPI'),
(7837953,22,7837952,'2026-02-26 16:51:27',2,0.00275993,0,'Action completed, no processing required'),
(7837954,22,0,'2026-02-26 16:56:29',0,0,0,'Run mode: GLPI'),
(7837955,22,7837954,'2026-02-26 16:56:29',2,0.00324988,0,'Action completed, no processing required'),
(7837956,22,0,'2026-02-26 17:03:16',0,0,0,'Run mode: GLPI'),
(7837957,22,7837956,'2026-02-26 17:03:16',2,0.00324106,0,'Action completed, no processing required'),
(7837958,22,0,'2026-02-26 17:11:26',0,0,0,'Run mode: GLPI'),
(7837959,22,7837958,'2026-02-26 17:11:26',2,0.00343108,0,'Action completed, no processing required'),
(7837960,22,0,'2026-02-26 17:16:54',0,0,0,'Run mode: GLPI'),
(7837961,22,7837960,'2026-02-26 17:16:54',2,0.00262308,0,'Action completed, no processing required'),
(7837962,22,0,'2026-02-26 17:22:13',0,0,0,'Run mode: GLPI'),
(7837963,22,7837962,'2026-02-26 17:22:13',2,0.00336409,0,'Action completed, no processing required'),
(7837964,22,0,'2026-02-26 17:50:26',0,0,0,'Run mode: GLPI'),
(7837965,22,7837964,'2026-02-26 17:50:26',2,0.00371194,0,'Action completed, no processing required'),
(7837966,22,0,'2026-02-26 17:59:05',0,0,0,'Run mode: GLPI'),
(7837967,22,7837966,'2026-02-26 17:59:05',2,0.00261116,0,'Action completed, no processing required'),
(7837968,22,0,'2026-02-26 18:04:45',0,0,0,'Run mode: GLPI'),
(7837969,22,7837968,'2026-02-26 18:04:45',2,0.00293708,0,'Action completed, no processing required'),
(7837970,22,0,'2026-02-26 18:09:49',0,0,0,'Run mode: GLPI'),
(7837971,22,7837970,'2026-02-26 18:09:49',2,0.00361991,0,'Action completed, no processing required'),
(7837972,22,0,'2026-02-26 18:16:37',0,0,0,'Run mode: GLPI'),
(7837973,22,7837972,'2026-02-26 18:16:37',2,0.00282502,0,'Action completed, no processing required'),
(7837974,22,0,'2026-02-26 18:21:39',0,0,0,'Run mode: GLPI'),
(7837975,22,7837974,'2026-02-26 18:21:39',2,0.00253415,0,'Action completed, no processing required'),
(7837976,22,0,'2026-02-26 18:27:47',0,0,0,'Run mode: GLPI'),
(7837977,22,7837976,'2026-02-26 18:27:47',2,0.00290394,0,'Action completed, no processing required'),
(7837978,22,0,'2026-02-26 18:33:33',0,0,0,'Run mode: GLPI'),
(7837979,22,7837978,'2026-02-26 18:33:33',2,0.00282001,0,'Action completed, no processing required'),
(7837980,22,0,'2026-02-26 18:36:34',0,0,0,'Run mode: GLPI'),
(7837981,22,7837980,'2026-02-26 18:36:34',2,0.0036881,0,'Action completed, no processing required'),
(7837982,22,0,'2026-02-26 18:38:49',0,0,0,'Run mode: GLPI'),
(7837983,22,7837982,'2026-02-26 18:38:49',2,0.00467801,0,'Action completed, no processing required'),
(7837984,22,0,'2026-02-26 19:21:10',0,0,0,'Run mode: GLPI'),
(7837985,22,7837984,'2026-02-26 19:21:10',2,0.00254107,0,'Action completed, no processing required'),
(7837986,22,0,'2026-02-26 19:27:40',0,0,0,'Run mode: GLPI'),
(7837987,22,7837986,'2026-02-26 19:27:40',2,0.00336409,0,'Action completed, no processing required'),
(7837988,22,0,'2026-02-26 19:33:01',0,0,0,'Run mode: GLPI'),
(7837989,22,7837988,'2026-02-26 19:33:01',2,0.00310993,0,'Action completed, no processing required'),
(7837990,22,0,'2026-02-26 19:42:19',0,0,0,'Run mode: GLPI'),
(7837991,22,7837990,'2026-02-26 19:42:19',2,0.00311613,0,'Action completed, no processing required'),
(7837992,22,0,'2026-02-26 19:50:05',0,0,0,'Run mode: GLPI'),
(7837993,22,7837992,'2026-02-26 19:50:05',2,0.00341916,0,'Action completed, no processing required'),
(7837994,22,0,'2026-02-26 20:00:55',0,0,0,'Run mode: GLPI'),
(7837995,22,7837994,'2026-02-26 20:00:55',2,0.00270915,0,'Action completed, no processing required'),
(7837996,22,0,'2026-02-26 20:16:07',0,0,0,'Run mode: GLPI'),
(7837997,22,7837996,'2026-02-26 20:16:07',2,0.00310183,0,'Action completed, no processing required'),
(7837998,22,0,'2026-02-26 21:39:29',0,0,0,'Run mode: GLPI'),
(7837999,22,7837998,'2026-02-26 21:39:29',2,0.00400114,0,'Action completed, no processing required'),
(7838000,22,0,'2026-02-26 22:02:45',0,0,0,'Run mode: GLPI'),
(7838001,22,7838000,'2026-02-26 22:02:45',2,0.00370884,0,'Action completed, no processing required'),
(7838002,22,0,'2026-02-27 08:52:27',0,0,0,'Run mode: GLPI'),
(7838003,22,7838002,'2026-02-27 08:52:27',2,0.0115142,0,'Action completed, no processing required'),
(7838004,22,0,'2026-02-27 11:12:32',0,0,0,'Run mode: GLPI'),
(7838005,22,7838004,'2026-02-27 11:12:32',2,0.00761199,0,'Action completed, no processing required'),
(7838006,22,0,'2026-02-27 13:57:27',0,0,0,'Run mode: GLPI'),
(7838007,22,7838006,'2026-02-27 13:57:27',2,0.0168409,0,'Action completed, no processing required'),
(7838008,22,0,'2026-02-27 14:00:17',0,0,0,'Run mode: GLPI'),
(7838009,22,7838008,'2026-02-27 14:00:17',2,0.00803399,0,'Action completed, no processing required'),
(7838010,22,0,'2026-02-27 14:05:42',0,0,0,'Run mode: GLPI'),
(7838011,22,7838010,'2026-02-27 14:05:42',2,0.00846791,0,'Action completed, no processing required'),
(7838012,22,0,'2026-02-27 14:10:45',0,0,0,'Run mode: GLPI'),
(7838013,22,7838012,'2026-02-27 14:10:45',2,0.00738811,0,'Action completed, no processing required'),
(7838014,22,0,'2026-02-27 14:16:59',0,0,0,'Run mode: GLPI'),
(7838015,22,7838014,'2026-02-27 14:16:59',2,0.00781798,0,'Action completed, no processing required'),
(7838016,22,0,'2026-02-27 14:27:28',0,0,0,'Run mode: GLPI'),
(7838017,22,7838016,'2026-02-27 14:27:28',2,0.00788808,0,'Action completed, no processing required'),
(7838018,22,0,'2026-02-27 14:33:01',0,0,0,'Run mode: GLPI'),
(7838019,22,7838018,'2026-02-27 14:33:01',2,0.01932,0,'Action completed, no processing required'),
(7838020,22,0,'2026-02-27 14:41:09',0,0,0,'Run mode: GLPI'),
(7838021,22,7838020,'2026-02-27 14:41:09',2,0.00899291,0,'Action completed, no processing required'),
(7838022,22,0,'2026-02-27 14:43:46',0,0,0,'Run mode: GLPI'),
(7838023,22,7838022,'2026-02-27 14:43:46',2,0.0070641,0,'Action completed, no processing required'),
(7838024,22,0,'2026-02-27 16:33:56',0,0,0,'Run mode: GLPI'),
(7838025,22,7838024,'2026-02-27 16:33:56',2,0.008008,0,'Action completed, no processing required'),
(7838026,22,0,'2026-03-04 08:59:43',0,0,0,'Run mode: GLPI'),
(7838027,22,7838026,'2026-03-04 08:59:43',2,0.0148349,0,'Action completed, no processing required'),
(7838028,22,0,'2026-03-04 09:55:34',0,0,0,'Run mode: GLPI'),
(7838029,22,7838028,'2026-03-04 09:55:34',2,0.00851893,0,'Action completed, no processing required'),
(7838030,22,0,'2026-03-04 10:11:44',0,0,0,'Run mode: GLPI'),
(7838031,22,7838030,'2026-03-04 10:11:44',2,0.00938702,0,'Action completed, no processing required'),
(7838032,22,0,'2026-03-05 13:36:25',0,0,0,'Run mode: GLPI'),
(7838033,22,7838032,'2026-03-05 13:36:25',2,0.0205312,0,'Action completed, no processing required'),
(7838034,22,0,'2026-03-05 13:37:59',0,0,0,'Run mode: GLPI'),
(7838035,22,7838034,'2026-03-05 13:37:59',2,0.00411415,0,'Action completed, no processing required'),
(7838036,22,0,'2026-03-05 13:42:52',0,0,0,'Run mode: GLPI'),
(7838037,22,7838036,'2026-03-05 13:42:52',2,0.003263,0,'Action completed, no processing required'),
(7838038,22,0,'2026-03-05 15:40:47',0,0,0,'Run mode: GLPI'),
(7838039,22,7838038,'2026-03-05 15:40:47',2,0.0105288,0,'Action completed, no processing required'),
(7838040,22,0,'2026-03-05 15:56:06',0,0,0,'Run mode: GLPI'),
(7838041,22,7838040,'2026-03-05 15:56:06',2,0.00571203,0,'Action completed, no processing required'),
(7838042,22,0,'2026-03-05 16:03:17',0,0,0,'Run mode: GLPI'),
(7838043,22,7838042,'2026-03-05 16:03:17',2,0.00279093,0,'Action completed, no processing required'),
(7838044,22,0,'2026-03-05 16:10:57',0,0,0,'Run mode: GLPI'),
(7838045,22,7838044,'2026-03-05 16:10:57',2,0.00315714,0,'Action completed, no processing required'),
(7838046,22,0,'2026-03-05 16:43:32',0,0,0,'Run mode: GLPI'),
(7838047,22,7838046,'2026-03-05 16:43:32',2,0.00278902,0,'Action completed, no processing required'),
(7838048,22,0,'2026-03-05 16:50:34',0,0,0,'Run mode: GLPI'),
(7838049,22,7838048,'2026-03-05 16:50:34',2,0.00273108,0,'Action completed, no processing required'),
(7838050,22,0,'2026-03-05 16:55:38',0,0,0,'Run mode: GLPI'),
(7838051,22,7838050,'2026-03-05 16:55:38',2,0.003016,0,'Action completed, no processing required'),
(7838052,22,0,'2026-03-05 17:00:40',0,0,0,'Run mode: GLPI'),
(7838053,22,7838052,'2026-03-05 17:00:40',2,0.00296402,0,'Action completed, no processing required'),
(7838054,22,0,'2026-03-05 20:17:01',0,0,0,'Run mode: GLPI'),
(7838055,22,7838054,'2026-03-05 20:17:01',2,0.00382209,0,'Action completed, no processing required'),
(7838056,22,0,'2026-03-05 21:02:39',0,0,0,'Run mode: GLPI'),
(7838057,22,7838056,'2026-03-05 21:02:39',2,0.00323987,0,'Action completed, no processing required'),
(7838058,22,0,'2026-03-05 22:54:49',0,0,0,'Run mode: GLPI'),
(7838059,22,7838058,'2026-03-05 22:54:49',2,0.00319719,0,'Action completed, no processing required'),
(7838060,22,0,'2026-03-05 23:01:38',0,0,0,'Run mode: GLPI'),
(7838061,22,7838060,'2026-03-05 23:01:38',2,0.00286388,0,'Action completed, no processing required'),
(7838062,22,0,'2026-03-06 18:59:53',0,0,0,'Run mode: GLPI'),
(7838063,22,7838062,'2026-03-06 18:59:53',2,0.00667405,0,'Action completed, no processing required'),
(7838064,26,0,'2026-03-06 19:01:00',0,0,0,'Run mode: GLPI'),
(7838065,26,7838064,'2026-03-06 19:01:00',1,0.00291109,1,'Archivage du fichier de journal : access-errors.log vers access-errors.log.20260306.bak'),
(7838066,26,7838064,'2026-03-06 19:01:00',1,0.00375414,2,'Archivage du fichier de journal : cron.log vers cron.log.20260306.bak'),
(7838067,26,7838064,'2026-03-06 19:01:00',1,0.00449896,3,'Archivage du fichier de journal : event.log vers event.log.20260306.bak'),
(7838068,26,7838064,'2026-03-06 19:01:00',1,0.00522399,4,'Archivage du fichier de journal : mail-debug.log vers mail-debug.log.20260306.bak'),
(7838069,26,7838064,'2026-03-06 19:01:00',1,0.00591707,5,'Archivage du fichier de journal : mail-error.log vers mail-error.log.20260306.bak'),
(7838070,26,7838064,'2026-03-06 19:01:00',1,0.00674295,6,'Archivage du fichier de journal : mail.log vers mail.log.20260306.bak'),
(7838071,26,7838064,'2026-03-06 19:01:00',1,0.00812507,7,'Archivage du fichier de journal : migration_to_1.0.0.log vers migration_to_1.0.0.log.20260306.bak'),
(7838072,26,7838064,'2026-03-06 19:01:00',1,0.00892711,8,'Archivage du fichier de journal : migration_to_1.1.0.log vers migration_to_1.1.0.log.20260306.bak'),
(7838073,26,7838064,'2026-03-06 19:01:00',1,0.010278,9,'Archivage du fichier de journal : migration_to_1.12.1.log vers migration_to_1.12.1.log.20260306.bak'),
(7838074,26,7838064,'2026-03-06 19:01:00',1,0.0111561,10,'Archivage du fichier de journal : migration_to_1.12.4.log vers migration_to_1.12.4.log.20260306.bak'),
(7838075,26,7838064,'2026-03-06 19:01:00',1,0.0119321,11,'Archivage du fichier de journal : migration_to_1.12.5.log vers migration_to_1.12.5.log.20260306.bak'),
(7838076,26,7838064,'2026-03-06 19:01:00',1,0.01262,12,'Archivage du fichier de journal : migration_to_1.21.21.log vers migration_to_1.21.21.log.20260306.bak'),
(7838077,26,7838064,'2026-03-06 19:01:00',1,0.0133672,13,'Archivage du fichier de journal : migration_to_1.21.23.log vers migration_to_1.21.23.log.20260306.bak'),
(7838078,26,7838064,'2026-03-06 19:01:00',1,0.0140181,14,'Archivage du fichier de journal : migration_to_1.21.24.log vers migration_to_1.21.24.log.20260306.bak'),
(7838079,26,7838064,'2026-03-06 19:01:00',1,0.014698,15,'Archivage du fichier de journal : migration_to_1.21.25.log vers migration_to_1.21.25.log.20260306.bak'),
(7838080,26,7838064,'2026-03-06 19:01:00',1,0.0154622,16,'Archivage du fichier de journal : migration_to_1.21.27.log vers migration_to_1.21.27.log.20260306.bak'),
(7838081,26,7838064,'2026-03-06 19:01:00',1,0.0162489,17,'Archivage du fichier de journal : migration_to_1.21.28.log vers migration_to_1.21.28.log.20260306.bak'),
(7838082,26,7838064,'2026-03-06 19:01:00',1,0.0171561,18,'Archivage du fichier de journal : migration_to_1.3.3.log vers migration_to_1.3.3.log.20260306.bak'),
(7838083,26,7838064,'2026-03-06 19:01:00',1,0.018048,19,'Archivage du fichier de journal : migration_to_1.6.3.log vers migration_to_1.6.3.log.20260306.bak'),
(7838084,26,7838064,'2026-03-06 19:01:00',1,0.0196371,20,'Archivage du fichier de journal : migration_to_1.8.7.log vers migration_to_1.8.7.log.20260306.bak'),
(7838085,26,7838064,'2026-03-06 19:01:00',1,0.0203421,21,'Archivage du fichier de journal : migration_to_10.0.17.log vers migration_to_10.0.17.log.20260306.bak'),
(7838086,26,7838064,'2026-03-06 19:01:00',1,0.0211301,22,'Archivage du fichier de journal : migration_to_10.0.18.log vers migration_to_10.0.18.log.20260306.bak'),
(7838087,26,7838064,'2026-03-06 19:01:00',1,0.021847,23,'Archivage du fichier de journal : migration_to_10.0.21.log vers migration_to_10.0.21.log.20260306.bak'),
(7838088,26,7838064,'2026-03-06 19:01:00',1,0.022568,24,'Archivage du fichier de journal : migration_to_10.0.23.log vers migration_to_10.0.23.log.20260306.bak'),
(7838089,26,7838064,'2026-03-06 19:01:00',1,0.023349,25,'Archivage du fichier de journal : migration_to_2.10.7.log vers migration_to_2.10.7.log.20260306.bak'),
(7838090,26,7838064,'2026-03-06 19:01:00',1,0.0240521,26,'Archivage du fichier de journal : migration_to_2.11.2.log vers migration_to_2.11.2.log.20260306.bak'),
(7838091,26,7838064,'2026-03-06 19:01:00',1,0.024765,27,'Archivage du fichier de journal : migration_to_2.11.3.log vers migration_to_2.11.3.log.20260306.bak'),
(7838092,26,7838064,'2026-03-06 19:01:00',1,0.025569,28,'Archivage du fichier de journal : migration_to_2.12.2.log vers migration_to_2.12.2.log.20260306.bak'),
(7838093,26,7838064,'2026-03-06 19:01:00',1,0.0264292,29,'Archivage du fichier de journal : migration_to_2.13.10.log vers migration_to_2.13.10.log.20260306.bak'),
(7838094,26,7838064,'2026-03-06 19:01:00',1,0.0271602,30,'Archivage du fichier de journal : migration_to_2.13.7.log vers migration_to_2.13.7.log.20260306.bak'),
(7838095,26,7838064,'2026-03-06 19:01:00',1,0.027967,31,'Archivage du fichier de journal : migration_to_2.14.4.log vers migration_to_2.14.4.log.20260306.bak'),
(7838096,26,7838064,'2026-03-06 19:01:00',1,0.028851,32,'Archivage du fichier de journal : migration_to_2.15.0.log vers migration_to_2.15.0.log.20260306.bak'),
(7838097,26,7838064,'2026-03-06 19:01:00',1,0.0296421,33,'Archivage du fichier de journal : migration_to_2.4.0.log vers migration_to_2.4.0.log.20260306.bak'),
(7838098,26,7838064,'2026-03-06 19:01:00',1,0.0303371,34,'Archivage du fichier de journal : migration_to_2.5.0.log vers migration_to_2.5.0.log.20260306.bak'),
(7838099,26,7838064,'2026-03-06 19:01:00',1,0.0310981,35,'Archivage du fichier de journal : migration_to_2.5.2.log vers migration_to_2.5.2.log.20260306.bak'),
(7838100,26,7838064,'2026-03-06 19:01:00',1,0.0319121,36,'Archivage du fichier de journal : migration_to_2.7.0.log vers migration_to_2.7.0.log.20260306.bak'),
(7838101,26,7838064,'2026-03-06 19:01:00',1,0.0326982,37,'Archivage du fichier de journal : migration_to_2.9.18.log vers migration_to_2.9.18.log.20260306.bak'),
(7838102,26,7838064,'2026-03-06 19:01:00',1,0.0334141,38,'Archivage du fichier de journal : migration_to_270.log vers migration_to_270.log.20260306.bak'),
(7838103,26,7838064,'2026-03-06 19:01:00',1,0.034179,39,'Archivage du fichier de journal : migration_to_277.log vers migration_to_277.log.20260306.bak'),
(7838104,26,7838064,'2026-03-06 19:01:00',1,0.034894,40,'Archivage du fichier de journal : migration_to_3.0.0.log vers migration_to_3.0.0.log.20260306.bak'),
(7838105,26,7838064,'2026-03-06 19:01:00',1,0.035675,41,'Archivage du fichier de journal : php-errors.log vers php-errors.log.20260306.bak'),
(7838106,26,7838064,'2026-03-06 19:01:00',1,0.0365191,42,'Archivage du fichier de journal : sql-errors.log vers sql-errors.log.20260306.bak'),
(7838107,26,7838064,'2026-03-06 19:01:00',1,0.0373502,43,'Archivage du fichier de journal : warning_during_migration_to_2.12.5.log vers warning_during_migration_to_2.12.5.log.20260306.bak'),
(7838108,26,7838064,'2026-03-06 19:01:00',1,0.0381701,44,'Archivage du fichier de journal : warning_during_migration_to_2.13.10.log vers warning_during_migration_to_2.13.10.log.20260306.bak'),
(7838109,26,7838064,'2026-03-06 19:01:00',1,0.038918,45,'Archivage du fichier de journal : warning_during_migration_to_3.0.0.log vers warning_during_migration_to_3.0.0.log.20260306.bak'),
(7838110,26,7838064,'2026-03-06 19:01:00',1,0.039721,46,'Archivage du fichier de journal : warning_during_migration_to_3.0.1.log vers warning_during_migration_to_3.0.1.log.20260306.bak'),
(7838111,26,7838064,'2026-03-06 19:01:00',2,0.0409331,46,'Action completed, fully processed'),
(7838112,22,0,'2026-03-06 21:53:40',0,0,0,'Run mode: GLPI'),
(7838113,22,7838112,'2026-03-06 21:53:40',2,0.00346494,0,'Action completed, no processing required'),
(7838114,22,0,'2026-03-09 18:20:19',0,0,0,'Run mode: GLPI'),
(7838115,22,7838114,'2026-03-09 18:20:19',2,0.00654292,0,'Action completed, no processing required'),
(7838116,22,0,'2026-03-09 18:53:52',0,0,0,'Run mode: GLPI'),
(7838117,22,7838116,'2026-03-09 18:53:52',2,0.00340199,0,'Action completed, no processing required'),
(7838118,22,0,'2026-03-09 18:54:32',0,0,0,'Run mode: GLPI'),
(7838119,22,7838118,'2026-03-09 18:54:32',2,0.00750709,0,'Action completed, no processing required'),
(7838120,22,0,'2026-03-09 18:55:08',0,0,0,'Run mode: GLPI'),
(7838121,22,7838120,'2026-03-09 18:55:08',2,0.00382113,0,'Action completed, no processing required'),
(7838122,22,0,'2026-03-09 18:59:43',0,0,0,'Run mode: GLPI'),
(7838123,22,7838122,'2026-03-09 18:59:43',2,0.00339007,0,'Action completed, no processing required'),
(7838124,22,0,'2026-03-09 19:05:02',0,0,0,'Run mode: GLPI'),
(7838125,22,7838124,'2026-03-09 19:05:02',2,0.00362897,0,'Action completed, no processing required'),
(7838126,22,0,'2026-03-09 19:12:28',0,0,0,'Run mode: GLPI'),
(7838127,22,7838126,'2026-03-09 19:12:28',2,0.00416493,0,'Action completed, no processing required'),
(7838128,22,0,'2026-03-09 19:28:49',0,0,0,'Run mode: GLPI'),
(7838129,22,7838128,'2026-03-09 19:28:49',2,0.00415397,0,'Action completed, no processing required'),
(7838130,22,0,'2026-03-09 19:38:07',0,0,0,'Run mode: GLPI'),
(7838131,22,7838130,'2026-03-09 19:38:07',2,0.00254011,0,'Action completed, no processing required'),
(7838132,22,0,'2026-03-09 19:39:34',0,0,0,'Run mode: GLPI'),
(7838133,22,7838132,'2026-03-09 19:39:34',2,0.00290084,0,'Action completed, no processing required'),
(7838134,22,0,'2026-03-09 21:16:01',0,0,0,'Run mode: GLPI'),
(7838135,22,7838134,'2026-03-09 21:16:01',2,0.00332594,0,'Action completed, no processing required'),
(7838136,22,0,'2026-03-09 21:22:27',0,0,0,'Run mode: GLPI'),
(7838137,22,7838136,'2026-03-09 21:22:27',2,0.00297689,0,'Action completed, no processing required'),
(7838138,22,0,'2026-03-09 21:28:06',0,0,0,'Run mode: GLPI'),
(7838139,22,7838138,'2026-03-09 21:28:06',2,0.00321293,0,'Action completed, no processing required'),
(7838140,22,0,'2026-03-09 21:30:46',0,0,0,'Run mode: GLPI'),
(7838141,22,7838140,'2026-03-09 21:30:46',2,0.00391102,0,'Action completed, no processing required'),
(7838142,22,0,'2026-03-09 21:40:37',0,0,0,'Run mode: GLPI'),
(7838143,22,7838142,'2026-03-09 21:40:37',2,0.00268483,0,'Action completed, no processing required'),
(7838144,22,0,'2026-03-09 21:51:47',0,0,0,'Run mode: GLPI'),
(7838145,22,7838144,'2026-03-09 21:51:47',2,0.00317097,0,'Action completed, no processing required'),
(7838146,22,0,'2026-03-10 15:38:36',0,0,0,'Run mode: GLPI'),
(7838147,22,7838146,'2026-03-10 15:38:36',2,0.00658917,0,'Action completed, no processing required'),
(7838148,22,0,'2026-03-10 15:52:34',0,0,0,'Run mode: GLPI'),
(7838149,22,7838148,'2026-03-10 15:52:34',2,0.0042789,0,'Action completed, no processing required'),
(7838150,22,0,'2026-03-10 15:57:51',0,0,0,'Run mode: GLPI'),
(7838151,22,7838150,'2026-03-10 15:57:51',2,0.00341105,0,'Action completed, no processing required'),
(7838152,22,0,'2026-03-10 16:10:37',0,0,0,'Run mode: GLPI'),
(7838153,22,7838152,'2026-03-10 16:10:37',2,0.0044651,0,'Action completed, no processing required'),
(7838154,22,0,'2026-03-10 16:21:54',0,0,0,'Run mode: GLPI'),
(7838155,22,7838154,'2026-03-10 16:21:54',2,0.00283599,0,'Action completed, no processing required'),
(7838156,22,0,'2026-03-10 16:29:01',0,0,0,'Run mode: GLPI'),
(7838157,22,7838156,'2026-03-10 16:29:01',2,0.00263715,0,'Action completed, no processing required'),
(7838158,22,0,'2026-03-10 16:34:25',0,0,0,'Run mode: GLPI'),
(7838159,22,7838158,'2026-03-10 16:34:25',2,0.00290585,0,'Action completed, no processing required'),
(7838160,22,0,'2026-03-10 16:39:41',0,0,0,'Run mode: GLPI'),
(7838161,22,7838160,'2026-03-10 16:39:41',2,0.00286102,0,'Action completed, no processing required'),
(7838162,22,0,'2026-03-11 08:32:49',0,0,0,'Run mode: GLPI'),
(7838163,22,7838162,'2026-03-11 08:32:49',2,0.00651908,0,'Action completed, no processing required'),
(7838164,22,0,'2026-03-11 09:41:29',0,0,0,'Run mode: GLPI'),
(7838165,22,7838164,'2026-03-11 09:41:29',2,0.00373602,0,'Action completed, no processing required'),
(7838166,22,0,'2026-03-11 16:51:58',0,0,0,'Run mode: GLPI'),
(7838167,22,7838166,'2026-03-11 16:51:58',2,0.012759,0,'Action completed, no processing required'),
(7838168,22,0,'2026-03-11 19:34:30',0,0,0,'Run mode: GLPI'),
(7838169,22,7838168,'2026-03-11 19:34:30',2,0.00466084,0,'Action completed, no processing required'),
(7838170,22,0,'2026-03-11 19:39:34',0,0,0,'Run mode: GLPI'),
(7838171,22,7838170,'2026-03-11 19:39:34',2,0.00325513,0,'Action completed, no processing required');

--
-- Table structure for table `glpi_crontasks`
--

CREATE TABLE `glpi_crontasks` (
  `id` int(10) unsigned NOT NULL AUTO_INCREMENT,
  `itemtype` varchar(100) NOT NULL,
  `name` varchar(150) NOT NULL COMMENT 'task name',
  `frequency` int(11) NOT NULL COMMENT 'second between launch',
  `param` int(11) DEFAULT NULL COMMENT 'task specify parameter',
  `state` int(11) NOT NULL DEFAULT 1 COMMENT '0:disabled, 1:waiting, 2:running',
  `mode` int(11) NOT NULL DEFAULT 1 COMMENT '1:internal, 2:external',
  `allowmode` int(11) NOT NULL DEFAULT 3 COMMENT '1:internal, 2:external, 3:both',
  `hourmin` int(11) NOT NULL DEFAULT 0,
  `hourmax` int(11) NOT NULL DEFAULT 24,
  `logs_lifetime` int(11) NOT NULL DEFAULT 30 COMMENT 'number of days',
  `lastrun` timestamp NULL DEFAULT NULL COMMENT 'last run date',
  `lastcode` int(11) DEFAULT NULL COMMENT 'last run return code',
  `comment` mediumtext DEFAULT NULL,
  `date_mod` timestamp NULL DEFAULT NULL,
  `date_creation` timestamp NULL DEFAULT NULL,
  PRIMARY KEY (`id`),
  UNIQUE KEY `unicity` (`itemtype`,`name`),
  KEY `mode` (`mode`),
  KEY `date_mod` (`date_mod`),
  KEY `date_creation` (`date_creation`),
  KEY `name` (`name`)
) ENGINE=InnoDB AUTO_INCREMENT=171 DEFAULT CHARSET=utf8mb4 COLLATE=utf8mb4_unicode_ci COMMENT='Task run by internal / external cron.';

--
-- Dumping data for table `glpi_crontasks`
--

INSERT INTO `glpi_crontasks` VALUES
(2,'CartridgeItem','cartridge',86400,10,0,2,3,0,24,30,'2020-08-05 13:19:00',NULL,NULL,'2018-01-18 00:14:27','2018-01-18 00:14:27'),
(3,'ConsumableItem','consumable',86400,10,0,2,3,0,24,30,'2020-08-05 13:21:00',NULL,NULL,'2018-01-18 00:14:27','2018-01-18 00:14:27'),
(4,'SoftwareLicense','software',86400,NULL,0,2,3,0,24,30,'2020-08-05 13:13:00',NULL,NULL,'2018-01-18 00:14:03','2018-01-18 00:14:03'),
(5,'Contract','contract',300,NULL,2,2,3,0,24,30,'2023-07-12 16:11:00',NULL,NULL,'2022-07-25 21:32:57','2018-01-18 00:14:27'),
(6,'Infocom','infocom',86400,NULL,1,2,3,0,24,30,'2024-11-24 20:11:00',NULL,NULL,'2020-08-05 13:09:17','2018-01-18 00:14:27'),
(7,'CronTask','logs',604800,30,1,2,3,0,24,30,'2024-11-25 16:46:00',NULL,NULL,'2020-08-05 13:09:17','2018-01-18 00:14:27'),
(9,'MailCollector','mailgate',300,5,1,2,3,0,24,30,'2024-11-25 20:00:00',NULL,NULL,'2024-11-19 14:56:44','2018-01-18 00:14:27'),
(10,'DBconnection','checkdbreplicate',300,NULL,0,2,3,0,24,30,'2024-09-23 08:56:00',NULL,NULL,'2026-01-28 14:57:10','2018-01-18 00:14:27'),
(11,'CronTask','checkupdate',604800,NULL,0,2,3,0,24,30,'2020-08-05 13:19:00',NULL,NULL,'2018-01-18 00:14:27','2018-01-18 00:14:27'),
(12,'CronTask','session',86400,NULL,1,2,3,0,24,30,'2024-11-24 20:12:00',NULL,NULL,'2018-01-18 00:14:03','2018-01-18 00:14:03'),
(13,'CronTask','graph',3600,NULL,1,2,3,0,24,30,'2024-11-25 19:15:00',NULL,NULL,'2020-08-05 13:09:17','2018-01-18 00:14:27'),
(14,'ReservationItem','reservation',3600,NULL,1,2,3,0,24,30,'2024-11-25 19:15:00',NULL,NULL,'2018-01-18 00:14:03','2018-01-18 00:14:03'),
(15,'Ticket','closeticket',43200,NULL,1,2,3,0,24,30,'2024-11-25 08:11:00',NULL,NULL,'2019-05-29 20:39:41','2018-01-18 00:14:27'),
(16,'Ticket','alertnotclosed',43200,NULL,1,2,3,0,24,30,'2024-11-25 08:11:00',NULL,NULL,'2018-01-18 00:14:27','2018-01-18 00:14:27'),
(17,'SlaLevel_Ticket','slaticket',300,NULL,1,2,3,0,24,30,'2024-11-25 19:58:00',NULL,NULL,'2024-11-01 15:24:46','2018-01-18 00:14:03'),
(18,'Ticket','createinquest',300,NULL,2,2,3,0,24,30,'2024-09-24 03:36:00',NULL,NULL,'2020-08-05 13:09:17','2018-01-18 00:14:27'),
(19,'CronTask','watcher',86400,NULL,1,2,3,0,24,30,'2024-11-24 20:12:00',NULL,NULL,'2018-01-18 00:14:27','2018-01-18 00:14:27'),
(20,'CommonITILRecurrentCron','RecurrentItems',3600,NULL,0,2,3,0,24,30,NULL,NULL,NULL,'2021-04-26 19:40:50','2018-01-18 00:14:03'),
(21,'PlanningRecall','planningrecall',300,NULL,1,2,3,0,24,30,'2024-11-25 19:58:00',NULL,NULL,'2020-08-05 13:09:17','2018-01-18 00:14:03'),
(22,'QueuedNotification','queuednotification',60,50,1,1,3,0,24,30,'2026-03-11 19:39:00',NULL,NULL,'2026-01-28 16:04:29','2018-01-18 00:05:45'),
(23,'QueuedNotification','queuednotificationclean',86400,30,1,2,3,0,24,30,'2024-11-24 20:13:00',NULL,NULL,'2020-08-05 13:09:17','2018-01-18 00:14:03'),
(24,'CronTask','temp',3600,NULL,1,2,3,0,24,30,'2024-11-25 19:16:00',NULL,NULL,'2018-01-18 00:14:03','2018-01-18 00:14:03'),
(25,'MailCollector','mailgateerror',86400,NULL,1,2,3,0,24,30,'2024-11-24 20:13:00',NULL,NULL,'2020-08-05 13:09:17','2018-01-18 00:14:03'),
(26,'CronTask','circularlogs',86400,4,1,2,3,0,24,30,'2026-03-06 19:01:00',NULL,NULL,'2020-01-29 19:48:41','2018-01-18 00:14:27'),
(27,'ObjectLock','unlockobject',300,0,1,2,3,0,24,30,'2024-11-25 20:00:00',NULL,NULL,'2020-01-21 02:22:01','2018-01-18 00:14:03'),
(28,'SavedSearch','countAll',604800,NULL,0,2,3,0,24,10,'2020-08-05 13:09:00',NULL,NULL,'2018-01-18 00:14:27','2018-01-18 00:14:27'),
(29,'SavedSearch_Alert','savedsearchesalerts',86400,NULL,1,2,3,0,24,10,'2024-11-24 20:15:00',NULL,NULL,'2023-04-28 15:02:55','2018-01-18 00:14:03'),
(30,'Telemetry','telemetry',2592000,NULL,1,2,3,0,24,10,'2024-11-03 19:42:00',NULL,NULL,'2021-09-17 16:34:28','2018-01-18 00:14:03'),
(31,'Certificate','certificate',300,NULL,2,2,3,0,24,10,'2024-09-24 13:31:00',NULL,NULL,'2022-07-25 21:32:23','2018-01-18 00:14:27'),
(32,'OlaLevel_Ticket','olaticket',300,NULL,1,2,3,0,24,30,'2024-11-25 19:59:00',NULL,NULL,'2020-08-05 13:09:17','2018-01-18 00:14:03'),
(75,'PluginOrderOrder','computeLateOrders',3600,24,1,2,3,0,24,30,'2024-11-25 19:17:00',NULL,NULL,'2018-09-25 17:40:53','2018-09-25 17:40:53'),
(76,'PurgeLogs','PurgeLogs',604800,24,1,2,3,0,24,30,'2024-11-25 16:50:00',NULL,NULL,'2020-08-05 13:09:17','2018-11-09 20:02:20'),
(85,'PluginOcsinventoryngThread','CleanOldThreads',3600,24,0,2,3,0,24,30,'2023-11-10 18:03:00',NULL,NULL,'2023-11-10 18:20:18','2020-02-05 19:08:37'),
(86,'PluginOcsinventoryngOcsServer','ocsng',300,NULL,1,2,3,0,24,30,'2024-05-09 13:29:00',NULL,NULL,'2020-08-05 13:09:17','2020-02-05 19:08:37'),
(87,'PluginOcsinventoryngNotimportedcomputer','SendAlerts',600,24,1,2,3,0,24,30,'2024-04-17 02:32:00',NULL,NULL,'2020-05-05 14:07:36','2020-02-05 19:08:37'),
(88,'PluginOcsinventoryngOcsServer','CleanOldAgents',86400,NULL,0,2,3,0,24,30,NULL,NULL,NULL,'2023-11-01 15:06:40','2020-02-05 19:08:37'),
(89,'PluginOcsinventoryngOcsServer','RestoreOldAgents',86400,NULL,0,2,3,0,24,30,NULL,NULL,NULL,'2020-05-05 14:07:36','2020-02-05 19:08:37'),
(90,'PluginOcsinventoryngRuleImportEntity','CheckRuleImportEntity',86400,NULL,1,2,3,0,24,30,'2024-05-09 13:29:00',NULL,NULL,'2023-11-01 15:05:57','2020-02-05 19:08:37'),
(91,'PluginOcsinventoryngOcsAlert','SynchroAlert',86400,NULL,1,2,3,0,24,30,'2024-05-09 13:29:00',NULL,NULL,'2023-11-01 15:07:26','2020-02-05 19:08:37'),
(92,'PluginOcsinventoryngOcsAlert','AlertNewComputers',3600,NULL,1,2,3,0,24,30,'2024-05-09 13:29:00',NULL,NULL,'2023-11-01 15:05:35','2020-02-05 19:08:37'),
(93,'PluginTypologyTypology','UpdateTypology',86400,NULL,1,2,3,0,24,30,'2024-11-24 20:17:00',NULL,NULL,'2020-05-05 14:07:36','2020-02-05 19:08:49'),
(94,'PluginTypologyTypology','NotValidated',86400,NULL,1,2,3,0,24,30,'2024-11-24 20:18:00',NULL,NULL,'2020-08-05 13:09:17','2020-02-05 19:08:49'),
(95,'PluginPrintercountersItem_Ticket','PrintercountersCreateTicket',86400,NULL,1,2,3,0,24,30,NULL,NULL,NULL,'2020-08-05 13:09:17','2020-02-13 21:56:13'),
(96,'PluginPrintercountersErrorItem','PluginPrintercountersErrorItem',86400,NULL,1,2,3,0,24,30,NULL,NULL,NULL,'2020-08-05 13:09:17','2020-02-13 21:56:13'),
(99,'Ticket','purgeticket',604800,NULL,0,2,3,0,24,30,'2020-08-05 13:11:00',NULL,NULL,'2020-06-30 21:05:01','2020-06-30 21:05:01'),
(100,'Document','cleanorphans',604800,NULL,0,2,3,0,24,30,'2020-08-05 13:21:00',NULL,NULL,'2020-06-30 21:05:01','2020-06-30 21:05:01'),
(101,'Glpi\\Marketplace\\Controller','checkAllUpdates',86400,NULL,1,2,3,0,24,30,'2024-11-24 20:16:00',NULL,NULL,'2020-08-05 13:19:26','2020-06-30 21:05:01'),
(102,'User','passwordexpiration',86400,100,0,2,3,0,24,30,'2020-08-05 13:11:00',NULL,NULL,'2020-06-30 21:05:01','2020-06-30 21:05:01'),
(106,'Domain','DomainsAlert',86400,NULL,0,2,3,0,24,30,NULL,NULL,NULL,'2020-12-23 13:46:22','2020-12-23 13:46:22'),
(112,'PluginFormcreatorIssue','SyncIssues',3600,NULL,1,2,3,0,24,30,'2024-11-25 19:18:00',NULL,'Formulaires - synchronisation des demandes du catalogue de service','2023-06-15 12:41:36','2021-02-02 22:04:12'),
(117,'Glpi\\Inventory\\Inventory','cleantemp',86400,NULL,0,2,3,0,24,30,NULL,NULL,NULL,'2022-04-25 20:14:11','2022-04-25 20:14:11'),
(118,'Glpi\\Inventory\\Inventory','cleanorphans',604800,NULL,1,2,3,0,24,30,'2024-11-25 16:53:00',NULL,NULL,'2022-04-25 20:14:11','2022-04-25 20:14:11'),
(119,'PendingReasonCron','pendingreason_autobump_autosolve',1800,NULL,1,2,3,0,24,60,'2024-11-25 19:47:00',NULL,NULL,'2022-04-25 20:14:11','2022-04-25 20:14:11'),
(120,'CleanSoftwareCron','cleansoftware',2592000,1000,1,2,3,0,24,180,'2024-11-06 12:42:00',NULL,NULL,'2023-06-15 12:41:00','2022-04-25 20:14:11'),
(121,'PluginGlpiinventoryTask','taskscheduler',300,NULL,1,2,3,0,24,30,'2024-11-25 19:59:00',NULL,NULL,'2022-06-14 12:55:05','2022-05-13 19:49:50'),
(122,'PluginGlpiinventoryTaskjobstate','cleantaskjob',86400,NULL,1,2,3,0,24,30,'2024-11-24 20:18:00',NULL,NULL,'2022-05-13 19:49:50','2022-05-13 19:49:50'),
(129,'PluginCreditEntity','creditexpired',86400,NULL,1,2,3,0,24,30,'2024-10-31 22:27:00',NULL,'','2022-06-10 14:09:07','2022-06-10 14:09:07'),
(133,'Agent','Cleanoldagents',86400,NULL,1,2,3,0,24,30,'2024-11-24 20:17:00',NULL,'Clean old agents','2022-06-28 20:37:03','2022-06-28 20:37:03'),
(135,'PluginSatisfactionReminder','SatisfactionReminder',86400,NULL,1,2,3,0,24,30,'2024-11-24 22:28:00',NULL,NULL,'2023-02-01 21:04:23','2022-09-07 19:04:09'),
(141,'PluginManufacturersimportsImport','DataWarrantyImport',604800,NULL,1,2,3,0,24,30,'2024-11-20 15:57:00',NULL,NULL,'2023-02-01 21:05:00','2022-12-22 19:55:37'),
(146,'PluginMfaMfa','expiredSecurityCode',3600,5,1,2,3,0,24,30,'2023-09-26 14:28:00',NULL,NULL,'2023-02-08 17:24:06','2023-02-08 17:24:06'),
(147,'PluginGlpiinventoryAgentWakeup','wakeupAgents',120,NULL,1,2,3,0,24,30,'2024-11-25 20:01:00',NULL,'Réveiller les agents','2023-02-21 21:51:56','2023-02-21 21:51:56'),
(148,'PluginGlpiinventoryTask','cleanondemand',86400,NULL,1,2,3,0,24,30,'2024-11-24 20:19:00',NULL,'Clean on demand deployment tasks','2023-02-21 21:51:56','2023-02-21 21:51:56'),
(167,'PluginMreportingNotification','SendNotifications',2592000,NULL,1,1,3,0,24,30,'2026-02-02 22:38:00',NULL,NULL,'2025-02-11 19:58:16','2025-02-11 19:58:16'),
(169,'GlpiPlugin\\Mobility\\Cron\\AssetSyncCron','plugin_mobility_synchro_assets',604800,NULL,0,2,3,0,24,300,NULL,NULL,NULL,'2025-03-31 18:48:01','2025-03-31 18:48:01'),
(170,'PluginCleanorphanCleanorphan','plugincleanorphan',2592000,NULL,1,2,3,0,24,300,NULL,NULL,NULL,'2026-01-30 22:24:17','2026-01-30 22:24:17');

--
-- Table structure for table `glpi_dashboards_filters`
--

CREATE TABLE `glpi_dashboards_filters` (
  `id` int(10) unsigned NOT NULL AUTO_INCREMENT,
  `dashboards_dashboards_id` int(10) unsigned NOT NULL DEFAULT 0,
  `users_id` int(10) unsigned NOT NULL DEFAULT 0,
  `filter` longtext DEFAULT NULL,
  PRIMARY KEY (`id`),
  KEY `dashboards_dashboards_id` (`dashboards_dashboards_id`),
  KEY `users_id` (`users_id`)
) ENGINE=InnoDB AUTO_INCREMENT=3 DEFAULT CHARSET=utf8mb4 COLLATE=utf8mb4_unicode_ci ROW_FORMAT=DYNAMIC;

--
-- Dumping data for table `glpi_dashboards_filters`
--

INSERT INTO `glpi_dashboards_filters` VALUES
(1,3,2,'{\"user_tech\":null,\"group_tech\":null,\"dates\":[],\"tickettype\":null,\"itilcategory\":null}'),
(2,2,2,'{\"location\":null}');

--
-- Table structure for table `glpi_dashboards_items`
--

CREATE TABLE `glpi_dashboards_items` (
  `id` int(10) unsigned NOT NULL AUTO_INCREMENT,
  `dashboards_dashboards_id` int(10) unsigned NOT NULL,
  `gridstack_id` varchar(255) NOT NULL,
  `card_id` varchar(255) NOT NULL,
  `x` int(11) DEFAULT NULL,
  `y` int(11) DEFAULT NULL,
  `width` int(11) DEFAULT NULL,
  `height` int(11) DEFAULT NULL,
  `card_options` mediumtext DEFAULT NULL,
  PRIMARY KEY (`id`),
  KEY `dashboards_dashboards_id` (`dashboards_dashboards_id`)
) ENGINE=InnoDB AUTO_INCREMENT=12345 DEFAULT CHARSET=utf8mb4 COLLATE=utf8mb4_unicode_ci;

--
-- Dumping data for table `glpi_dashboards_items`
--

INSERT INTO `glpi_dashboards_items` VALUES
(594,4,'bn_count_tickets_closed_ccf7246b-645a-40d2-8206-fa33c769e3f5','bn_count_tickets_closed',27,0,4,2,'{\"color\":\"#fafafa\",\"widgettype\":\"bigNumber\",\"use_gradient\":\"0\",\"limit\":\"7\"}'),
(595,4,'bn_count_Ticket_d5bf3576-5033-40fb-bbdb-292294a7698e','bn_count_Ticket',0,0,4,2,'{\"color\":\"#ffd957\",\"widgettype\":\"bigNumber\",\"use_gradient\":\"0\",\"limit\":\"7\"}'),
(596,4,'bn_count_tickets_incoming_055e813c-b0ce-4687-91ef-559249e8ddd8','bn_count_tickets_incoming',4,0,4,2,'{\"color\":\"#6fd169\",\"widgettype\":\"bigNumber\",\"use_gradient\":\"0\",\"limit\":\"7\"}'),
(597,4,'bn_count_tickets_waiting_793c665b-b620-4b3a-a5a8-cf502defc008','bn_count_tickets_waiting',8,0,4,2,'{\"color\":\"#ffcb7d\",\"widgettype\":\"bigNumber\",\"use_gradient\":\"0\",\"limit\":\"7\"}'),
(598,4,'bn_count_tickets_assigned_d3d2f697-52b4-435e-9030-a760dd649085','bn_count_tickets_assigned',12,0,4,2,'{\"color\":\"#eaf4f7\",\"widgettype\":\"bigNumber\",\"use_gradient\":\"0\",\"limit\":\"7\"}'),
(599,4,'bn_count_tickets_planned_0c7f3569-c23b-4ee3-8e85-279229b23e70','bn_count_tickets_planned',16,0,4,2,'{\"color\":\"#6298d5\",\"widgettype\":\"bigNumber\",\"use_gradient\":\"0\",\"limit\":\"7\"}'),
(600,4,'bn_count_tickets_solved_ae2406cf-e8e8-410b-b355-46e3f5705ee8','bn_count_tickets_solved',20,0,4,2,'{\"color\":\"#d7d7d7\",\"widgettype\":\"bigNumber\",\"use_gradient\":\"0\",\"limit\":\"7\"}'),
(601,4,'bn_count_tickets_late_5c4e996a-f222-40de-bdf0-dff0d64b36ea','bn_count_tickets_late',24,0,3,2,'{\"color\":\"#f44f17\",\"widgettype\":\"bigNumber\",\"use_gradient\":\"0\",\"limit\":\"7\"}'),
(4900,5,'bn_count_Phone_f8c94879-d28d-470a-90f0-b3e23688f1c9','bn_count_Phone',0,0,4,2,'{\"color\":\"#4bb6be\",\"widgettype\":\"bigNumber\",\"use_gradient\":\"0\",\"point_labels\":\"0\",\"limit\":\"7\",\"cache_key\":\"dashboard_card_telephonie_0ddc483252afd352c1f4400a85a4b4b0216a975c\"}'),
(4901,5,'count_Phone_State_e4ee7948-5726-491f-88ac-82c8156dc0c8','count_Phone_State',4,0,11,6,'{\"color\":\"#fafafa\",\"widgettype\":\"bar\",\"use_gradient\":\"0\",\"point_labels\":\"0\",\"limit\":\"7\",\"cache_key\":\"dashboard_card_telephonie_53ec9cf69e8a5a52b8f56a6902db71a72866495b\"}'),
(4902,5,'count_Phone_Manufacturer_2b3c3724-9af0-436d-b17a-402a1ebabf55','count_Phone_Manufacturer',0,2,4,2,'{\"color\":\"#fafafa\",\"widgettype\":\"\",\"use_gradient\":\"0\",\"point_labels\":\"0\",\"limit\":\"7\",\"cache_key\":\"dashboard_card_telephonie_2eb108acf38fa68348cd39b2798f50ed69a37813\"}'),
(4903,5,'count_Phone_PhoneModel_610c8683-91e0-492c-a19b-317f80132a44','count_Phone_PhoneModel',0,4,4,2,'{\"color\":\"#fafafa\",\"widgettype\":\"pie\",\"use_gradient\":\"0\",\"point_labels\":\"0\",\"limit\":\"7\"}'),
(4904,5,'count_Phone_Manufacturer_f1c91a79-a703-4b00-8761-9cef903de583','count_Phone_Manufacturer',15,3,7,3,'{\"color\":\"#94a3c7\",\"widgettype\":\"multipleNumber\",\"use_gradient\":\"0\",\"point_labels\":\"0\",\"limit\":\"7\"}'),
(4905,5,'count_Phone_PhoneType_f07ec467-9a78-4a10-b57d-e281bccd2869','count_Phone_PhoneType',15,0,7,3,'{\"color\":\"#daa4a4\",\"widgettype\":\"multipleNumber\",\"use_gradient\":\"0\",\"point_labels\":\"0\",\"limit\":\"7\"}'),
(10493,9,'plugin_formcreator_all_issues_f4b2f4c5-6c92-4b6d-8aa4-0904dce7a60f','plugin_formcreator_all_issues',0,0,4,2,'{\"widgettype\":\"bigNumber\",\"use_gradient\":\"0\",\"point_labels\":\"0\",\"color\":\"#fafafa\"}'),
(10494,9,'plugin_formcreator_incoming_issues_748e63e9-3bf5-46a1-8b73-96eee580adff','plugin_formcreator_incoming_issues',4,0,4,2,'{\"widgettype\":\"bigNumber\",\"use_gradient\":\"0\",\"point_labels\":\"0\",\"color\":\"#3bc519\"}'),
(10495,9,'plugin_formcreator_assigned_issues_01af2937-23cc-4ac8-b6df-7a20b5c399a8','plugin_formcreator_assigned_issues',8,0,4,2,'{\"widgettype\":\"bigNumber\",\"use_gradient\":\"0\",\"point_labels\":\"0\",\"color\":\"#f1cd29\"}'),
(10496,9,'plugin_formcreator_waiting_issues_40662753-ea55-42b0-8846-33657a8da48a','plugin_formcreator_waiting_issues',12,0,4,2,'{\"widgettype\":\"bigNumber\",\"use_gradient\":\"0\",\"point_labels\":\"0\",\"color\":\"#f1a129\"}'),
(10497,9,'plugin_formcreator_validate_issues_2d71d4de-ea1e-45d8-85ed-1b2268e79391','plugin_formcreator_validate_issues',16,0,4,2,'{\"widgettype\":\"bigNumber\",\"use_gradient\":\"0\",\"point_labels\":\"0\",\"color\":\"#266ae9\"}'),
(10498,9,'plugin_formcreator_solved_issues_a1873c71-0b32-4f96-ad43-ecd88784dffb','plugin_formcreator_solved_issues',20,0,4,2,'{\"widgettype\":\"bigNumber\",\"use_gradient\":\"0\",\"point_labels\":\"0\",\"color\":\"#edc949\"}'),
(10499,9,'plugin_formcreator_closed_issues_9e39fb4f-abb4-4f41-8647-734bcfbf9321','plugin_formcreator_closed_issues',24,0,4,2,'{\"widgettype\":\"bigNumber\",\"use_gradient\":\"0\",\"point_labels\":\"0\",\"color\":\"#555555\"}'),
(10500,10,'plugin_glpiinventory_nb_agent_f2395d4e-feb0-4c9c-989e-a71fd7166552','plugin_glpiinventory_nb_agent',0,0,3,2,'{\"widgettype\":\"bigNumber\",\"use_gradient\":\"0\",\"point_labels\":\"0\",\"color\":\"#606f91\"}'),
(10501,10,'plugin_glpiinventory_nb_task_6db1e13e-c7f0-464b-8f65-26dd75523524','plugin_glpiinventory_nb_task',3,0,3,2,'{\"widgettype\":\"bigNumber\",\"use_gradient\":\"0\",\"point_labels\":\"0\",\"color\":\"#606f91\"}'),
(10502,10,'plugin_glpiinventory_nb_printer_5ed4a3ae-ac68-4116-93a1-cb032183da62','plugin_glpiinventory_nb_printer',6,0,3,2,'{\"widgettype\":\"bigNumber\",\"use_gradient\":\"0\",\"point_labels\":\"0\",\"color\":\"#606f91\"}'),
(10503,10,'plugin_glpiinventory_nb_networkequipement_bfef8162-6571-4bd4-a6b5-122416295469','plugin_glpiinventory_nb_networkequipement',9,0,3,2,'{\"widgettype\":\"bigNumber\",\"use_gradient\":\"0\",\"point_labels\":\"0\",\"color\":\"#606f91\"}'),
(10504,10,'plugin_glpiinventory_nb_phone_9fa88f4d-ac8e-4df2-a508-276f7237e5ea','plugin_glpiinventory_nb_phone',12,0,3,2,'{\"widgettype\":\"bigNumber\",\"use_gradient\":\"0\",\"point_labels\":\"0\",\"color\":\"#606f91\"}'),
(10505,10,'plugin_glpiinventory_nb_computer_c8cf0317-fe19-4fbf-b5ae-33e4faf48a70','plugin_glpiinventory_nb_computer',15,0,3,2,'{\"widgettype\":\"bigNumber\",\"use_gradient\":\"0\",\"point_labels\":\"0\",\"color\":\"#606f91\"}'),
(10506,10,'plugin_glpiinventory_nb_unmanaged_70c57471-5fd3-47f9-976a-f519fc3cc274','plugin_glpiinventory_nb_unmanaged',18,0,3,2,'{\"widgettype\":\"bigNumber\",\"use_gradient\":\"0\",\"point_labels\":\"0\",\"color\":\"#e69138\"}'),
(10639,7,'bn_count_NetworkEquipment19b4d573-aa8e-49a8-8c9c-2b31d5d699e1','bn_count_NetworkEquipment',0,0,3,6,'{\"color\":\"#c8dae4\",\"widgettype\":\"bigNumber\",\"cache_key\":\"dashboard_card_copy-of-parc_04fc0ff8f7b75d3192c4236bdc67953a8d06e3d9\"}'),
(10640,7,'count_NetworkEquipment_Location44f2f8df-134d-4011-9875-441f4b9bff11','count_NetworkEquipment_Location',3,0,10,6,'{\"color\":\"#cccfd1\",\"widgettype\":\"hbar\",\"use_gradient\":\"0\",\"point_labels\":\"0\",\"limit\":\"7\",\"cache_key\":\"dashboard_card_copy-of-parc_523b4534d7943c05ee3308ed7375f6e4aaf13bff\"}'),
(10641,7,'count_NetworkEquipment_Stateb78852c0-7dda-49ac-8fa0-c35e729bc1b1','count_NetworkEquipment_State',20,3,6,3,'{\"color\":\"#aabecb\",\"widgettype\":\"summaryNumbers\",\"use_gradient\":\"0\",\"point_labels\":\"0\",\"limit\":\"7\",\"cache_key\":\"dashboard_card_copy-of-parc_90e7f45b5af57885509944a501a7673becc9d169\"}'),
(10642,7,'count_NetworkEquipment_Manufacturerf781f7bb-d0a7-42b6-b022-0e57c0f6d4ee','count_NetworkEquipment_Manufacturer',20,0,6,3,'{\"color\":\"#fcf8ed\",\"widgettype\":\"summaryNumbers\",\"use_gradient\":\"0\",\"limit\":\"5\",\"cache_key\":\"dashboard_card_copy-of-parc_66d636f917484e40ca8de6bd9c7b38a9077cd2f6\",\"point_labels\":\"0\"}'),
(10643,7,'count_NetworkEquipment_NetworkEquipmentTypebe9b895f-e22a-409d-b626-5996374be991','count_NetworkEquipment_NetworkEquipmentType',13,0,7,6,'{\"color\":\"#fafafa\",\"widgettype\":\"summaryNumbers\",\"use_gradient\":\"0\",\"point_labels\":\"0\",\"limit\":\"7\",\"cache_key\":\"dashboard_card_copy-of-parc_03086dd0445a6c2487482e446864ffe6347f35d2\"}'),
(10644,7,'count_NetworkEquipment_State_95805198-bcb7-4377-94d8-fce348b175e7','count_NetworkEquipment_State',0,6,3,3,'{\"color\":\"#fafafa\",\"widgettype\":\"multipleNumber\",\"use_gradient\":\"1\",\"point_labels\":\"0\",\"limit\":\"7\",\"cache_key\":\"dashboard_card_copy-of-parc_0f76cf6f243264057fcbc706aaff681dcc83c89d\"}'),
(11290,16,'bn_count_Computer_4619a61b-cc0f-4f4a-a6eb-cf41382d64e6','bn_count_Computer',0,0,2,4,'{\"color\":\"#ffe599\",\"widgettype\":\"bigNumber\",\"use_gradient\":\"0\",\"point_labels\":\"0\",\"limit\":\"7\"}'),
(11291,16,'count_Computer_Manufacturer_c6541251-7f84-4ca0-8e07-0a694c88c3b1','count_Computer_Manufacturer',2,0,12,4,'{\"color\":\"#fafafa\",\"widgettype\":\"bar\",\"use_gradient\":\"0\",\"point_labels\":\"1\",\"limit\":\"5\"}'),
(11414,15,'bn_count_Ticket79afe1a8-f44a-4e20-90b7-978e26a79db5','bn_count_Ticket',0,2,3,2,'{\"color\":\"#ffdc64\",\"widgettype\":\"bigNumber\",\"use_gradient\":\"0\",\"limit\":\"7\",\"cache_key\":\"dashboard_card_assistance_a8a61ee1f98f1515ee0e3cfb8b79a34e26e6c81d\"}'),
(11415,15,'bn_count_Problem5bb7efe9-7fc3-4932-b0eb-c25489a87579','bn_count_Problem',0,4,3,2,'{\"color\":\"#f0967b\",\"widgettype\":\"bigNumber\",\"use_gradient\":\"0\",\"limit\":\"7\",\"cache_key\":\"dashboard_card_assistance_0547c744ea9198c40a4b3031822e626393042d7d\"}'),
(11416,15,'bn_count_Change1d0d5a92-452c-4b25-9c43-6f0dd7e2e7e1','bn_count_Change',0,6,3,2,'{\"color\":\"#cae3c4\",\"widgettype\":\"bigNumber\",\"use_gradient\":\"0\",\"limit\":\"7\",\"cache_key\":\"dashboard_card_assistance_856c17ff54318c1219013a05edc2dda8aa6fea87\"}'),
(11417,15,'bn_count_tickets_incoming869460a0-e725-4581-9f0d-128aec218957','bn_count_tickets_incoming',3,6,4,2,'{\"color\":\"#a0e19d\",\"widgettype\":\"bigNumber\",\"use_gradient\":\"0\",\"limit\":\"7\",\"cache_key\":\"dashboard_card_assistance_adade6f7a42b4a504d0ef47335bab4e20fe8268d\"}'),
(11418,15,'bn_count_tickets_closedb7e401e8-d780-4d57-9262-0b443d1a5089','bn_count_tickets_closed',11,8,4,2,'{\"color\":\"#515151\",\"widgettype\":\"bigNumber\",\"use_gradient\":\"0\",\"limit\":\"7\",\"cache_key\":\"dashboard_card_assistance_7d70a5a4a7a2850ee715958b530c31fc4b6dfc39\"}'),
(11419,15,'bn_count_tickets_assigned407599d5-5c35-4657-b6c7-0c6c48c3378a','bn_count_tickets_assigned',7,6,4,2,'{\"color\":\"#eaf5f7\",\"widgettype\":\"bigNumber\",\"use_gradient\":\"0\",\"limit\":\"7\",\"cache_key\":\"dashboard_card_assistance_3c2e5affb97969d2830a6155a3c46635e4e7e45f\"}'),
(11420,15,'bn_count_tickets_solvedb9d4cac7-07ad-42b7-88ec-65bf7fd9dc26','bn_count_tickets_solved',11,6,4,2,'{\"color\":\"#d8d8d8\",\"widgettype\":\"bigNumber\",\"use_gradient\":\"0\",\"limit\":\"7\",\"cache_key\":\"dashboard_card_assistance_0efb8f1f66dc6608d3edcfbeaefbe4508f9d9549\"}'),
(11421,15,'bn_count_TicketRecurrent2127ce54-0ef2-47ec-9f64-cd05fc1620cb','bn_count_TicketRecurrent',0,8,3,2,'{\"color\":\"#fafafa\",\"widgettype\":\"bigNumber\",\"use_gradient\":\"0\",\"limit\":\"7\",\"cache_key\":\"dashboard_card_assistance_7a7e972c911ca4f386e3ad4c461190e3585e211c\"}'),
(11422,15,'bn_count_tickets_plannedf29c6d0e-f217-40c2-91a4-e5f7068fc08c','bn_count_tickets_planned',7,8,4,2,'{\"color\":\"#6298d5\",\"widgettype\":\"bigNumber\",\"use_gradient\":\"0\",\"limit\":\"7\",\"cache_key\":\"dashboard_card_assistance_5f708b7ae631aa64dc0243ddcea88bc5dfc412b4\"}'),
(11423,15,'top_ticket_RequestTypebb96d7ac-a0be-4f05-be2c-75dc7df7a370','top_ticket_RequestType',15,6,5,4,'{\"color\":\"#f9fafb\",\"widgettype\":\"hbar\",\"use_gradient\":\"1\",\"limit\":\"4\",\"cache_key\":\"dashboard_card_assistance_66ba4c6665dec52ba2aacd3db3cfc3fd65b82839\"}'),
(11424,15,'ticket_evolution7fda59bb-ff41-46e3-9bea-12038cf22477','ticket_evolution',3,0,12,6,'{\"color\":\"#f3f7f8\",\"widgettype\":\"areas\",\"use_gradient\":\"0\",\"limit\":\"12\",\"cache_key\":\"dashboard_card_assistance_e63babdbd421ae5285f457318c9bce33c5158f96\"}'),
(11425,15,'ticket_status12b78b43-b71b-4645-9e54-dff54af15310','ticket_status',15,0,11,6,'{\"color\":\"#f7f3f2\",\"widgettype\":\"stackedbars\",\"use_gradient\":\"0\",\"limit\":\"12\",\"cache_key\":\"dashboard_card_assistance_c7de054cada1d9daca210dedf62071bcd70c119a\"}'),
(11426,15,'bn_count_tickets_waiting92c8ba83-b3d0-44fe-aea0-0efe38d4c296','bn_count_tickets_waiting',3,8,4,2,'{\"color\":\"#ffcb7d\",\"widgettype\":\"bigNumber\",\"use_gradient\":\"0\",\"limit\":\"7\",\"cache_key\":\"dashboard_card_assistance_a1c6e05ec324c4d4003ec1e3a5709266ac35e53b\",\"point_labels\":\"0\"}'),
(11427,15,'top_ticket_Entity5be6e3fd-c04d-4f37-8860-82588516f114','top_ticket_Entity',20,6,6,4,'{\"color\":\"#f7f1f0\",\"widgettype\":\"multipleNumber\",\"use_gradient\":\"1\",\"limit\":\"7\",\"cache_key\":\"dashboard_card_assistance_2b5d9c03272ed1b502fdde2020c51829fb280d78\",\"point_labels\":\"0\"}'),
(11428,15,'top_ticket_ITILCategorya45f5dad-f9bf-4a48-a522-bcad918b038c','top_ticket_ITILCategory',0,10,26,7,'{\"color\":\"#abcdde\",\"widgettype\":\"bar\",\"use_gradient\":\"0\",\"limit\":\"7\",\"cache_key\":\"dashboard_card_assistance_4de42f376e9017efea97d2b8a6f5062e07f9d445\",\"point_labels\":\"1\"}'),
(11429,15,'bn_count_tickets_lateb9050390-f92a-407d-99e2-f17a518959bb','bn_count_tickets_late',0,0,3,2,'{\"color\":\"#f0051c\",\"widgettype\":\"bigNumber\",\"use_gradient\":\"0\",\"limit\":\"7\",\"cache_key\":\"dashboard_card_assistance_6539676008695cea96f7314ddb75e116a75ed866\",\"point_labels\":\"0\"}'),
(11430,15,'tickets_summary_e0dc84be-5aee-40c2-886a-e3477a9965ad','tickets_summary',0,17,9,6,'{\"color\":\"#fafafa\",\"widgettype\":\"bar\",\"use_gradient\":\"0\",\"point_labels\":\"1\",\"limit\":\"7\"}'),
(12010,2,'bn_count_Computer_34cfbaf9-a471-4852-b48c-0dadea7644de','bn_count_Computer',0,0,3,5,'{\"color\":\"#f3d0d0\",\"widgettype\":\"bigNumber\",\"cache_key\":\"dashboard_card_assets_0a5a2da0ba8f732a442ac4a1f0f9f58613ee3c6d\",\"apply_filters\":{\"location\":\"\"}}'),
(12011,2,'bn_count_NetworkEquipment_76f1e239-777b-4552-b053-ae5c64190347','bn_count_NetworkEquipment',0,6,3,5,'{\"color\":\"#c8dae4\",\"widgettype\":\"bigNumber\",\"cache_key\":\"dashboard_card_assets_93db76bb5180093f21fb1ceed79f9eec5d48215b\",\"apply_filters\":{\"location\":\"\"}}'),
(12012,2,'bn_count_Monitor_890e16d3-b121-48c6-9713-d9c239d9a970','bn_count_Monitor',0,12,3,5,'{\"color\":\"#dc6f6f\",\"widgettype\":\"bigNumber\",\"use_gradient\":\"0\",\"limit\":\"7\",\"cache_key\":\"dashboard_card_assets_e672492c357f2ec938cbcd2be4cb21a71682c686\",\"apply_filters\":{\"location\":\"\"}}'),
(12013,2,'count_NetworkEquipment_Location_fb40fef8-09aa-4872-b85a-ae91ab61af78','count_NetworkEquipment_Location',3,6,11,5,'{\"color\":\"#cccfd1\",\"widgettype\":\"hbar\",\"use_gradient\":\"0\",\"point_labels\":\"0\",\"limit\":\"7\",\"cache_key\":\"dashboard_card_assets_a52c34ade5c7cfd97d419ff8671a0c99b07b6a2f\",\"apply_filters\":{\"location\":\"\"}}'),
(12014,2,'count_NetworkEquipment_State_8851e497-2b18-4bb4-a2fe-b25bc1210fff','count_NetworkEquipment_State',21,8,5,3,'{\"color\":\"#aabecb\",\"widgettype\":\"summaryNumbers\",\"use_gradient\":\"0\",\"point_labels\":\"0\",\"limit\":\"7\",\"cache_key\":\"dashboard_card_assets_45e91fd4df6222dd3a290a1a5fa54d4cf27fa2bb\",\"apply_filters\":{\"location\":\"\"}}'),
(12015,2,'count_NetworkEquipment_Manufacturer_20151083-3b44-471a-8453-1bdd0e4f6485','count_NetworkEquipment_Manufacturer',21,6,5,2,'{\"color\":\"#fcf8ed\",\"widgettype\":\"summaryNumbers\",\"use_gradient\":\"0\",\"limit\":\"5\",\"cache_key\":\"dashboard_card_assets_fb87bd0015d6e4e8f9ff5750746a6b644563f000\",\"point_labels\":\"0\",\"apply_filters\":{\"location\":\"\"}}'),
(12016,2,'count_NetworkEquipment_NetworkEquipmentType_022bf015-c0d7-4766-b30f-4d1c4994e40b','count_NetworkEquipment_NetworkEquipmentType',14,6,7,5,'{\"color\":\"#fafafa\",\"widgettype\":\"summaryNumbers\",\"use_gradient\":\"0\",\"point_labels\":\"0\",\"limit\":\"7\",\"cache_key\":\"dashboard_card_assets_fe04886f22550e87f647c455d032a4a80ba9b6a7\",\"apply_filters\":{\"location\":\"\"}}'),
(12017,2,'count_Monitor_MonitorType_fc3929f6-efa0-4eb0-8a33-9bafde837f89','count_Monitor_MonitorType',22,12,4,5,'{\"color\":\"#fafafa\",\"widgettype\":\"pie\",\"use_gradient\":\"0\",\"point_labels\":\"0\",\"limit\":\"7\",\"cache_key\":\"dashboard_card_assets_136220f9c8a8aa1fe9a229dd35333cf26b672f76\",\"apply_filters\":{\"location\":\"\"}}'),
(12018,2,'count_Monitor_Manufacturer_f96eab42-aa70-4965-a01a-eac58b3997c7','count_Monitor_Manufacturer',14,12,8,5,'{\"color\":\"#fafafa\",\"widgettype\":\"hbar\",\"use_gradient\":\"0\",\"point_labels\":\"1\",\"limit\":\"7\",\"cache_key\":\"dashboard_card_assets_298cf3a03411614688bbdf52bb14c59adde318c5\",\"apply_filters\":{\"location\":\"\"}}'),
(12019,2,'count_Monitor_MonitorModel_c2e5b16d-f17e-4a7a-ae3f-4e35053c1f77','count_Monitor_MonitorModel',3,12,11,5,'{\"color\":\"#fafafa\",\"widgettype\":\"bar\",\"use_gradient\":\"0\",\"point_labels\":\"1\",\"limit\":\"7\",\"cache_key\":\"dashboard_card_assets_e40719b69bc5bd4cc8b9b7466684d7a0a0061497\",\"apply_filters\":{\"location\":\"\"}}'),
(12020,2,'count_Computer_Manufacturer_ba19a981-ff01-40bb-ba2e-d141170deb3a','count_Computer_Manufacturer',21,0,5,5,'{\"color\":\"#d1cccc\",\"widgettype\":\"multipleNumber\",\"use_gradient\":\"1\",\"point_labels\":\"1\",\"limit\":\"10\",\"cache_key\":\"dashboard_card_assets_020a5e131932e797aa5268d83acce7aa635ba246\",\"apply_filters\":{\"location\":\"\"}}'),
(12021,2,'count_Computer_State_c2e723ea-5a8b-464d-8581-c266a9f8fa89','count_Computer_State',14,0,7,5,'{\"color\":\"#f4dcdc\",\"widgettype\":\"pie\",\"use_gradient\":\"1\",\"point_labels\":\"0\",\"limit\":\"9\",\"cache_key\":\"dashboard_card_assets_e72f590aabf77e24ec8cbfd1fde0f0323fa2e0a6\",\"apply_filters\":{\"location\":\"\"}}'),
(12022,2,'count_Computer_Location_3e7d21ba-38b5-4d61-957f-c47d0401550c','count_Computer_Location',3,0,11,5,'{\"color\":\"#d8b6b6\",\"widgettype\":\"hbar\",\"use_gradient\":\"0\",\"point_labels\":\"1\",\"limit\":\"10\",\"cache_key\":\"dashboard_card_assets_9a535e590b76fd85880f006aa31d2b367b783da4\",\"apply_filters\":{\"location\":\"\"}}'),
(12023,2,'count_Computer_State_7fb895c8-9392-442a-bef3-909b9fa98b9e','count_Computer_State',0,17,20,7,'{\"color\":\"#fafafa\",\"widgettype\":\"bar\",\"use_gradient\":\"0\",\"point_labels\":\"1\",\"limit\":\"7\",\"apply_filters\":{\"location\":\"\"}}'),
(12024,2,'count_Computer_Entity_cf5859e5-900f-4430-8a84-2161aecee21d','count_Computer_Entity',21,17,5,6,'{\"color\":\"#fafafa\",\"widgettype\":\"bar\",\"use_gradient\":\"0\",\"point_labels\":\"1\",\"limit\":\"10\",\"apply_filters\":{\"location\":\"\"}}'),
(12315,3,'bn_count_Ticket_344e761b-f7e8-4617-8c90-154b266b4d67','bn_count_Ticket',0,2,3,2,'{\"color\":\"#ffdc64\",\"widgettype\":\"bigNumber\",\"use_gradient\":\"0\",\"limit\":\"7\",\"cache_key\":\"dashboard_card_assistance_a8a61ee1f98f1515ee0e3cfb8b79a34e26e6c81d\"}'),
(12316,3,'bn_count_Problem_bdb4002b-a674-4493-820f-af85bed44d2a','bn_count_Problem',0,4,3,2,'{\"color\":\"#f0967b\",\"widgettype\":\"bigNumber\",\"use_gradient\":\"0\",\"limit\":\"7\",\"cache_key\":\"dashboard_card_assistance_0547c744ea9198c40a4b3031822e626393042d7d\"}'),
(12317,3,'bn_count_Change_b9b87513-4f40-41e6-8621-f51f9a30fb19','bn_count_Change',0,6,3,2,'{\"color\":\"#cae3c4\",\"widgettype\":\"bigNumber\",\"use_gradient\":\"0\",\"limit\":\"7\",\"cache_key\":\"dashboard_card_assistance_856c17ff54318c1219013a05edc2dda8aa6fea87\"}'),
(12318,3,'bn_count_tickets_incoming_336a36d9-67fe-4475-880e-447bd766b8fe','bn_count_tickets_incoming',3,6,4,2,'{\"color\":\"#a0e19d\",\"widgettype\":\"bigNumber\",\"use_gradient\":\"0\",\"limit\":\"7\",\"cache_key\":\"dashboard_card_assistance_adade6f7a42b4a504d0ef47335bab4e20fe8268d\"}'),
(12319,3,'bn_count_tickets_closed_e004bab5-f2b6-4060-a401-a2a8b9885245','bn_count_tickets_closed',11,8,4,2,'{\"color\":\"#515151\",\"widgettype\":\"bigNumber\",\"use_gradient\":\"0\",\"limit\":\"7\",\"cache_key\":\"dashboard_card_assistance_7d70a5a4a7a2850ee715958b530c31fc4b6dfc39\"}'),
(12320,3,'bn_count_tickets_assigned_7455c855-6df8-4514-a3d9-8b0fce52bd63','bn_count_tickets_assigned',7,6,4,2,'{\"color\":\"#eaf5f7\",\"widgettype\":\"bigNumber\",\"use_gradient\":\"0\",\"limit\":\"7\",\"cache_key\":\"dashboard_card_assistance_3c2e5affb97969d2830a6155a3c46635e4e7e45f\"}'),
(12321,3,'bn_count_tickets_solved_5e9759b3-ee7e-4a14-b68f-1ac024ef55ee','bn_count_tickets_solved',11,6,4,2,'{\"color\":\"#d8d8d8\",\"widgettype\":\"bigNumber\",\"use_gradient\":\"0\",\"limit\":\"7\",\"cache_key\":\"dashboard_card_assistance_0efb8f1f66dc6608d3edcfbeaefbe4508f9d9549\"}'),
(12322,3,'bn_count_TicketRecurrent_13f79539-61f6-45f7-8dde-045706e652f2','bn_count_TicketRecurrent',0,8,3,2,'{\"color\":\"#fafafa\",\"widgettype\":\"bigNumber\",\"use_gradient\":\"0\",\"limit\":\"7\",\"cache_key\":\"dashboard_card_assistance_7a7e972c911ca4f386e3ad4c461190e3585e211c\"}'),
(12323,3,'bn_count_tickets_planned_267bf627-9d5e-4b6c-b53d-b8623d793ccf','bn_count_tickets_planned',7,8,4,2,'{\"color\":\"#6298d5\",\"widgettype\":\"bigNumber\",\"use_gradient\":\"0\",\"limit\":\"7\",\"cache_key\":\"dashboard_card_assistance_5f708b7ae631aa64dc0243ddcea88bc5dfc412b4\"}'),
(12324,3,'top_ticket_RequestType_b9e43f34-8e94-4a6e-9023-c5d1e2ce7859','top_ticket_RequestType',15,6,5,4,'{\"color\":\"#f9fafb\",\"widgettype\":\"hbar\",\"use_gradient\":\"1\",\"limit\":\"4\",\"cache_key\":\"dashboard_card_assistance_66ba4c6665dec52ba2aacd3db3cfc3fd65b82839\"}'),
(12325,3,'ticket_evolution_76fd4926-ee5e-48db-b6d6-e2947c190c5e','ticket_evolution',3,0,12,6,'{\"color\":\"#f3f7f8\",\"widgettype\":\"areas\",\"use_gradient\":\"0\",\"limit\":\"12\",\"cache_key\":\"dashboard_card_assistance_e63babdbd421ae5285f457318c9bce33c5158f96\"}'),
(12326,3,'ticket_status_5b256a35-b36b-4db5-ba11-ea7c125f126e','ticket_status',13,10,11,6,'{\"color\":\"#f7f3f2\",\"widgettype\":\"stackedbars\",\"use_gradient\":\"0\",\"limit\":\"12\",\"cache_key\":\"dashboard_card_assistance_c7de054cada1d9daca210dedf62071bcd70c119a\"}'),
(12327,3,'bn_count_tickets_waiting_1994b017-03ae-426d-aca7-d5ab0bbb074b','bn_count_tickets_waiting',3,8,4,2,'{\"color\":\"#ffcb7d\",\"widgettype\":\"bigNumber\",\"use_gradient\":\"0\",\"limit\":\"7\",\"cache_key\":\"dashboard_card_assistance_a1c6e05ec324c4d4003ec1e3a5709266ac35e53b\",\"point_labels\":\"0\"}'),
(12328,3,'bn_count_tickets_late_65c5f104-8fcb-47e7-9c02-331414181458','bn_count_tickets_late',0,0,3,2,'{\"color\":\"#f0051c\",\"widgettype\":\"bigNumber\",\"use_gradient\":\"0\",\"limit\":\"7\",\"cache_key\":\"dashboard_card_assistance_6539676008695cea96f7314ddb75e116a75ed866\",\"point_labels\":\"0\"}'),
(12329,3,'bn_count_tickets_expired_by_tech_963b46f2-501a-454c-8248-fb0facf7378d','bn_count_tickets_expired_by_tech',0,10,13,8,'{\"color\":\"#fafafa\",\"widgettype\":\"stackedHBars\",\"use_gradient\":\"0\",\"point_labels\":\"1\",\"limit\":\"7\"}'),
(12330,3,'bn_count_tickets_expired_by_tech_group_11534ef4-a4f1-4c44-87a9-f23062334418','bn_count_tickets_expired_by_tech_group',13,16,12,8,'{\"color\":\"#fafafa\",\"widgettype\":\"stackedHBars\",\"use_gradient\":\"0\",\"point_labels\":\"1\",\"limit\":\"7\"}'),
(12331,3,'top_ticket_Entity_2ec92d45-83ba-4bc3-9648-6a6bb2a39924','top_ticket_Entity',20,6,6,4,'{\"color\":\"#f7f1f0\",\"widgettype\":\"multipleNumber\",\"use_gradient\":\"1\",\"limit\":\"20\",\"cache_key\":\"dashboard_card_assistance_2b5d9c03272ed1b502fdde2020c51829fb280d78\",\"point_labels\":\"0\"}'),
(12332,3,'ticket_times_64e5679f-bea6-4ba8-b661-fe5aeeac7b3f','ticket_times',0,18,10,6,'{\"color\":\"#fafafa\",\"widgettype\":\"stackedbars\",\"use_gradient\":\"0\",\"point_labels\":\"1\",\"limit\":\"7\"}'),
(12333,3,'top_ticket_user_assign_b7c309db-ca35-4fcc-bda0-dff3069e50d1','top_ticket_user_assign',15,0,11,6,'{\"color\":\"#fafafa\",\"widgettype\":\"multipleNumber\",\"use_gradient\":\"0\",\"point_labels\":\"0\",\"limit\":\"7\"}'),
(12343,14,'bn_count_Software_bb5978a4-2f3c-4594-9ea8-9fdf601a2761','bn_count_Software',0,0,3,4,'{\"color\":\"#b6d7a8\",\"widgettype\":\"bigNumber\",\"use_gradient\":\"0\",\"point_labels\":\"0\",\"limit\":\"7\",\"cache_key\":\"dashboard_card_gestion-logiciels-licences-certificats-..._0c8bc73893956f97cfd9b32e25b5be6d6f131437\"}'),
(12344,14,'count_Software_Entity_8633776a-39a2-4836-ad2f-a8142c6b3d45','count_Software_Entity',3,0,13,10,'{\"color\":\"#fafafa\",\"widgettype\":\"bar\",\"use_gradient\":\"0\",\"point_labels\":\"0\",\"limit\":\"7\"}');

--
-- Table structure for table `glpi_dashboards_rights`
--

CREATE TABLE `glpi_dashboards_rights` (
  `id` int(10) unsigned NOT NULL AUTO_INCREMENT,
  `dashboards_dashboards_id` int(10) unsigned NOT NULL,
  `itemtype` varchar(100) NOT NULL,
  `items_id` int(10) unsigned NOT NULL,
  PRIMARY KEY (`id`),
  UNIQUE KEY `unicity` (`dashboards_dashboards_id`,`itemtype`,`items_id`),
  KEY `item` (`itemtype`,`items_id`)
) ENGINE=InnoDB AUTO_INCREMENT=22 DEFAULT CHARSET=utf8mb4 COLLATE=utf8mb4_unicode_ci;

--
-- Dumping data for table `glpi_dashboards_rights`
--

INSERT INTO `glpi_dashboards_rights` VALUES
(21,3,'Group',191),
(20,3,'Profile',6),
(1,8,'Profile',1),
(2,8,'Profile',13),
(5,9,'Profile',1),
(6,9,'Profile',13);

--
-- Table structure for table `glpi_databaseinstancecategories`
--

CREATE TABLE `glpi_databaseinstancecategories` (
  `id` int(10) unsigned NOT NULL AUTO_INCREMENT,
  `name` varchar(255) DEFAULT NULL,
  `comment` text DEFAULT NULL,
  `date_mod` timestamp NULL DEFAULT NULL,
  `date_creation` timestamp NULL DEFAULT NULL,
  PRIMARY KEY (`id`),
  KEY `name` (`name`),
  KEY `date_mod` (`date_mod`),
  KEY `date_creation` (`date_creation`)
) ENGINE=InnoDB DEFAULT CHARSET=utf8mb4 COLLATE=utf8mb4_unicode_ci ROW_FORMAT=DYNAMIC;

--
-- Dumping data for table `glpi_databaseinstancecategories`
--


--
-- Table structure for table `glpi_databaseinstances`
--

CREATE TABLE `glpi_databaseinstances` (
  `id` int(10) unsigned NOT NULL AUTO_INCREMENT,
  `entities_id` int(10) unsigned NOT NULL DEFAULT 0,
  `is_recursive` tinyint(4) NOT NULL DEFAULT 0,
  `name` varchar(255) NOT NULL DEFAULT '',
  `version` varchar(255) NOT NULL DEFAULT '',
  `port` varchar(10) NOT NULL DEFAULT '',
  `path` varchar(255) NOT NULL DEFAULT '',
  `size` int(11) NOT NULL DEFAULT 0,
  `databaseinstancetypes_id` int(10) unsigned NOT NULL DEFAULT 0,
  `databaseinstancecategories_id` int(10) unsigned NOT NULL DEFAULT 0,
  `locations_id` int(10) unsigned NOT NULL DEFAULT 0,
  `manufacturers_id` int(10) unsigned NOT NULL DEFAULT 0,
  `users_id_tech` int(10) unsigned NOT NULL DEFAULT 0,
  `groups_id_tech` int(10) unsigned NOT NULL DEFAULT 0,
  `states_id` int(10) unsigned NOT NULL DEFAULT 0,
  `itemtype` varchar(100) NOT NULL DEFAULT '',
  `items_id` int(10) unsigned NOT NULL DEFAULT 0,
  `is_onbackup` tinyint(4) NOT NULL DEFAULT 0,
  `is_active` tinyint(4) NOT NULL DEFAULT 0,
  `is_deleted` tinyint(4) NOT NULL DEFAULT 0,
  `is_helpdesk_visible` tinyint(4) NOT NULL DEFAULT 1,
  `is_dynamic` tinyint(4) NOT NULL DEFAULT 0,
  `autoupdatesystems_id` int(10) unsigned NOT NULL DEFAULT 0,
  `date_creation` timestamp NULL DEFAULT NULL,
  `date_mod` timestamp NULL DEFAULT NULL,
  `date_lastboot` timestamp NULL DEFAULT NULL,
  `date_lastbackup` timestamp NULL DEFAULT NULL,
  `comment` text DEFAULT NULL,
  PRIMARY KEY (`id`),
  KEY `entities_id` (`entities_id`),
  KEY `is_recursive` (`is_recursive`),
  KEY `name` (`name`),
  KEY `databaseinstancetypes_id` (`databaseinstancetypes_id`),
  KEY `databaseinstancecategories_id` (`databaseinstancecategories_id`),
  KEY `locations_id` (`locations_id`),
  KEY `manufacturers_id` (`manufacturers_id`),
  KEY `users_id_tech` (`users_id_tech`),
  KEY `groups_id_tech` (`groups_id_tech`),
  KEY `states_id` (`states_id`),
  KEY `item` (`itemtype`,`items_id`),
  KEY `is_active` (`is_active`),
  KEY `is_deleted` (`is_deleted`),
  KEY `date_creation` (`date_creation`),
  KEY `date_mod` (`date_mod`),
  KEY `is_helpdesk_visible` (`is_helpdesk_visible`),
  KEY `is_dynamic` (`is_dynamic`),
  KEY `autoupdatesystems_id` (`autoupdatesystems_id`)
) ENGINE=InnoDB AUTO_INCREMENT=5 DEFAULT CHARSET=utf8mb4 COLLATE=utf8mb4_unicode_ci ROW_FORMAT=DYNAMIC;

--
-- Dumping data for table `glpi_databaseinstances`
--

INSERT INTO `glpi_databaseinstances` VALUES
(1,0,0,'ORDB001_WEB1','','','',0,0,0,84,0,0,0,22,'Computer',33696,1,1,0,0,0,0,'2022-06-01 20:50:13','2023-02-02 19:01:40',NULL,NULL,''),
(2,0,0,'MariaDB','10.4.28-1:10.4.28+maria~ubu2004-log','3306','',808,3,0,0,2877,0,0,0,'Computer',33823,0,1,0,1,1,0,'2022-06-28 20:59:52','2023-04-18 18:47:40',NULL,NULL,NULL),
(3,0,0,'MariaDB','10.4.28-1:10.4.28+maria~ubu2004-log','3306','',870,3,0,0,2877,0,0,0,'Computer',34106,0,1,0,1,1,0,'2024-06-04 14:57:46','2024-06-04 14:57:46',NULL,NULL,NULL),
(4,0,0,'MariaDB','10.4.28-1:10.4.28+maria~ubu2004-log','3306','',871,3,0,0,2877,0,0,0,'Computer',34107,0,1,0,1,1,0,'2024-06-04 15:55:02','2024-06-04 15:55:02',NULL,NULL,NULL);

--
-- Table structure for table `glpi_databaseinstancetypes`
--

CREATE TABLE `glpi_databaseinstancetypes` (
  `id` int(10) unsigned NOT NULL AUTO_INCREMENT,
  `name` varchar(255) DEFAULT NULL,
  `comment` text DEFAULT NULL,
  `date_mod` timestamp NULL DEFAULT NULL,
  `date_creation` timestamp NULL DEFAULT NULL,
  PRIMARY KEY (`id`),
  KEY `name` (`name`),
  KEY `date_mod` (`date_mod`),
  KEY `date_creation` (`date_creation`)
) ENGINE=InnoDB AUTO_INCREMENT=4 DEFAULT CHARSET=utf8mb4 COLLATE=utf8mb4_unicode_ci ROW_FORMAT=DYNAMIC;

--
-- Dumping data for table `glpi_databaseinstancetypes`
--

INSERT INTO `glpi_databaseinstancetypes` VALUES
(3,'mysql','','2022-06-28 20:59:52','2022-06-28 20:59:52');

--
-- Table structure for table `glpi_databases`
--

CREATE TABLE `glpi_databases` (
  `id` int(10) unsigned NOT NULL AUTO_INCREMENT,
  `entities_id` int(10) unsigned NOT NULL DEFAULT 0,
  `is_recursive` tinyint(4) NOT NULL DEFAULT 0,
  `name` varchar(255) NOT NULL DEFAULT '',
  `size` int(11) NOT NULL DEFAULT 0,
  `databaseinstances_id` int(10) unsigned NOT NULL DEFAULT 0,
  `is_onbackup` tinyint(4) NOT NULL DEFAULT 0,
  `is_active` tinyint(4) NOT NULL DEFAULT 0,
  `is_deleted` tinyint(4) NOT NULL DEFAULT 0,
  `is_dynamic` tinyint(4) NOT NULL DEFAULT 0,
  `date_creation` timestamp NULL DEFAULT NULL,
  `date_mod` timestamp NULL DEFAULT NULL,
  `date_update` timestamp NULL DEFAULT NULL,
  `date_lastbackup` timestamp NULL DEFAULT NULL,
  PRIMARY KEY (`id`),
  KEY `entities_id` (`entities_id`),
  KEY `is_recursive` (`is_recursive`),
  KEY `name` (`name`),
  KEY `is_active` (`is_active`),
  KEY `is_deleted` (`is_deleted`),
  KEY `is_dynamic` (`is_dynamic`),
  KEY `date_creation` (`date_creation`),
  KEY `date_mod` (`date_mod`),
  KEY `databaseinstances_id` (`databaseinstances_id`)
) ENGINE=InnoDB AUTO_INCREMENT=69 DEFAULT CHARSET=utf8mb4 COLLATE=utf8mb4_unicode_ci ROW_FORMAT=DYNAMIC;

--
-- Dumping data for table `glpi_databases`
--

INSERT INTO `glpi_databases` VALUES
(3,0,0,'glpi10',132,2,0,1,0,1,'2022-06-28 20:59:52','2023-04-18 18:47:40',NULL,NULL),
(5,0,0,'glpis',111,2,0,1,0,1,'2022-06-28 20:59:52','2023-04-18 18:47:40',NULL,NULL),
(14,0,0,'glpiol',133,2,0,1,0,1,'2022-09-21 09:33:11','2022-09-21 09:33:11',NULL,NULL),
(16,0,0,'agglpi',41,2,0,1,0,1,'2023-03-29 21:19:39','2023-03-29 21:19:39',NULL,NULL),
(22,0,0,'metabase',39,2,0,1,0,1,'2023-03-29 21:19:39','2023-03-29 21:19:39',NULL,NULL),
(27,0,0,'db_sq',73,2,0,1,0,1,'2023-04-18 18:47:40','2023-04-18 18:47:40',NULL,NULL),
(28,0,0,'db_sqmig',72,2,0,1,0,1,'2023-04-18 18:47:40','2023-04-18 18:47:40',NULL,NULL),
(29,0,0,'g_959_nime',35,2,0,1,0,1,'2023-04-18 18:47:40','2023-04-18 18:47:40',NULL,NULL),
(30,0,0,'glpiocs',44,2,0,1,0,1,'2023-04-18 18:47:40','2023-04-18 18:47:40',NULL,NULL),
(31,0,0,'information_schema',0,2,0,1,0,1,'2023-04-18 18:47:40','2023-04-18 18:47:40',NULL,NULL),
(32,0,0,'mysql',29,2,0,1,0,1,'2023-04-18 18:47:40','2023-04-18 18:47:40',NULL,NULL),
(33,0,0,'ocsdb',17,2,0,1,0,1,'2023-04-18 18:47:40','2023-04-18 18:47:40',NULL,NULL),
(34,0,0,'ocsitop',9,2,0,1,0,1,'2023-04-18 18:47:40','2023-04-18 18:47:40',NULL,NULL),
(35,0,0,'performance_schema',0,2,0,1,0,1,'2023-04-18 18:47:40','2023-04-18 18:47:40',NULL,NULL),
(36,0,0,'sqglpi',67,2,0,1,0,1,'2023-04-18 18:47:40','2023-04-18 18:47:40',NULL,NULL),
(37,0,0,'agglpi',41,3,0,1,0,1,'2024-06-04 14:57:46','2024-06-04 14:57:46',NULL,NULL),
(38,0,0,'db_sq',73,3,0,1,0,1,'2024-06-04 14:57:46','2024-06-04 14:57:46',NULL,NULL),
(39,0,0,'g_c_axians',48,3,0,1,0,1,'2024-06-04 14:57:46','2024-06-04 14:57:46',NULL,NULL),
(40,0,0,'glpi10',140,3,0,1,0,1,'2024-06-04 14:57:46','2024-06-04 14:57:46',NULL,NULL),
(41,0,0,'glpi1010',44,3,0,1,0,1,'2024-06-04 14:57:46','2024-06-04 14:57:46',NULL,NULL),
(42,0,0,'glpi1011',43,3,0,1,0,1,'2024-06-04 14:57:46','2024-06-04 14:57:46',NULL,NULL),
(43,0,0,'glpi946',33,3,0,1,0,1,'2024-06-04 14:57:46','2024-06-04 14:57:46',NULL,NULL),
(44,0,0,'glpi957',36,3,0,1,0,1,'2024-06-04 14:57:46','2024-06-04 14:57:46',NULL,NULL),
(45,0,0,'glpiol',133,3,0,1,0,1,'2024-06-04 14:57:46','2024-06-04 14:57:46',NULL,NULL),
(46,0,0,'glpis',115,3,0,1,0,1,'2024-06-04 14:57:46','2024-06-04 14:57:46',NULL,NULL),
(47,0,0,'information_schema',0,3,0,1,0,1,'2024-06-04 14:57:46','2024-06-04 14:57:46',NULL,NULL),
(48,0,0,'metabase',43,3,0,1,0,1,'2024-06-04 14:57:46','2024-06-04 14:57:46',NULL,NULL),
(49,0,0,'mysql',31,3,0,1,0,1,'2024-06-04 14:57:46','2024-06-04 14:57:46',NULL,NULL),
(50,0,0,'ocsdb',17,3,0,1,0,1,'2024-06-04 14:57:46','2024-06-04 14:57:46',NULL,NULL),
(51,0,0,'performance_schema',0,3,0,1,0,1,'2024-06-04 14:57:46','2024-06-04 14:57:46',NULL,NULL),
(52,0,0,'sqglpi',67,3,0,1,0,1,'2024-06-04 14:57:46','2024-06-04 14:57:46',NULL,NULL),
(53,0,0,'agglpi',41,4,0,1,0,1,'2024-06-04 15:55:02','2024-06-04 15:55:02',NULL,NULL),
(54,0,0,'db_sq',73,4,0,1,0,1,'2024-06-04 15:55:02','2024-06-04 15:55:02',NULL,NULL),
(55,0,0,'g_c_axians',48,4,0,1,0,1,'2024-06-04 15:55:02','2024-06-04 15:55:02',NULL,NULL),
(56,0,0,'glpi10',142,4,0,1,0,1,'2024-06-04 15:55:02','2024-06-04 15:55:02',NULL,NULL),
(57,0,0,'glpi1010',44,4,0,1,0,1,'2024-06-04 15:55:02','2024-06-04 15:55:02',NULL,NULL),
(58,0,0,'glpi1011',43,4,0,1,0,1,'2024-06-04 15:55:02','2024-06-04 15:55:02',NULL,NULL),
(59,0,0,'glpi946',33,4,0,1,0,1,'2024-06-04 15:55:02','2024-06-04 15:55:02',NULL,NULL),
(60,0,0,'glpi957',36,4,0,1,0,1,'2024-06-04 15:55:02','2024-06-04 15:55:02',NULL,NULL),
(61,0,0,'glpiol',133,4,0,1,0,1,'2024-06-04 15:55:02','2024-06-04 15:55:02',NULL,NULL),
(62,0,0,'glpis',115,4,0,1,0,1,'2024-06-04 15:55:02','2024-06-04 15:55:02',NULL,NULL),
(63,0,0,'information_schema',0,4,0,1,0,1,'2024-06-04 15:55:02','2024-06-04 15:55:02',NULL,NULL),
(64,0,0,'metabase',43,4,0,1,0,1,'2024-06-04 15:55:02','2024-06-04 15:55:02',NULL,NULL),
(65,0,0,'mysql',31,4,0,1,0,1,'2024-06-04 15:55:02','2024-06-04 15:55:02',NULL,NULL),
(66,0,0,'ocsdb',17,4,0,1,0,1,'2024-06-04 15:55:02','2024-06-04 15:55:02',NULL,NULL),
(67,0,0,'performance_schema',0,4,0,1,0,1,'2024-06-04 15:55:02','2024-06-04 15:55:02',NULL,NULL),
(68,0,0,'sqglpi',67,4,0,1,0,1,'2024-06-04 15:55:02','2024-06-04 15:55:02',NULL,NULL);

--
-- Table structure for table `glpi_datacenters`
--

CREATE TABLE `glpi_datacenters` (
  `id` int(10) unsigned NOT NULL AUTO_INCREMENT,
  `name` varchar(255) DEFAULT NULL,
  `entities_id` int(10) unsigned NOT NULL DEFAULT 0,
  `is_recursive` tinyint(1) NOT NULL DEFAULT 0,
  `locations_id` int(10) unsigned NOT NULL DEFAULT 0,
  `is_deleted` tinyint(1) NOT NULL DEFAULT 0,
  `date_mod` timestamp NULL DEFAULT NULL,
  `date_creation` timestamp NULL DEFAULT NULL,
  `pictures` text DEFAULT NULL,
  PRIMARY KEY (`id`),
  KEY `entities_id` (`entities_id`),
  KEY `is_recursive` (`is_recursive`),
  KEY `locations_id` (`locations_id`),
  KEY `is_deleted` (`is_deleted`),
  KEY `date_creation` (`date_creation`),
  KEY `date_mod` (`date_mod`),
  KEY `name` (`name`)
) ENGINE=InnoDB AUTO_INCREMENT=2 DEFAULT CHARSET=utf8mb4 COLLATE=utf8mb4_unicode_ci;

--
-- Dumping data for table `glpi_datacenters`
--

INSERT INTO `glpi_datacenters` VALUES
(1,'DC1',0,1,85,0,'2022-06-14 16:09:46','2022-06-14 16:09:46',NULL);

--
-- Table structure for table `glpi_dcrooms`
--

CREATE TABLE `glpi_dcrooms` (
  `id` int(10) unsigned NOT NULL AUTO_INCREMENT,
  `name` varchar(255) DEFAULT NULL,
  `entities_id` int(10) unsigned NOT NULL DEFAULT 0,
  `is_recursive` tinyint(1) NOT NULL DEFAULT 0,
  `locations_id` int(10) unsigned NOT NULL DEFAULT 0,
  `vis_cols` int(11) DEFAULT NULL,
  `vis_rows` int(11) DEFAULT NULL,
  `blueprint` mediumtext DEFAULT NULL,
  `datacenters_id` int(10) unsigned NOT NULL DEFAULT 0,
  `is_deleted` tinyint(1) NOT NULL DEFAULT 0,
  `date_mod` timestamp NULL DEFAULT NULL,
  `date_creation` timestamp NULL DEFAULT NULL,
  PRIMARY KEY (`id`),
  KEY `entities_id` (`entities_id`),
  KEY `is_recursive` (`is_recursive`),
  KEY `locations_id` (`locations_id`),
  KEY `datacenters_id` (`datacenters_id`),
  KEY `is_deleted` (`is_deleted`),
  KEY `date_creation` (`date_creation`),
  KEY `date_mod` (`date_mod`),
  KEY `name` (`name`)
) ENGINE=InnoDB AUTO_INCREMENT=2 DEFAULT CHARSET=utf8mb4 COLLATE=utf8mb4_unicode_ci;

--
-- Dumping data for table `glpi_dcrooms`
--

INSERT INTO `glpi_dcrooms` VALUES
(1,'Voûte',0,1,85,1,6,NULL,1,0,'2022-06-14 16:10:43','2022-06-14 16:07:14');

--
-- Table structure for table `glpi_devicebatteries`
--

CREATE TABLE `glpi_devicebatteries` (
  `id` int(10) unsigned NOT NULL AUTO_INCREMENT,
  `designation` varchar(255) DEFAULT NULL,
  `comment` mediumtext DEFAULT NULL,
  `manufacturers_id` int(10) unsigned NOT NULL DEFAULT 0,
  `voltage` int(11) DEFAULT NULL,
  `capacity` int(11) DEFAULT NULL,
  `devicebatterytypes_id` int(10) unsigned NOT NULL DEFAULT 0,
  `entities_id` int(10) unsigned NOT NULL DEFAULT 0,
  `is_recursive` tinyint(1) NOT NULL DEFAULT 0,
  `devicebatterymodels_id` int(10) unsigned DEFAULT NULL,
  `date_mod` timestamp NULL DEFAULT NULL,
  `date_creation` timestamp NULL DEFAULT NULL,
  PRIMARY KEY (`id`),
  KEY `designation` (`designation`),
  KEY `manufacturers_id` (`manufacturers_id`),
  KEY `entities_id` (`entities_id`),
  KEY `is_recursive` (`is_recursive`),
  KEY `date_mod` (`date_mod`),
  KEY `date_creation` (`date_creation`),
  KEY `devicebatterymodels_id` (`devicebatterymodels_id`),
  KEY `devicebatterytypes_id` (`devicebatterytypes_id`)
) ENGINE=InnoDB AUTO_INCREMENT=53 DEFAULT CHARSET=utf8mb4 COLLATE=utf8mb4_unicode_ci;

--
-- Dumping data for table `glpi_devicebatteries`
--

INSERT INTO `glpi_devicebatteries` VALUES
(1,'01AV421',NULL,0,11460,24000,1,0,0,NULL,'2020-02-06 17:49:20','2018-01-04 14:15:50'),
(2,'01AV427',NULL,0,10800,71280,2,0,0,NULL,'2020-02-06 17:49:20','2020-01-29 19:57:40'),
(3,'01AV421',NULL,0,11460,24000,1,0,0,NULL,'2024-11-27 15:19:52','2020-02-07 11:46:20'),
(4,'01AV427',NULL,0,10800,71280,2,0,0,NULL,'2024-11-27 15:19:52','2020-02-07 11:46:20'),
(5,'01AV421',NULL,0,11460,24000,1,5,0,NULL,'2023-04-26 14:14:02','2020-02-07 11:46:20'),
(50,'01AV421',NULL,2783,11460,24000,1,0,0,NULL,'2024-03-18 20:47:14','2023-02-22 13:08:16'),
(51,'01AV427',NULL,2784,10800,71280,2,0,0,NULL,'2024-03-18 20:47:14','2023-02-22 13:08:16'),
(52,'01AV429',NULL,3151,11580,57000,1,0,0,NULL,'2024-11-27 15:19:52','2023-07-12 13:44:00');

--
-- Table structure for table `glpi_devicebatterymodels`
--

CREATE TABLE `glpi_devicebatterymodels` (
  `id` int(10) unsigned NOT NULL AUTO_INCREMENT,
  `name` varchar(255) DEFAULT NULL,
  `comment` mediumtext DEFAULT NULL,
  `product_number` varchar(255) DEFAULT NULL,
  PRIMARY KEY (`id`),
  KEY `name` (`name`),
  KEY `product_number` (`product_number`)
) ENGINE=InnoDB DEFAULT CHARSET=utf8mb4 COLLATE=utf8mb4_unicode_ci;

--
-- Dumping data for table `glpi_devicebatterymodels`
--


--
-- Table structure for table `glpi_devicebatterytypes`
--

CREATE TABLE `glpi_devicebatterytypes` (
  `id` int(10) unsigned NOT NULL AUTO_INCREMENT,
  `name` varchar(255) DEFAULT NULL,
  `comment` mediumtext DEFAULT NULL,
  `date_mod` timestamp NULL DEFAULT NULL,
  `date_creation` timestamp NULL DEFAULT NULL,
  PRIMARY KEY (`id`),
  KEY `name` (`name`),
  KEY `date_mod` (`date_mod`),
  KEY `date_creation` (`date_creation`)
) ENGINE=InnoDB AUTO_INCREMENT=3 DEFAULT CHARSET=utf8mb4 COLLATE=utf8mb4_unicode_ci;

--
-- Dumping data for table `glpi_devicebatterytypes`
--

INSERT INTO `glpi_devicebatterytypes` VALUES
(1,'LiP','','2018-01-04 14:15:50','2018-01-04 14:15:50'),
(2,'LION','','2020-01-29 19:57:40','2020-01-29 19:57:40');

--
-- Table structure for table `glpi_devicecameramodels`
--

CREATE TABLE `glpi_devicecameramodels` (
  `id` int(10) unsigned NOT NULL AUTO_INCREMENT,
  `name` varchar(255) DEFAULT NULL,
  `comment` text DEFAULT NULL,
  `product_number` varchar(255) DEFAULT NULL,
  PRIMARY KEY (`id`),
  KEY `name` (`name`),
  KEY `product_number` (`product_number`)
) ENGINE=InnoDB DEFAULT CHARSET=utf8mb4 COLLATE=utf8mb4_unicode_ci ROW_FORMAT=DYNAMIC;

--
-- Dumping data for table `glpi_devicecameramodels`
--


--
-- Table structure for table `glpi_devicecameras`
--

CREATE TABLE `glpi_devicecameras` (
  `id` int(10) unsigned NOT NULL AUTO_INCREMENT,
  `designation` varchar(255) DEFAULT NULL,
  `flashunit` tinyint(4) NOT NULL DEFAULT 0,
  `lensfacing` varchar(255) DEFAULT NULL,
  `orientation` varchar(255) DEFAULT NULL,
  `focallength` varchar(255) DEFAULT NULL,
  `sensorsize` varchar(255) DEFAULT NULL,
  `comment` text DEFAULT NULL,
  `manufacturers_id` int(10) unsigned NOT NULL DEFAULT 0,
  `entities_id` int(10) unsigned NOT NULL DEFAULT 0,
  `is_recursive` tinyint(4) NOT NULL DEFAULT 0,
  `devicecameramodels_id` int(10) unsigned DEFAULT NULL,
  `support` varchar(255) DEFAULT NULL,
  `date_mod` timestamp NULL DEFAULT NULL,
  `date_creation` timestamp NULL DEFAULT NULL,
  PRIMARY KEY (`id`),
  KEY `designation` (`designation`),
  KEY `manufacturers_id` (`manufacturers_id`),
  KEY `devicecameramodels_id` (`devicecameramodels_id`),
  KEY `entities_id` (`entities_id`),
  KEY `is_recursive` (`is_recursive`),
  KEY `date_mod` (`date_mod`),
  KEY `date_creation` (`date_creation`)
) ENGINE=InnoDB DEFAULT CHARSET=utf8mb4 COLLATE=utf8mb4_unicode_ci ROW_FORMAT=DYNAMIC;

--
-- Dumping data for table `glpi_devicecameras`
--


--
-- Table structure for table `glpi_devicecasemodels`
--

CREATE TABLE `glpi_devicecasemodels` (
  `id` int(10) unsigned NOT NULL AUTO_INCREMENT,
  `name` varchar(255) DEFAULT NULL,
  `comment` mediumtext DEFAULT NULL,
  `product_number` varchar(255) DEFAULT NULL,
  PRIMARY KEY (`id`),
  KEY `name` (`name`),
  KEY `product_number` (`product_number`)
) ENGINE=InnoDB DEFAULT CHARSET=utf8mb4 COLLATE=utf8mb4_unicode_ci;

--
-- Dumping data for table `glpi_devicecasemodels`
--


--
-- Table structure for table `glpi_devicecases`
--

CREATE TABLE `glpi_devicecases` (
  `id` int(10) unsigned NOT NULL AUTO_INCREMENT,
  `designation` varchar(255) DEFAULT NULL,
  `devicecasetypes_id` int(10) unsigned NOT NULL DEFAULT 0,
  `comment` mediumtext DEFAULT NULL,
  `manufacturers_id` int(10) unsigned NOT NULL DEFAULT 0,
  `entities_id` int(10) unsigned NOT NULL DEFAULT 0,
  `is_recursive` tinyint(1) NOT NULL DEFAULT 0,
  `devicecasemodels_id` int(10) unsigned DEFAULT NULL,
  `date_mod` timestamp NULL DEFAULT NULL,
  `date_creation` timestamp NULL DEFAULT NULL,
  PRIMARY KEY (`id`),
  KEY `designation` (`designation`),
  KEY `manufacturers_id` (`manufacturers_id`),
  KEY `devicecasetypes_id` (`devicecasetypes_id`),
  KEY `entities_id` (`entities_id`),
  KEY `is_recursive` (`is_recursive`),
  KEY `date_mod` (`date_mod`),
  KEY `date_creation` (`date_creation`),
  KEY `devicecasemodels_id` (`devicecasemodels_id`)
) ENGINE=InnoDB DEFAULT CHARSET=utf8mb4 COLLATE=utf8mb4_unicode_ci;

--
-- Dumping data for table `glpi_devicecases`
--


--
-- Table structure for table `glpi_devicecasetypes`
--

CREATE TABLE `glpi_devicecasetypes` (
  `id` int(10) unsigned NOT NULL AUTO_INCREMENT,
  `name` varchar(255) DEFAULT NULL,
  `comment` mediumtext DEFAULT NULL,
  `date_mod` timestamp NULL DEFAULT NULL,
  `date_creation` timestamp NULL DEFAULT NULL,
  PRIMARY KEY (`id`),
  KEY `name` (`name`),
  KEY `date_mod` (`date_mod`),
  KEY `date_creation` (`date_creation`)
) ENGINE=InnoDB DEFAULT CHARSET=utf8mb4 COLLATE=utf8mb4_unicode_ci;

--
-- Dumping data for table `glpi_devicecasetypes`
--


--
-- Table structure for table `glpi_devicecontrolmodels`
--

CREATE TABLE `glpi_devicecontrolmodels` (
  `id` int(10) unsigned NOT NULL AUTO_INCREMENT,
  `name` varchar(255) DEFAULT NULL,
  `comment` mediumtext DEFAULT NULL,
  `product_number` varchar(255) DEFAULT NULL,
  PRIMARY KEY (`id`),
  KEY `name` (`name`),
  KEY `product_number` (`product_number`)
) ENGINE=InnoDB DEFAULT CHARSET=utf8mb4 COLLATE=utf8mb4_unicode_ci;

--
-- Dumping data for table `glpi_devicecontrolmodels`
--


--
-- Table structure for table `glpi_devicecontrols`
--

CREATE TABLE `glpi_devicecontrols` (
  `id` int(10) unsigned NOT NULL AUTO_INCREMENT,
  `designation` varchar(255) DEFAULT NULL,
  `is_raid` tinyint(1) NOT NULL DEFAULT 0,
  `comment` mediumtext DEFAULT NULL,
  `manufacturers_id` int(10) unsigned NOT NULL DEFAULT 0,
  `interfacetypes_id` int(10) unsigned NOT NULL DEFAULT 0,
  `entities_id` int(10) unsigned NOT NULL DEFAULT 0,
  `is_recursive` tinyint(1) NOT NULL DEFAULT 0,
  `devicecontrolmodels_id` int(10) unsigned DEFAULT NULL,
  `date_mod` timestamp NULL DEFAULT NULL,
  `date_creation` timestamp NULL DEFAULT NULL,
  PRIMARY KEY (`id`),
  KEY `designation` (`designation`),
  KEY `manufacturers_id` (`manufacturers_id`),
  KEY `interfacetypes_id` (`interfacetypes_id`),
  KEY `entities_id` (`entities_id`),
  KEY `is_recursive` (`is_recursive`),
  KEY `date_mod` (`date_mod`),
  KEY `date_creation` (`date_creation`),
  KEY `devicecontrolmodels_id` (`devicecontrolmodels_id`)
) ENGINE=InnoDB AUTO_INCREMENT=269 DEFAULT CHARSET=utf8mb4 COLLATE=utf8mb4_unicode_ci;

--
-- Dumping data for table `glpi_devicecontrols`
--

INSERT INTO `glpi_devicecontrols` VALUES
(1,'82371AB/EB/MB PIIX4 ACPI',0,NULL,0,0,0,0,NULL,'2020-02-06 17:49:20','2017-11-17 16:06:12'),
(2,'GD 5446',0,NULL,0,0,0,0,NULL,'2020-02-06 17:49:20','2017-11-17 16:06:12'),
(3,'Virtio network device',0,NULL,0,0,0,0,NULL,'2020-02-06 17:49:20','2017-11-17 16:06:12'),
(4,'Virtio block device',0,NULL,0,0,0,0,NULL,'2020-02-06 17:49:20','2017-11-17 16:06:12'),
(5,'Virtio memory balloon',0,NULL,0,0,0,0,NULL,'2020-02-06 17:49:20','2017-11-17 16:06:12'),
(6,'Contrôleur NVM Express standard',0,NULL,0,0,0,0,NULL,'2020-02-06 17:49:20','2018-01-04 14:15:50'),
(7,'Sunrise Point-LP USB 3.0 xHCI Controller',0,NULL,0,0,0,0,NULL,'2020-02-06 17:49:20','2018-01-04 14:15:50'),
(8,'Mobile 6th/7th Generation Intel(R) Processor Family I/O PCI Express Root Port #11 - 9D1A',0,NULL,0,0,0,0,NULL,'2020-02-06 17:49:20','2018-01-04 14:15:50'),
(9,'Sunrise Point-LP SMBus',0,NULL,0,0,0,0,NULL,'2020-02-06 17:49:20','2018-01-04 14:15:50'),
(10,'Sunrise Point-LP PCI Express Root Port #7',0,NULL,0,0,0,0,NULL,'2020-02-06 17:49:20','2018-01-04 14:15:50'),
(11,'Sunrise Point-LP Thermal subsystem',0,NULL,0,0,0,0,NULL,'2020-02-06 17:49:20','2018-01-04 14:15:50'),
(12,'HD Graphics 620',0,NULL,0,0,0,0,NULL,'2020-02-06 17:49:20','2018-01-04 14:15:50'),
(13,'Sunrise Point-LP CSME HECI #1',0,NULL,0,0,0,0,NULL,'2020-02-06 17:49:20','2018-01-04 14:15:50'),
(14,'Sunrise Point-LP PCI Express Root Port #1',0,NULL,0,0,0,0,NULL,'2020-02-06 17:49:20','2018-01-04 14:15:50'),
(15,'Sunrise Point-LP PCI Express Root Port #9',0,NULL,0,0,0,0,NULL,'2020-02-06 17:49:20','2018-01-04 14:15:50'),
(16,'Sunrise Point-LP LPC Controller',0,NULL,0,0,0,0,NULL,'2020-02-06 17:49:20','2018-01-04 14:15:50'),
(17,'Xeon E3-1200 v6/7th Gen Core Processor Host Bridge/DRAM Registers',0,NULL,0,0,0,0,NULL,'2020-02-06 17:49:20','2018-01-04 14:15:50'),
(18,'Sunrise Point-LP PMC',0,NULL,0,0,0,0,NULL,'2020-02-06 17:49:20','2018-01-04 14:15:50'),
(19,'Contrôleur High Definition Audio',0,NULL,0,0,0,0,NULL,'2020-02-06 17:49:20','2018-01-04 14:15:50'),
(20,'Standard NVM Express Controller',0,NULL,0,0,0,0,NULL,'2020-02-06 17:49:20','2018-01-04 15:06:44'),
(21,'High Definition Audio Controller',0,NULL,0,0,0,0,NULL,'2020-02-06 17:49:20','2018-01-04 15:06:44'),
(22,'SSD 600P Series',0,NULL,0,0,0,0,NULL,'2020-02-06 17:49:20','2020-01-29 19:57:40'),
(23,'Sunrise Point-LP PCI Express Root Port #11',0,NULL,0,0,0,0,NULL,'2020-02-06 17:49:20','2020-01-29 19:57:40'),
(24,'Sunrise Point-LP HD Audio',0,NULL,0,0,0,0,NULL,'2020-02-06 17:49:20','2020-01-29 19:57:40'),
(25,'Standard NVM Express Controller',0,'Standard NVM Express Controller',0,0,0,0,NULL,'2020-02-06 17:49:20','2020-02-05 21:10:16'),
(26,'Microsoft Storage Spaces Controller',0,'Microsoft Storage Spaces Controller',0,0,0,0,NULL,'2020-02-06 17:49:20','2020-02-05 21:10:16'),
(27,'Intel(R) USB 3.0 eXtensible Host Controller - 1.0 (Microsoft)',0,'USB xHCI Compliant Host Controller',0,0,0,0,NULL,'2020-02-06 17:49:20','2020-02-05 21:10:16'),
(28,'Contrôleur hôte Intel(R) USB 3.1 eXtensible - 1.10 (Microsoft)',0,'USB xHCI Compliant Host Controller',0,0,0,0,NULL,'2020-02-06 17:49:20','2020-02-05 21:10:24'),
(29,'Intel(R) USB 3.1 eXtensible Host Controller - 1.10 (Microsoft)',0,'USB xHCI Compliant Host Controller',0,0,0,0,NULL,'2020-02-06 17:49:20','2020-02-05 21:10:29'),
(30,'Intel(R) 9 Series Chipset Family SATA AHCI Controller',0,'Intel(R) 9 Series Chipset Family SATA AHCI Controller',0,0,0,0,NULL,'2020-02-06 17:49:20','2020-02-05 21:10:32'),
(31,'Contrôleur hôte Intel(R) USB 3.0 eXtensible - 1.0 (Microsoft)',0,'USB xHCI Compliant Host Controller',0,0,0,0,NULL,'2020-02-06 17:49:20','2020-02-05 21:10:32'),
(32,'Standard Enhanced PCI to USB Host Controller',0,'Standard Enhanced PCI to USB Host Controller',0,0,0,0,NULL,'2020-02-06 17:47:44','2020-02-05 21:10:32'),
(33,'Intel(R) 8 Series Chipset Family SATA AHCI Controller',0,'Intel(R) 8 Series Chipset Family SATA AHCI Controller',0,0,0,0,NULL,'2020-02-06 17:49:20','2020-02-05 21:10:40'),
(34,'Intel(R) 8 Series/C220 Series USB EHCI #1 - 8C26',0,'Intel(R) 8 Series/C220 Series USB EHCI #1 - 8C26',0,0,0,0,NULL,'2020-02-06 17:49:20','2020-02-05 21:10:40'),
(35,'Intel(R) 8 Series/C220 Series USB EHCI #2 - 8C2D',0,'Intel(R) 8 Series/C220 Series USB EHCI #2 - 8C2D',0,0,0,0,NULL,'2020-02-06 17:49:20','2020-02-05 21:10:40'),
(36,'Intel(R) 7 Series Chipset Family SATA AHCI Controller',0,'Intel(R) 7 Series Chipset Family SATA AHCI Controller',0,0,0,0,NULL,'2020-02-06 17:49:20','2020-02-05 21:10:46'),
(37,'Contrôleur d’hôte amélioré USB pour famille de circuits microprogrammés Intel(R) 7/C216 - 1E2D',0,'Contrôleur d’hôte amélioré USB pour famille de circuits microprogrammés Intel(R) 7/C216 - 1E2D',0,0,0,0,NULL,'2020-02-06 17:49:20','2020-02-05 21:10:46'),
(38,'Contrôleur d’hôte amélioré USB pour famille de circuits microprogrammés Intel(R) 7/C216 - 1E26',0,'Contrôleur d’hôte amélioré USB pour famille de circuits microprogrammés Intel(R) 7/C216 - 1E26',0,0,0,0,NULL,'2020-02-06 17:49:20','2020-02-05 21:10:46'),
(39,'Standard SATA AHCI Controller',0,'Standard SATA AHCI Controller',0,0,0,0,NULL,'2020-02-06 17:49:20','2020-02-05 21:10:58'),
(40,'Mobile 5th Generation Intel(R) Core(TM) USB EHCI Controller - 9CA6',0,'Mobile 5th Generation Intel(R) Core(TM) USB EHCI Controller - 9CA6',0,0,0,0,NULL,'2020-02-06 17:49:20','2020-02-05 21:10:58'),
(41,'Host bridge [0600]',0,NULL,0,0,0,0,NULL,'2020-02-06 17:49:20','2020-02-05 21:11:06'),
(42,'ISA bridge [0601]',0,NULL,0,0,0,0,NULL,'2020-02-06 17:49:20','2020-02-05 21:11:06'),
(43,'IDE interface [0101]',0,NULL,0,0,0,0,NULL,'2020-02-06 17:49:20','2020-02-05 21:11:06'),
(44,'VGA compatible controller [0300]',0,NULL,0,0,0,0,NULL,'2020-02-06 17:49:20','2020-02-05 21:11:06'),
(45,'Ethernet controller [0200]',0,NULL,0,0,0,0,NULL,'2020-02-06 17:49:20','2020-02-05 21:11:06'),
(46,'System peripheral [0880]',0,NULL,0,0,0,0,NULL,'2020-02-06 17:49:20','2020-02-05 21:11:06'),
(47,'Multimedia audio controller [0401]',0,NULL,0,0,0,0,NULL,'2020-02-06 17:49:20','2020-02-05 21:11:06'),
(48,'Bridge [0680]',0,NULL,0,0,0,0,NULL,'2020-02-06 17:49:20','2020-02-05 21:11:06'),
(49,'SCSI storage controller [0100]',0,NULL,0,0,0,0,NULL,'2020-02-06 17:49:20','2020-02-05 21:11:06'),
(50,'AMD SATA Controller',0,'AMD SATA Controller',0,0,0,0,NULL,'2020-02-06 17:49:20','2020-02-05 21:11:30'),
(51,'Samsung NVMe Controller',0,'Samsung NVMe Controller',0,0,0,0,NULL,'2020-02-06 17:49:20','2020-02-05 21:11:30'),
(52,'UCSI USB Connector Manager',0,'UCSI USB Connector Manager',0,0,0,0,NULL,'2020-02-06 17:49:20','2020-02-05 21:11:30'),
(53,'AMD USB 3.0 eXtensible Host Controller - 1.0 (Microsoft)',0,'USB xHCI Compliant Host Controller',0,0,0,0,NULL,'2020-02-06 17:49:20','2020-02-05 21:11:30'),
(54,'Intel(R) 6th Generation Core Processor Family Platform I/O SATA AHCI Controller',0,'Intel(R) 6th Generation Core Processor Family Platform I/O SATA AHCI Controller',0,0,0,0,NULL,'2020-02-06 17:49:20','2020-02-05 21:11:43'),
(55,'BayHubTech Integrated MMC/SD controller',0,'BayHubTech Integrated MMC/SD controller',0,0,0,0,NULL,'2020-02-06 17:49:20','2020-02-05 21:11:43'),
(56,'Intel(R) 8 Series USB Enhanced Host Controller #1 - 9C26',0,'Intel(R) 8 Series USB Enhanced Host Controller #1 - 9C26',0,0,0,0,NULL,'2020-02-06 17:49:20','2020-02-05 21:12:14'),
(57,'IDE interface [0101]',0,NULL,0,0,0,0,NULL,'2020-02-06 17:49:20','2020-02-05 21:12:21'),
(58,'USB controller [0c03]',0,NULL,0,0,0,0,NULL,'2020-02-06 17:49:20','2020-02-05 21:12:21'),
(59,'VGA compatible controller [0300]',0,NULL,0,0,0,0,NULL,'2020-02-06 17:49:20','2020-02-05 21:12:21'),
(60,'Ethernet controller [0200]',0,NULL,0,0,0,0,NULL,'2020-02-06 17:49:20','2020-02-05 21:12:21'),
(61,'SCSI storage controller [0100]',0,NULL,0,0,0,0,NULL,'2020-02-06 17:49:20','2020-02-05 21:12:21'),
(62,'Unclassified device [00ff]',0,NULL,0,0,0,0,NULL,'2020-02-06 17:49:20','2020-02-05 21:12:21'),
(63,'USB Attached SCSI (UAS) Mass Storage Device',0,'USB Attached SCSI (UAS) Mass Storage Device',0,0,0,0,NULL,'2020-02-06 17:49:20','2020-02-06 16:30:27'),
(64,'Standard NVM Express Controller',0,'Standard NVM Express Controller',0,0,0,0,NULL,'2024-11-27 15:19:52','2020-02-06 18:20:41'),
(65,'Microsoft Storage Spaces Controller',0,'Microsoft Storage Spaces Controller',0,0,0,0,NULL,'2024-11-27 15:19:52','2020-02-06 18:20:41'),
(66,'Intel(R) USB 3.0 eXtensible Host Controller - 1.0 (Microsoft)',0,'USB xHCI Compliant Host Controller',0,0,0,0,NULL,'2024-11-27 15:19:52','2020-02-06 18:20:41'),
(67,'USB Attached SCSI (UAS) Mass Storage Device',0,'USB Attached SCSI (UAS) Mass Storage Device',0,0,0,0,NULL,'2023-02-02 19:01:40','2020-02-06 18:20:50'),
(68,'Contrôleur hôte Intel(R) USB 3.1 eXtensible - 1.10 (Microsoft)',0,'USB xHCI Compliant Host Controller',0,0,0,0,NULL,'2024-11-27 15:19:52','2020-02-06 18:20:50'),
(69,'Intel(R) USB 3.1 eXtensible Host Controller - 1.10 (Microsoft)',0,'USB xHCI Compliant Host Controller',0,0,0,0,NULL,'2024-11-27 15:19:52','2020-02-06 18:20:54'),
(70,'Intel(R) 9 Series Chipset Family SATA AHCI Controller',0,'Intel(R) 9 Series Chipset Family SATA AHCI Controller',0,0,0,0,NULL,'2024-11-27 15:19:52','2020-02-06 18:20:57'),
(71,'Contrôleur hôte Intel(R) USB 3.0 eXtensible - 1.0 (Microsoft)',0,'USB xHCI Compliant Host Controller',0,0,0,0,NULL,'2024-11-27 15:19:52','2020-02-06 18:20:57'),
(72,'Standard Enhanced PCI to USB Host Controller',0,'Standard Enhanced PCI to USB Host Controller',0,0,0,0,NULL,'2020-02-06 20:33:52','2020-02-06 18:20:57'),
(73,'Intel(R) 8 Series Chipset Family SATA AHCI Controller',0,'Intel(R) 8 Series Chipset Family SATA AHCI Controller',0,0,0,0,NULL,'2024-11-27 15:19:52','2020-02-06 18:21:04'),
(74,'Intel(R) 8 Series/C220 Series USB EHCI #1 - 8C26',0,'Intel(R) 8 Series/C220 Series USB EHCI #1 - 8C26',0,0,0,0,NULL,'2024-11-27 15:19:52','2020-02-06 18:21:04'),
(75,'Intel(R) 8 Series/C220 Series USB EHCI #2 - 8C2D',0,'Intel(R) 8 Series/C220 Series USB EHCI #2 - 8C2D',0,0,0,0,NULL,'2024-11-27 15:19:52','2020-02-06 18:21:04'),
(76,'Intel(R) 7 Series Chipset Family SATA AHCI Controller',0,'Intel(R) 7 Series Chipset Family SATA AHCI Controller',0,0,0,0,NULL,'2024-11-27 15:19:52','2020-02-06 18:21:09'),
(77,'Contrôleur d’hôte amélioré USB pour famille de circuits microprogrammés Intel(R) 7/C216 - 1E2D',0,'Contrôleur d’hôte amélioré USB pour famille de circuits microprogrammés Intel(R) 7/C216 - 1E2D',0,0,0,0,NULL,'2024-11-27 15:19:52','2020-02-06 18:21:09'),
(78,'Contrôleur d’hôte amélioré USB pour famille de circuits microprogrammés Intel(R) 7/C216 - 1E26',0,'Contrôleur d’hôte amélioré USB pour famille de circuits microprogrammés Intel(R) 7/C216 - 1E26',0,0,0,0,NULL,'2024-11-27 15:19:52','2020-02-06 18:21:09'),
(79,'Standard SATA AHCI Controller',0,'Standard SATA AHCI Controller',0,0,0,0,NULL,'2024-11-27 15:19:52','2020-02-06 18:21:20'),
(80,'Mobile 5th Generation Intel(R) Core(TM) USB EHCI Controller - 9CA6',0,'Mobile 5th Generation Intel(R) Core(TM) USB EHCI Controller - 9CA6',0,0,0,0,NULL,'2024-11-27 15:19:52','2020-02-06 18:21:20'),
(81,'AMD SATA Controller',0,'AMD SATA Controller',0,0,0,0,NULL,'2024-11-27 15:19:52','2020-02-06 18:21:27'),
(82,'Samsung NVMe Controller',0,'Samsung NVMe Controller',0,0,0,0,NULL,'2024-11-27 15:19:52','2020-02-06 18:21:27'),
(83,'UCSI USB Connector Manager',0,'UCSI USB Connector Manager',0,0,0,0,NULL,'2024-11-27 15:19:52','2020-02-06 18:21:27'),
(84,'AMD USB 3.0 eXtensible Host Controller - 1.0 (Microsoft)',0,'USB xHCI Compliant Host Controller',0,0,0,0,NULL,'2024-11-27 15:19:52','2020-02-06 18:21:27'),
(85,'Intel(R) 6th Generation Core Processor Family Platform I/O SATA AHCI Controller',0,'Intel(R) 6th Generation Core Processor Family Platform I/O SATA AHCI Controller',0,0,0,0,NULL,'2024-11-27 15:19:52','2020-02-06 18:21:38'),
(86,'BayHubTech Integrated MMC/SD controller',0,'BayHubTech Integrated MMC/SD controller',0,0,0,0,NULL,'2024-11-27 15:19:52','2020-02-06 18:21:38'),
(87,'Intel(R) 8 Series USB Enhanced Host Controller #1 - 9C26',0,'Intel(R) 8 Series USB Enhanced Host Controller #1 - 9C26',0,0,0,0,NULL,'2024-11-27 15:19:52','2020-02-06 18:22:04'),
(88,'SSD 600P Series',0,NULL,0,0,0,0,NULL,'2024-11-27 15:19:52','2020-02-07 11:46:20'),
(89,'Sunrise Point-LP USB 3.0 xHCI Controller',0,NULL,0,0,0,0,NULL,'2024-11-27 15:19:52','2020-02-07 11:46:20'),
(90,'Sunrise Point-LP PCI Express Root Port #11',0,NULL,0,0,0,0,NULL,'2024-11-27 15:19:52','2020-02-07 11:46:20'),
(91,'Sunrise Point-LP SMBus',0,NULL,0,0,0,0,NULL,'2024-11-27 15:19:52','2020-02-07 11:46:20'),
(92,'Sunrise Point-LP PCI Express Root Port #7',0,NULL,0,0,0,0,NULL,'2024-11-27 15:19:52','2020-02-07 11:46:20'),
(93,'Sunrise Point-LP Thermal subsystem',0,NULL,0,0,0,0,NULL,'2024-11-27 15:19:52','2020-02-07 11:46:20'),
(94,'HD Graphics 620',0,NULL,0,0,0,0,NULL,'2024-11-27 15:19:52','2020-02-07 11:46:20'),
(95,'Sunrise Point-LP CSME HECI #1',0,NULL,0,0,0,0,NULL,'2024-11-27 15:19:52','2020-02-07 11:46:20'),
(96,'Sunrise Point-LP PCI Express Root Port #1',0,NULL,0,0,0,0,NULL,'2024-11-27 15:19:52','2020-02-07 11:46:20'),
(97,'Sunrise Point-LP PCI Express Root Port #9',0,NULL,0,0,0,0,NULL,'2024-11-27 15:19:52','2020-02-07 11:46:20'),
(98,'Sunrise Point-LP LPC Controller',0,NULL,0,0,0,0,NULL,'2024-11-27 15:19:52','2020-02-07 11:46:20'),
(99,'Xeon E3-1200 v6/7th Gen Core Processor Host Bridge/DRAM Registers',0,NULL,0,0,0,0,NULL,'2024-11-27 15:19:52','2020-02-07 11:46:20'),
(100,'Sunrise Point-LP PMC',0,NULL,0,0,0,0,NULL,'2024-11-27 15:19:52','2020-02-07 11:46:20'),
(101,'Sunrise Point-LP HD Audio',0,NULL,0,0,0,0,NULL,'2024-11-27 15:19:52','2020-02-07 11:46:20'),
(102,'Standard Enhanced PCI to USB Host Controller',0,'Standard Enhanced PCI to USB Host Controller',0,0,0,0,NULL,'2024-11-27 15:19:52','2020-02-11 20:43:16'),
(103,'Ethernet Connection (4) I219-V',0,NULL,0,0,0,0,NULL,'2023-02-02 19:01:40','2020-11-01 00:36:29'),
(104,'Qemu virtual machine',0,NULL,0,0,0,0,NULL,'2023-02-02 19:01:40','2022-03-12 11:51:58'),
(105,'QEMU Virtual Machine',0,NULL,0,0,0,0,NULL,'2023-02-02 19:01:40','2022-03-12 11:51:58'),
(106,'Virtio network device',0,NULL,0,0,0,0,NULL,'2023-02-02 19:01:40','2022-03-12 11:51:58'),
(107,'Virtio SCSI',0,NULL,0,0,0,0,NULL,'2023-02-02 19:01:40','2022-03-12 11:51:58'),
(108,'Virtio console',0,NULL,0,0,0,0,NULL,'2023-02-02 19:01:40','2022-03-12 11:51:58'),
(109,'Virtio memory balloon',0,NULL,0,0,0,0,NULL,'2023-02-02 19:01:40','2022-03-12 11:51:58'),
(110,'Wireless 8265 / 8275',0,NULL,0,94,0,0,NULL,'2023-02-02 19:01:40','2022-05-13 19:39:21'),
(111,'440FX - 82441FX PMC [Natoma]',0,NULL,0,499,0,0,NULL,'2024-11-27 15:19:52','2022-06-28 20:59:52'),
(112,'82371SB PIIX3 ISA [Natoma/Triton II]',0,NULL,0,500,0,0,NULL,'2024-11-27 15:19:52','2022-06-28 20:59:52'),
(113,'82371SB PIIX3 IDE [Natoma/Triton II]',0,NULL,0,501,0,0,NULL,'2023-02-02 19:01:40','2022-06-28 20:59:52'),
(114,'82371SB PIIX3 USB [Natoma/Triton II]',0,NULL,0,502,0,0,NULL,'2023-02-02 19:01:40','2022-06-28 20:59:52'),
(115,'82371AB/EB/MB PIIX4 ACPI',0,NULL,0,503,0,0,NULL,'2023-02-02 19:01:40','2022-06-28 20:59:52'),
(116,'GD 5446',0,NULL,0,504,0,0,NULL,'2023-02-02 19:01:40','2022-06-28 20:59:52'),
(117,'SD/MMC Card Reader Controller',0,NULL,0,509,0,0,NULL,'2023-02-02 19:01:40','2022-06-29 12:29:42'),
(118,'WD Black SN750 / PC SN730 NVMe SSD',0,NULL,0,89,0,0,NULL,'2023-02-02 19:01:40','2022-06-29 12:29:42'),
(119,'Comet Lake PCH-LP USB 3.1 xHCI Host Controller',0,NULL,0,510,0,0,NULL,'2023-02-02 19:01:40','2022-06-29 12:29:42'),
(120,'Xeon E3-1200 v5/E3-1500 v5/6th Gen Core Processor Thermal Subsystem',0,NULL,0,511,0,0,NULL,'2023-02-02 19:01:40','2022-06-29 12:29:42'),
(121,'Comet Lake PCI Express Root Port #13',0,NULL,0,512,0,0,NULL,'2023-02-02 19:01:40','2022-06-29 12:29:42'),
(122,'Comet Lake PCH-LP Shared SRAM',0,NULL,0,513,0,0,NULL,'2023-02-02 19:01:40','2022-06-29 12:29:42'),
(123,'Comet Lake SPI (flash) Controller',0,NULL,0,514,0,0,NULL,'2023-02-02 19:01:40','2022-06-29 12:29:42'),
(124,'Comet Lake PCI Express Root Port #10',0,NULL,0,515,0,0,NULL,'2023-02-02 19:01:40','2022-06-29 12:29:42'),
(125,'Comet Lake Management Engine Interface',0,NULL,0,516,0,0,NULL,'2023-02-02 19:01:40','2022-06-29 12:29:42'),
(126,'CometLake-U GT2 [UHD Graphics]',0,NULL,0,517,0,0,NULL,'2023-02-02 19:01:40','2022-06-29 12:29:42'),
(127,'Serial IO I2C Host Controller',0,NULL,0,518,0,0,NULL,'2023-02-02 19:01:40','2022-06-29 12:29:42'),
(128,'Xeon E3-1200 v5/v6 / E3-1500 v5 / 6th/7th/8th Gen Core Processor Gaussian Mixture Model',0,NULL,0,519,0,0,NULL,'2023-02-02 19:01:40','2022-06-29 12:29:42'),
(129,'Comet Lake Thermal Subsytem',0,NULL,0,520,0,0,NULL,'2023-02-02 19:01:40','2022-06-29 12:29:42'),
(130,'Comet Lake-U v1 4c Host Bridge/DRAM Controller',0,NULL,0,521,0,0,NULL,'2023-02-02 19:01:40','2022-06-29 12:29:42'),
(131,'Comet Lake PCH-LP LPC Premium Controller/eSPI Controller',0,NULL,0,522,0,0,NULL,'2023-02-02 19:01:40','2022-06-29 12:29:42'),
(132,'Comet Lake PCI Express Root Port #12',0,NULL,0,523,0,0,NULL,'2023-02-02 19:01:40','2022-06-29 12:29:42'),
(133,'Comet Lake PCH-LP cAVS',0,NULL,0,524,0,0,NULL,'2023-02-02 19:01:40','2022-06-29 12:29:42'),
(134,'Comet Lake PCH-LP SMBus Host Controller',0,NULL,0,92,0,0,NULL,'2023-02-02 19:01:40','2022-06-29 12:29:42'),
(135,'Wi-Fi 6 AX200',0,NULL,0,525,0,0,NULL,'2023-02-02 19:01:40','2022-06-29 12:29:42'),
(136,'XMM7360 LTE Advanced Modem',0,NULL,0,526,0,0,NULL,'2023-02-02 19:01:40','2022-06-29 12:29:42'),
(137,'Intel(R) PCI Express Root Port #11 - 02B2',0,NULL,0,527,0,0,NULL,'2023-02-02 19:01:40','2022-06-29 12:29:42'),
(138,'Ethernet Connection (10) I219-V',0,NULL,0,528,0,0,NULL,'2023-02-02 19:01:40','2022-06-29 12:29:42'),
(139,'Comet Lake PCH-LP LPSS: I2C Controller #2',0,NULL,0,529,0,0,NULL,'2023-02-02 19:01:40','2022-06-29 12:29:42'),
(140,'Comet Lake PCI Express Root Port #9',0,NULL,0,530,0,0,NULL,'2023-02-02 19:01:40','2022-06-29 12:29:42'),
(141,'JHL6240 Thunderbolt 3 USB 3.1 Controller (Low Power) [Alpine Ridge LP 2016]',0,NULL,0,531,0,0,NULL,'2023-02-02 19:01:40','2022-06-30 19:53:16'),
(142,'JHL6240 Thunderbolt 3 Bridge (Low Power) [Alpine Ridge LP 2016]',0,NULL,0,532,0,0,NULL,'2023-02-02 19:01:40','2022-06-30 19:53:16'),
(143,'82371AB/EB/MB PIIX4 IDE',0,NULL,0,533,0,0,NULL,'2023-02-02 19:01:40','2022-07-19 18:01:40'),
(144,'82801HM/HEM (ICH8M/ICH8M-E) SATA Controller [AHCI mode]',0,NULL,0,534,0,0,NULL,'2023-02-02 19:01:40','2022-07-19 18:01:40'),
(145,'VirtualBox Graphics Adapter',0,NULL,0,535,0,0,NULL,'2023-02-02 19:01:40','2022-07-19 18:01:40'),
(146,'82540EM Gigabit Ethernet Controller',0,NULL,0,536,0,0,NULL,'2023-02-02 19:01:40','2022-07-19 18:01:40'),
(147,'VirtualBox Guest Service',0,NULL,0,538,0,0,NULL,'2023-02-02 19:01:40','2022-07-19 18:01:40'),
(148,'SSD 600P Series',0,NULL,2863,552,0,0,NULL,'2023-04-19 18:42:32','2023-02-22 13:08:16'),
(149,'Sunrise Point-LP USB 3.0 xHCI Controller',0,NULL,2863,90,0,0,NULL,'2023-04-19 18:42:32','2023-02-22 13:08:16'),
(150,'Sunrise Point-LP PCI Express Root Port #11',0,NULL,2863,91,0,0,NULL,'2023-04-19 18:42:32','2023-02-22 13:08:16'),
(151,'Sunrise Point-LP SMBus',0,NULL,2863,92,0,0,NULL,'2023-04-19 18:42:32','2023-02-22 13:08:16'),
(152,'Sunrise Point-LP PCI Express Root Port #7',0,NULL,2863,93,0,0,NULL,'2023-04-19 18:42:32','2023-02-22 13:08:16'),
(153,'Wireless 8265 / 8275',0,NULL,2863,94,0,0,NULL,'2023-04-19 18:42:32','2023-02-22 13:08:16'),
(154,'Sunrise Point-LP Thermal subsystem',0,NULL,2863,95,0,0,NULL,'2023-04-19 18:42:32','2023-02-22 13:08:16'),
(155,'HD Graphics 620',0,NULL,2863,96,0,0,NULL,'2023-04-19 18:42:32','2023-02-22 13:08:16'),
(156,'Ethernet Connection (4) I219-V',0,NULL,2863,97,0,0,NULL,'2023-04-19 18:42:32','2023-02-22 13:08:16'),
(157,'Sunrise Point-LP CSME HECI #1',0,NULL,2863,516,0,0,NULL,'2023-04-19 18:42:32','2023-02-22 13:08:16'),
(158,'Sunrise Point-LP PCI Express Root Port #1',0,NULL,2863,99,0,0,NULL,'2023-04-19 18:42:32','2023-02-22 13:08:16'),
(159,'Sunrise Point-LP PCI Express Root Port #9',0,NULL,2863,100,0,0,NULL,'2023-04-19 18:42:32','2023-02-22 13:08:16'),
(160,'Sunrise Point-LP LPC Controller',0,NULL,2863,101,0,0,NULL,'2023-04-19 18:42:32','2023-02-22 13:08:16'),
(161,'Xeon E3-1200 v6/7th Gen Core Processor Host Bridge/DRAM Registers',0,NULL,2863,102,0,0,NULL,'2023-04-19 18:42:32','2023-02-22 13:08:16'),
(162,'Sunrise Point-LP PMC',0,NULL,2863,103,0,0,NULL,'2023-04-19 18:42:32','2023-02-22 13:08:16'),
(163,'Sunrise Point-LP HD Audio',0,NULL,2863,104,0,0,NULL,'2023-04-19 18:42:32','2023-02-22 13:08:16'),
(164,'82371AB/EB/MB PIIX4 IDE',0,NULL,2863,533,0,0,NULL,'2024-11-27 15:19:52','2023-03-29 15:27:25'),
(165,'82801HM/HEM (ICH8M/ICH8M-E) SATA Controller [AHCI mode]',0,NULL,2863,534,0,0,NULL,'2024-11-27 15:19:52','2023-03-29 15:27:25'),
(166,'VirtualBox Graphics Adapter',0,NULL,2862,535,0,0,NULL,'2024-11-27 15:19:52','2023-03-29 15:27:25'),
(167,'82540EM Gigabit Ethernet Controller',0,NULL,2863,536,0,0,NULL,'2024-11-27 15:19:52','2023-03-29 15:27:25'),
(168,'82371SB PIIX3 ISA [Natoma/Triton II]',0,NULL,2863,537,5,0,NULL,'2023-04-26 14:15:09','2023-03-29 15:27:25'),
(169,'VirtualBox Guest Service',0,NULL,2862,538,0,0,NULL,'2024-11-27 15:19:52','2023-03-29 15:27:25'),
(170,'440FX - 82441FX PMC [Natoma]',0,NULL,2863,539,5,0,NULL,'2023-04-26 14:15:09','2023-03-29 15:27:25'),
(171,'82371SB PIIX3 IDE [Natoma/Triton II]',0,NULL,2863,501,5,0,NULL,'2023-04-26 14:15:09','2023-03-29 21:19:39'),
(172,'82371SB PIIX3 USB [Natoma/Triton II]',0,NULL,2863,502,5,0,NULL,'2023-04-26 14:15:09','2023-03-29 21:19:39'),
(173,'82371AB/EB/MB PIIX4 ACPI',0,NULL,2863,503,5,0,NULL,'2023-04-26 14:15:09','2023-03-29 21:19:39'),
(174,'GD 5446',0,NULL,2871,504,5,0,NULL,'2023-04-26 14:15:09','2023-03-29 21:19:39'),
(175,'Virtio network device',0,NULL,2898,505,5,0,NULL,'2023-04-26 14:15:09','2023-03-29 21:19:39'),
(176,'Virtio SCSI',0,NULL,2898,506,5,0,NULL,'2023-04-26 14:15:09','2023-03-29 21:19:39'),
(177,'Virtio console',0,NULL,2898,507,5,0,NULL,'2023-04-26 14:15:09','2023-03-29 21:19:39'),
(178,'Virtio memory balloon',0,NULL,2898,508,5,0,NULL,'2023-04-26 14:15:09','2023-03-29 21:19:39'),
(179,'SSD 600P Series',0,NULL,2863,552,0,0,NULL,'2023-04-19 14:05:44','2023-04-19 14:05:44'),
(180,'Sunrise Point-LP USB 3.0 xHCI Controller',0,NULL,2863,90,0,0,NULL,'2023-04-19 14:05:44','2023-04-19 14:05:44'),
(181,'Sunrise Point-LP PCI Express Root Port #11',0,NULL,2863,91,0,0,NULL,'2023-04-19 14:05:44','2023-04-19 14:05:44'),
(182,'Sunrise Point-LP SMBus',0,NULL,2863,92,0,0,NULL,'2023-04-19 14:05:44','2023-04-19 14:05:44'),
(183,'Sunrise Point-LP PCI Express Root Port #7',0,NULL,2863,93,0,0,NULL,'2023-04-19 14:05:44','2023-04-19 14:05:44'),
(184,'Wireless 8265 / 8275',0,NULL,2863,94,0,0,NULL,'2023-04-19 14:05:44','2023-04-19 14:05:44'),
(185,'Sunrise Point-LP Thermal subsystem',0,NULL,2863,95,0,0,NULL,'2023-04-19 14:05:44','2023-04-19 14:05:44'),
(186,'HD Graphics 620',0,NULL,2863,96,0,0,NULL,'2023-04-19 14:05:44','2023-04-19 14:05:44'),
(187,'Ethernet Connection (4) I219-V',0,NULL,2863,97,0,0,NULL,'2023-04-19 14:05:44','2023-04-19 14:05:44'),
(188,'Sunrise Point-LP CSME HECI #1',0,NULL,2863,516,0,0,NULL,'2023-04-19 14:05:44','2023-04-19 14:05:44'),
(189,'Sunrise Point-LP PCI Express Root Port #1',0,NULL,2863,99,0,0,NULL,'2023-04-19 14:05:44','2023-04-19 14:05:44'),
(190,'Sunrise Point-LP PCI Express Root Port #9',0,NULL,2863,100,0,0,NULL,'2023-04-19 14:05:44','2023-04-19 14:05:44'),
(191,'Sunrise Point-LP LPC Controller',0,NULL,2863,101,0,0,NULL,'2023-04-19 14:05:44','2023-04-19 14:05:44'),
(192,'Xeon E3-1200 v6/7th Gen Core Processor Host Bridge/DRAM Registers',0,NULL,2863,102,0,0,NULL,'2023-04-19 14:05:44','2023-04-19 14:05:44'),
(193,'Sunrise Point-LP PMC',0,NULL,2863,103,0,0,NULL,'2023-04-19 14:05:44','2023-04-19 14:05:44'),
(194,'Sunrise Point-LP HD Audio',0,NULL,2863,104,0,0,NULL,'2023-04-19 14:05:44','2023-04-19 14:05:44'),
(195,'Microsoft Storage Spaces Controller',0,'Microsoft Storage Spaces Controller',2852,0,5,0,NULL,'2023-09-26 15:19:10','2023-04-19 18:36:23'),
(196,'Intel(R) NVMe Controller',0,'Intel(R) NVMe Controller',2863,0,0,0,NULL,'2023-04-19 18:36:23','2023-04-19 18:36:23'),
(197,'Intel(R) USB 3.0 eXtensible Host Controller - 1.0 (Microsoft)',0,'USB xHCI Compliant Host Controller',2892,0,5,0,NULL,'2023-09-26 15:19:10','2023-04-19 18:36:23'),
(198,'SSD 600P Series',0,NULL,2902,552,5,0,NULL,'2023-04-26 14:15:09','2023-04-20 21:02:45'),
(199,'Sunrise Point-LP USB 3.0 xHCI Controller',0,NULL,2902,90,5,0,NULL,'2023-04-26 14:15:09','2023-04-20 21:02:45'),
(200,'Sunrise Point-LP PCI Express Root Port #11',0,NULL,2902,91,5,0,NULL,'2023-04-26 14:15:09','2023-04-20 21:02:45'),
(201,'Sunrise Point-LP SMBus',0,NULL,2902,92,5,0,NULL,'2023-04-26 14:15:09','2023-04-20 21:02:45'),
(202,'Sunrise Point-LP PCI Express Root Port #7',0,NULL,2902,93,5,0,NULL,'2023-04-26 14:15:09','2023-04-20 21:02:45'),
(203,'Wireless 8265 / 8275',0,NULL,2902,94,5,0,NULL,'2023-04-26 14:15:09','2023-04-20 21:02:45'),
(204,'Sunrise Point-LP Thermal subsystem',0,NULL,2902,95,5,0,NULL,'2023-04-26 14:15:09','2023-04-20 21:02:45'),
(205,'HD Graphics 620',0,NULL,2902,96,5,0,NULL,'2023-04-26 14:15:09','2023-04-20 21:02:45'),
(206,'Ethernet Connection (4) I219-V',0,NULL,2902,97,5,0,NULL,'2023-04-26 14:15:09','2023-04-20 21:02:45'),
(207,'Sunrise Point-LP CSME HECI #1',0,NULL,2902,516,5,0,NULL,'2023-04-26 14:15:09','2023-04-20 21:02:45'),
(208,'Sunrise Point-LP PCI Express Root Port #1',0,NULL,2902,99,5,0,NULL,'2023-04-26 14:15:09','2023-04-20 21:02:45'),
(209,'Sunrise Point-LP PCI Express Root Port #9',0,NULL,2902,100,5,0,NULL,'2023-04-26 14:15:09','2023-04-20 21:02:45'),
(210,'Sunrise Point-LP LPC Controller',0,NULL,2902,101,5,0,NULL,'2023-04-26 14:15:09','2023-04-20 21:02:45'),
(211,'Xeon E3-1200 v6/7th Gen Core Processor Host Bridge/DRAM Registers',0,NULL,2902,102,5,0,NULL,'2023-04-26 14:15:09','2023-04-20 21:02:45'),
(212,'Sunrise Point-LP PMC',0,NULL,2902,103,5,0,NULL,'2023-04-26 14:15:09','2023-04-20 21:02:45'),
(213,'Sunrise Point-LP HD Audio',0,NULL,2902,104,5,0,NULL,'2023-04-26 14:15:09','2023-04-20 21:02:45'),
(214,'Intel(R) NVMe Controller',0,'Intel(R) NVMe Controller',2902,0,0,0,NULL,'2024-03-18 20:47:14','2023-04-21 12:19:02'),
(215,'BayHubTech Integrated MMC/SD controller',0,'BayHubTech Integrated MMC/SD controller',2920,0,0,0,NULL,'2024-11-27 15:19:52','2023-04-21 14:02:24'),
(216,'Standard NVM Express Controller',0,'Standard NVM Express Controller',2921,0,0,0,NULL,'2024-11-27 15:19:52','2023-04-21 14:02:24'),
(217,'USB Root Hub (USB 3.0)',0,'USB Root Hub (USB 3.0)',2922,0,0,0,NULL,'2024-11-27 15:19:52','2023-04-21 14:02:24'),
(218,'Contrôleur hôte Intel(R) USB 3.1 eXtensible - 1.10 (Microsoft)',0,'USB xHCI Compliant Host Controller',2892,0,0,0,NULL,'2024-11-27 15:19:52','2023-04-21 14:02:24'),
(219,'Intel(R) USB 3.1 eXtensible Host Controller - 1.10 (Microsoft)',0,'USB xHCI Compliant Host Controller',2892,0,0,0,NULL,'2023-05-05 20:11:42','2023-05-05 20:11:42'),
(220,'Intel(R) 7 Series Chipset Family SATA AHCI Controller',0,'Intel(R) 7 Series Chipset Family SATA AHCI Controller',2902,0,0,0,NULL,'2023-05-05 20:11:44','2023-05-05 20:11:44'),
(221,'Contrôleur d’hôte amélioré USB pour famille de circuits microprogrammés Intel(R) 7/C216 - 1E2D',0,'Contrôleur d’hôte amélioré USB pour famille de circuits microprogrammés Intel(R) 7/C216 - 1E2D',2863,0,0,0,NULL,'2023-05-05 20:11:44','2023-05-05 20:11:44'),
(222,'Contrôleur hôte Intel(R) USB 3.0 eXtensible - 1.0 (Microsoft)',0,'USB xHCI Compliant Host Controller',2892,0,0,0,NULL,'2023-05-05 20:11:44','2023-05-05 20:11:44'),
(223,'Contrôleur d’hôte amélioré USB pour famille de circuits microprogrammés Intel(R) 7/C216 - 1E26',0,'Contrôleur d’hôte amélioré USB pour famille de circuits microprogrammés Intel(R) 7/C216 - 1E26',2863,0,0,0,NULL,'2023-05-05 20:11:44','2023-05-05 20:11:44'),
(224,'Intel(R) 6 Series/C200 Series Chipset Family 6 Port SATA AHCI Controller - 1C03',0,'Intel(R) 6 Series/C200 Series Chipset Family 6 Port SATA AHCI Controller - 1C03',2863,0,0,0,NULL,'2023-05-05 20:11:50','2023-05-05 20:11:50'),
(225,'ATA Channel 5',0,'IDE Channel',3018,0,0,0,NULL,'2023-05-05 20:11:50','2023-05-05 20:11:50'),
(226,'ATA Channel 0',0,'IDE Channel',3018,0,0,0,NULL,'2023-05-05 20:11:50','2023-05-05 20:11:50'),
(227,'ATA Channel 1',0,'IDE Channel',3018,0,0,0,NULL,'2023-05-05 20:11:50','2023-05-05 20:11:50'),
(228,'ATA Channel 3',0,'IDE Channel',3018,0,0,0,NULL,'2023-05-05 20:11:50','2023-05-05 20:11:50'),
(229,'ATA Channel 4',0,'IDE Channel',3018,0,0,0,NULL,'2023-05-05 20:11:50','2023-05-05 20:11:50'),
(230,'Intel(R) 6 Series/C200 Series Chipset Family USB Enhanced Host Controller - 1C2D',0,'Intel(R) 6 Series/C200 Series Chipset Family USB Enhanced Host Controller - 1C2D',2863,0,0,0,NULL,'2023-05-05 20:11:50','2023-05-05 20:11:50'),
(231,'Renesas Electronics USB 3.0 Host Controller',0,'Renesas Electronics USB 3.0 Host Controller',3019,0,0,0,NULL,'2023-05-05 20:11:50','2023-05-05 20:11:50'),
(232,'Intel(R) 6 Series/C200 Series Chipset Family USB Enhanced Host Controller - 1C26',0,'Intel(R) 6 Series/C200 Series Chipset Family USB Enhanced Host Controller - 1C26',2863,0,0,0,NULL,'2023-05-05 20:11:50','2023-05-05 20:11:50'),
(233,'JMicron OHCI Compliant IEEE 1394 Host Controller',0,'JMicron OHCI Compliant IEEE 1394 Host Controller',3020,0,0,0,NULL,'2023-05-05 20:11:50','2023-05-05 20:11:50'),
(234,'Intel(R) 6th Generation Core Processor Family Platform I/O SATA AHCI Controller',0,'Intel(R) 6th Generation Core Processor Family Platform I/O SATA AHCI Controller',2902,0,0,0,NULL,'2023-05-05 20:11:55','2023-05-05 20:11:55'),
(235,'Intel(R) USB 3.10 eXtensible Host Controller - 1.20 (Microsoft)',0,'USB xHCI Compliant Host Controller',2892,0,0,0,NULL,'2023-05-05 20:12:00','2023-05-05 20:12:00'),
(236,'AMD USB 3.10 eXtensible Host Controller - 1.10 (Microsoft)',0,'USB xHCI Compliant Host Controller',2892,0,0,0,NULL,'2023-05-05 20:12:03','2023-05-05 20:12:03'),
(237,'Renesas USB 3.0 eXtensible Host Controller - 1.0 (Microsoft)',0,'USB xHCI Compliant Host Controller',2892,0,0,0,NULL,'2023-05-05 20:12:03','2023-05-05 20:12:03'),
(238,'Intel(R) USB 3.20 eXtensible Host Controller - 1.20 (Microsoft)',0,'USB xHCI Compliant Host Controller',2892,0,0,0,NULL,'2023-05-05 20:12:11','2023-05-05 20:12:11'),
(239,'USB Composite Device',0,'USB Composite Device',3086,0,0,0,NULL,'2023-05-05 20:12:13','2023-05-05 20:12:13'),
(240,'Intel(R) 8 Series Chipset Family SATA AHCI Controller',0,'Intel(R) 8 Series Chipset Family SATA AHCI Controller',2902,0,0,0,NULL,'2023-05-05 20:12:15','2023-05-05 20:12:15'),
(241,'BayHubTech/O2Micro Integrated MMC/SD controller',0,'BayHubTech/O2Micro Integrated MMC/SD controller',3092,0,0,0,NULL,'2023-05-05 20:12:15','2023-05-05 20:12:15'),
(242,'Intel(R) 8 Series/C220 Series USB EHCI #2 - 8C2D',0,'Intel(R) 8 Series/C220 Series USB EHCI #2 - 8C2D',2863,0,0,0,NULL,'2023-05-05 20:12:15','2023-05-05 20:12:15'),
(243,'Intel(R) 8 Series/C220 Series USB EHCI #1 - 8C26',0,'Intel(R) 8 Series/C220 Series USB EHCI #1 - 8C26',2863,0,0,0,NULL,'2023-05-05 20:12:15','2023-05-05 20:12:15'),
(244,'USB Attached SCSI (UAS) Mass Storage Device',0,'USB Attached SCSI (UAS) Mass Storage Device',3095,0,0,0,NULL,'2023-05-05 20:12:17','2023-05-05 20:12:17'),
(245,'Intel(R) 9 Series Chipset Family SATA AHCI Controller',0,'Intel(R) 9 Series Chipset Family SATA AHCI Controller',2902,0,0,0,NULL,'2023-05-05 20:12:20','2023-05-05 20:12:20'),
(246,'Mobile 5th Generation Intel(R) Core(TM) USB EHCI Controller - 9CA6',0,'Mobile 5th Generation Intel(R) Core(TM) USB EHCI Controller - 9CA6',2863,0,0,0,NULL,'2023-05-05 20:12:20','2023-05-05 20:12:20'),
(247,'Contrôleur hôte Intel(R) USB 3.10 eXtensible - 1.20 (Microsoft)',0,'USB xHCI Compliant Host Controller',2892,0,0,0,NULL,'2023-05-05 20:12:28','2023-05-05 20:12:28'),
(248,'USB Root Hub (USB 3.0)',0,'USB Root Hub (USB 3.0)',2922,0,0,0,NULL,'2023-04-26 14:17:03','2023-04-21 14:02:24'),
(249,'XG4 NVMe SSD Controller',0,NULL,3152,89,0,0,NULL,'2024-11-27 15:19:52','2023-07-12 13:44:00'),
(250,'JHL6540 Thunderbolt 3 USB Controller (C step) [Alpine Ridge 4C 2016]',0,NULL,2902,531,0,0,NULL,'2024-11-27 15:19:52','2023-07-12 13:44:00'),
(251,'Sunrise Point-LP PCI Express Root Port #3',0,NULL,2902,554,0,0,NULL,'2024-11-27 15:19:52','2023-07-12 13:44:00'),
(252,'Xeon E3-1200 v5/v6 / E3-1500 v5 / 6th/7th/8th Gen Core Processor Gaussian Mixture Model',0,NULL,2902,555,0,0,NULL,'2024-11-27 15:19:52','2023-07-12 13:44:00'),
(253,'JHL6540 Thunderbolt 3 Bridge (C step) [Alpine Ridge 4C 2016]',0,NULL,2902,532,0,0,NULL,'2024-11-27 15:19:52','2023-07-12 13:44:00'),
(254,'Sunrise Point-LP PCI Express Root Port #5',0,NULL,2902,556,0,0,NULL,'2024-11-27 15:19:52','2023-07-12 13:44:00'),
(255,'RTS525A PCI Express Card Reader',0,NULL,3153,557,0,0,NULL,'2024-11-27 15:19:52','2023-07-12 13:44:00'),
(256,'Wireless 8265 / 8275',0,NULL,2902,94,0,0,NULL,'2024-11-27 15:19:52','2023-04-20 21:02:45'),
(257,'Ethernet Connection (4) I219-V',0,NULL,2902,97,0,0,NULL,'2024-11-27 15:19:52','2023-04-20 21:02:45'),
(258,'Intel(R) 300 Series Chipset Family SATA AHCI Controller',0,'Intel(R) 300 Series Chipset Family SATA AHCI Controller',2902,0,0,0,NULL,'2023-11-01 15:58:14','2023-11-01 15:58:14'),
(259,'Host bridge [0600]',0,NULL,3179,0,0,0,NULL,'2023-11-01 15:58:14','2023-11-01 15:58:14'),
(260,'ISA bridge [0601]',0,NULL,3180,0,0,0,NULL,'2023-11-01 15:58:14','2023-11-01 15:58:14'),
(261,'IDE interface [0101]',0,NULL,3181,0,0,0,NULL,'2023-11-01 15:58:14','2023-11-01 15:58:14'),
(262,'USB controller [0c03]',0,NULL,3182,0,0,0,NULL,'2023-11-01 15:58:14','2023-11-01 15:58:14'),
(263,'Bridge [0680]',0,NULL,3183,0,0,0,NULL,'2023-11-01 15:58:14','2023-11-01 15:58:14'),
(264,'VGA compatible controller [0300]',0,NULL,3184,0,0,0,NULL,'2023-11-01 15:58:14','2023-11-01 15:58:14'),
(265,'Ethernet controller [0200]',0,NULL,3185,0,0,0,NULL,'2023-11-01 15:58:14','2023-11-01 15:58:14'),
(266,'SCSI storage controller [0100]',0,NULL,3186,0,0,0,NULL,'2023-11-01 15:58:14','2023-11-01 15:58:14'),
(267,'Communication controller [0780]',0,NULL,3187,0,0,0,NULL,'2023-11-01 15:58:14','2023-11-01 15:58:14'),
(268,'Unclassified device [00ff]',0,NULL,3188,0,0,0,NULL,'2023-11-01 15:58:14','2023-11-01 15:58:14');

--
-- Table structure for table `glpi_devicedrivemodels`
--

CREATE TABLE `glpi_devicedrivemodels` (
  `id` int(10) unsigned NOT NULL AUTO_INCREMENT,
  `name` varchar(255) DEFAULT NULL,
  `comment` mediumtext DEFAULT NULL,
  `product_number` varchar(255) DEFAULT NULL,
  PRIMARY KEY (`id`),
  KEY `name` (`name`),
  KEY `product_number` (`product_number`)
) ENGINE=InnoDB DEFAULT CHARSET=utf8mb4 COLLATE=utf8mb4_unicode_ci;

--
-- Dumping data for table `glpi_devicedrivemodels`
--


--
-- Table structure for table `glpi_devicedrives`
--

CREATE TABLE `glpi_devicedrives` (
  `id` int(10) unsigned NOT NULL AUTO_INCREMENT,
  `designation` varchar(255) DEFAULT NULL,
  `is_writer` tinyint(1) NOT NULL DEFAULT 1,
  `speed` varchar(255) DEFAULT NULL,
  `comment` mediumtext DEFAULT NULL,
  `manufacturers_id` int(10) unsigned NOT NULL DEFAULT 0,
  `interfacetypes_id` int(10) unsigned NOT NULL DEFAULT 0,
  `entities_id` int(10) unsigned NOT NULL DEFAULT 0,
  `is_recursive` tinyint(1) NOT NULL DEFAULT 0,
  `devicedrivemodels_id` int(10) unsigned DEFAULT NULL,
  `date_mod` timestamp NULL DEFAULT NULL,
  `date_creation` timestamp NULL DEFAULT NULL,
  PRIMARY KEY (`id`),
  KEY `designation` (`designation`),
  KEY `manufacturers_id` (`manufacturers_id`),
  KEY `interfacetypes_id` (`interfacetypes_id`),
  KEY `entities_id` (`entities_id`),
  KEY `is_recursive` (`is_recursive`),
  KEY `date_mod` (`date_mod`),
  KEY `date_creation` (`date_creation`),
  KEY `devicedrivemodels_id` (`devicedrivemodels_id`)
) ENGINE=InnoDB AUTO_INCREMENT=24 DEFAULT CHARSET=utf8mb4 COLLATE=utf8mb4_unicode_ci;

--
-- Dumping data for table `glpi_devicedrives`
--

INSERT INTO `glpi_devicedrives` VALUES
(1,'Lecteur CD',0,'32x','',0,3,0,1,0,'2020-02-06 17:48:00','2018-05-28 20:52:23'),
(2,'PLDS DVD-RW DU8A6SH',1,NULL,NULL,0,0,0,0,NULL,'2024-11-27 15:19:52','2020-02-05 21:10:40'),
(3,'MATSHITA DVD-RAM UJ8FBS',1,NULL,NULL,0,0,0,0,NULL,'2024-11-27 15:19:52','2020-02-05 21:12:14'),
(4,'CD-ROM Drive',1,NULL,NULL,0,540,0,0,NULL,'2023-02-02 19:01:40','2022-07-19 18:01:40'),
(5,'CD-ROM Drive',1,NULL,NULL,2890,540,0,0,NULL,'2024-11-27 15:19:52','2023-03-29 15:27:25'),
(6,'hp CDDVDW SN-208BB ATA Device',1,NULL,NULL,0,0,0,0,NULL,'2023-05-05 20:11:50','2023-05-05 20:11:50'),
(7,'HL-DT-ST DVDRAM GUE0N',1,NULL,NULL,0,0,0,0,NULL,'2023-05-05 20:12:25','2023-05-05 20:12:25'),
(8,'MATSHITA DVD-RAM UJ8E2',1,NULL,NULL,0,0,0,0,NULL,'2023-05-05 20:12:32','2023-05-05 20:12:32'),
(9,'USB DISK 2.0 USB Device',1,NULL,NULL,0,0,5,0,NULL,'2023-09-26 15:19:10','2023-09-08 19:49:01'),
(10,'USB 2.0 Flash Drive USB Device',1,NULL,NULL,0,0,0,0,NULL,'2023-11-01 15:58:14','2023-11-01 15:58:14'),
(11,'Generic STORAGE DEVICE USB Device',1,NULL,NULL,0,0,0,0,NULL,'2023-11-01 15:58:14','2023-11-01 15:58:14'),
(12,'loop0',1,NULL,NULL,0,0,0,0,NULL,'2023-11-01 15:58:14','2023-11-01 15:58:14'),
(13,'loop1',1,NULL,NULL,0,0,0,0,NULL,'2023-11-01 15:58:14','2023-11-01 15:58:14'),
(14,'loop10',1,NULL,NULL,0,0,0,0,NULL,'2023-11-01 15:58:14','2023-11-01 15:58:14'),
(15,'loop11',1,NULL,NULL,0,0,0,0,NULL,'2023-11-01 15:58:14','2023-11-01 15:58:14'),
(16,'loop3',1,NULL,NULL,0,0,0,0,NULL,'2023-11-01 15:58:14','2023-11-01 15:58:14'),
(17,'loop4',1,NULL,NULL,0,0,0,0,NULL,'2023-11-01 15:58:14','2023-11-01 15:58:14'),
(18,'loop5',1,NULL,NULL,0,0,0,0,NULL,'2023-11-01 15:58:14','2023-11-01 15:58:14'),
(19,'loop6',1,NULL,NULL,0,0,0,0,NULL,'2023-11-01 15:58:14','2023-11-01 15:58:14'),
(20,'loop7',1,NULL,NULL,0,0,0,0,NULL,'2023-11-01 15:58:14','2023-11-01 15:58:14'),
(21,'loop8',1,NULL,NULL,0,0,0,0,NULL,'2023-11-01 15:58:14','2023-11-01 15:58:14'),
(22,'loop9',1,NULL,NULL,0,0,0,0,NULL,'2023-11-01 15:58:14','2023-11-01 15:58:14'),
(23,'loop2',1,NULL,NULL,0,0,0,0,NULL,'2023-11-02 10:00:03','2023-11-02 10:00:03');

--
-- Table structure for table `glpi_devicefirmwaremodels`
--

CREATE TABLE `glpi_devicefirmwaremodels` (
  `id` int(10) unsigned NOT NULL AUTO_INCREMENT,
  `name` varchar(255) DEFAULT NULL,
  `comment` mediumtext DEFAULT NULL,
  `product_number` varchar(255) DEFAULT NULL,
  PRIMARY KEY (`id`),
  KEY `name` (`name`),
  KEY `product_number` (`product_number`)
) ENGINE=InnoDB AUTO_INCREMENT=34 DEFAULT CHARSET=utf8mb4 COLLATE=utf8mb4_unicode_ci;

--
-- Dumping data for table `glpi_devicefirmwaremodels`
--

INSERT INTO `glpi_devicefirmwaremodels` VALUES
(1,'20HRCTO1WW','',NULL),
(2,'20Q7CTO1WW','',NULL),
(3,'20DCCTO1WW','',NULL),
(4,'20BECTO1WW','',NULL),
(5,'2306CTO','',NULL),
(6,'VirtualBox','',NULL),
(7,'20KLCTO1WW','',NULL),
(8,'20HDCTO1WW','',NULL),
(9,'20LFCTO1WW','',NULL),
(10,'20KNCTO1WW','',NULL),
(11,'20H1CTO1WW','',NULL),
(12,'20FLCTO1WW','',NULL),
(13,'20H5CTO1WW','',NULL),
(14,'20HFCTO1WW','',NULL),
(15,'20366','',NULL),
(16,'OpenStack Nova','',NULL),
(17,'20U1000XFR','',NULL),
(18,'20QF0014US','',NULL),
(19,'HP EliteBook 8560w','',NULL),
(20,'20U3CTO1WW','',NULL),
(21,'20TA002CUS','',NULL),
(22,'20R5CTO1WW','',NULL),
(23,'21A0003SUS','',NULL),
(24,'20Y30065US','',NULL),
(25,'20STCTO1WW','',NULL),
(26,'20EFCTO1WW','',NULL),
(27,'20TDCT01WW','',NULL),
(28,'20BVCTO1WW','',NULL),
(29,'20Q1S41X00','',NULL),
(30,'20TD0002FR','',NULL),
(31,'20LW0012FR','',NULL),
(32,'20BE0041FR','',NULL),
(33,'20N8CTO1WW','',NULL);

--
-- Table structure for table `glpi_devicefirmwares`
--

CREATE TABLE `glpi_devicefirmwares` (
  `id` int(10) unsigned NOT NULL AUTO_INCREMENT,
  `designation` varchar(255) DEFAULT NULL,
  `comment` mediumtext DEFAULT NULL,
  `manufacturers_id` int(10) unsigned NOT NULL DEFAULT 0,
  `date` date DEFAULT NULL,
  `version` varchar(255) DEFAULT NULL,
  `devicefirmwaretypes_id` int(10) unsigned NOT NULL DEFAULT 0,
  `entities_id` int(10) unsigned NOT NULL DEFAULT 0,
  `is_recursive` tinyint(1) NOT NULL DEFAULT 0,
  `devicefirmwaremodels_id` int(10) unsigned DEFAULT NULL,
  `date_mod` timestamp NULL DEFAULT NULL,
  `date_creation` timestamp NULL DEFAULT NULL,
  PRIMARY KEY (`id`),
  KEY `designation` (`designation`),
  KEY `manufacturers_id` (`manufacturers_id`),
  KEY `entities_id` (`entities_id`),
  KEY `is_recursive` (`is_recursive`),
  KEY `date_mod` (`date_mod`),
  KEY `date_creation` (`date_creation`),
  KEY `devicefirmwaremodels_id` (`devicefirmwaremodels_id`),
  KEY `devicefirmwaretypes_id` (`devicefirmwaretypes_id`)
) ENGINE=InnoDB AUTO_INCREMENT=108 DEFAULT CHARSET=utf8mb4 COLLATE=utf8mb4_unicode_ci;

--
-- Dumping data for table `glpi_devicefirmwares`
--

INSERT INTO `glpi_devicefirmwares` VALUES
(1,'SeaBIOS BIOS',NULL,0,'2014-04-01','1.7.5-20150310_111955-batsu',1,0,0,NULL,'2020-02-06 17:49:20','2017-11-17 16:06:12'),
(2,'LENOVO BIOS',NULL,0,'2017-05-23','N1QET55W (1.30 )',1,0,0,NULL,'2020-02-06 17:49:20','2018-01-04 14:15:50'),
(3,'N1MET59W (1.44 )','25/11/2019 - No Asset Information',0,NULL,NULL,4,0,0,1,'2020-02-06 17:49:20','2020-02-05 21:10:16'),
(4,'R0ZET33W (1.11 )','08/01/2019 - No Asset Information',0,NULL,NULL,4,0,0,2,'2020-02-06 17:49:20','2020-02-05 21:10:24'),
(5,'J5ET48WW (1.19 )','08/27/2015 - No Asset Information',0,NULL,NULL,4,0,0,3,'2020-02-06 17:49:20','2020-02-05 21:10:32'),
(6,'GMET85WW (2.33 )','05/30/2018 - No Asset Information',0,NULL,NULL,4,0,0,4,'2020-02-06 17:49:20','2020-02-05 21:10:40'),
(7,'G2ETB3WW (2.73 )','06/19/2018 - No Asset Information',0,NULL,NULL,4,0,0,5,'2020-02-06 17:49:20','2020-02-05 21:10:46'),
(8,'J5ET60WW (1.31 )','02/25/2018 - No Asset Information',0,NULL,NULL,4,0,0,3,'2020-02-06 17:49:20','2020-02-05 21:11:01'),
(9,'VirtualBox','12/01/2006 - Not Specified',0,NULL,NULL,5,0,0,6,'2020-02-06 17:49:20','2020-02-05 21:11:06'),
(10,'R04ET28W (1.06 )','11/09/2017 - No Asset Information',0,NULL,NULL,4,0,0,7,'2020-02-06 17:49:20','2020-02-05 21:11:30'),
(11,'N1QET55W (1.30 )','23/05/2017 - No Asset Information',0,NULL,NULL,4,0,0,8,'2020-02-06 17:49:20','2020-02-05 21:11:35'),
(12,'N25ET35W (1.21 )','08/06/2018 - No Asset Information',0,NULL,NULL,4,0,0,9,'2020-02-06 17:49:20','2020-02-05 21:11:40'),
(13,'R0PET41W (1.18 )','11/06/2018 - No Asset Information',0,NULL,NULL,4,0,0,10,'2020-02-06 17:49:20','2020-02-05 21:11:43'),
(14,'R0PET35W (1.12 )','22/01/2018 - No Asset Information',0,NULL,NULL,4,0,0,10,'2020-02-06 17:49:20','2020-02-05 21:11:48'),
(15,'R0DET87W (1.87 )','18/09/2017 - No Asset Information',0,NULL,NULL,4,0,0,11,'2020-02-06 17:49:20','2020-02-05 21:11:52'),
(16,'N1KET26W (1.13 )','10/07/2016 - No Asset Information',0,NULL,NULL,4,0,0,12,'2020-02-06 17:49:20','2020-02-05 21:11:58'),
(17,'R0DET33W (1.09 )','13/10/2016 - No Asset Information',0,NULL,NULL,4,0,0,13,'2020-02-06 17:49:20','2020-02-05 21:12:04'),
(18,'N1WET35W (1.14 )','12/07/2017 - No Asset Information',0,NULL,NULL,4,0,0,14,'2020-02-06 17:49:20','2020-02-05 21:12:08'),
(19,'9BCN31WW','04/20/2015 - No Asset Tag',0,NULL,NULL,4,0,0,15,'2020-02-06 17:49:20','2020-02-05 21:12:14'),
(20,'Ubuntu-1.8.2-1ubuntu1','04/01/2014 - Not Specified',0,NULL,NULL,5,0,0,16,'2020-02-06 17:49:20','2020-02-05 21:12:21'),
(21,'N1MET59W (1.44 )','25/11/2019 - No Asset Information',0,NULL,NULL,4,0,0,1,'2024-11-27 15:19:52','2020-02-06 18:20:41'),
(22,'R0ZET33W (1.11 )','08/01/2019 - No Asset Information',0,NULL,NULL,4,0,0,2,'2024-11-27 15:19:52','2020-02-06 18:20:50'),
(23,'J5ET48WW (1.19 )','08/27/2015 - No Asset Information',0,NULL,NULL,4,0,0,3,'2024-11-27 15:19:52','2020-02-06 18:20:57'),
(24,'GMET85WW (2.33 )','05/30/2018 - No Asset Information',0,NULL,NULL,4,0,0,4,'2024-11-27 15:19:52','2020-02-06 18:21:04'),
(25,'G2ETB3WW (2.73 )','06/19/2018 - No Asset Information',0,NULL,NULL,4,0,0,5,'2024-11-27 15:19:52','2020-02-06 18:21:09'),
(26,'J5ET60WW (1.31 )','02/25/2018 - No Asset Information',0,NULL,NULL,4,0,0,3,'2024-11-27 15:19:52','2020-02-06 18:21:23'),
(27,'R04ET28W (1.06 )','11/09/2017 - No Asset Information',0,NULL,NULL,4,0,0,7,'2024-11-27 15:19:52','2020-02-06 18:21:27'),
(28,'N1QET55W (1.30 )','23/05/2017 - No Asset Information',0,NULL,NULL,4,0,0,8,'2024-11-27 15:19:52','2020-02-06 18:21:31'),
(29,'N25ET35W (1.21 )','08/06/2018 - No Asset Information',0,NULL,NULL,4,0,0,9,'2024-11-27 15:19:52','2020-02-06 18:21:36'),
(30,'R0PET41W (1.18 )','11/06/2018 - No Asset Information',0,NULL,NULL,4,0,0,10,'2024-11-27 15:19:52','2020-02-06 18:21:38'),
(31,'R0PET35W (1.12 )','22/01/2018 - No Asset Information',0,NULL,NULL,4,0,0,10,'2024-11-27 15:19:52','2020-02-06 18:21:42'),
(32,'R0DET87W (1.87 )','18/09/2017 - No Asset Information',0,NULL,NULL,4,0,0,11,'2024-11-27 15:19:52','2020-02-06 18:21:46'),
(33,'N1KET26W (1.13 )','10/07/2016 - No Asset Information',0,NULL,NULL,4,0,0,12,'2024-11-27 15:19:52','2020-02-06 18:21:50'),
(34,'R0DET33W (1.09 )','13/10/2016 - No Asset Information',0,NULL,NULL,4,0,0,13,'2024-11-27 15:19:52','2020-02-06 18:21:55'),
(35,'N1WET35W (1.14 )','12/07/2017 - No Asset Information',0,NULL,NULL,4,0,0,14,'2024-11-27 15:19:52','2020-02-06 18:21:59'),
(36,'9BCN31WW','04/20/2015 - No Asset Tag',0,NULL,NULL,4,0,0,15,'2024-11-27 15:19:52','2020-02-06 18:22:04'),
(37,'LENOVO BIOS',NULL,0,'2017-05-23','N1QET55W (1.30 )',1,0,0,NULL,'2023-02-02 19:01:40','2020-02-07 11:46:20'),
(38,'LENOVO BIOS',NULL,0,'2020-02-27','N1QET87W (1.62 )',1,0,0,NULL,'2024-11-27 15:19:52','2020-05-05 18:31:49'),
(39,'HP OfficeJet Pro 9010 series',NULL,0,NULL,'MANHTNPP1N002.2042A.00',6,0,0,NULL,'2024-11-27 15:19:52','2021-01-07 13:32:19'),
(40,'SeaBIOS BIOS',NULL,0,'2014-04-01','2:1.10.2-58953eb7',1,0,0,NULL,'2023-02-02 19:01:40','2022-03-12 11:51:58'),
(41,'LENOVO BIOS',NULL,0,'2021-08-13','R17ET31W (1.14 )',1,0,0,NULL,'2023-02-02 19:01:40','2022-06-29 12:29:42'),
(42,'innotek GmbH BIOS',NULL,0,'2006-12-01','VirtualBox',1,0,0,NULL,'2023-02-02 19:01:40','2022-07-19 18:01:40'),
(65,'LENOVO BIOS',NULL,2785,'2024-02-12','N1QET98W (1.73 )',1,5,0,NULL,'2023-09-26 15:19:10','2023-02-22 13:08:16'),
(66,'MANHTNPP1N002.2242A.00',NULL,0,NULL,'MANHTNPP1N002.2242A.00',0,0,0,NULL,'2023-03-29 14:22:41','2023-03-29 14:22:41'),
(67,'HP OfficeJet Pro 9010 series',NULL,2897,'2022-10-13','MANHTNPP1N002.2242A.00',6,5,0,NULL,'2023-04-26 14:14:02','2023-03-29 14:26:48'),
(68,'innotek GmbH BIOS',NULL,2861,'2006-12-01','VirtualBox',1,0,0,NULL,'2024-11-27 15:19:52','2023-03-29 15:27:25'),
(69,'SeaBIOS BIOS',NULL,2870,'2014-04-01','2:1.10.2-58953eb7',1,5,0,NULL,'2023-04-26 14:15:09','2023-03-29 21:19:39'),
(70,'N1QET98W (1.73 )','26/12/2022 - No Asset Information',2785,NULL,NULL,4,5,0,8,'2023-09-26 15:19:10','2023-04-19 18:36:23'),
(71,'R17ET31W (1.14 )','13/08/2021 - No Asset Information',2785,NULL,NULL,4,0,0,17,'2024-11-27 15:19:52','2023-04-21 14:02:24'),
(72,'R0ZET43W (1.21 )','29/06/2020 - No Asset Information',2785,NULL,NULL,4,0,0,2,'2023-05-05 20:11:40','2023-05-05 20:11:40'),
(73,'N2HET35W (1.18 )','20/08/2019 - No Asset Information',2785,NULL,NULL,7,0,0,18,'2023-05-05 20:11:42','2023-05-05 20:11:42'),
(74,'G2ETB3WW (2.73 )','19/06/2018 - No Asset Information',2785,NULL,NULL,4,0,0,5,'2023-05-05 20:11:44','2023-05-05 20:11:44'),
(75,'N1MET72W (1.57 )','24/11/2022 - No Asset Information',2785,NULL,NULL,4,0,0,1,'2023-05-05 20:11:48','2023-05-05 20:11:48'),
(76,'68SVD Ver. F.22','05/01/2012 - 5CB2246T0T',2971,NULL,NULL,4,0,0,19,'2023-05-05 20:11:50','2023-05-05 20:11:50'),
(77,'R0PET63W (1.40 )','03/01/2020 - No Asset Information',2785,NULL,NULL,4,0,0,10,'2023-05-05 20:11:55','2023-05-05 20:11:55'),
(78,'R17ET35W (1.18 )','28/08/2022 - No Asset Information',2785,NULL,NULL,4,0,0,20,'2023-05-05 20:11:57','2023-05-05 20:11:57'),
(79,'R17ET34W (1.17 )','05/07/2022 - No Asset Information',2785,NULL,NULL,4,0,0,17,'2023-05-05 20:11:58','2023-05-05 20:11:58'),
(80,'R1EET51W(1.51 )','01/06/2022 - No Asset Information',2785,NULL,NULL,4,0,0,21,'2023-05-05 20:12:00','2023-05-05 20:12:00'),
(81,'R15ET42W (1.23 )','18/06/2020 - No Asset Information',2785,NULL,NULL,7,0,0,22,'2023-05-05 20:12:01','2023-05-05 20:12:01'),
(82,'R1MET51W (1.21 )','15/09/2022 - No Asset Information',2785,NULL,NULL,4,0,0,23,'2023-05-05 20:12:03','2023-05-05 20:12:03'),
(83,'N1WET35W (1.14 )','12/07/2017 - No Asset Information',2785,NULL,NULL,4,0,0,14,'2023-05-05 20:12:05','2023-05-05 20:12:05'),
(84,'R17ET33W (1.16 )','26/01/2022 - No Asset Information',2785,NULL,NULL,4,0,0,20,'2023-05-05 20:12:07','2023-05-05 20:12:07'),
(85,'N40ET38W (1.20 )','06/10/2022 - No Asset Information',2785,NULL,NULL,4,0,0,24,'2023-05-05 20:12:11','2023-05-05 20:12:11'),
(86,'N30ET47W (1.30 )','04/07/2022 - No Asset Information',2785,NULL,NULL,4,0,0,25,'2023-05-05 20:12:13','2023-05-05 20:12:13'),
(87,'GNET93WW (2.41 )','13/04/2020 - No Asset Information',2785,NULL,NULL,4,0,0,26,'2023-05-05 20:12:15','2023-05-05 20:12:15'),
(88,'N40ET37W (1.19 )','26/08/2022 - No Asset Information',2785,NULL,NULL,4,0,0,24,'2023-05-05 20:12:17','2023-05-05 20:12:17'),
(89,'JBET73WW (1.37 )','14/08/2019 - No Asset Information',2785,NULL,NULL,4,0,0,28,'2023-05-05 20:12:20','2023-05-05 20:12:20'),
(90,'R0DET87W (1.87 )','18/09/2017 - No Asset Information',2785,NULL,NULL,4,0,0,11,'2023-05-05 20:12:22','2023-05-05 20:12:22'),
(91,'R0DET33W (1.09 )','13/10/2016 - No Asset Information',2785,NULL,NULL,4,0,0,13,'2023-05-05 20:12:25','2023-05-05 20:12:25'),
(92,'N2JET89W (1.67 )','04/06/2020 - No Asset Information',2785,NULL,NULL,4,0,0,29,'2023-05-05 20:12:27','2023-05-05 20:12:27'),
(93,'R0QET67W (1.44 )','28/05/2022 - No Asset Information',2785,NULL,NULL,4,0,0,31,'2023-05-05 20:12:30','2023-05-05 20:12:30'),
(94,'GMET90WW (2.38 )','13/04/2020 - No Asset Information',2785,NULL,NULL,4,0,0,32,'2023-05-05 20:12:32','2023-05-05 20:12:32'),
(95,'R17ET32W (1.15 )','20/09/2021 - No Asset Information',2785,NULL,NULL,4,0,0,20,'2023-05-05 20:12:42','2023-05-05 20:12:42'),
(96,'R17ET31W (1.14 )','13/08/2021 - No Asset Information',2785,NULL,NULL,4,0,0,17,'2023-04-26 14:17:03','2023-04-21 14:02:24'),
(97,'HP OfficeJet Pro 9010 series',NULL,2971,'2023-03-29','MANHTNPP1N002.2313A.00',6,0,0,NULL,'2023-06-30 20:24:11','2023-06-30 20:24:11'),
(98,'LENOVO BIOS',NULL,2785,'2023-04-04','N1MET73W (1.58 )',1,0,0,NULL,'2023-07-12 13:44:00','2023-07-12 13:44:00'),
(99,'LENOVO BIOS',NULL,2785,'2023-06-05','N1MET74W (1.59 )',1,0,0,NULL,'2024-11-27 15:19:52','2023-08-09 11:33:35'),
(100,'N1QETA0W (1.75 )','15/08/2023 - No Asset Information',2785,NULL,NULL,4,5,0,8,'2023-09-26 15:19:10','2023-09-19 18:28:02'),
(101,'LENOVO BIOS',NULL,2785,'2023-08-15','N1QETA0W (1.75 )',1,0,0,NULL,'2023-09-26 15:32:32','2023-09-26 15:32:32'),
(102,'LENOVO BIOS',NULL,2785,'2023-07-26','N1MET75W (1.60 )',1,0,0,NULL,'2023-10-12 13:04:27','2023-10-12 13:04:27'),
(103,'HP OfficeJet Pro 9010 series',NULL,2971,'2023-07-22','MANHTNPP1N002.2329B.00',6,0,0,NULL,'2023-10-16 16:58:46','2023-10-16 16:58:46'),
(104,'N1MET75W (1.60 )','26/07/2023 - No Asset Information',2785,NULL,NULL,4,0,0,1,'2024-11-27 15:19:52','2023-11-01 15:58:14'),
(105,'R1EET56W(1.56 )','29/06/2023 - No Asset Information',2785,NULL,NULL,4,0,0,27,'2023-11-01 15:58:14','2023-11-01 15:58:14'),
(106,'R0YET42W (1.25 )','13/01/2020 - No Asset Information',2785,NULL,NULL,4,0,0,33,'2023-11-01 15:58:14','2023-11-01 15:58:14'),
(107,'2:1.10.2-58953eb7','04/01/2014 - Not Specified',2878,NULL,NULL,5,0,0,16,'2023-11-01 15:58:14','2023-11-01 15:58:14');

--
-- Table structure for table `glpi_devicefirmwaretypes`
--

CREATE TABLE `glpi_devicefirmwaretypes` (
  `id` int(10) unsigned NOT NULL AUTO_INCREMENT,
  `name` varchar(255) DEFAULT NULL,
  `comment` mediumtext DEFAULT NULL,
  `date_mod` timestamp NULL DEFAULT NULL,
  `date_creation` timestamp NULL DEFAULT NULL,
  PRIMARY KEY (`id`),
  KEY `name` (`name`),
  KEY `date_mod` (`date_mod`),
  KEY `date_creation` (`date_creation`)
) ENGINE=InnoDB AUTO_INCREMENT=8 DEFAULT CHARSET=utf8mb4 COLLATE=utf8mb4_unicode_ci;

--
-- Dumping data for table `glpi_devicefirmwaretypes`
--

INSERT INTO `glpi_devicefirmwaretypes` VALUES
(1,'BIOS',NULL,NULL,NULL),
(2,'UEFI',NULL,NULL,NULL),
(3,'Firmware',NULL,NULL,NULL),
(4,'Notebook','','2020-02-05 21:10:16','2020-02-05 21:10:16'),
(5,'Other','','2020-02-05 21:11:06','2020-02-05 21:11:06'),
(6,'device','','2021-01-07 13:32:19','2021-01-07 13:32:19'),
(7,'Convertible','','2023-05-05 20:11:42','2023-05-05 20:11:42');

--
-- Table structure for table `glpi_devicegenericmodels`
--

CREATE TABLE `glpi_devicegenericmodels` (
  `id` int(10) unsigned NOT NULL AUTO_INCREMENT,
  `name` varchar(255) DEFAULT NULL,
  `comment` mediumtext DEFAULT NULL,
  `product_number` varchar(255) DEFAULT NULL,
  PRIMARY KEY (`id`),
  KEY `name` (`name`),
  KEY `product_number` (`product_number`)
) ENGINE=InnoDB DEFAULT CHARSET=utf8mb4 COLLATE=utf8mb4_unicode_ci;

--
-- Dumping data for table `glpi_devicegenericmodels`
--


--
-- Table structure for table `glpi_devicegenerics`
--

CREATE TABLE `glpi_devicegenerics` (
  `id` int(10) unsigned NOT NULL AUTO_INCREMENT,
  `designation` varchar(255) DEFAULT NULL,
  `devicegenerictypes_id` int(10) unsigned NOT NULL DEFAULT 0,
  `comment` mediumtext DEFAULT NULL,
  `manufacturers_id` int(10) unsigned NOT NULL DEFAULT 0,
  `entities_id` int(10) unsigned NOT NULL DEFAULT 0,
  `is_recursive` tinyint(1) NOT NULL DEFAULT 0,
  `locations_id` int(10) unsigned NOT NULL DEFAULT 0,
  `states_id` int(10) unsigned NOT NULL DEFAULT 0,
  `devicegenericmodels_id` int(10) unsigned DEFAULT NULL,
  `date_mod` timestamp NULL DEFAULT NULL,
  `date_creation` timestamp NULL DEFAULT NULL,
  PRIMARY KEY (`id`),
  KEY `designation` (`designation`),
  KEY `manufacturers_id` (`manufacturers_id`),
  KEY `devicegenerictypes_id` (`devicegenerictypes_id`),
  KEY `entities_id` (`entities_id`),
  KEY `is_recursive` (`is_recursive`),
  KEY `locations_id` (`locations_id`),
  KEY `states_id` (`states_id`),
  KEY `date_mod` (`date_mod`),
  KEY `date_creation` (`date_creation`),
  KEY `devicegenericmodels_id` (`devicegenericmodels_id`)
) ENGINE=InnoDB DEFAULT CHARSET=utf8mb4 COLLATE=utf8mb4_unicode_ci;

--
-- Dumping data for table `glpi_devicegenerics`
--


--
-- Table structure for table `glpi_devicegenerictypes`
--

CREATE TABLE `glpi_devicegenerictypes` (
  `id` int(10) unsigned NOT NULL AUTO_INCREMENT,
  `name` varchar(255) DEFAULT NULL,
  `comment` mediumtext DEFAULT NULL,
  PRIMARY KEY (`id`),
  KEY `name` (`name`)
) ENGINE=InnoDB DEFAULT CHARSET=utf8mb4 COLLATE=utf8mb4_unicode_ci;

--
-- Dumping data for table `glpi_devicegenerictypes`
--


--
-- Table structure for table `glpi_devicegraphiccardmodels`
--

CREATE TABLE `glpi_devicegraphiccardmodels` (
  `id` int(10) unsigned NOT NULL AUTO_INCREMENT,
  `name` varchar(255) DEFAULT NULL,
  `comment` mediumtext DEFAULT NULL,
  `product_number` varchar(255) DEFAULT NULL,
  PRIMARY KEY (`id`),
  KEY `name` (`name`),
  KEY `product_number` (`product_number`)
) ENGINE=InnoDB DEFAULT CHARSET=utf8mb4 COLLATE=utf8mb4_unicode_ci;

--
-- Dumping data for table `glpi_devicegraphiccardmodels`
--


--
-- Table structure for table `glpi_devicegraphiccards`
--

CREATE TABLE `glpi_devicegraphiccards` (
  `id` int(10) unsigned NOT NULL AUTO_INCREMENT,
  `designation` varchar(255) DEFAULT NULL,
  `interfacetypes_id` int(10) unsigned NOT NULL DEFAULT 0,
  `comment` mediumtext DEFAULT NULL,
  `manufacturers_id` int(10) unsigned NOT NULL DEFAULT 0,
  `memory_default` int(11) NOT NULL DEFAULT 0,
  `entities_id` int(10) unsigned NOT NULL DEFAULT 0,
  `is_recursive` tinyint(1) NOT NULL DEFAULT 0,
  `devicegraphiccardmodels_id` int(10) unsigned DEFAULT NULL,
  `chipset` varchar(255) DEFAULT NULL,
  `date_mod` timestamp NULL DEFAULT NULL,
  `date_creation` timestamp NULL DEFAULT NULL,
  PRIMARY KEY (`id`),
  KEY `designation` (`designation`),
  KEY `manufacturers_id` (`manufacturers_id`),
  KEY `interfacetypes_id` (`interfacetypes_id`),
  KEY `entities_id` (`entities_id`),
  KEY `is_recursive` (`is_recursive`),
  KEY `chipset` (`chipset`),
  KEY `date_mod` (`date_mod`),
  KEY `date_creation` (`date_creation`),
  KEY `devicegraphiccardmodels_id` (`devicegraphiccardmodels_id`)
) ENGINE=InnoDB AUTO_INCREMENT=29 DEFAULT CHARSET=utf8mb4 COLLATE=utf8mb4_unicode_ci;

--
-- Dumping data for table `glpi_devicegraphiccards`
--

INSERT INTO `glpi_devicegraphiccards` VALUES
(1,'Intel(R) HD Graphics 620',0,NULL,0,0,0,0,NULL,NULL,'2024-11-27 15:19:52','2018-01-04 14:15:50'),
(2,'Intel(R) UHD Graphics 620',0,NULL,0,1024,0,0,NULL,NULL,'2024-11-27 15:19:52','2020-02-05 21:10:24'),
(3,'Intel(R) HD Graphics 5500',0,NULL,0,1024,0,0,NULL,NULL,'2024-11-27 15:19:52','2020-02-05 21:10:32'),
(4,'Intel(R) HD Graphics 4600',0,NULL,0,1024,0,0,NULL,NULL,'2024-11-27 15:19:52','2020-02-05 21:10:40'),
(5,'Intel(R) HD Graphics 4000',0,NULL,0,2112,0,0,NULL,NULL,'2024-11-27 15:19:52','2020-02-05 21:10:46'),
(6,'InnoTek Systemberatung GmbH VirtualBox Graphics Adapter',0,NULL,0,0,0,0,NULL,NULL,'2020-02-05 21:11:06','2020-02-05 21:11:06'),
(7,'AMD Radeon R7 Graphics',0,NULL,0,512,0,0,NULL,NULL,'2024-11-27 15:19:52','2020-02-05 21:11:30'),
(8,'DisplayLink USB Device',0,NULL,0,0,0,0,NULL,NULL,'2024-11-27 15:19:52','2020-02-05 21:11:52'),
(9,'Intel(R) HD Graphics 520',0,NULL,0,1024,0,0,NULL,NULL,'2024-11-27 15:19:52','2020-02-05 21:11:58'),
(10,'NVIDIA Quadro M500M',0,NULL,0,2048,0,0,NULL,NULL,'2024-11-27 15:19:52','2020-02-05 21:11:58'),
(11,'NVIDIA GeForce GT 820M',0,NULL,0,2048,0,0,NULL,NULL,'2024-11-27 15:19:52','2020-02-05 21:12:14'),
(12,'Intel(R) HD Graphics Family',0,NULL,0,1024,0,0,NULL,NULL,'2024-11-27 15:19:52','2020-02-05 21:12:14'),
(13,'Cirrus Logic GD 5446',0,NULL,0,0,0,0,NULL,NULL,'2020-02-05 21:12:21','2020-02-05 21:12:21'),
(14,'Intel(R) HD Graphics 620',0,NULL,0,0,0,0,NULL,NULL,'2024-11-27 15:19:52','2018-01-04 14:15:50'),
(15,'Intel(R) HD Graphics 620',0,NULL,0,0,0,0,NULL,NULL,'2020-02-12 09:57:31','2018-01-04 14:15:50'),
(16,'Intel(R) HD Graphics 620',0,NULL,0,0,0,0,NULL,'Intel(R) HD Graphics Family','2023-05-15 16:06:51','2022-05-13 19:39:21'),
(17,'Intel(R) UHD Graphics',0,NULL,0,0,0,0,NULL,'Intel(R) UHD Graphics Family','2024-11-27 15:19:52','2022-06-29 12:29:42'),
(18,'VirtualBox Graphics Adapter (WDDM)',0,NULL,0,0,0,0,NULL,'VirtualBox VESA BIOS','2024-11-27 15:19:52','2022-07-19 18:01:40'),
(19,'Cirrus Logic GD 5446',0,NULL,0,0,5,0,NULL,'VGA compatible controller','2023-04-26 14:15:09','2023-03-29 21:19:39'),
(20,'spacedesk Graphics Adapter',0,NULL,0,0,0,0,NULL,NULL,'2023-05-05 20:11:40','2023-05-05 20:11:40'),
(21,'NVIDIA Quadro 1000M',0,NULL,0,2048,0,0,NULL,NULL,'2023-05-05 20:11:50','2023-05-05 20:11:50'),
(22,'Intel(R) Iris(R) Xe Graphics',0,NULL,0,1024,0,0,NULL,NULL,'2023-05-05 20:12:00','2023-05-05 20:12:00'),
(23,'AMD Radeon(TM) Pro Graphics',0,NULL,0,4095,0,0,NULL,NULL,'2023-05-05 20:12:03','2023-05-05 20:12:03'),
(24,'NVIDIA RTX A2000 Laptop GPU',0,NULL,0,4095,0,0,NULL,NULL,'2023-05-05 20:12:11','2023-05-05 20:12:11'),
(25,'NVIDIA Quadro T2000',0,NULL,0,4095,0,0,NULL,NULL,'2023-05-05 20:12:13','2023-05-05 20:12:13'),
(26,'NVIDIA Quadro K1100M',0,NULL,0,2048,0,0,NULL,NULL,'2023-05-05 20:12:15','2023-05-05 20:12:15'),
(27,'Intel(R) UHD Graphics',0,NULL,0,0,0,0,NULL,'Intel(R) UHD Graphics Family','2023-04-26 14:17:03','2022-06-29 12:29:42'),
(28,'Intel(R) HD Graphics 620',0,NULL,0,0,5,0,NULL,'Intel(R) HD Graphics Family','2023-05-15 16:06:51','2022-05-13 19:39:21');

--
-- Table structure for table `glpi_deviceharddrivemodels`
--

CREATE TABLE `glpi_deviceharddrivemodels` (
  `id` int(10) unsigned NOT NULL AUTO_INCREMENT,
  `name` varchar(255) DEFAULT NULL,
  `comment` mediumtext DEFAULT NULL,
  `product_number` varchar(255) DEFAULT NULL,
  PRIMARY KEY (`id`),
  KEY `name` (`name`),
  KEY `product_number` (`product_number`)
) ENGINE=InnoDB DEFAULT CHARSET=utf8mb4 COLLATE=utf8mb4_unicode_ci;

--
-- Dumping data for table `glpi_deviceharddrivemodels`
--


--
-- Table structure for table `glpi_deviceharddrives`
--

CREATE TABLE `glpi_deviceharddrives` (
  `id` int(10) unsigned NOT NULL AUTO_INCREMENT,
  `designation` varchar(255) DEFAULT NULL,
  `rpm` varchar(255) DEFAULT NULL,
  `interfacetypes_id` int(10) unsigned NOT NULL DEFAULT 0,
  `cache` varchar(255) DEFAULT NULL,
  `comment` mediumtext DEFAULT NULL,
  `manufacturers_id` int(10) unsigned NOT NULL DEFAULT 0,
  `capacity_default` int(11) NOT NULL DEFAULT 0,
  `entities_id` int(10) unsigned NOT NULL DEFAULT 0,
  `is_recursive` tinyint(1) NOT NULL DEFAULT 0,
  `deviceharddrivemodels_id` int(10) unsigned DEFAULT NULL,
  `date_mod` timestamp NULL DEFAULT NULL,
  `date_creation` timestamp NULL DEFAULT NULL,
  PRIMARY KEY (`id`),
  KEY `designation` (`designation`),
  KEY `manufacturers_id` (`manufacturers_id`),
  KEY `interfacetypes_id` (`interfacetypes_id`),
  KEY `entities_id` (`entities_id`),
  KEY `is_recursive` (`is_recursive`),
  KEY `date_mod` (`date_mod`),
  KEY `date_creation` (`date_creation`),
  KEY `deviceharddrivemodels_id` (`deviceharddrivemodels_id`)
) ENGINE=InnoDB AUTO_INCREMENT=54 DEFAULT CHARSET=utf8mb4 COLLATE=utf8mb4_unicode_ci;

--
-- Dumping data for table `glpi_deviceharddrives`
--

INSERT INTO `glpi_deviceharddrives` VALUES
(1,'vda',NULL,0,NULL,NULL,0,0,0,0,NULL,'2020-02-06 17:47:31','2017-11-17 16:06:12'),
(2,'INTEL SSDPEKKF256G7L',NULL,3,NULL,NULL,0,0,0,0,NULL,'2024-11-27 15:19:52','2018-01-04 14:15:50'),
(3,'UFD USB Flash Drive USB Device',NULL,4,NULL,NULL,0,0,0,0,NULL,'2020-02-06 17:47:52','2018-02-14 14:07:02'),
(4,'INTEL SSDPEKKF256G7L',NULL,3,NULL,NULL,0,0,0,0,NULL,'2024-11-27 15:19:52','2018-03-09 13:56:53'),
(5,'THNSF5256GPUK TOSHIBA',NULL,0,NULL,NULL,0,244191,0,0,NULL,'2024-11-27 15:19:52','2020-02-05 21:10:16'),
(6,'KXG6AZNV512G TOSHIBA',NULL,0,NULL,NULL,0,488382,0,0,NULL,'2024-11-27 15:19:52','2020-02-05 21:10:24'),
(7,'ST500LM0 21-1KJ152 SCSI Disk Device',NULL,0,NULL,NULL,0,476937,0,0,NULL,'2024-11-27 15:19:52','2020-02-05 21:10:32'),
(8,'ST500LM021-1KJ152',NULL,0,NULL,NULL,0,476937,0,0,NULL,'2024-11-27 15:19:52','2020-02-05 21:10:40'),
(9,'HGST HTS725032A7E6300 SCSI Disk Device',NULL,0,NULL,NULL,0,305242,0,0,NULL,'2024-11-27 15:19:52','2020-02-05 21:10:46'),
(10,'sda',NULL,0,NULL,NULL,0,10737,0,0,NULL,'2023-12-08 21:22:28','2020-02-05 21:11:06'),
(11,'sdb',NULL,0,NULL,NULL,0,10,0,0,NULL,'2020-02-05 21:11:06','2020-02-05 21:11:06'),
(12,'SAMSUNG MZVLW256HEHP-000L7',NULL,0,NULL,NULL,0,244191,0,0,NULL,'2024-11-27 15:19:52','2020-02-05 21:11:30'),
(13,'INTEL SSDPEKKF256G8L',NULL,0,NULL,NULL,0,244191,0,0,NULL,'2024-11-27 15:19:52','2020-02-05 21:11:40'),
(14,'WDC WD5000LPLX-08ZNTT0',NULL,0,NULL,NULL,0,476937,0,0,NULL,'2024-11-27 15:19:52','2020-02-05 21:11:52'),
(15,'TOSHIBA MQ01ACF050',NULL,0,NULL,NULL,0,476937,0,0,NULL,'2024-11-27 15:19:52','2020-02-05 21:12:04'),
(16,'ST500LM000-SSHD-8GB',NULL,0,NULL,NULL,0,476937,0,0,NULL,'2024-11-27 15:19:52','2020-02-05 21:12:14'),
(17,'Seagate Expansion SCSI Disk Device',NULL,0,NULL,NULL,0,476937,0,0,NULL,'2020-02-06 16:30:27','2020-02-06 16:30:27'),
(18,'USB DISK 2.0 USB Device',NULL,4,NULL,NULL,0,0,0,0,NULL,'2023-02-02 19:01:40','2020-06-23 11:53:38'),
(19,'UFD USB Flash Drive USB Device',NULL,4,NULL,NULL,0,0,0,0,NULL,'2023-02-02 19:01:40','2020-10-08 11:11:27'),
(22,'SSD',NULL,0,NULL,NULL,0,0,0,0,NULL,'2024-11-27 15:19:52','2021-05-07 15:42:21'),
(23,'ST500LM021',NULL,0,NULL,NULL,0,487424,0,0,NULL,'2021-05-07 15:42:21','2021-05-07 15:42:21'),
(24,'INTEL SSDPEKKF256G7L',NULL,3,NULL,NULL,0,0,0,0,NULL,'2023-02-02 19:01:40','2021-05-07 16:56:17'),
(25,'SSD',NULL,0,NULL,NULL,0,0,0,0,NULL,'2024-11-27 15:19:52','2021-05-07 15:42:21'),
(26,'QEMU',NULL,0,NULL,NULL,0,0,0,0,NULL,'2023-02-02 19:01:40','2022-03-12 11:51:58'),
(27,'WDC PC SN730 SDBQNTY-512G-1001',NULL,3,NULL,NULL,0,0,0,0,NULL,'2024-11-27 15:19:52','2022-06-29 12:29:42'),
(28,'VBOX HARDDISK',NULL,1,NULL,NULL,0,228934,0,0,NULL,'2024-11-27 15:19:52','2022-07-19 18:01:40'),
(29,'INTEL SSDPEKKF256G7L',NULL,3,NULL,NULL,2890,0,0,0,NULL,'2023-04-19 18:42:32','2023-02-22 13:08:16'),
(30,'VBOX HARDDISK',NULL,1,NULL,NULL,2890,0,0,0,NULL,'2024-11-27 15:19:52','2023-03-29 15:27:25'),
(31,'QEMU',NULL,0,NULL,NULL,2873,0,5,0,NULL,'2023-04-26 14:15:09','2023-03-29 21:19:39'),
(32,'UFD USB Flash Drive USB Device',NULL,4,NULL,NULL,2890,0,0,0,NULL,'2023-04-19 18:42:32','2023-03-30 21:51:38'),
(33,'INTEL SSDPEKKF256G7L',NULL,3,NULL,NULL,2890,0,0,0,NULL,'2023-04-19 14:05:44','2023-04-19 14:05:44'),
(34,'INTEL SSDPEKKF256G7L',NULL,3,NULL,NULL,2919,0,5,0,NULL,'2023-04-26 14:15:09','2023-04-20 21:02:45'),
(35,'Hitachi HTS727575A9E364 ATA Device',NULL,0,NULL,NULL,0,715402,0,0,NULL,'2023-05-05 20:11:50','2023-05-05 20:11:50'),
(36,'SAMSUNG MZALQ512HBLU-00BL1',NULL,0,NULL,NULL,0,488382,0,0,NULL,'2023-05-05 20:12:00','2023-05-05 20:12:00'),
(37,'SAMSUNG MZVLB512HBJQ-000L7',NULL,0,NULL,NULL,0,488382,0,0,NULL,'2023-05-05 20:12:01','2023-05-05 20:12:01'),
(38,'SAMSUNG MZVL21T0HCLR-00BL7',NULL,0,NULL,NULL,0,976756,0,0,NULL,'2023-05-05 20:12:11','2023-05-05 20:12:11'),
(39,'SKHynix_HFS512GD9TNI-L2B0B',NULL,0,NULL,NULL,0,488382,0,0,NULL,'2023-05-05 20:12:13','2023-05-05 20:12:13'),
(40,'KINGSTON SA400S37960G',NULL,0,NULL,NULL,0,915712,0,0,NULL,'2023-05-05 20:12:15','2023-05-05 20:12:15'),
(41,'Seagate BUP Ultra Touch SCSI Disk Device',NULL,0,NULL,NULL,0,1907726,0,0,NULL,'2023-05-05 20:12:17','2023-05-05 20:12:17'),
(42,'SAMSUNG MZALQ512HALU-000L1',NULL,0,NULL,NULL,0,488382,0,0,NULL,'2023-05-05 20:12:18','2023-05-05 20:12:18'),
(43,'SanDisk SSD U110 16GB',NULL,0,NULL,NULL,0,15264,0,0,NULL,'2023-05-05 20:12:20','2023-05-05 20:12:20'),
(44,'SAMSUNG MZVLB256HBHQ-000L7',NULL,0,NULL,NULL,0,244191,0,0,NULL,'2023-05-05 20:12:27','2023-05-05 20:12:27'),
(45,'SAMSUNG MZALQ256HAJD-000L1',NULL,0,NULL,NULL,0,244191,0,0,NULL,'2023-05-05 20:12:28','2023-05-05 20:12:28'),
(46,'CT240BX500SSD1',NULL,0,NULL,NULL,0,228934,0,0,NULL,'2023-05-05 20:12:30','2023-05-05 20:12:30'),
(47,'Micron MTFDHBA512TDV',NULL,0,NULL,NULL,0,488382,0,0,NULL,'2023-05-05 20:12:40','2023-05-05 20:12:40'),
(48,'WDC PC SN730 SDBQNTY-512G-1001',NULL,3,NULL,NULL,0,0,0,0,NULL,'2023-04-26 14:17:03','2022-06-29 12:29:42'),
(49,'THNSF5256GPUK TOSHIBA',NULL,558,NULL,NULL,0,0,0,0,NULL,'2024-11-27 15:19:52','2023-07-12 13:44:00'),
(50,'INTEL SSDPEKKF256G7L',NULL,558,NULL,NULL,0,0,0,0,NULL,'2023-09-26 15:32:32','2023-09-26 15:32:32'),
(51,'Samsung PSSD T7 Shield SCSI Disk Device',NULL,0,NULL,NULL,0,953867,0,0,NULL,'2023-11-01 15:58:14','2023-11-01 15:58:14'),
(52,'SAMSUNG MZNLN256HAJQ-000L7',NULL,0,NULL,NULL,0,244191,0,0,NULL,'2023-11-01 15:58:14','2023-11-01 15:58:14'),
(53,'ADATA HD650 SCSI Disk Device',NULL,0,NULL,NULL,0,953867,0,0,NULL,'2023-11-03 22:00:05','2023-11-03 22:00:05');

--
-- Table structure for table `glpi_devicememories`
--

CREATE TABLE `glpi_devicememories` (
  `id` int(10) unsigned NOT NULL AUTO_INCREMENT,
  `designation` varchar(255) DEFAULT NULL,
  `frequence` varchar(255) DEFAULT NULL,
  `comment` mediumtext DEFAULT NULL,
  `manufacturers_id` int(10) unsigned NOT NULL DEFAULT 0,
  `size_default` int(11) NOT NULL DEFAULT 0,
  `devicememorytypes_id` int(10) unsigned NOT NULL DEFAULT 0,
  `entities_id` int(10) unsigned NOT NULL DEFAULT 0,
  `is_recursive` tinyint(1) NOT NULL DEFAULT 0,
  `devicememorymodels_id` int(10) unsigned DEFAULT NULL,
  `date_mod` timestamp NULL DEFAULT NULL,
  `date_creation` timestamp NULL DEFAULT NULL,
  PRIMARY KEY (`id`),
  KEY `designation` (`designation`),
  KEY `manufacturers_id` (`manufacturers_id`),
  KEY `devicememorytypes_id` (`devicememorytypes_id`),
  KEY `entities_id` (`entities_id`),
  KEY `is_recursive` (`is_recursive`),
  KEY `date_mod` (`date_mod`),
  KEY `date_creation` (`date_creation`),
  KEY `devicememorymodels_id` (`devicememorymodels_id`)
) ENGINE=InnoDB AUTO_INCREMENT=87 DEFAULT CHARSET=utf8mb4 COLLATE=utf8mb4_unicode_ci;

--
-- Dumping data for table `glpi_devicememories`
--

INSERT INTO `glpi_devicememories` VALUES
(1,'RAM - DIMM','Unknown',NULL,0,0,5,0,1,NULL,'2021-05-03 20:28:42','2017-11-17 16:06:12'),
(2,'DDR4 - SODIMM','2133',NULL,0,0,6,0,1,NULL,'2024-11-27 15:19:52','2018-01-04 14:15:50'),
(15,'DDR3 - BANK 0 (No ECC)','1600',NULL,0,8192,10,0,1,NULL,'2024-11-27 15:19:52','2020-02-05 21:10:32'),
(16,'DDR3 - BANK 2 (No ECC)','1600',NULL,0,8192,10,0,1,NULL,'2024-11-27 15:19:52','2020-02-05 21:10:32'),
(18,'CHANNEL A (No ECC)','2400',NULL,0,16384,7,0,1,NULL,'2024-11-27 15:19:52','2020-02-05 21:11:30'),
(22,'BANK 2 (No ECC)','2133',NULL,0,8192,7,0,1,NULL,'2024-11-27 15:19:52','2020-02-05 21:11:40'),
(27,'RAM - Other',NULL,NULL,0,2048,5,0,1,NULL,'2021-05-03 20:28:52','2020-02-05 21:12:21'),
(31,'DDR2',NULL,NULL,0,5120,0,0,0,NULL,'2024-11-27 15:19:52','2021-05-07 15:42:21'),
(32,'DDR3',NULL,NULL,0,8192,0,0,0,NULL,'2024-11-27 15:19:52','2021-05-07 15:42:21'),
(33,'DDR4',NULL,NULL,0,16384,0,0,0,NULL,'2024-11-27 15:19:52','2021-05-07 16:17:22'),
(34,'DDR1',NULL,NULL,0,0,0,0,0,NULL,'2024-11-27 15:19:52','2021-08-06 16:10:37'),
(35,'DDR4 - SODIMM','2133',NULL,0,0,6,0,1,NULL,'2021-05-03 20:28:34','2018-01-04 14:15:50'),
(36,'DDR4',NULL,NULL,0,16384,0,0,0,NULL,'2024-11-27 15:19:52','2021-05-07 16:17:22'),
(37,'RAM - DIMM','',NULL,0,0,5,0,0,NULL,'2022-03-12 11:51:58','2022-03-12 11:51:58'),
(38,'RAM - DIMM','',NULL,0,0,5,0,0,NULL,'2022-04-14 15:28:02','2022-04-14 15:28:02'),
(39,'DDR4 - SODIMM','2133',NULL,0,0,6,0,0,NULL,'2023-02-02 19:01:40','2022-05-13 19:39:21'),
(40,'RAM - DIMM',NULL,NULL,0,0,5,0,0,NULL,'2023-02-02 19:01:40','2022-06-28 20:59:52'),
(41,'Mémoire physique','3200',NULL,0,0,7,0,0,NULL,'2022-06-29 12:29:42','2022-06-29 12:29:42'),
(64,'DDR4 - SODIMM','2133',NULL,2788,0,6,0,0,NULL,'2024-03-18 20:47:14','2023-02-22 13:08:16'),
(65,'RAM - DIMM',NULL,NULL,2873,0,5,5,0,NULL,'2023-04-26 14:15:09','2023-03-29 21:19:39'),
(66,'BANK 0 (No ECC)','2133',NULL,0,16384,7,5,0,NULL,'2023-09-26 15:19:10','2023-04-19 18:36:23'),
(67,'BANK 2 (No ECC)','3200',NULL,0,16384,7,0,0,NULL,'2024-11-27 15:19:52','2023-04-21 14:02:24'),
(68,'BANK 2 (No ECC)','2667',NULL,0,16384,7,0,0,NULL,'2023-05-05 20:11:40','2023-05-05 20:11:40'),
(69,'BANK 0 (No ECC)','1600',NULL,0,8192,0,0,0,NULL,'2023-05-05 20:11:44','2023-05-05 20:11:44'),
(70,'BANK 0 (No ECC)','1867',NULL,0,4096,7,0,0,NULL,'2023-05-05 20:11:48','2023-05-05 20:11:48'),
(71,'BANK 2 (No ECC)','1867',NULL,0,4096,7,0,0,NULL,'2023-05-05 20:11:48','2023-05-05 20:11:48'),
(72,'BANK 0 (No ECC)','1333',NULL,0,8192,7,0,0,NULL,'2023-05-05 20:11:50','2023-05-05 20:11:50'),
(73,'BANK 3 (No ECC)','1333',NULL,0,8192,7,0,0,NULL,'2023-05-05 20:11:50','2023-05-05 20:11:50'),
(74,'BANK 2 (No ECC)','1333',NULL,0,8192,7,0,0,NULL,'2023-05-05 20:11:50','2023-05-05 20:11:50'),
(75,'BANK 1 (No ECC)','1333',NULL,0,8192,7,0,0,NULL,'2023-05-05 20:11:50','2023-05-05 20:11:50'),
(76,'BANK 0 (No ECC)','2400',NULL,0,8192,7,0,0,NULL,'2023-05-05 20:11:55','2023-05-05 20:11:55'),
(77,'BANK 2 (No ECC)','2400',NULL,0,8192,7,0,0,NULL,'2023-05-05 20:11:55','2023-05-05 20:11:55'),
(78,'BANK 0 (No ECC)','3200',NULL,0,16384,7,0,0,NULL,'2023-05-05 20:11:57','2023-05-05 20:11:57'),
(79,'BANK 0 (No ECC)','2667',NULL,0,32768,7,0,0,NULL,'2023-05-05 20:12:00','2023-05-05 20:12:00'),
(80,'P0 CHANNEL A (No ECC)','3200',NULL,0,16384,7,0,0,NULL,'2023-05-05 20:12:03','2023-05-05 20:12:03'),
(81,'P0 CHANNEL B (No ECC)','3200',NULL,0,16384,7,0,0,NULL,'2023-05-05 20:12:03','2023-05-05 20:12:03'),
(82,'BANK 1 (No ECC)','3200',NULL,0,16384,7,0,0,NULL,'2023-05-05 20:12:13','2023-05-05 20:12:13'),
(83,'BANK 1 (No ECC)','1600',NULL,0,4096,0,0,0,NULL,'2023-05-05 20:12:15','2023-05-05 20:12:15'),
(84,'BANK 2 (No ECC)','1600',NULL,0,4096,0,0,0,NULL,'2023-05-05 20:12:15','2023-05-05 20:12:15'),
(85,'BANK 3 (No ECC)','1600',NULL,0,4096,0,0,0,NULL,'2023-05-05 20:12:15','2023-05-05 20:12:15'),
(86,'LPDDR3 - Row Of Chips','1867',NULL,3154,0,12,0,0,NULL,'2024-11-27 15:19:52','2023-07-12 13:44:00');

--
-- Table structure for table `glpi_devicememorymodels`
--

CREATE TABLE `glpi_devicememorymodels` (
  `id` int(10) unsigned NOT NULL AUTO_INCREMENT,
  `name` varchar(255) DEFAULT NULL,
  `comment` mediumtext DEFAULT NULL,
  `product_number` varchar(255) DEFAULT NULL,
  PRIMARY KEY (`id`),
  KEY `name` (`name`),
  KEY `product_number` (`product_number`)
) ENGINE=InnoDB DEFAULT CHARSET=utf8mb4 COLLATE=utf8mb4_unicode_ci;

--
-- Dumping data for table `glpi_devicememorymodels`
--


--
-- Table structure for table `glpi_devicememorytypes`
--

CREATE TABLE `glpi_devicememorytypes` (
  `id` int(10) unsigned NOT NULL AUTO_INCREMENT,
  `name` varchar(255) DEFAULT NULL,
  `comment` mediumtext DEFAULT NULL,
  `date_mod` timestamp NULL DEFAULT NULL,
  `date_creation` timestamp NULL DEFAULT NULL,
  PRIMARY KEY (`id`),
  KEY `name` (`name`),
  KEY `date_mod` (`date_mod`),
  KEY `date_creation` (`date_creation`)
) ENGINE=InnoDB AUTO_INCREMENT=13 DEFAULT CHARSET=utf8mb4 COLLATE=utf8mb4_unicode_ci;

--
-- Dumping data for table `glpi_devicememorytypes`
--

INSERT INTO `glpi_devicememorytypes` VALUES
(1,'EDO',NULL,NULL,NULL),
(2,'DDR',NULL,NULL,NULL),
(3,'SDRAM',NULL,NULL,NULL),
(4,'SDRAM-2',NULL,NULL,NULL),
(5,'RAM','','2017-11-17 16:06:12','2017-11-17 16:06:12'),
(6,'DDR4','','2018-01-04 14:15:50','2018-01-04 14:15:50'),
(7,'Unknown','','2020-02-05 21:10:16','2020-02-05 21:10:16'),
(8,'Empty slot','','2020-02-05 21:10:24','2020-02-05 21:10:24'),
(9,'(26)','','2020-02-05 21:10:24','2020-02-05 21:10:24'),
(10,'DDR3','','2020-02-05 21:10:32','2020-02-05 21:10:32'),
(11,'DDR2','','2021-05-05 20:06:09','2021-05-05 20:06:09'),
(12,'LPDDR3','','2023-07-12 13:44:00','2023-07-12 13:44:00');

--
-- Table structure for table `glpi_devicemotherboardmodels`
--

CREATE TABLE `glpi_devicemotherboardmodels` (
  `id` int(10) unsigned NOT NULL AUTO_INCREMENT,
  `name` varchar(255) DEFAULT NULL,
  `comment` mediumtext DEFAULT NULL,
  `product_number` varchar(255) DEFAULT NULL,
  PRIMARY KEY (`id`),
  KEY `name` (`name`),
  KEY `product_number` (`product_number`)
) ENGINE=InnoDB DEFAULT CHARSET=utf8mb4 COLLATE=utf8mb4_unicode_ci;

--
-- Dumping data for table `glpi_devicemotherboardmodels`
--


--
-- Table structure for table `glpi_devicemotherboards`
--

CREATE TABLE `glpi_devicemotherboards` (
  `id` int(10) unsigned NOT NULL AUTO_INCREMENT,
  `designation` varchar(255) DEFAULT NULL,
  `chipset` varchar(255) DEFAULT NULL,
  `comment` mediumtext DEFAULT NULL,
  `manufacturers_id` int(10) unsigned NOT NULL DEFAULT 0,
  `entities_id` int(10) unsigned NOT NULL DEFAULT 0,
  `is_recursive` tinyint(1) NOT NULL DEFAULT 0,
  `devicemotherboardmodels_id` int(10) unsigned DEFAULT NULL,
  `date_mod` timestamp NULL DEFAULT NULL,
  `date_creation` timestamp NULL DEFAULT NULL,
  PRIMARY KEY (`id`),
  KEY `designation` (`designation`),
  KEY `manufacturers_id` (`manufacturers_id`),
  KEY `entities_id` (`entities_id`),
  KEY `is_recursive` (`is_recursive`),
  KEY `date_mod` (`date_mod`),
  KEY `date_creation` (`date_creation`),
  KEY `devicemotherboardmodels_id` (`devicemotherboardmodels_id`)
) ENGINE=InnoDB DEFAULT CHARSET=utf8mb4 COLLATE=utf8mb4_unicode_ci;

--
-- Dumping data for table `glpi_devicemotherboards`
--


--
-- Table structure for table `glpi_devicenetworkcardmodels`
--

CREATE TABLE `glpi_devicenetworkcardmodels` (
  `id` int(10) unsigned NOT NULL AUTO_INCREMENT,
  `name` varchar(255) DEFAULT NULL,
  `comment` mediumtext DEFAULT NULL,
  `product_number` varchar(255) DEFAULT NULL,
  PRIMARY KEY (`id`),
  KEY `name` (`name`),
  KEY `product_number` (`product_number`)
) ENGINE=InnoDB DEFAULT CHARSET=utf8mb4 COLLATE=utf8mb4_unicode_ci;

--
-- Dumping data for table `glpi_devicenetworkcardmodels`
--


--
-- Table structure for table `glpi_devicenetworkcards`
--

CREATE TABLE `glpi_devicenetworkcards` (
  `id` int(10) unsigned NOT NULL AUTO_INCREMENT,
  `designation` varchar(255) DEFAULT NULL,
  `bandwidth` varchar(255) DEFAULT NULL,
  `comment` mediumtext DEFAULT NULL,
  `manufacturers_id` int(10) unsigned NOT NULL DEFAULT 0,
  `mac_default` varchar(255) DEFAULT NULL,
  `entities_id` int(10) unsigned NOT NULL DEFAULT 0,
  `is_recursive` tinyint(1) NOT NULL DEFAULT 0,
  `devicenetworkcardmodels_id` int(10) unsigned DEFAULT NULL,
  `date_mod` timestamp NULL DEFAULT NULL,
  `date_creation` timestamp NULL DEFAULT NULL,
  PRIMARY KEY (`id`),
  KEY `designation` (`designation`),
  KEY `manufacturers_id` (`manufacturers_id`),
  KEY `entities_id` (`entities_id`),
  KEY `is_recursive` (`is_recursive`),
  KEY `date_mod` (`date_mod`),
  KEY `date_creation` (`date_creation`),
  KEY `devicenetworkcardmodels_id` (`devicenetworkcardmodels_id`)
) ENGINE=InnoDB AUTO_INCREMENT=332 DEFAULT CHARSET=utf8mb4 COLLATE=utf8mb4_unicode_ci;

--
-- Dumping data for table `glpi_devicenetworkcards`
--

INSERT INTO `glpi_devicenetworkcards` VALUES
(1,'Ethernet Connection (4) I219-V',NULL,NULL,0,NULL,0,0,NULL,'2023-05-15 16:06:51','2018-01-04 14:15:50'),
(2,'Wireless 8265 / 8275',NULL,NULL,0,NULL,0,0,NULL,'2023-05-15 16:06:51','2018-01-04 14:15:50'),
(3,'Dual Band Wireless-AC 8265',NULL,NULL,0,NULL,0,0,NULL,'2024-11-27 15:19:52','2020-01-29 19:57:40'),
(4,'TAP-Windows Adapter V9-WFP Native MAC Layer LightWeight Filter-0000','100',NULL,0,NULL,0,0,NULL,'2024-11-27 15:19:52','2020-02-05 21:10:16'),
(5,'Bluetooth Device (Personal Area Network)','3',NULL,0,NULL,0,0,NULL,'2024-11-27 15:19:52','2020-02-05 21:10:16'),
(6,'VirtualBox Host-Only Ethernet Adapter','1000',NULL,0,NULL,0,0,NULL,'2024-11-27 15:19:52','2020-02-05 21:10:16'),
(7,'VirtualBox Host-Only Ethernet Adapter #2','1000',NULL,0,NULL,0,0,NULL,'2024-11-27 15:19:52','2020-02-05 21:10:16'),
(8,'Intel(R) Dual Band Wireless-AC 8265','650',NULL,0,NULL,0,0,NULL,'2024-11-27 15:19:52','2020-02-05 21:10:16'),
(9,'TAP-NordVPN Windows Adapter V9-WFP Native MAC Layer LightWeight Filter-0000','1000',NULL,0,NULL,0,0,NULL,'2024-11-27 15:19:52','2020-02-05 21:10:24'),
(10,'Fortinet Virtual Ethernet Adapter (NDIS 6.30)-WFP Native MAC Layer LightWeight Filter-0000','100',NULL,0,NULL,0,0,NULL,'2024-11-27 15:19:52','2020-02-05 21:10:24'),
(11,'Intel(R) Wireless-AC 9260 160MHz','72',NULL,0,NULL,0,0,NULL,'2024-11-27 15:19:52','2020-02-05 21:10:24'),
(12,'Intel(R) Wireless-AC 9260 160MHz','325',NULL,0,NULL,0,0,NULL,'2024-11-27 15:19:52','2020-02-05 21:10:29'),
(13,'ThinkPad OneLink Dock USB GigaLAN','1000',NULL,0,NULL,0,0,NULL,'2024-11-27 15:19:52','2020-02-05 21:10:32'),
(14,'Intel(R) Dual Band Wireless-AC 3160-WFP Native MAC Layer LightWeight Filter-0000','54',NULL,0,NULL,0,0,NULL,'2024-11-27 15:19:52','2020-02-05 21:10:32'),
(15,'Microsoft Wi-Fi Direct Virtual Adapter #4','54',NULL,0,NULL,0,0,NULL,'2024-11-27 15:19:52','2020-02-05 21:10:32'),
(16,'Intel(R) Ethernet Connection I217-LM (IPV6)','1000',NULL,0,NULL,0,0,NULL,'2024-11-27 15:19:52','2020-02-05 21:10:40'),
(17,'Intel(R) Centrino(R) Advanced-N 6205 (IPV6)','150',NULL,0,NULL,0,0,NULL,'2024-11-27 15:19:52','2020-02-05 21:10:46'),
(18,'BlackBerry Virtual Private Network (IPV6)','4000',NULL,0,NULL,0,0,NULL,'2024-11-27 15:19:52','2020-02-05 21:10:46'),
(19,'Intel(R) Dual Band Wireless-AC 3160','260',NULL,0,NULL,0,0,NULL,'2024-11-27 15:19:52','2020-02-05 21:10:58'),
(20,'Périphérique Bluetooth (réseau personnel)','3',NULL,0,NULL,0,0,NULL,'2024-11-27 15:19:52','2020-02-05 21:11:01'),
(21,'Intel(R) Dual Band Wireless-AC 3160','150',NULL,0,NULL,0,0,NULL,'2024-11-27 15:19:52','2020-02-05 21:11:01'),
(22,'enp0s3','10',NULL,0,NULL,0,0,NULL,'2020-02-05 21:11:06','2020-02-05 21:11:06'),
(23,'enp0s8','10',NULL,0,NULL,0,0,NULL,'2020-02-05 21:11:06','2020-02-05 21:11:06'),
(24,'enp0s9','10',NULL,0,NULL,0,0,NULL,'2020-02-05 21:11:06','2020-02-05 21:11:06'),
(25,'Realtek 8822BE Wireless LAN 802.11ac PCI-E NIC','300',NULL,0,NULL,0,0,NULL,'2024-11-27 15:19:52','2020-02-05 21:11:30'),
(26,'Microsoft Teredo Tunneling Adapter (IPV6)',NULL,NULL,0,NULL,0,0,NULL,'2024-11-27 15:19:52','2020-02-05 21:11:30'),
(27,'Intel(R) Dual Band Wireless-AC 8265','866',NULL,0,NULL,0,0,NULL,'2024-11-27 15:19:52','2020-02-05 21:11:35'),
(28,'Intel(R) Dual Band Wireless-AC 8265','72',NULL,0,NULL,0,0,NULL,'2024-11-27 15:19:52','2020-02-05 21:11:40'),
(29,'ThinkPad USB-C Dock Ethernet','1000',NULL,0,NULL,0,0,NULL,'2024-11-27 15:19:52','2020-02-05 21:11:43'),
(30,'Realtek 8822BE Wireless LAN 802.11ac PCI-E NIC-WFP Native MAC Layer LightWeight Filter-0000','180',NULL,0,NULL,0,0,NULL,'2024-11-27 15:19:52','2020-02-05 21:11:43'),
(31,'Lenovo USB Ethernet','100',NULL,0,NULL,0,0,NULL,'2024-11-27 15:19:52','2020-02-05 21:11:52'),
(32,'Intel(R) Dual Band Wireless-AC 8260-WFP Native MAC Layer LightWeight Filter-0000','300',NULL,0,NULL,0,0,NULL,'2024-11-27 15:19:52','2020-02-05 21:11:58'),
(33,'Realtek PCIe GBE Family Controller','1000',NULL,0,NULL,0,0,NULL,'2024-11-27 15:19:52','2020-02-05 21:12:04'),
(34,'Qualcomm Atheros QCA9377 Wireless Network Adapter-WFP Native MAC Layer LightWeight Filter-0000','150',NULL,0,NULL,0,0,NULL,'2024-11-27 15:19:52','2020-02-05 21:12:04'),
(35,'VirtualBox Host-Only Ethernet Adapter #6','1000',NULL,0,NULL,0,0,NULL,'2024-11-27 15:19:52','2020-02-05 21:12:08'),
(36,'Intel(R) Dual Band Wireless-AC 8265','780',NULL,0,NULL,0,0,NULL,'2024-11-27 15:19:52','2020-02-05 21:12:08'),
(37,'Bluetooth Device (Personal Area Network) #2','3',NULL,0,NULL,0,0,NULL,'2024-11-27 15:19:52','2020-02-05 21:12:14'),
(38,'Juniper Networks Virtual Adapter','2000',NULL,0,NULL,0,0,NULL,'2024-11-27 15:19:52','2020-02-05 21:12:14'),
(39,'Qualcomm Atheros AR956x Wireless Network Adapter','72',NULL,0,NULL,0,0,NULL,'2024-11-27 15:19:52','2020-02-05 21:12:14'),
(40,'eth0','10',NULL,0,NULL,0,0,NULL,'2020-02-05 21:12:21','2020-02-05 21:12:21'),
(41,'eth1','10',NULL,0,NULL,0,0,NULL,'2020-02-05 21:12:21','2020-02-05 21:12:21'),
(42,'Ethernet Connection (4) I219-V',NULL,NULL,0,NULL,0,0,NULL,'2023-02-02 19:01:40','2021-05-06 17:11:03'),
(43,'Dual Band Wireless-AC 8265',NULL,NULL,0,NULL,0,0,NULL,'2023-02-02 19:01:40','2021-05-06 17:11:03'),
(44,'Ethernet Connection (4) I219-V',NULL,NULL,0,NULL,0,0,NULL,'2023-02-02 19:01:40','2021-05-07 16:56:17'),
(45,'Dual Band Wireless-AC 8265',NULL,NULL,0,NULL,0,0,NULL,'2023-02-02 19:01:40','2021-05-07 16:56:17'),
(46,'Ethernet Connection (4) I219-V',NULL,NULL,0,NULL,0,0,NULL,'2023-02-02 19:01:40','2021-05-07 17:21:47'),
(47,'Dual Band Wireless-AC 8265',NULL,NULL,0,NULL,0,0,NULL,'2023-02-02 19:01:40','2021-05-07 17:21:47'),
(48,'Ethernet Connection (4) I219-V',NULL,NULL,0,NULL,0,0,NULL,'2023-02-02 19:01:40','2022-02-04 14:59:21'),
(49,'Dual Band Wireless-AC 8265',NULL,NULL,0,NULL,0,0,NULL,'2023-02-02 19:01:40','2022-02-04 14:59:21'),
(50,'Wi-Fi 6 AX200',NULL,NULL,0,'9c:fc:e8:3d:8e:98',0,0,NULL,'2023-02-02 19:01:40','2022-06-29 12:29:42'),
(51,'Ethernet Connection (10) I219-V',NULL,NULL,0,'00:2b:67:8b:90:9b',0,0,NULL,'2023-02-02 19:01:40','2022-06-29 12:29:42'),
(52,'82540EM Gigabit Ethernet Controller',NULL,NULL,0,'08:00:27:29:f5:a9',0,0,NULL,'2024-11-27 15:19:52','2022-07-19 18:01:40'),
(53,'Intel(R) Ethernet Connection (4) I219-V-WFP Native MAC Layer LightWeight Filter-0000','0 b/s',NULL,0,NULL,0,0,NULL,'2023-04-19 18:36:23','2023-04-19 18:36:23'),
(54,'Intel(R) Ethernet Connection (4) I219-V-Fortinet NDIS 6.0 LightWeight Filter-0000','0 b/s',NULL,0,NULL,0,0,NULL,'2023-04-19 18:36:23','2023-04-19 18:36:23'),
(55,'Intel(R) Ethernet Connection (4) I219-V-QoS Packet Scheduler-0000','0 b/s',NULL,0,NULL,0,0,NULL,'2023-04-19 18:36:23','2023-04-19 18:36:23'),
(56,'Intel(R) Ethernet Connection (4) I219-V-WFP 802.3 MAC Layer LightWeight Filter-0000','0 b/s',NULL,0,NULL,0,0,NULL,'2023-04-19 18:36:23','2023-04-19 18:36:23'),
(57,'Bluetooth Device (Personal Area Network)','3 Mb/s',NULL,0,NULL,0,0,NULL,'2024-11-27 15:19:52','2023-04-19 18:36:23'),
(58,'Intel(R) Ethernet Connection (4) I219-V','0 b/s',NULL,0,NULL,0,0,NULL,'2023-04-19 18:36:23','2023-04-19 18:36:23'),
(59,'WAN Miniport (PPPOE)','0 b/s',NULL,0,NULL,0,0,NULL,'2024-11-27 15:19:52','2023-04-19 18:36:23'),
(60,'PPPoP WAN Adapter','0 b/s',NULL,0,NULL,0,0,NULL,'2023-04-19 18:36:23','2023-04-19 18:36:23'),
(61,'Intel(R) Dual Band Wireless-AC 8265 (IPV6)','468 Mb/s',NULL,0,NULL,0,0,NULL,'2023-04-19 18:36:23','2023-04-19 18:36:23'),
(62,'Intel(R) Dual Band Wireless-AC 8265','468 Mb/s',NULL,0,NULL,0,0,NULL,'2023-04-19 18:36:23','2023-04-19 18:36:23'),
(63,'WAN Miniport (IKEv2)','0 b/s',NULL,0,NULL,0,0,NULL,'2024-11-27 15:19:52','2023-04-19 18:36:23'),
(64,'WAN Miniport (L2TP)','0 b/s',NULL,0,NULL,0,0,NULL,'2024-11-27 15:19:52','2023-04-19 18:36:23'),
(65,'WAN Miniport (PPTP)','0 b/s',NULL,0,NULL,0,0,NULL,'2024-11-27 15:19:52','2023-04-19 18:36:23'),
(66,'WAN Miniport (SSTP)','0 b/s',NULL,0,NULL,0,0,NULL,'2024-11-27 15:19:52','2023-04-19 18:36:23'),
(67,'Intel(R) Ethernet Connection (10) I219-V-WFP Native MAC Layer LightWeight Filter-0000','0 b/s',NULL,0,NULL,0,0,NULL,'2024-11-27 15:19:52','2023-04-21 14:02:24'),
(68,'Intel(R) Ethernet Connection (10) I219-V-Npcap Packet Driver (NPCAP)-0000','0 b/s',NULL,0,NULL,0,0,NULL,'2024-11-27 15:19:52','2023-04-21 14:02:24'),
(69,'Intel(R) Ethernet Connection (10) I219-V-QoS Packet Scheduler-0000','0 b/s',NULL,0,NULL,0,0,NULL,'2024-11-27 15:19:52','2023-04-21 14:02:24'),
(70,'Intel(R) Ethernet Connection (10) I219-V-WFP 802.3 MAC Layer LightWeight Filter-0000','0 b/s',NULL,0,NULL,0,0,NULL,'2024-11-27 15:19:52','2023-04-21 14:02:24'),
(71,'Bluetooth Device (Personal Area Network)-Npcap Packet Driver (NPCAP)-0000','3 Mb/s',NULL,0,NULL,0,0,NULL,'2024-11-27 15:19:52','2023-04-21 14:02:24'),
(72,'Intel(R) Ethernet Connection (10) I219-V','0 b/s',NULL,0,NULL,0,0,NULL,'2024-11-27 15:19:52','2023-04-21 14:02:24'),
(73,'Intel(R) Wi-Fi 6 AX200 160MHz (IPV6)','26 Mb/s',NULL,0,NULL,0,0,NULL,'2024-11-27 15:19:52','2023-04-21 14:02:24'),
(74,'Intel(R) Wi-Fi 6 AX200 160MHz','26 Mb/s',NULL,0,NULL,0,0,NULL,'2024-11-27 15:19:52','2023-04-21 14:02:24'),
(75,'Generic Mobile Broadband Adapter-WFP Native MAC Layer LightWeight Filter-0000','0 b/s',NULL,0,NULL,0,0,NULL,'2024-11-27 15:19:52','2023-04-21 14:02:24'),
(76,'Generic Mobile Broadband Adapter-Npcap Packet Driver (NPCAP)-0000','0 b/s',NULL,0,NULL,0,0,NULL,'2024-11-27 15:19:52','2023-04-21 14:02:24'),
(77,'Generic Mobile Broadband Adapter','0 b/s',NULL,0,NULL,0,0,NULL,'2024-11-27 15:19:52','2023-04-21 14:02:24'),
(78,'Intel(R) Ethernet Connection (6) I219-V-WFP Native MAC Layer LightWeight Filter-0000','0 b/s',NULL,0,NULL,0,0,NULL,'2023-05-05 20:11:40','2023-05-05 20:11:40'),
(79,'Intel(R) Ethernet Connection (6) I219-V-QoS Packet Scheduler-0000','0 b/s',NULL,0,NULL,0,0,NULL,'2023-05-05 20:11:40','2023-05-05 20:11:40'),
(80,'Intel(R) Ethernet Connection (6) I219-V-WFP 802.3 MAC Layer LightWeight Filter-0000','0 b/s',NULL,0,NULL,0,0,NULL,'2023-05-05 20:11:40','2023-05-05 20:11:40'),
(81,'Intel(R) Ethernet Connection (6) I219-V','0 b/s',NULL,0,NULL,0,0,NULL,'2023-05-05 20:11:40','2023-05-05 20:11:40'),
(82,'Lenovo USB Ethernet','0 b/s',NULL,0,NULL,0,0,NULL,'2023-05-05 20:11:40','2023-05-05 20:11:40'),
(83,'Lenovo USB Ethernet #2','100 Mb/s',NULL,0,NULL,0,0,NULL,'2023-05-05 20:11:40','2023-05-05 20:11:40'),
(84,'Remote NDIS based Internet Sharing Device','425 Mb/s',NULL,0,NULL,0,0,NULL,'2023-05-05 20:11:40','2023-05-05 20:11:40'),
(85,'Intel(R) Wireless-AC 9260 160MHz-WFP Native MAC Layer LightWeight Filter-0000','144 Mb/s',NULL,0,NULL,0,0,NULL,'2023-05-05 20:11:40','2023-05-05 20:11:40'),
(86,'Intel(R) Wireless-AC 9260 160MHz-Native WiFi Filter Driver-0000','144 Mb/s',NULL,0,NULL,0,0,NULL,'2023-05-05 20:11:40','2023-05-05 20:11:40'),
(87,'Intel(R) Wireless-AC 9260 160MHz-QoS Packet Scheduler-0000','144 Mb/s',NULL,0,NULL,0,0,NULL,'2023-05-05 20:11:40','2023-05-05 20:11:40'),
(88,'Intel(R) Wireless-AC 9260 160MHz-WFP 802.3 MAC Layer LightWeight Filter-0000','144 Mb/s',NULL,0,NULL,0,0,NULL,'2023-05-05 20:11:40','2023-05-05 20:11:40'),
(89,'Intel(R) Wireless-AC 9260 160MHz','144 Mb/s',NULL,0,NULL,0,0,NULL,'2023-05-05 20:11:40','2023-05-05 20:11:40'),
(90,'Intel(R) Wireless-AC 9560 160MHz (IPV6)','144 Mb/s',NULL,0,NULL,0,0,NULL,'2023-05-05 20:11:42','2023-05-05 20:11:42'),
(91,'Intel(R) Wireless-AC 9560 160MHz','144 Mb/s',NULL,0,NULL,0,0,NULL,'2023-05-05 20:11:42','2023-05-05 20:11:42'),
(92,'Intel(R) 82579LM Gigabit Network Connection','1 Gb/s',NULL,0,NULL,0,0,NULL,'2023-05-05 20:11:44','2023-05-05 20:11:44'),
(93,'Bluetooth PAN HelpText','3 Mb/s',NULL,0,NULL,0,0,NULL,'2023-05-05 20:11:44','2023-05-05 20:11:44'),
(94,'Intel(R) Centrino(R) Advanced-N 6205','0 b/s',NULL,0,NULL,0,0,NULL,'2023-05-05 20:11:44','2023-05-05 20:11:44'),
(95,'Intel(R) Centrino(R) Advanced-N 6205-WFP Native MAC Layer LightWeight Filter-0000','0 b/s',NULL,0,NULL,0,0,NULL,'2023-05-05 20:11:44','2023-05-05 20:11:44'),
(96,'Intel(R) Centrino(R) Advanced-N 6205-Native WiFi Filter Driver-0000','0 b/s',NULL,0,NULL,0,0,NULL,'2023-05-05 20:11:44','2023-05-05 20:11:44'),
(97,'Intel(R) Centrino(R) Advanced-N 6205-QoS Packet Scheduler-0000','0 b/s',NULL,0,NULL,0,0,NULL,'2023-05-05 20:11:44','2023-05-05 20:11:44'),
(98,'Intel(R) Centrino(R) Advanced-N 6205-WFP 802.3 MAC Layer LightWeight Filter-0000','0 b/s',NULL,0,NULL,0,0,NULL,'2023-05-05 20:11:44','2023-05-05 20:11:44'),
(99,'Intel(R) Ethernet Connection (4) I219-V-Intel(R) Technology Access Filter Driver-0000','0 b/s',NULL,0,NULL,0,0,NULL,'2023-05-05 20:11:48','2023-05-05 20:11:48'),
(100,'Intel(R) Ethernet Connection (4) I219-V-Zone Alarm Firewall Driver-0000','0 b/s',NULL,0,NULL,0,0,NULL,'2023-05-05 20:11:48','2023-05-05 20:11:48'),
(101,'Bluetooth Device (Personal Area Network)-Zone Alarm Firewall Driver-0000','3 Mb/s',NULL,0,NULL,0,0,NULL,'2023-05-05 20:11:48','2023-05-05 20:11:48'),
(102,'Lenovo USB Ethernet #2','1 Gb/s',NULL,0,NULL,0,0,NULL,'2023-05-05 20:11:48','2023-05-05 20:11:48'),
(103,'Wintun Userspace Tunnel','1 Gb/s',NULL,0,NULL,0,0,NULL,'2023-05-05 20:11:48','2023-05-05 20:11:48'),
(104,'TAP-Windows Adapter V9','1 Gb/s',NULL,0,NULL,0,0,NULL,'2023-05-05 20:11:48','2023-05-05 20:11:48'),
(105,'Intel(R) Dual Band Wireless-AC 8265-WFP Native MAC Layer LightWeight Filter-0000','0 b/s',NULL,0,NULL,0,0,NULL,'2023-05-05 20:11:48','2023-05-05 20:11:48'),
(106,'Intel(R) Dual Band Wireless-AC 8265-Native WiFi Filter Driver-0000','0 b/s',NULL,0,NULL,0,0,NULL,'2023-05-05 20:11:48','2023-05-05 20:11:48'),
(107,'Intel(R) Dual Band Wireless-AC 8265-Fortinet NDIS 6.0 LightWeight Filter-0000','0 b/s',NULL,0,NULL,0,0,NULL,'2023-05-05 20:11:48','2023-05-05 20:11:48'),
(108,'Intel(R) Dual Band Wireless-AC 8265-Intel(R) Technology Access Filter Driver-0000','0 b/s',NULL,0,NULL,0,0,NULL,'2023-05-05 20:11:48','2023-05-05 20:11:48'),
(109,'Intel(R) Dual Band Wireless-AC 8265-Zone Alarm Firewall Driver-0000','0 b/s',NULL,0,NULL,0,0,NULL,'2023-05-05 20:11:48','2023-05-05 20:11:48'),
(110,'Intel(R) Dual Band Wireless-AC 8265-QoS Packet Scheduler-0000','0 b/s',NULL,0,NULL,0,0,NULL,'2023-05-05 20:11:48','2023-05-05 20:11:48'),
(111,'Intel(R) Dual Band Wireless-AC 8265-WFP 802.3 MAC Layer LightWeight Filter-0000','0 b/s',NULL,0,NULL,0,0,NULL,'2023-05-05 20:11:48','2023-05-05 20:11:48'),
(112,'Intel(R) Dual Band Wireless-AC 8265','0 b/s',NULL,0,NULL,0,0,NULL,'2023-05-05 20:11:48','2023-05-05 20:11:48'),
(113,'Generic Mobile Broadband Adapter-Fortinet NDIS 6.0 LightWeight Filter-0000','0 b/s',NULL,0,NULL,0,0,NULL,'2023-05-05 20:11:48','2023-05-05 20:11:48'),
(114,'Generic Mobile Broadband Adapter-Intel(R) Technology Access Filter Driver-0000','0 b/s',NULL,0,NULL,0,0,NULL,'2023-05-05 20:11:48','2023-05-05 20:11:48'),
(115,'Generic Mobile Broadband Adapter-Zone Alarm Firewall Driver-0000','0 b/s',NULL,0,NULL,0,0,NULL,'2023-05-05 20:11:48','2023-05-05 20:11:48'),
(116,'Intel(R) 82579LM Gigabit Network Connection-AVG Firewall NDIS6 Helper-0000','0 b/s',NULL,0,NULL,0,0,NULL,'2023-05-05 20:11:50','2023-05-05 20:11:50'),
(117,'Intel(R) 82579LM Gigabit Network Connection-QoS Packet Scheduler-0000','0 b/s',NULL,0,NULL,0,0,NULL,'2023-05-05 20:11:50','2023-05-05 20:11:50'),
(118,'Intel(R) 82579LM Gigabit Network Connection-WFP LightWeight Filter-0000','0 b/s',NULL,0,NULL,0,0,NULL,'2023-05-05 20:11:50','2023-05-05 20:11:50'),
(119,'Bluetooth Device (Personal Area Network)','0 b/s',NULL,0,NULL,0,0,NULL,'2023-05-05 20:11:50','2023-05-05 20:11:50'),
(120,'Intel(R) 82579LM Gigabit Network Connection','0 b/s',NULL,0,NULL,0,0,NULL,'2023-05-05 20:11:50','2023-05-05 20:11:50'),
(121,'Intel(R) Centrino(R) Ultimate-N 6300 AGN (IPV6)','144 Mb/s',NULL,0,NULL,0,0,NULL,'2023-05-05 20:11:50','2023-05-05 20:11:50'),
(122,'Intel(R) Centrino(R) Ultimate-N 6300 AGN','144 Mb/s',NULL,0,NULL,0,0,NULL,'2023-05-05 20:11:50','2023-05-05 20:11:50'),
(123,'Teredo Tunneling Pseudo-Interface','100 Kb/s',NULL,0,NULL,0,0,NULL,'2023-05-05 20:11:50','2023-05-05 20:11:50'),
(124,'Microsoft ISATAP Adapter #2','100 Kb/s',NULL,0,NULL,0,0,NULL,'2023-05-05 20:11:50','2023-05-05 20:11:50'),
(125,'Microsoft ISATAP Adapter #4','100 Kb/s',NULL,0,NULL,0,0,NULL,'2023-05-05 20:11:50','2023-05-05 20:11:50'),
(126,'Microsoft ISATAP Adapter #6','100 Kb/s',NULL,0,NULL,0,0,NULL,'2023-05-05 20:11:50','2023-05-05 20:11:50'),
(127,'Microsoft ISATAP Adapter #7','100 Kb/s',NULL,0,NULL,0,0,NULL,'2023-05-05 20:11:50','2023-05-05 20:11:50'),
(128,'Microsoft ISATAP Adapter #8','100 Kb/s',NULL,0,NULL,0,0,NULL,'2023-05-05 20:11:50','2023-05-05 20:11:50'),
(129,'Microsoft ISATAP Adapter #9','100 Kb/s',NULL,0,NULL,0,0,NULL,'2023-05-05 20:11:50','2023-05-05 20:11:50'),
(130,'Realtek PCIe GbE Family Controller-WFP Native MAC Layer LightWeight Filter-0000','0 b/s',NULL,0,NULL,0,0,NULL,'2023-05-05 20:11:55','2023-05-05 20:11:55'),
(131,'Realtek PCIe GbE Family Controller-QoS Packet Scheduler-0000','0 b/s',NULL,0,NULL,0,0,NULL,'2023-05-05 20:11:55','2023-05-05 20:11:55'),
(132,'Realtek PCIe GbE Family Controller-WFP 802.3 MAC Layer LightWeight Filter-0000','0 b/s',NULL,0,NULL,0,0,NULL,'2023-05-05 20:11:55','2023-05-05 20:11:55'),
(133,'Realtek PCIe GbE Family Controller','0 b/s',NULL,0,NULL,0,0,NULL,'2023-05-05 20:11:55','2023-05-05 20:11:55'),
(134,'ASIX AX88179A USB 3.2 Gen1 to Gigabit Ethernet Adapter','1 Gb/s',NULL,0,NULL,0,0,NULL,'2023-05-05 20:11:55','2023-05-05 20:11:55'),
(135,'Realtek 8822BE Wireless LAN 802.11ac PCI-E NIC-WFP Native MAC Layer LightWeight Filter-0000','0 b/s',NULL,0,NULL,0,0,NULL,'2023-05-05 20:11:55','2023-05-05 20:11:55'),
(136,'Realtek 8822BE Wireless LAN 802.11ac PCI-E NIC-Native WiFi Filter Driver-0000','0 b/s',NULL,0,NULL,0,0,NULL,'2023-05-05 20:11:55','2023-05-05 20:11:55'),
(137,'Realtek 8822BE Wireless LAN 802.11ac PCI-E NIC-QoS Packet Scheduler-0000','0 b/s',NULL,0,NULL,0,0,NULL,'2023-05-05 20:11:55','2023-05-05 20:11:55'),
(138,'Realtek 8822BE Wireless LAN 802.11ac PCI-E NIC-WFP 802.3 MAC Layer LightWeight Filter-0000','0 b/s',NULL,0,NULL,0,0,NULL,'2023-05-05 20:11:55','2023-05-05 20:11:55'),
(139,'Realtek 8822BE Wireless LAN 802.11ac PCI-E NIC','0 b/s',NULL,0,NULL,0,0,NULL,'2023-05-05 20:11:55','2023-05-05 20:11:55'),
(140,'Intel(R) Wi-Fi 6 AX200 160MHz','108 Mb/s',NULL,0,NULL,0,0,NULL,'2023-05-05 20:11:57','2023-05-05 20:11:57'),
(141,'Intel(R) Ethernet Connection (10) I219-V-Fortinet NDIS 6.0 LightWeight Filter-0000','0 b/s',NULL,0,NULL,0,0,NULL,'2023-05-05 20:11:58','2023-05-05 20:11:58'),
(142,'Lenovo USB Ethernet','100 Mb/s',NULL,0,NULL,0,0,NULL,'2023-05-05 20:11:58','2023-05-05 20:11:58'),
(143,'Intel(R) Wi-Fi 6 AX200 160MHz-WFP Native MAC Layer LightWeight Filter-0000','0 b/s',NULL,0,NULL,0,0,NULL,'2023-05-05 20:11:58','2023-05-05 20:11:58'),
(144,'Intel(R) Wi-Fi 6 AX200 160MHz-Native WiFi Filter Driver-0000','0 b/s',NULL,0,NULL,0,0,NULL,'2023-05-05 20:11:58','2023-05-05 20:11:58'),
(145,'Intel(R) Wi-Fi 6 AX200 160MHz-Fortinet NDIS 6.0 LightWeight Filter-0000','0 b/s',NULL,0,NULL,0,0,NULL,'2023-05-05 20:11:58','2023-05-05 20:11:58'),
(146,'Intel(R) Wi-Fi 6 AX200 160MHz-QoS Packet Scheduler-0000','0 b/s',NULL,0,NULL,0,0,NULL,'2023-05-05 20:11:58','2023-05-05 20:11:58'),
(147,'Intel(R) Wi-Fi 6 AX200 160MHz-WFP 802.3 MAC Layer LightWeight Filter-0000','0 b/s',NULL,0,NULL,0,0,NULL,'2023-05-05 20:11:58','2023-05-05 20:11:58'),
(148,'Intel(R) Wi-Fi 6 AX200 160MHz','0 b/s',NULL,0,NULL,0,0,NULL,'2023-05-05 20:11:58','2023-05-05 20:11:58'),
(149,'Intel(R) Wi-Fi 6 AX201 160MHz','245 Mb/s',NULL,0,NULL,0,0,NULL,'2023-05-05 20:12:00','2023-05-05 20:12:00'),
(150,'TAP-NordVPN Windows Adapter V9-WFP Native MAC Layer LightWeight Filter-0000','1 Gb/s',NULL,0,NULL,0,0,NULL,'2023-05-05 20:12:01','2023-05-05 20:12:01'),
(151,'TAP-NordVPN Windows Adapter V9-NordVPN light-weight firwall module.-0000','1 Gb/s',NULL,0,NULL,0,0,NULL,'2023-05-05 20:12:01','2023-05-05 20:12:01'),
(152,'TAP-NordVPN Windows Adapter V9-QoS Packet Scheduler-0000','1 Gb/s',NULL,0,NULL,0,0,NULL,'2023-05-05 20:12:01','2023-05-05 20:12:01'),
(153,'TAP-NordVPN Windows Adapter V9-WFP 802.3 MAC Layer LightWeight Filter-0000','1 Gb/s',NULL,0,NULL,0,0,NULL,'2023-05-05 20:12:01','2023-05-05 20:12:01'),
(154,'Intel(R) Ethernet Connection (10) I219-V-NordVPN light-weight firwall module.-0000','0 b/s',NULL,0,NULL,0,0,NULL,'2023-05-05 20:12:01','2023-05-05 20:12:01'),
(155,'TAP-NordVPN Windows Adapter V9','1 Gb/s',NULL,0,NULL,0,0,NULL,'2023-05-05 20:12:01','2023-05-05 20:12:01'),
(156,'Intel(R) Wireless-AC 9560 160MHz','866 Mb/s',NULL,0,NULL,0,0,NULL,'2023-05-05 20:12:01','2023-05-05 20:12:01'),
(157,'Realtek PCIe GbE Family Controller #2-WFP Native MAC Layer LightWeight Filter-0000','0 b/s',NULL,0,NULL,0,0,NULL,'2023-05-05 20:12:03','2023-05-05 20:12:03'),
(158,'Realtek PCIe GbE Family Controller #2-QoS Packet Scheduler-0000','0 b/s',NULL,0,NULL,0,0,NULL,'2023-05-05 20:12:03','2023-05-05 20:12:03'),
(159,'Realtek PCIe GbE Family Controller #2-WFP 802.3 MAC Layer LightWeight Filter-0000','0 b/s',NULL,0,NULL,0,0,NULL,'2023-05-05 20:12:03','2023-05-05 20:12:03'),
(160,'Realtek PCIe GbE Family Controller #2','0 b/s',NULL,0,NULL,0,0,NULL,'2023-05-05 20:12:03','2023-05-05 20:12:03'),
(161,'Qualcomm WCN685x Wi-Fi 6E Dual Band Simultaneous (DBS) Network Adapter','144 Mb/s',NULL,0,NULL,0,0,NULL,'2023-05-05 20:12:03','2023-05-05 20:12:03'),
(162,'TAP-Windows Adapter V9-WFP Native MAC Layer LightWeight Filter-0000','100 Mb/s',NULL,0,NULL,0,0,NULL,'2023-05-05 20:12:05','2023-05-05 20:12:05'),
(163,'TAP-Windows Adapter V9-QoS Packet Scheduler-0000','100 Mb/s',NULL,0,NULL,0,0,NULL,'2023-05-05 20:12:05','2023-05-05 20:12:05'),
(164,'TAP-Windows Adapter V9-WFP 802.3 MAC Layer LightWeight Filter-0000','100 Mb/s',NULL,0,NULL,0,0,NULL,'2023-05-05 20:12:05','2023-05-05 20:12:05'),
(165,'TAP-Windows Adapter V9','100 Mb/s',NULL,0,NULL,0,0,NULL,'2023-05-05 20:12:05','2023-05-05 20:12:05'),
(166,'Lenovo USB Ethernet','1 Gb/s',NULL,0,NULL,0,0,NULL,'2023-05-05 20:12:07','2023-05-05 20:12:07'),
(167,'Realtek PCIe GbE Family Controller-NordVPN light-weight firwall module.-0000','0 b/s',NULL,0,NULL,0,0,NULL,'2023-05-05 20:12:08','2023-05-05 20:12:08'),
(168,'Lenovo USB Ethernet #4-WFP Native MAC Layer LightWeight Filter-0000','0 b/s',NULL,0,NULL,0,0,NULL,'2023-05-05 20:12:08','2023-05-05 20:12:08'),
(169,'Lenovo USB Ethernet #4-NordVPN light-weight firwall module.-0000','0 b/s',NULL,0,NULL,0,0,NULL,'2023-05-05 20:12:08','2023-05-05 20:12:08'),
(170,'Lenovo USB Ethernet #4-QoS Packet Scheduler-0000','0 b/s',NULL,0,NULL,0,0,NULL,'2023-05-05 20:12:08','2023-05-05 20:12:08'),
(171,'Lenovo USB Ethernet #4-WFP 802.3 MAC Layer LightWeight Filter-0000','0 b/s',NULL,0,NULL,0,0,NULL,'2023-05-05 20:12:08','2023-05-05 20:12:08'),
(172,'Bluetooth Device (Personal Area Network) #2','3 Mb/s',NULL,0,NULL,0,0,NULL,'2023-05-05 20:12:08','2023-05-05 20:12:08'),
(173,'Lenovo USB Ethernet #4','0 b/s',NULL,0,NULL,0,0,NULL,'2023-05-05 20:12:08','2023-05-05 20:12:08'),
(174,'Realtek 8822BE Wireless LAN 802.11ac PCI-E NIC','390 Mb/s',NULL,0,NULL,0,0,NULL,'2023-05-05 20:12:08','2023-05-05 20:12:08'),
(175,'Lenovo USB Ethernet #5','1 Gb/s',NULL,0,NULL,0,0,NULL,'2023-05-05 20:12:10','2023-05-05 20:12:10'),
(176,'Realtek USB GbE Family Controller','1 Gb/s',NULL,0,NULL,0,0,NULL,'2023-05-05 20:12:11','2023-05-05 20:12:11'),
(177,'Intel(R) Wi-Fi 6E AX210 160MHz-WFP Native MAC Layer LightWeight Filter-0000','0 b/s',NULL,0,NULL,0,0,NULL,'2023-05-05 20:12:11','2023-05-05 20:12:11'),
(178,'Intel(R) Wi-Fi 6E AX210 160MHz-Native WiFi Filter Driver-0000','0 b/s',NULL,0,NULL,0,0,NULL,'2023-05-05 20:12:11','2023-05-05 20:12:11'),
(179,'Intel(R) Wi-Fi 6E AX210 160MHz-QoS Packet Scheduler-0000','0 b/s',NULL,0,NULL,0,0,NULL,'2023-05-05 20:12:11','2023-05-05 20:12:11'),
(180,'Intel(R) Wi-Fi 6E AX210 160MHz-WFP 802.3 MAC Layer LightWeight Filter-0000','0 b/s',NULL,0,NULL,0,0,NULL,'2023-05-05 20:12:11','2023-05-05 20:12:11'),
(181,'Intel(R) Wi-Fi 6E AX210 160MHz','0 b/s',NULL,0,NULL,0,0,NULL,'2023-05-05 20:12:11','2023-05-05 20:12:11'),
(182,'Intel(R) Ethernet Connection (11) I219-V-WFP Native MAC Layer LightWeight Filter-0000','0 b/s',NULL,0,NULL,0,0,NULL,'2023-05-05 20:12:13','2023-05-05 20:12:13'),
(183,'Intel(R) Ethernet Connection (11) I219-V-QoS Packet Scheduler-0000','0 b/s',NULL,0,NULL,0,0,NULL,'2023-05-05 20:12:13','2023-05-05 20:12:13'),
(184,'Intel(R) Ethernet Connection (11) I219-V-WFP 802.3 MAC Layer LightWeight Filter-0000','0 b/s',NULL,0,NULL,0,0,NULL,'2023-05-05 20:12:13','2023-05-05 20:12:13'),
(185,'Intel(R) Ethernet Connection (11) I219-V','0 b/s',NULL,0,NULL,0,0,NULL,'2023-05-05 20:12:13','2023-05-05 20:12:13'),
(186,'Intel(R) Wi-Fi 6 AX201 160MHz (IPV6)','86 Mb/s',NULL,0,NULL,0,0,NULL,'2023-05-05 20:12:13','2023-05-05 20:12:13'),
(187,'Intel(R) Wi-Fi 6 AX201 160MHz','86 Mb/s',NULL,0,NULL,0,0,NULL,'2023-05-05 20:12:13','2023-05-05 20:12:13'),
(188,'Intel(R) Ethernet Connection I217-LM-WFP Native MAC Layer LightWeight Filter-0000','0 b/s',NULL,0,NULL,0,0,NULL,'2023-05-05 20:12:15','2023-05-05 20:12:15'),
(189,'Intel(R) Ethernet Connection I217-LM-QoS Packet Scheduler-0000','0 b/s',NULL,0,NULL,0,0,NULL,'2023-05-05 20:12:15','2023-05-05 20:12:15'),
(190,'Intel(R) Ethernet Connection I217-LM-WFP 802.3 MAC Layer LightWeight Filter-0000','0 b/s',NULL,0,NULL,0,0,NULL,'2023-05-05 20:12:15','2023-05-05 20:12:15'),
(191,'Intel(R) Ethernet Connection I217-LM','0 b/s',NULL,0,NULL,0,0,NULL,'2023-05-05 20:12:15','2023-05-05 20:12:15'),
(192,'Intel(R) Dual Band Wireless-AC 7260','390 Mb/s',NULL,0,NULL,0,0,NULL,'2023-05-05 20:12:15','2023-05-05 20:12:15'),
(193,'Lenovo USB Ethernet #5-WFP Native MAC Layer LightWeight Filter-0000','0 b/s',NULL,0,NULL,0,0,NULL,'2023-05-05 20:12:17','2023-05-05 20:12:17'),
(194,'Lenovo USB Ethernet #5-QoS Packet Scheduler-0000','0 b/s',NULL,0,NULL,0,0,NULL,'2023-05-05 20:12:17','2023-05-05 20:12:17'),
(195,'Lenovo USB Ethernet #5-WFP 802.3 MAC Layer LightWeight Filter-0000','0 b/s',NULL,0,NULL,0,0,NULL,'2023-05-05 20:12:17','2023-05-05 20:12:17'),
(196,'Lenovo USB Ethernet #5','0 b/s',NULL,0,NULL,0,0,NULL,'2023-05-05 20:12:17','2023-05-05 20:12:17'),
(197,'Intel(R) Wi-Fi 6E AX210 160MHz','120 Mb/s',NULL,0,NULL,0,0,NULL,'2023-05-05 20:12:17','2023-05-05 20:12:17'),
(198,'Intel(R) Wi-Fi 6 AX201 160MHz','585 Mb/s',NULL,0,NULL,0,0,NULL,'2023-05-05 20:12:18','2023-05-05 20:12:18'),
(199,'Intel(R) Ethernet Connection (3) I218-V-WFP Native MAC Layer LightWeight Filter-0000','0 b/s',NULL,0,NULL,0,0,NULL,'2023-05-05 20:12:20','2023-05-05 20:12:20'),
(200,'Intel(R) Ethernet Connection (3) I218-V-QoS Packet Scheduler-0000','0 b/s',NULL,0,NULL,0,0,NULL,'2023-05-05 20:12:20','2023-05-05 20:12:20'),
(201,'Intel(R) Ethernet Connection (3) I218-V-WFP 802.3 MAC Layer LightWeight Filter-0000','0 b/s',NULL,0,NULL,0,0,NULL,'2023-05-05 20:12:20','2023-05-05 20:12:20'),
(202,'Intel(R) Ethernet Connection (3) I218-V','0 b/s',NULL,0,NULL,0,0,NULL,'2023-05-05 20:12:20','2023-05-05 20:12:20'),
(203,'Intel(R) Dual Band Wireless-AC 7265 (IPV6)','144 Mb/s',NULL,0,NULL,0,0,NULL,'2023-05-05 20:12:20','2023-05-05 20:12:20'),
(204,'Intel(R) Dual Band Wireless-AC 7265','144 Mb/s',NULL,0,NULL,0,0,NULL,'2023-05-05 20:12:20','2023-05-05 20:12:20'),
(205,'Intel(R) Dual Band Wireless-AC 8265','243 Mb/s',NULL,0,NULL,0,0,NULL,'2023-05-05 20:12:22','2023-05-05 20:12:22'),
(206,'Qualcomm Atheros QCA9377 Wireless Network Adapter','54 Mb/s',NULL,0,NULL,0,0,NULL,'2023-05-05 20:12:25','2023-05-05 20:12:25'),
(207,'Intel(R) Ethernet Connection (6) I219-LM-WFP Native MAC Layer LightWeight Filter-0000','0 b/s',NULL,0,NULL,0,0,NULL,'2023-05-05 20:12:27','2023-05-05 20:12:27'),
(208,'Intel(R) Ethernet Connection (6) I219-LM-QoS Packet Scheduler-0000','0 b/s',NULL,0,NULL,0,0,NULL,'2023-05-05 20:12:27','2023-05-05 20:12:27'),
(209,'Intel(R) Ethernet Connection (6) I219-LM-WFP 802.3 MAC Layer LightWeight Filter-0000','0 b/s',NULL,0,NULL,0,0,NULL,'2023-05-05 20:12:27','2023-05-05 20:12:27'),
(210,'Intel(R) Ethernet Connection (6) I219-LM','0 b/s',NULL,0,NULL,0,0,NULL,'2023-05-05 20:12:27','2023-05-05 20:12:27'),
(211,'Intel(R) Wireless-AC 9560 160MHz-WFP Native MAC Layer LightWeight Filter-0000','0 b/s',NULL,0,NULL,0,0,NULL,'2023-05-05 20:12:27','2023-05-05 20:12:27'),
(212,'Intel(R) Wireless-AC 9560 160MHz-Native WiFi Filter Driver-0000','0 b/s',NULL,0,NULL,0,0,NULL,'2023-05-05 20:12:27','2023-05-05 20:12:27'),
(213,'Intel(R) Wireless-AC 9560 160MHz-QoS Packet Scheduler-0000','0 b/s',NULL,0,NULL,0,0,NULL,'2023-05-05 20:12:27','2023-05-05 20:12:27'),
(214,'Intel(R) Wireless-AC 9560 160MHz-WFP 802.3 MAC Layer LightWeight Filter-0000','0 b/s',NULL,0,NULL,0,0,NULL,'2023-05-05 20:12:27','2023-05-05 20:12:27'),
(215,'Intel(R) Wireless-AC 9560 160MHz','0 b/s',NULL,0,NULL,0,0,NULL,'2023-05-05 20:12:27','2023-05-05 20:12:27'),
(216,'Realtek PCIe GbE Family Controller','1 Gb/s',NULL,0,NULL,0,0,NULL,'2023-05-05 20:12:28','2023-05-05 20:12:28'),
(217,'Intel(R) Wi-Fi 6 AX201 160MHz-WFP Native MAC Layer LightWeight Filter-0000','0 b/s',NULL,0,NULL,0,0,NULL,'2023-05-05 20:12:28','2023-05-05 20:12:28'),
(218,'Intel(R) Wi-Fi 6 AX201 160MHz-Native WiFi Filter Driver-0000','0 b/s',NULL,0,NULL,0,0,NULL,'2023-05-05 20:12:28','2023-05-05 20:12:28'),
(219,'Intel(R) Wi-Fi 6 AX201 160MHz-QoS Packet Scheduler-0000','0 b/s',NULL,0,NULL,0,0,NULL,'2023-05-05 20:12:28','2023-05-05 20:12:28'),
(220,'Intel(R) Wi-Fi 6 AX201 160MHz-WFP 802.3 MAC Layer LightWeight Filter-0000','0 b/s',NULL,0,NULL,0,0,NULL,'2023-05-05 20:12:28','2023-05-05 20:12:28'),
(221,'Intel(R) Wi-Fi 6 AX201 160MHz','0 b/s',NULL,0,NULL,0,0,NULL,'2023-05-05 20:12:28','2023-05-05 20:12:28'),
(222,'Intel(R) Ethernet Connection (4) I219-V','1 Gb/s',NULL,0,NULL,0,0,NULL,'2023-05-05 20:12:30','2023-05-05 20:12:30'),
(223,'Intel(R) Dual Band Wireless-AC 7260-WFP Native MAC Layer LightWeight Filter-0000','0 b/s',NULL,0,NULL,0,0,NULL,'2023-05-05 20:12:32','2023-05-05 20:12:32'),
(224,'Intel(R) Dual Band Wireless-AC 7260-Native WiFi Filter Driver-0000','0 b/s',NULL,0,NULL,0,0,NULL,'2023-05-05 20:12:32','2023-05-05 20:12:32'),
(225,'Intel(R) Dual Band Wireless-AC 7260-QoS Packet Scheduler-0000','0 b/s',NULL,0,NULL,0,0,NULL,'2023-05-05 20:12:32','2023-05-05 20:12:32'),
(226,'Intel(R) Dual Band Wireless-AC 7260-WFP 802.3 MAC Layer LightWeight Filter-0000','0 b/s',NULL,0,NULL,0,0,NULL,'2023-05-05 20:12:32','2023-05-05 20:12:32'),
(227,'Intel(R) Dual Band Wireless-AC 7260','0 b/s',NULL,0,NULL,0,0,NULL,'2023-05-05 20:12:32','2023-05-05 20:12:32'),
(228,'TAP-Windows Adapter V9-Fortinet NDIS 6.0 LightWeight Filter-0000','100 Mb/s',NULL,0,NULL,0,0,NULL,'2023-05-05 20:12:34','2023-05-05 20:12:34'),
(229,'TAP-Windows Adapter V9-NordVPN light-weight firwall module.-0000','100 Mb/s',NULL,0,NULL,0,0,NULL,'2023-05-05 20:12:34','2023-05-05 20:12:34'),
(230,'TAP-NordVPN Windows Adapter V9-Fortinet NDIS 6.0 LightWeight Filter-0000','1 Gb/s',NULL,0,NULL,0,0,NULL,'2023-05-05 20:12:34','2023-05-05 20:12:34'),
(231,'Intel(R) Ethernet Connection (6) I219-V-Fortinet NDIS 6.0 LightWeight Filter-0000','0 b/s',NULL,0,NULL,0,0,NULL,'2023-05-05 20:12:34','2023-05-05 20:12:34'),
(232,'Intel(R) Ethernet Connection (6) I219-V-NordVPN light-weight firwall module.-0000','0 b/s',NULL,0,NULL,0,0,NULL,'2023-05-05 20:12:34','2023-05-05 20:12:34'),
(233,'Intel(R) Wireless-AC 9260 160MHz-WFP Native MAC Layer LightWeight Filter-0000','0 b/s',NULL,0,NULL,0,0,NULL,'2023-05-05 20:12:34','2023-05-05 20:12:34'),
(234,'Intel(R) Wireless-AC 9260 160MHz-Native WiFi Filter Driver-0000','0 b/s',NULL,0,NULL,0,0,NULL,'2023-05-05 20:12:34','2023-05-05 20:12:34'),
(235,'Intel(R) Wireless-AC 9260 160MHz-Fortinet NDIS 6.0 LightWeight Filter-0000','0 b/s',NULL,0,NULL,0,0,NULL,'2023-05-05 20:12:34','2023-05-05 20:12:34'),
(236,'Intel(R) Wireless-AC 9260 160MHz-NordVPN light-weight firwall module.-0000','0 b/s',NULL,0,NULL,0,0,NULL,'2023-05-05 20:12:34','2023-05-05 20:12:34'),
(237,'Intel(R) Wireless-AC 9260 160MHz-QoS Packet Scheduler-0000','0 b/s',NULL,0,NULL,0,0,NULL,'2023-05-05 20:12:34','2023-05-05 20:12:34'),
(238,'Intel(R) Wireless-AC 9260 160MHz-WFP 802.3 MAC Layer LightWeight Filter-0000','0 b/s',NULL,0,NULL,0,0,NULL,'2023-05-05 20:12:34','2023-05-05 20:12:34'),
(239,'Intel(R) Wireless-AC 9260 160MHz','0 b/s',NULL,0,NULL,0,0,NULL,'2023-05-05 20:12:34','2023-05-05 20:12:34'),
(240,'TAP-Windows Adapter V9-WFP Native MAC Layer LightWeight Filter-0000','1 Gb/s',NULL,0,NULL,0,0,NULL,'2023-05-05 20:12:36','2023-05-05 20:12:36'),
(241,'TAP-Windows Adapter V9-Fortinet NDIS 6.0 LightWeight Filter-0000','1 Gb/s',NULL,0,NULL,0,0,NULL,'2023-05-05 20:12:36','2023-05-05 20:12:36'),
(242,'TAP-Windows Adapter V9-QoS Packet Scheduler-0000','1 Gb/s',NULL,0,NULL,0,0,NULL,'2023-05-05 20:12:36','2023-05-05 20:12:36'),
(243,'TAP-Windows Adapter V9-WFP 802.3 MAC Layer LightWeight Filter-0000','1 Gb/s',NULL,0,NULL,0,0,NULL,'2023-05-05 20:12:36','2023-05-05 20:12:36'),
(244,'Intel(R) Wireless-AC 9260 160MHz (IPV6)','144 Mb/s',NULL,0,NULL,0,0,NULL,'2023-05-05 20:12:36','2023-05-05 20:12:36'),
(245,'Intel(R) Wi-Fi 6 AX201 160MHz','300 Mb/s',NULL,0,NULL,0,0,NULL,'2023-05-05 20:12:37','2023-05-05 20:12:37'),
(246,'Intel(R) Wi-Fi 6 AX200 160MHz','156 Mb/s',NULL,0,NULL,0,0,NULL,'2023-05-05 20:12:39','2023-05-05 20:12:39'),
(247,'Realtek USB GbE Family Controller #2-WFP Native MAC Layer LightWeight Filter-0000','0 b/s',NULL,0,NULL,0,0,NULL,'2023-05-05 20:12:40','2023-05-05 20:12:40'),
(248,'Realtek USB GbE Family Controller #2-QoS Packet Scheduler-0000','0 b/s',NULL,0,NULL,0,0,NULL,'2023-05-05 20:12:40','2023-05-05 20:12:40'),
(249,'Realtek USB GbE Family Controller #2-WFP 802.3 MAC Layer LightWeight Filter-0000','0 b/s',NULL,0,NULL,0,0,NULL,'2023-05-05 20:12:40','2023-05-05 20:12:40'),
(250,'Realtek USB GbE Family Controller #2','0 b/s',NULL,0,NULL,0,0,NULL,'2023-05-05 20:12:40','2023-05-05 20:12:40'),
(251,'Intel(R) Wi-Fi 6 AX200 160MHz','240 Mb/s',NULL,0,NULL,0,0,NULL,'2023-05-05 20:12:40','2023-05-05 20:12:40'),
(252,'Intel(R) Wi-Fi 6 AX200 160MHz','19 Mb/s',NULL,0,NULL,0,0,NULL,'2023-05-05 20:12:41','2023-05-05 20:12:41'),
(253,'ASIX AX88179A USB 3.2 Gen1 to Gigabit Ethernet Adapter','100 Mb/s',NULL,0,NULL,0,0,NULL,'2023-05-05 20:12:42','2023-05-05 20:12:42'),
(254,'Intel(R) Wi-Fi 6 AX201 160MHz (IPV6)','130 Mb/s',NULL,0,NULL,0,0,NULL,'2023-05-05 20:12:46','2023-05-05 20:12:46'),
(255,'Intel(R) Wi-Fi 6 AX201 160MHz','130 Mb/s',NULL,0,NULL,0,0,NULL,'2023-05-05 20:12:46','2023-05-05 20:12:46'),
(256,'Intel(R) Dual Band Wireless-AC 8265 (IPV6)','866 Mb/s',NULL,0,NULL,0,0,NULL,'2023-06-30 20:47:04','2023-06-30 20:47:04'),
(257,'Intel(R) Dual Band Wireless-AC 8265','866 Mb/s',NULL,0,NULL,0,0,NULL,'2023-06-30 20:47:04','2023-06-30 20:47:04'),
(258,'Carte réseau élément',NULL,NULL,0,NULL,0,0,NULL,'2024-03-18 20:47:14','2023-07-23 14:29:41'),
(259,'Intel(R) Dual Band Wireless-AC 8265 (IPV6)','702 Mb/s',NULL,0,NULL,0,0,NULL,'2023-08-01 14:34:02','2023-08-01 14:34:02'),
(260,'Intel(R) Dual Band Wireless-AC 8265','702 Mb/s',NULL,0,NULL,0,0,NULL,'2023-08-01 14:34:02','2023-08-01 14:34:02'),
(261,'RAS Async Adapter','0 b/s',NULL,0,NULL,0,0,NULL,'2023-09-07 14:24:01','2023-09-07 14:24:01'),
(262,'Intel(R) Dual Band Wireless-AC 8265 (IPV6)','585 Mb/s',NULL,0,NULL,0,0,NULL,'2023-09-12 17:40:03','2023-09-12 17:40:03'),
(263,'Intel(R) Dual Band Wireless-AC 8265','585 Mb/s',NULL,0,NULL,0,0,NULL,'2023-09-12 17:40:03','2023-09-12 17:40:03'),
(264,'VPN Noelse','10 Mb/s',NULL,0,NULL,0,0,NULL,'2023-09-13 20:10:03','2023-09-13 20:10:03'),
(265,'Intel(R) Ethernet Connection (6) I219-V (IPV6)','1 Gb/s',NULL,0,NULL,0,0,NULL,'2023-11-01 15:58:14','2023-11-01 15:58:14'),
(266,'Intel(R) Ethernet Connection (6) I219-V','1 Gb/s',NULL,0,NULL,0,0,NULL,'2023-11-01 15:58:14','2023-11-01 15:58:14'),
(267,'Intel(R) Wi-Fi 6 AX200 160MHz (IPV6)','29 Mb/s',NULL,0,NULL,0,0,NULL,'2023-11-01 15:58:14','2023-11-01 15:58:14'),
(268,'Intel(R) Wi-Fi 6 AX200 160MHz','29 Mb/s',NULL,0,NULL,0,0,NULL,'2023-11-01 15:58:14','2023-11-01 15:58:14'),
(269,'Intel(R) Dual Band Wireless-AC 7260 (IPV6)','72 Mb/s',NULL,0,NULL,0,0,NULL,'2023-11-01 15:58:14','2023-11-01 15:58:14'),
(270,'Intel(R) Dual Band Wireless-AC 7260','72 Mb/s',NULL,0,NULL,0,0,NULL,'2023-11-01 15:58:14','2023-11-01 15:58:14'),
(271,'Intel(R) Dual Band Wireless-AC 7265 (IPV6)','780 Mb/s',NULL,0,NULL,0,0,NULL,'2023-11-01 15:58:14','2023-11-01 15:58:14'),
(272,'Intel(R) Dual Band Wireless-AC 7265','780 Mb/s',NULL,0,NULL,0,0,NULL,'2023-11-01 15:58:14','2023-11-01 15:58:14'),
(273,'Intel(R) Wi-Fi 6 AX201 160MHz (IPV6)','26 Mb/s',NULL,0,NULL,0,0,NULL,'2023-11-01 15:58:14','2023-11-01 15:58:14'),
(274,'Intel(R) Wi-Fi 6 AX201 160MHz','26 Mb/s',NULL,0,NULL,0,0,NULL,'2023-11-01 15:58:14','2023-11-01 15:58:14'),
(275,'Intel(R) Wi-Fi 6 AX201 160MHz','90 Mb/s',NULL,0,NULL,0,0,NULL,'2023-11-01 15:58:14','2023-11-01 15:58:14'),
(276,'Lenovo USB Ethernet #2-WFP Native MAC Layer LightWeight Filter-0000','0 b/s',NULL,0,NULL,0,0,NULL,'2023-11-01 15:58:14','2023-11-01 15:58:14'),
(277,'Lenovo USB Ethernet #2-QoS Packet Scheduler-0000','0 b/s',NULL,0,NULL,0,0,NULL,'2023-11-01 15:58:14','2023-11-01 15:58:14'),
(278,'Lenovo USB Ethernet #2-WFP 802.3 MAC Layer LightWeight Filter-0000','0 b/s',NULL,0,NULL,0,0,NULL,'2023-11-01 15:58:14','2023-11-01 15:58:14'),
(279,'Lenovo USB Ethernet #2','0 b/s',NULL,0,NULL,0,0,NULL,'2023-11-01 15:58:14','2023-11-01 15:58:14'),
(280,'Intel(R) Wireless-AC 9260 160MHz','390 Mb/s',NULL,0,NULL,0,0,NULL,'2023-11-01 15:58:14','2023-11-01 15:58:14'),
(281,'TeamViewer VPN Adapter-WFP Native MAC Layer LightWeight Filter-0000','1 Gb/s',NULL,0,NULL,0,0,NULL,'2024-11-27 15:19:52','2023-11-01 15:58:14'),
(282,'TeamViewer VPN Adapter-Intel(R) Technology Access Filter Driver-0000','1 Gb/s',NULL,0,NULL,0,0,NULL,'2024-11-27 15:19:52','2023-11-01 15:58:14'),
(283,'TeamViewer VPN Adapter-Zone Alarm Firewall Driver-0000','1 Gb/s',NULL,0,NULL,0,0,NULL,'2024-11-27 15:19:52','2023-11-01 15:58:14'),
(284,'TeamViewer VPN Adapter-QoS Packet Scheduler-0000','1 Gb/s',NULL,0,NULL,0,0,NULL,'2024-11-27 15:19:52','2023-11-01 15:58:14'),
(285,'TeamViewer VPN Adapter-WFP 802.3 MAC Layer LightWeight Filter-0000','1 Gb/s',NULL,0,NULL,0,0,NULL,'2024-11-27 15:19:52','2023-11-01 15:58:14'),
(286,'TAP-Windows Adapter V9-Intel(R) Technology Access Filter Driver-0000','1 Gb/s',NULL,0,NULL,0,0,NULL,'2024-11-27 15:19:52','2023-11-01 15:58:14'),
(287,'TAP-Windows Adapter V9-Zone Alarm Firewall Driver-0000','1 Gb/s',NULL,0,NULL,0,0,NULL,'2024-11-27 15:19:52','2023-11-01 15:58:14'),
(288,'TeamViewer VPN Adapter','1 Gb/s',NULL,0,NULL,0,0,NULL,'2024-11-27 15:19:52','2023-11-01 15:58:14'),
(289,'Intel(R) Wi-Fi 6 AX201 160MHz (IPV6)','195 Mb/s',NULL,0,NULL,0,0,NULL,'2023-11-01 15:58:14','2023-11-01 15:58:14'),
(290,'Intel(R) Wi-Fi 6 AX201 160MHz','195 Mb/s',NULL,0,NULL,0,0,NULL,'2023-11-01 15:58:14','2023-11-01 15:58:14'),
(291,'Realtek USB GbE Family Controller','100 Mb/s',NULL,0,NULL,0,0,NULL,'2023-11-01 15:58:14','2023-11-01 15:58:14'),
(292,'ASIX AX88179A USB 3.2 Gen1 to Gigabit Ethernet Adapter #4','0 b/s',NULL,0,NULL,0,0,NULL,'2023-11-01 15:58:14','2023-11-01 15:58:14'),
(293,'Intel(R) Wi-Fi 6 AX200 160MHz-WFP Native MAC Layer LightWeight Filter-0000','144 Mb/s',NULL,0,NULL,0,0,NULL,'2023-11-01 15:58:14','2023-11-01 15:58:14'),
(294,'Intel(R) Wi-Fi 6 AX200 160MHz-Native WiFi Filter Driver-0000','144 Mb/s',NULL,0,NULL,0,0,NULL,'2023-11-01 15:58:14','2023-11-01 15:58:14'),
(295,'Intel(R) Wi-Fi 6 AX200 160MHz-QoS Packet Scheduler-0000','144 Mb/s',NULL,0,NULL,0,0,NULL,'2023-11-01 15:58:14','2023-11-01 15:58:14'),
(296,'Intel(R) Wi-Fi 6 AX200 160MHz-WFP 802.3 MAC Layer LightWeight Filter-0000','144 Mb/s',NULL,0,NULL,0,0,NULL,'2023-11-01 15:58:14','2023-11-01 15:58:14'),
(297,'Intel(R) Wi-Fi 6 AX200 160MHz','144 Mb/s',NULL,0,NULL,0,0,NULL,'2023-11-01 15:58:14','2023-11-01 15:58:14'),
(298,'ASIX AX88179A USB 3.2 Gen1 to Gigabit Ethernet Adapter #2','1 Gb/s',NULL,0,NULL,0,0,NULL,'2023-11-01 15:58:14','2023-11-01 15:58:14'),
(299,'Intel(R) Ethernet Connection I217-LM','1 Gb/s',NULL,0,NULL,0,0,NULL,'2023-11-01 15:58:14','2023-11-01 15:58:14'),
(300,'Intel(R) Wi-Fi 6 AX200 160MHz','245 Mb/s',NULL,0,NULL,0,0,NULL,'2023-11-01 15:58:14','2023-11-01 15:58:14'),
(301,'Intel(R) Wireless-AC 9560 160MHz','780 Mb/s',NULL,0,NULL,0,0,NULL,'2023-11-01 15:58:14','2023-11-01 15:58:14'),
(302,'Intel(R) Wi-Fi 6 AX201 160MHz','866 Mb/s',NULL,0,NULL,0,0,NULL,'2023-11-01 15:58:14','2023-11-01 15:58:14'),
(303,'Microsoft ISATAP Adapter','100 Kb/s',NULL,0,NULL,0,0,NULL,'2023-11-01 15:58:14','2023-11-01 15:58:14'),
(304,'Lenovo USB Ethernet-WFP Native MAC Layer LightWeight Filter-0000','10 Mb/s',NULL,0,NULL,0,0,NULL,'2023-11-01 15:58:14','2023-11-01 15:58:14'),
(305,'Lenovo USB Ethernet-QoS Packet Scheduler-0000','10 Mb/s',NULL,0,NULL,0,0,NULL,'2023-11-01 15:58:14','2023-11-01 15:58:14'),
(306,'Lenovo USB Ethernet-WFP 802.3 MAC Layer LightWeight Filter-0000','10 Mb/s',NULL,0,NULL,0,0,NULL,'2023-11-01 15:58:14','2023-11-01 15:58:14'),
(307,'Lenovo USB Ethernet','10 Mb/s',NULL,0,NULL,0,0,NULL,'2023-11-01 15:58:14','2023-11-01 15:58:14'),
(308,'Intel(R) Wi-Fi 6 AX200 160MHz (IPV6)','65 Mb/s',NULL,0,NULL,0,0,NULL,'2023-11-01 15:58:14','2023-11-01 15:58:14'),
(309,'Intel(R) Wi-Fi 6 AX200 160MHz','65 Mb/s',NULL,0,NULL,0,0,NULL,'2023-11-01 15:58:14','2023-11-01 15:58:14'),
(310,'Realtek 8822BE Wireless LAN 802.11ac PCI-E NIC','650 Mb/s',NULL,0,NULL,0,0,NULL,'2023-11-01 15:58:14','2023-11-01 15:58:14'),
(311,'Qualcomm WCN685x Wi-Fi 6E Dual Band Simultaneous (DBS) Network Adapter','866 Mb/s',NULL,0,NULL,0,0,NULL,'2023-11-01 15:58:14','2023-11-01 15:58:14'),
(312,'Lenovo USB Ethernet-WFP Native MAC Layer LightWeight Filter-0000','0 b/s',NULL,0,NULL,0,0,NULL,'2023-11-01 15:58:14','2023-11-01 15:58:14'),
(313,'Lenovo USB Ethernet-QoS Packet Scheduler-0000','0 b/s',NULL,0,NULL,0,0,NULL,'2023-11-01 15:58:14','2023-11-01 15:58:14'),
(314,'Lenovo USB Ethernet-WFP 802.3 MAC Layer LightWeight Filter-0000','0 b/s',NULL,0,NULL,0,0,NULL,'2023-11-01 15:58:14','2023-11-01 15:58:14'),
(315,'Realtek 8822BE Wireless LAN 802.11ac PCI-E NIC','325 Mb/s',NULL,0,NULL,0,0,NULL,'2023-11-01 15:58:14','2023-11-01 15:58:14'),
(316,'Intel(R) 82579LM Gigabit Network Connection','100 Mb/s',NULL,0,NULL,0,0,NULL,'2023-11-01 15:58:14','2023-11-01 15:58:14'),
(317,'eth0','0 Mbps',NULL,0,NULL,0,0,NULL,'2023-11-01 15:58:14','2023-11-01 15:58:14'),
(318,'ens3','-1 Mbps',NULL,0,NULL,0,0,NULL,'2023-11-01 15:58:14','2023-11-01 15:58:14'),
(319,'Intel(R) Dual Band Wireless-AC 7260 (IPV6)','86 Mb/s',NULL,0,NULL,0,0,NULL,'2023-11-02 22:00:06','2023-11-02 22:00:06'),
(320,'Intel(R) Dual Band Wireless-AC 7260','86 Mb/s',NULL,0,NULL,0,0,NULL,'2023-11-02 22:00:06','2023-11-02 22:00:06'),
(321,'Realtek USB GbE Family Controller','0 b/s',NULL,0,NULL,0,0,NULL,'2023-11-03 22:00:05','2023-11-03 22:00:05'),
(322,'BlackBerry Tethering Device #2-WFP Native MAC Layer LightWeight Filter-0000','100 Mb/s',NULL,0,NULL,0,0,NULL,'2023-11-06 11:00:05','2023-11-06 11:00:05'),
(323,'BlackBerry Tethering Device #2-QoS Packet Scheduler-0000','100 Mb/s',NULL,0,NULL,0,0,NULL,'2023-11-06 11:00:05','2023-11-06 11:00:05'),
(324,'BlackBerry Tethering Device #2-WFP 802.3 MAC Layer LightWeight Filter-0000','100 Mb/s',NULL,0,NULL,0,0,NULL,'2023-11-06 11:00:05','2023-11-06 11:00:05'),
(325,'BlackBerry Tethering Device #2','100 Mb/s',NULL,0,NULL,0,0,NULL,'2023-11-06 11:00:05','2023-11-06 11:00:05'),
(326,'BlackBerry Device #2','480 Mb/s',NULL,0,NULL,0,0,NULL,'2023-11-06 11:00:05','2023-11-06 11:00:05'),
(327,'Intel(R) Wi-Fi 6 AX201 160MHz (IPV6)','135 Mb/s',NULL,0,NULL,0,0,NULL,'2023-11-09 17:56:42','2023-11-09 17:56:42'),
(328,'Intel(R) Wi-Fi 6 AX201 160MHz','135 Mb/s',NULL,0,NULL,0,0,NULL,'2023-11-09 17:56:42','2023-11-09 17:56:42'),
(329,'Intel(R) Wireless-AC 9560 160MHz','130 Mb/s',NULL,0,NULL,0,0,NULL,'2023-11-09 17:56:42','2023-11-09 17:56:42'),
(330,'Realtek 8822BE Wireless LAN 802.11ac PCI-E NIC','585 Mb/s',NULL,0,NULL,0,0,NULL,'2023-11-09 17:56:42','2023-11-09 17:56:42'),
(331,'Intel(R) Wi-Fi 6 AX200 160MHz','866 Mb/s',NULL,0,NULL,0,0,NULL,'2023-11-12 23:00:06','2023-11-12 23:00:06');

--
