-- Table structure for table `glpi_notimportedemails`
--

CREATE TABLE `glpi_notimportedemails` (
  `id` int(10) unsigned NOT NULL AUTO_INCREMENT,
  `from` varchar(255) NOT NULL,
  `to` varchar(255) NOT NULL,
  `mailcollectors_id` int(10) unsigned NOT NULL DEFAULT 0,
  `date` timestamp NOT NULL DEFAULT current_timestamp(),
  `subject` text DEFAULT NULL,
  `messageid` varchar(255) NOT NULL,
  `reason` int(11) NOT NULL DEFAULT 0,
  `users_id` int(10) unsigned NOT NULL DEFAULT 0,
  PRIMARY KEY (`id`),
  KEY `users_id` (`users_id`),
  KEY `mailcollectors_id` (`mailcollectors_id`)
) ENGINE=InnoDB AUTO_INCREMENT=12 DEFAULT CHARSET=utf8mb4 COLLATE=utf8mb4_unicode_ci;

--
-- Dumping data for table `glpi_notimportedemails`
--


--
-- Table structure for table `glpi_objectlocks`
--

CREATE TABLE `glpi_objectlocks` (
  `id` int(10) unsigned NOT NULL AUTO_INCREMENT,
  `itemtype` varchar(100) NOT NULL COMMENT 'Type of locked object',
  `items_id` int(10) unsigned NOT NULL,
  `users_id` int(10) unsigned NOT NULL,
  `date` timestamp NOT NULL DEFAULT current_timestamp(),
  PRIMARY KEY (`id`),
  UNIQUE KEY `item` (`itemtype`,`items_id`),
  KEY `users_id` (`users_id`),
  KEY `date` (`date`)
) ENGINE=InnoDB AUTO_INCREMENT=284 DEFAULT CHARSET=utf8mb4 COLLATE=utf8mb4_unicode_ci;

--
-- Dumping data for table `glpi_objectlocks`
--


--
-- Table structure for table `glpi_olalevelactions`
--

CREATE TABLE `glpi_olalevelactions` (
  `id` int(10) unsigned NOT NULL AUTO_INCREMENT,
  `olalevels_id` int(10) unsigned NOT NULL DEFAULT 0,
  `action_type` varchar(255) DEFAULT NULL,
  `field` varchar(255) DEFAULT NULL,
  `value` varchar(255) DEFAULT NULL,
  PRIMARY KEY (`id`),
  KEY `olalevels_id` (`olalevels_id`)
) ENGINE=InnoDB DEFAULT CHARSET=utf8mb4 COLLATE=utf8mb4_unicode_ci;

--
-- Dumping data for table `glpi_olalevelactions`
--


--
-- Table structure for table `glpi_olalevelcriterias`
--

CREATE TABLE `glpi_olalevelcriterias` (
  `id` int(10) unsigned NOT NULL AUTO_INCREMENT,
  `olalevels_id` int(10) unsigned NOT NULL DEFAULT 0,
  `criteria` varchar(255) DEFAULT NULL,
  `condition` int(11) NOT NULL DEFAULT 0 COMMENT 'see define.php PATTERN_* and REGEX_* constant',
  `pattern` varchar(255) DEFAULT NULL,
  PRIMARY KEY (`id`),
  KEY `olalevels_id` (`olalevels_id`),
  KEY `condition` (`condition`)
) ENGINE=InnoDB DEFAULT CHARSET=utf8mb4 COLLATE=utf8mb4_unicode_ci;

--
-- Dumping data for table `glpi_olalevelcriterias`
--


--
-- Table structure for table `glpi_olalevels`
--

CREATE TABLE `glpi_olalevels` (
  `id` int(10) unsigned NOT NULL AUTO_INCREMENT,
  `name` varchar(255) DEFAULT NULL,
  `olas_id` int(10) unsigned NOT NULL DEFAULT 0,
  `execution_time` int(11) NOT NULL,
  `is_active` tinyint(1) NOT NULL DEFAULT 1,
  `entities_id` int(10) unsigned NOT NULL DEFAULT 0,
  `is_recursive` tinyint(1) NOT NULL DEFAULT 0,
  `match` char(10) DEFAULT NULL COMMENT 'see define.php *_MATCHING constant',
  `uuid` varchar(255) DEFAULT NULL,
  PRIMARY KEY (`id`),
  KEY `name` (`name`),
  KEY `is_active` (`is_active`),
  KEY `olas_id` (`olas_id`),
  KEY `entities_id` (`entities_id`),
  KEY `is_recursive` (`is_recursive`)
) ENGINE=InnoDB DEFAULT CHARSET=utf8mb4 COLLATE=utf8mb4_unicode_ci;

--
-- Dumping data for table `glpi_olalevels`
--


--
-- Table structure for table `glpi_olalevels_tickets`
--

CREATE TABLE `glpi_olalevels_tickets` (
  `id` int(10) unsigned NOT NULL AUTO_INCREMENT,
  `tickets_id` int(10) unsigned NOT NULL DEFAULT 0,
  `olalevels_id` int(10) unsigned NOT NULL DEFAULT 0,
  `date` timestamp NULL DEFAULT NULL,
  PRIMARY KEY (`id`),
  UNIQUE KEY `unicity` (`tickets_id`,`olalevels_id`),
  KEY `olalevels_id` (`olalevels_id`)
) ENGINE=InnoDB DEFAULT CHARSET=utf8mb4 COLLATE=utf8mb4_unicode_ci;

--
-- Dumping data for table `glpi_olalevels_tickets`
--


--
-- Table structure for table `glpi_olas`
--

CREATE TABLE `glpi_olas` (
  `id` int(10) unsigned NOT NULL AUTO_INCREMENT,
  `name` varchar(255) DEFAULT NULL,
  `entities_id` int(10) unsigned NOT NULL DEFAULT 0,
  `is_recursive` tinyint(1) NOT NULL DEFAULT 0,
  `type` int(11) NOT NULL DEFAULT 0,
  `comment` mediumtext DEFAULT NULL,
  `number_time` int(11) NOT NULL,
  `calendars_id` int(10) unsigned NOT NULL DEFAULT 0,
  `date_mod` timestamp NULL DEFAULT NULL,
  `definition_time` varchar(255) DEFAULT NULL,
  `end_of_working_day` tinyint(1) NOT NULL DEFAULT 0,
  `date_creation` timestamp NULL DEFAULT NULL,
  `slms_id` int(10) unsigned NOT NULL DEFAULT 0,
  `use_ticket_calendar` tinyint(4) NOT NULL DEFAULT 0,
  PRIMARY KEY (`id`),
  KEY `name` (`name`),
  KEY `date_mod` (`date_mod`),
  KEY `date_creation` (`date_creation`),
  KEY `calendars_id` (`calendars_id`),
  KEY `slms_id` (`slms_id`),
  KEY `entities_id` (`entities_id`),
  KEY `is_recursive` (`is_recursive`)
) ENGINE=InnoDB AUTO_INCREMENT=8 DEFAULT CHARSET=utf8mb4 COLLATE=utf8mb4_unicode_ci;

--
-- Dumping data for table `glpi_olas`
--


--
-- Table structure for table `glpi_operatingsystemarchitectures`
--

CREATE TABLE `glpi_operatingsystemarchitectures` (
  `id` int(10) unsigned NOT NULL AUTO_INCREMENT,
  `name` varchar(255) DEFAULT NULL,
  `comment` mediumtext DEFAULT NULL,
  `date_mod` timestamp NULL DEFAULT NULL,
  `date_creation` timestamp NULL DEFAULT NULL,
  PRIMARY KEY (`id`),
  KEY `name` (`name`),
  KEY `date_mod` (`date_mod`),
  KEY `date_creation` (`date_creation`)
) ENGINE=InnoDB AUTO_INCREMENT=4 DEFAULT CHARSET=utf8mb4 COLLATE=utf8mb4_unicode_ci;

--
-- Dumping data for table `glpi_operatingsystemarchitectures`
--

INSERT INTO `glpi_operatingsystemarchitectures` VALUES
(1,'x86_64','','2017-11-17 16:06:12','2017-11-17 16:06:12'),
(2,'64-bit','','2018-01-04 14:15:50','2018-01-04 14:15:50'),
(3,'x86 64 bit','','2020-02-05 21:10:16','2020-02-05 21:10:16');

--
-- Table structure for table `glpi_operatingsystemeditions`
--

CREATE TABLE `glpi_operatingsystemeditions` (
  `id` int(10) unsigned NOT NULL AUTO_INCREMENT,
  `name` varchar(255) DEFAULT NULL,
  `comment` mediumtext DEFAULT NULL,
  `date_mod` timestamp NULL DEFAULT NULL,
  `date_creation` timestamp NULL DEFAULT NULL,
  PRIMARY KEY (`id`),
  KEY `name` (`name`),
  KEY `date_creation` (`date_creation`),
  KEY `date_mod` (`date_mod`)
) ENGINE=InnoDB AUTO_INCREMENT=2 DEFAULT CHARSET=utf8mb4 COLLATE=utf8mb4_unicode_ci;

--
-- Dumping data for table `glpi_operatingsystemeditions`
--

INSERT INTO `glpi_operatingsystemeditions` VALUES
(1,'Professionnel','','2018-01-04 14:15:50','2018-01-04 14:15:50');

--
-- Table structure for table `glpi_operatingsystemkernels`
--

CREATE TABLE `glpi_operatingsystemkernels` (
  `id` int(10) unsigned NOT NULL AUTO_INCREMENT,
  `name` varchar(255) DEFAULT NULL,
  `comment` mediumtext DEFAULT NULL,
  `date_mod` timestamp NULL DEFAULT NULL,
  `date_creation` timestamp NULL DEFAULT NULL,
  PRIMARY KEY (`id`),
  KEY `name` (`name`),
  KEY `date_creation` (`date_creation`),
  KEY `date_mod` (`date_mod`)
) ENGINE=InnoDB AUTO_INCREMENT=3 DEFAULT CHARSET=utf8mb4 COLLATE=utf8mb4_unicode_ci;

--
-- Dumping data for table `glpi_operatingsystemkernels`
--

INSERT INTO `glpi_operatingsystemkernels` VALUES
(1,'linux','','2017-11-17 16:06:12','2017-11-17 16:06:12'),
(2,'MSWin32','','2018-01-04 14:15:50','2018-01-04 14:15:50');

--
-- Table structure for table `glpi_operatingsystemkernelversions`
--

CREATE TABLE `glpi_operatingsystemkernelversions` (
  `id` int(10) unsigned NOT NULL AUTO_INCREMENT,
  `operatingsystemkernels_id` int(10) unsigned NOT NULL DEFAULT 0,
  `name` varchar(255) DEFAULT NULL,
  `comment` mediumtext DEFAULT NULL,
  `date_mod` timestamp NULL DEFAULT NULL,
  `date_creation` timestamp NULL DEFAULT NULL,
  PRIMARY KEY (`id`),
  KEY `name` (`name`),
  KEY `operatingsystemkernels_id` (`operatingsystemkernels_id`),
  KEY `date_creation` (`date_creation`),
  KEY `date_mod` (`date_mod`)
) ENGINE=InnoDB AUTO_INCREMENT=31 DEFAULT CHARSET=utf8mb4 COLLATE=utf8mb4_unicode_ci;

--
-- Dumping data for table `glpi_operatingsystemkernelversions`
--

INSERT INTO `glpi_operatingsystemkernelversions` VALUES
(2,2,'10.0.16299','','2018-01-04 14:15:50','2018-01-04 14:15:50'),
(3,2,'10.0.17134','','2018-07-11 15:07:56','2018-07-11 15:07:56'),
(4,2,'10.0.18363','','2020-01-29 19:57:40','2020-01-29 19:57:40'),
(5,2,'10.0.19041','','2020-11-15 15:03:30','2020-11-15 15:03:30'),
(6,2,'10.0.19043','','2021-07-27 11:33:01','2021-07-27 11:33:01'),
(7,1,'5.4.0-66-generic','','2022-03-12 11:51:58','2022-03-12 11:51:58'),
(8,1,'5.4.0-107-generic','','2022-04-14 15:28:02','2022-04-14 15:28:02'),
(26,2,'10.0.19044','','2022-06-29 12:29:42','2022-06-29 12:29:42'),
(27,2,'10.0.10240','','2022-07-19 18:01:40','2022-07-19 18:01:40'),
(28,2,'10.0.19045','','2022-11-14 17:36:36','2022-11-14 17:36:36'),
(29,1,'5.4.0-144-generic','','2023-03-29 21:19:39','2023-03-29 21:19:39'),
(30,1,'5.4.0-169-generic','','2024-06-04 14:57:46','2024-06-04 14:57:46');

--
-- Table structure for table `glpi_operatingsystems`
--

CREATE TABLE `glpi_operatingsystems` (
  `id` int(10) unsigned NOT NULL AUTO_INCREMENT,
  `name` varchar(255) DEFAULT NULL,
  `comment` mediumtext DEFAULT NULL,
  `date_mod` timestamp NULL DEFAULT NULL,
  `date_creation` timestamp NULL DEFAULT NULL,
  PRIMARY KEY (`id`),
  KEY `name` (`name`),
  KEY `date_mod` (`date_mod`),
  KEY `date_creation` (`date_creation`)
) ENGINE=InnoDB AUTO_INCREMENT=25 DEFAULT CHARSET=utf8mb4 COLLATE=utf8mb4_unicode_ci;

--
-- Dumping data for table `glpi_operatingsystems`
--

INSERT INTO `glpi_operatingsystems` VALUES
(1,'Ubuntu','','2017-11-17 16:06:12','2017-11-17 16:06:12'),
(2,'Windows','','2018-01-04 14:15:50','2018-01-04 14:15:50'),
(4,'Linux','','2018-07-04 18:21:52','2018-07-04 18:21:52'),
(5,'Microsoft Windows XP Professionnel','','2020-02-04 21:36:10','2020-02-04 21:36:10'),
(6,'Microsoft Windows 7 Professionnel','','2020-02-04 21:36:10','2020-02-04 21:36:10'),
(7,'Microsoft Windows 8 Professionnel','','2020-02-04 21:36:10','2020-02-04 21:36:10'),
(8,'Microsoft Windows 8 Enterprise','','2020-02-04 21:36:10','2020-02-04 21:36:10'),
(9,'Microsoft Windows 10 Professional','','2020-02-04 21:36:10','2020-02-04 21:36:10'),
(10,'Microsoft Windows 10 Professionnel','','2020-02-05 21:10:16','2020-02-05 21:10:16'),
(11,'Microsoft Windows 10 Home','','2020-02-05 21:12:14','2020-02-05 21:12:14'),
(13,'Windows 10','','2021-06-14 20:53:06','2021-06-14 20:53:06'),
(14,'MacOS','','2021-08-06 16:10:37','2021-08-06 16:10:37'),
(15,'Ubuntu 20.04.4 LTS','','2022-03-12 11:51:58','2022-03-12 11:51:58'),
(16,'Windows Pro','','2022-06-16 14:02:38','2022-06-16 14:02:38'),
(17,'Microsoft Windows 10 Enterprise Evaluation','','2022-07-19 18:01:40','2022-07-19 18:01:40'),
(18,'Ubuntu 20.04.5 LTS','','2023-03-29 21:19:39','2023-03-29 21:19:39'),
(19,'Microsoft Windows 11 Pro','','2023-05-05 20:11:42','2023-05-05 20:11:42'),
(20,'Microsoft Windows 7 Professional','','2023-05-05 20:11:50','2023-05-05 20:11:50'),
(21,'Microsoft Windows 10 Pro','','2023-05-05 20:12:03','2023-05-05 20:12:03'),
(22,'Microsoft Windows 11 Professionnel','','2023-05-05 20:12:41','2023-05-05 20:12:41'),
(23,'CentOS Linux 7.9','','2023-11-01 15:58:14','2023-11-01 15:58:14'),
(24,'Ubuntu 20.04','','2023-11-01 15:58:14','2023-11-01 15:58:14');

--
-- Table structure for table `glpi_operatingsystemservicepacks`
--

CREATE TABLE `glpi_operatingsystemservicepacks` (
  `id` int(10) unsigned NOT NULL AUTO_INCREMENT,
  `name` varchar(255) DEFAULT NULL,
  `comment` mediumtext DEFAULT NULL,
  `date_mod` timestamp NULL DEFAULT NULL,
  `date_creation` timestamp NULL DEFAULT NULL,
  PRIMARY KEY (`id`),
  KEY `name` (`name`),
  KEY `date_mod` (`date_mod`),
  KEY `date_creation` (`date_creation`)
) ENGINE=InnoDB AUTO_INCREMENT=17 DEFAULT CHARSET=utf8mb4 COLLATE=utf8mb4_unicode_ci;

--
-- Dumping data for table `glpi_operatingsystemservicepacks`
--

INSERT INTO `glpi_operatingsystemservicepacks` VALUES
(1,'Service Pack 1','','2023-05-05 20:11:50','2023-05-05 20:11:50'),
(2,'19045.3086','','2023-07-12 13:44:00','2023-07-12 13:44:00'),
(3,'19045.3208','','2023-07-12 20:10:41','2023-07-12 20:10:41'),
(4,'19045.3324','','2023-08-10 12:16:03','2023-08-10 12:16:03'),
(5,'19045.3448','','2023-09-13 18:23:26','2023-09-13 18:23:26'),
(6,'19045.3570','','2023-10-12 12:07:06','2023-10-12 12:07:06'),
(7,'CentOS Linux release 7.9.2009 (Core)','','2023-11-01 15:58:14','2023-11-01 15:58:14'),
(8,'Ubuntu 20.04.5 LTS','','2023-11-01 15:58:14','2023-11-01 15:58:14'),
(9,'19045.3693','','2023-12-04 22:22:25','2023-12-04 22:22:25'),
(10,'19045.3803','','2023-12-18 13:20:48','2023-12-18 13:20:48'),
(11,'19045.3930','','2024-02-06 09:12:14','2024-02-06 09:12:14'),
(12,'19045.4046','','2024-02-19 13:44:43','2024-02-19 13:44:43'),
(13,'19045.4170','','2024-03-14 12:18:53','2024-03-14 12:18:53'),
(14,'19045.4291','','2024-04-24 21:44:53','2024-04-24 21:44:53'),
(15,'19045.4412','','2024-05-16 12:36:52','2024-05-16 12:36:52'),
(16,'19045.5131','','2024-11-25 22:54:02','2024-11-25 22:54:02');

--
-- Table structure for table `glpi_operatingsystemversions`
--

CREATE TABLE `glpi_operatingsystemversions` (
  `id` int(10) unsigned NOT NULL AUTO_INCREMENT,
  `name` varchar(255) DEFAULT NULL,
  `comment` mediumtext DEFAULT NULL,
  `date_mod` timestamp NULL DEFAULT NULL,
  `date_creation` timestamp NULL DEFAULT NULL,
  PRIMARY KEY (`id`),
  KEY `name` (`name`),
  KEY `date_mod` (`date_mod`),
  KEY `date_creation` (`date_creation`)
) ENGINE=InnoDB AUTO_INCREMENT=64 DEFAULT CHARSET=utf8mb4 COLLATE=utf8mb4_unicode_ci;

--
-- Dumping data for table `glpi_operatingsystemversions`
--

INSERT INTO `glpi_operatingsystemversions` VALUES
(19,'10.0.18363','','2020-02-06 18:20:41','2020-02-06 18:20:41'),
(20,'10.0.18362','','2020-02-06 18:20:50','2020-02-06 18:20:50'),
(21,'10.0.17763','','2020-02-06 18:21:09','2020-02-06 18:21:09'),
(22,'10.0.17134','','2020-02-06 18:21:23','2020-02-06 18:21:23'),
(23,'10.0.16299','','2020-02-06 18:21:27','2020-02-06 18:21:27'),
(24,'1909','','2020-02-07 11:46:20','2020-02-07 11:46:20'),
(25,'2004','','2020-11-15 15:03:30','2020-11-15 15:03:30'),
(26,'10.0.19041','','2021-04-26 17:46:36','2021-04-26 17:46:36'),
(27,'10 Professionnel','','2021-05-17 13:41:05','2021-05-17 13:41:05'),
(28,'2009','','2021-07-27 11:33:01','2021-07-27 11:33:01'),
(29,'20.04.4 LTS (Focal Fossa)','','2022-03-12 11:51:58','2022-03-12 11:51:58'),
(35,'21H1','','2022-05-13 19:39:21','2022-05-13 19:39:21'),
(53,'21H2','','2022-06-29 12:29:42','2022-06-29 12:29:42'),
(54,'22H2','','2022-11-14 17:36:36','2022-11-14 17:36:36'),
(55,'20.04.5 LTS (Focal Fossa)','','2023-03-29 21:19:39','2023-03-29 21:19:39'),
(56,'10.0.19045','','2023-04-19 18:36:23','2023-04-19 18:36:23'),
(57,'10.0.19044','','2023-04-21 14:02:24','2023-04-21 14:02:24'),
(58,'10.0.22621','','2023-05-05 20:11:42','2023-05-05 20:11:42'),
(59,'6.1.7601','','2023-05-05 20:11:50','2023-05-05 20:11:50'),
(60,'10.0.19043','','2023-05-05 20:12:28','2023-05-05 20:12:28'),
(61,'10.0.22000','','2023-05-05 20:12:41','2023-05-05 20:12:41'),
(62,'7.9','','2023-11-01 15:58:14','2023-11-01 15:58:14'),
(63,'20.04','','2023-11-01 15:58:14','2023-11-01 15:58:14');

--
-- Table structure for table `glpi_passivedcequipmentmodels`
--

CREATE TABLE `glpi_passivedcequipmentmodels` (
  `id` int(10) unsigned NOT NULL AUTO_INCREMENT,
  `name` varchar(255) DEFAULT NULL,
  `comment` mediumtext DEFAULT NULL,
  `product_number` varchar(255) DEFAULT NULL,
  `weight` int(11) NOT NULL DEFAULT 0,
  `required_units` int(11) NOT NULL DEFAULT 1,
  `depth` float NOT NULL DEFAULT 1,
  `power_connections` int(11) NOT NULL DEFAULT 0,
  `power_consumption` int(11) NOT NULL DEFAULT 0,
  `is_half_rack` tinyint(1) NOT NULL DEFAULT 0,
  `picture_front` mediumtext DEFAULT NULL,
  `picture_rear` mediumtext DEFAULT NULL,
  `pictures` text DEFAULT NULL,
  `date_mod` timestamp NULL DEFAULT NULL,
  `date_creation` timestamp NULL DEFAULT NULL,
  PRIMARY KEY (`id`),
  KEY `name` (`name`),
  KEY `date_mod` (`date_mod`),
  KEY `date_creation` (`date_creation`),
  KEY `product_number` (`product_number`)
) ENGINE=InnoDB DEFAULT CHARSET=utf8mb4 COLLATE=utf8mb4_unicode_ci;

--
-- Dumping data for table `glpi_passivedcequipmentmodels`
--


--
-- Table structure for table `glpi_passivedcequipments`
--

CREATE TABLE `glpi_passivedcequipments` (
  `id` int(10) unsigned NOT NULL AUTO_INCREMENT,
  `name` varchar(255) DEFAULT NULL,
  `entities_id` int(10) unsigned NOT NULL DEFAULT 0,
  `is_recursive` tinyint(1) NOT NULL DEFAULT 0,
  `locations_id` int(10) unsigned NOT NULL DEFAULT 0,
  `serial` varchar(255) DEFAULT NULL,
  `otherserial` varchar(255) DEFAULT NULL,
  `passivedcequipmentmodels_id` int(10) unsigned DEFAULT NULL,
  `passivedcequipmenttypes_id` int(10) unsigned NOT NULL DEFAULT 0,
  `users_id_tech` int(10) unsigned NOT NULL DEFAULT 0,
  `groups_id_tech` int(10) unsigned NOT NULL DEFAULT 0,
  `is_template` tinyint(1) NOT NULL DEFAULT 0,
  `template_name` varchar(255) DEFAULT NULL,
  `is_deleted` tinyint(1) NOT NULL DEFAULT 0,
  `states_id` int(10) unsigned NOT NULL DEFAULT 0,
  `comment` mediumtext DEFAULT NULL,
  `manufacturers_id` int(10) unsigned NOT NULL DEFAULT 0,
  `date_mod` timestamp NULL DEFAULT NULL,
  `date_creation` timestamp NULL DEFAULT NULL,
  PRIMARY KEY (`id`),
  KEY `entities_id` (`entities_id`),
  KEY `is_recursive` (`is_recursive`),
  KEY `locations_id` (`locations_id`),
  KEY `passivedcequipmentmodels_id` (`passivedcequipmentmodels_id`),
  KEY `passivedcequipmenttypes_id` (`passivedcequipmenttypes_id`),
  KEY `users_id_tech` (`users_id_tech`),
  KEY `group_id_tech` (`groups_id_tech`),
  KEY `is_template` (`is_template`),
  KEY `is_deleted` (`is_deleted`),
  KEY `states_id` (`states_id`),
  KEY `manufacturers_id` (`manufacturers_id`),
  KEY `date_creation` (`date_creation`),
  KEY `date_mod` (`date_mod`),
  KEY `name` (`name`)
) ENGINE=InnoDB AUTO_INCREMENT=2 DEFAULT CHARSET=utf8mb4 COLLATE=utf8mb4_unicode_ci;

--
-- Dumping data for table `glpi_passivedcequipments`
--

INSERT INTO `glpi_passivedcequipments` VALUES
(1,'Centrifugeuse Manuelle',0,0,85,'1234567890','',0,0,0,0,0,NULL,1,22,'',0,'2022-04-26 15:38:23','2022-04-26 15:36:07');

--
-- Table structure for table `glpi_passivedcequipmenttypes`
--

CREATE TABLE `glpi_passivedcequipmenttypes` (
  `id` int(10) unsigned NOT NULL AUTO_INCREMENT,
  `name` varchar(255) DEFAULT NULL,
  `comment` mediumtext DEFAULT NULL,
  `date_mod` timestamp NULL DEFAULT NULL,
  `date_creation` timestamp NULL DEFAULT NULL,
  PRIMARY KEY (`id`),
  KEY `name` (`name`),
  KEY `date_mod` (`date_mod`),
  KEY `date_creation` (`date_creation`)
) ENGINE=InnoDB AUTO_INCREMENT=2 DEFAULT CHARSET=utf8mb4 COLLATE=utf8mb4_unicode_ci;

--
-- Dumping data for table `glpi_passivedcequipmenttypes`
--

INSERT INTO `glpi_passivedcequipmenttypes` VALUES
(1,'Microscope','','2022-05-05 14:52:31','2022-05-05 14:52:31');

--
-- Table structure for table `glpi_pcivendors`
--

CREATE TABLE `glpi_pcivendors` (
  `id` int(10) unsigned NOT NULL AUTO_INCREMENT,
  `entities_id` int(10) unsigned NOT NULL DEFAULT 0,
  `is_recursive` tinyint(4) NOT NULL DEFAULT 0,
  `vendorid` varchar(4) NOT NULL,
  `deviceid` varchar(4) DEFAULT NULL,
  `name` varchar(255) DEFAULT NULL,
  `comment` text DEFAULT NULL,
  `date_creation` timestamp NULL DEFAULT NULL,
  `date_mod` timestamp NULL DEFAULT NULL,
  PRIMARY KEY (`id`),
  UNIQUE KEY `unicity` (`vendorid`,`deviceid`),
  KEY `deviceid` (`deviceid`),
  KEY `name` (`name`),
  KEY `entities_id` (`entities_id`),
  KEY `is_recursive` (`is_recursive`),
  KEY `date_mod` (`date_mod`),
  KEY `date_creation` (`date_creation`)
) ENGINE=InnoDB DEFAULT CHARSET=utf8mb4 COLLATE=utf8mb4_unicode_ci ROW_FORMAT=DYNAMIC;

--
-- Dumping data for table `glpi_pcivendors`
--


--
-- Table structure for table `glpi_pdumodels`
--

CREATE TABLE `glpi_pdumodels` (
  `id` int(10) unsigned NOT NULL AUTO_INCREMENT,
  `name` varchar(255) DEFAULT NULL,
  `comment` mediumtext DEFAULT NULL,
  `product_number` varchar(255) DEFAULT NULL,
  `weight` int(11) NOT NULL DEFAULT 0,
  `required_units` int(11) NOT NULL DEFAULT 1,
  `depth` float NOT NULL DEFAULT 1,
  `power_connections` int(11) NOT NULL DEFAULT 0,
  `max_power` int(11) NOT NULL DEFAULT 0,
  `is_half_rack` tinyint(1) NOT NULL DEFAULT 0,
  `picture_front` mediumtext DEFAULT NULL,
  `picture_rear` mediumtext DEFAULT NULL,
  `pictures` text DEFAULT NULL,
  `is_rackable` tinyint(1) NOT NULL DEFAULT 0,
  `date_mod` timestamp NULL DEFAULT NULL,
  `date_creation` timestamp NULL DEFAULT NULL,
  PRIMARY KEY (`id`),
  KEY `name` (`name`),
  KEY `is_rackable` (`is_rackable`),
  KEY `product_number` (`product_number`),
  KEY `date_creation` (`date_creation`),
  KEY `date_mod` (`date_mod`)
) ENGINE=InnoDB DEFAULT CHARSET=utf8mb4 COLLATE=utf8mb4_unicode_ci;

--
-- Dumping data for table `glpi_pdumodels`
--


--
-- Table structure for table `glpi_pdus`
--

CREATE TABLE `glpi_pdus` (
  `id` int(10) unsigned NOT NULL AUTO_INCREMENT,
  `name` varchar(255) DEFAULT NULL,
  `entities_id` int(10) unsigned NOT NULL DEFAULT 0,
  `is_recursive` tinyint(1) NOT NULL DEFAULT 0,
  `locations_id` int(10) unsigned NOT NULL DEFAULT 0,
  `serial` varchar(255) DEFAULT NULL,
  `otherserial` varchar(255) DEFAULT NULL,
  `pdumodels_id` int(10) unsigned DEFAULT NULL,
  `users_id_tech` int(10) unsigned NOT NULL DEFAULT 0,
  `groups_id_tech` int(10) unsigned NOT NULL DEFAULT 0,
  `is_template` tinyint(1) NOT NULL DEFAULT 0,
  `template_name` varchar(255) DEFAULT NULL,
  `is_deleted` tinyint(1) NOT NULL DEFAULT 0,
  `states_id` int(10) unsigned NOT NULL DEFAULT 0,
  `comment` mediumtext DEFAULT NULL,
  `manufacturers_id` int(10) unsigned NOT NULL DEFAULT 0,
  `pdutypes_id` int(10) unsigned NOT NULL DEFAULT 0,
  `date_mod` timestamp NULL DEFAULT NULL,
  `date_creation` timestamp NULL DEFAULT NULL,
  PRIMARY KEY (`id`),
  KEY `entities_id` (`entities_id`),
  KEY `is_recursive` (`is_recursive`),
  KEY `locations_id` (`locations_id`),
  KEY `pdumodels_id` (`pdumodels_id`),
  KEY `users_id_tech` (`users_id_tech`),
  KEY `group_id_tech` (`groups_id_tech`),
  KEY `is_template` (`is_template`),
  KEY `is_deleted` (`is_deleted`),
  KEY `states_id` (`states_id`),
  KEY `manufacturers_id` (`manufacturers_id`),
  KEY `pdutypes_id` (`pdutypes_id`),
  KEY `date_creation` (`date_creation`),
  KEY `date_mod` (`date_mod`),
  KEY `name` (`name`)
) ENGINE=InnoDB AUTO_INCREMENT=2 DEFAULT CHARSET=utf8mb4 COLLATE=utf8mb4_unicode_ci;

--
-- Dumping data for table `glpi_pdus`
--

INSERT INTO `glpi_pdus` VALUES
(1,'PDU001',5,1,0,'0001','',0,0,0,0,NULL,0,0,'',0,0,'2023-04-26 15:25:49','2020-01-18 02:28:45');

--
-- Table structure for table `glpi_pdus_plugs`
--

CREATE TABLE `glpi_pdus_plugs` (
  `id` int(10) unsigned NOT NULL AUTO_INCREMENT,
  `plugs_id` int(10) unsigned NOT NULL DEFAULT 0,
  `pdus_id` int(10) unsigned NOT NULL DEFAULT 0,
  `number_plugs` int(11) DEFAULT 0,
  `date_mod` timestamp NULL DEFAULT NULL,
  `date_creation` timestamp NULL DEFAULT NULL,
  PRIMARY KEY (`id`),
  KEY `plugs_id` (`plugs_id`),
  KEY `pdus_id` (`pdus_id`),
  KEY `date_creation` (`date_creation`),
  KEY `date_mod` (`date_mod`)
) ENGINE=InnoDB AUTO_INCREMENT=2 DEFAULT CHARSET=utf8mb4 COLLATE=utf8mb4_unicode_ci;

--
-- Dumping data for table `glpi_pdus_plugs`
--

INSERT INTO `glpi_pdus_plugs` VALUES
(1,3,1,10,'2022-03-02 19:25:53','2022-03-02 19:25:53');

--
-- Table structure for table `glpi_pdus_racks`
--

CREATE TABLE `glpi_pdus_racks` (
  `id` int(10) unsigned NOT NULL AUTO_INCREMENT,
  `racks_id` int(10) unsigned NOT NULL DEFAULT 0,
  `pdus_id` int(10) unsigned NOT NULL DEFAULT 0,
  `side` int(11) DEFAULT 0,
  `position` int(11) NOT NULL,
  `bgcolor` varchar(7) DEFAULT NULL,
  `date_mod` timestamp NULL DEFAULT NULL,
  `date_creation` timestamp NULL DEFAULT NULL,
  PRIMARY KEY (`id`),
  KEY `racks_id` (`racks_id`),
  KEY `pdus_id` (`pdus_id`),
  KEY `date_creation` (`date_creation`),
  KEY `date_mod` (`date_mod`)
) ENGINE=InnoDB AUTO_INCREMENT=2 DEFAULT CHARSET=utf8mb4 COLLATE=utf8mb4_unicode_ci;

--
-- Dumping data for table `glpi_pdus_racks`
--

INSERT INTO `glpi_pdus_racks` VALUES
(1,1,1,4,1,'#1fff96','2022-03-02 19:35:30','2022-03-02 19:34:34');

--
-- Table structure for table `glpi_pdutypes`
--

CREATE TABLE `glpi_pdutypes` (
  `id` int(10) unsigned NOT NULL AUTO_INCREMENT,
  `entities_id` int(10) unsigned NOT NULL DEFAULT 0,
  `is_recursive` tinyint(1) NOT NULL DEFAULT 0,
  `name` varchar(255) DEFAULT NULL,
  `comment` mediumtext DEFAULT NULL,
  `date_creation` timestamp NULL DEFAULT NULL,
  `date_mod` timestamp NULL DEFAULT NULL,
  PRIMARY KEY (`id`),
  KEY `entities_id` (`entities_id`),
  KEY `is_recursive` (`is_recursive`),
  KEY `name` (`name`),
  KEY `date_creation` (`date_creation`),
  KEY `date_mod` (`date_mod`)
) ENGINE=InnoDB DEFAULT CHARSET=utf8mb4 COLLATE=utf8mb4_unicode_ci;

--
-- Dumping data for table `glpi_pdutypes`
--


--
-- Table structure for table `glpi_pendingreasons`
--

CREATE TABLE `glpi_pendingreasons` (
  `id` int(10) unsigned NOT NULL AUTO_INCREMENT,
  `entities_id` int(10) unsigned NOT NULL DEFAULT 0,
  `is_recursive` tinyint(4) NOT NULL DEFAULT 0,
  `name` varchar(255) DEFAULT NULL,
  `followup_frequency` int(11) NOT NULL DEFAULT 0,
  `followups_before_resolution` int(11) NOT NULL DEFAULT 0,
  `itilfollowuptemplates_id` int(10) unsigned NOT NULL DEFAULT 0,
  `solutiontemplates_id` int(10) unsigned NOT NULL DEFAULT 0,
  `comment` text DEFAULT NULL,
  PRIMARY KEY (`id`),
  KEY `name` (`name`),
  KEY `itilfollowuptemplates_id` (`itilfollowuptemplates_id`),
  KEY `entities_id` (`entities_id`),
  KEY `is_recursive` (`is_recursive`),
  KEY `solutiontemplates_id` (`solutiontemplates_id`)
) ENGINE=InnoDB AUTO_INCREMENT=3 DEFAULT CHARSET=utf8mb4 COLLATE=utf8mb4_unicode_ci ROW_FORMAT=DYNAMIC;

--
-- Dumping data for table `glpi_pendingreasons`
--

INSERT INTO `glpi_pendingreasons` VALUES
(1,0,0,'Suspendu client',0,0,0,0,''),
(2,0,0,'Suspendu Éditeur',0,0,0,0,'');

--
-- Table structure for table `glpi_pendingreasons_items`
--

CREATE TABLE `glpi_pendingreasons_items` (
  `id` int(10) unsigned NOT NULL AUTO_INCREMENT,
  `pendingreasons_id` int(10) unsigned NOT NULL DEFAULT 0,
  `items_id` int(10) unsigned NOT NULL DEFAULT 0,
  `itemtype` varchar(100) NOT NULL DEFAULT '',
  `followup_frequency` int(11) NOT NULL DEFAULT 0,
  `followups_before_resolution` int(11) NOT NULL DEFAULT 0,
  `bump_count` int(11) NOT NULL DEFAULT 0,
  `last_bump_date` timestamp NULL DEFAULT NULL,
  `previous_status` int(11) DEFAULT NULL,
  PRIMARY KEY (`id`),
  UNIQUE KEY `unicity` (`items_id`,`itemtype`),
  KEY `pendingreasons_id` (`pendingreasons_id`),
  KEY `item` (`itemtype`,`items_id`)
) ENGINE=InnoDB AUTO_INCREMENT=31 DEFAULT CHARSET=utf8mb4 COLLATE=utf8mb4_unicode_ci ROW_FORMAT=DYNAMIC;

--
-- Dumping data for table `glpi_pendingreasons_items`
--

INSERT INTO `glpi_pendingreasons_items` VALUES
(2,0,371,'ITILFollowup',0,0,0,'2022-05-06 13:21:06',NULL),
(4,0,373,'ITILFollowup',0,0,0,'2022-05-06 13:51:13',NULL),
(6,0,396,'ITILFollowup',0,0,0,'2022-09-02 13:29:55',NULL),
(8,0,397,'ITILFollowup',0,0,0,'2022-09-02 13:31:35',NULL),
(10,0,399,'ITILFollowup',0,0,0,'2022-09-02 13:49:49',NULL),
(12,0,402,'ITILFollowup',0,0,0,'2022-09-07 13:30:34',NULL),
(14,0,408,'ITILFollowup',0,0,0,'2022-09-08 20:03:24',NULL),
(16,1,459,'ITILFollowup',259200,3,0,'2023-07-06 18:40:52',NULL),
(18,0,591,'ITILFollowup',0,0,0,'2025-02-12 13:50:39',NULL),
(20,0,593,'ITILFollowup',0,0,0,'2025-02-12 14:03:31',NULL),
(21,0,283,'Ticket',0,0,0,'2025-02-12 14:04:06',4),
(22,0,594,'ITILFollowup',0,0,0,'2025-02-12 14:04:06',NULL),
(24,0,601,'ITILFollowup',0,0,0,'2025-04-09 13:38:46',NULL),
(26,0,602,'ITILFollowup',0,0,0,'2025-04-09 13:39:25',NULL),
(28,0,607,'ITILFollowup',0,0,0,'2025-04-25 20:16:18',NULL),
(29,0,282,'Ticket',0,0,0,'2025-04-29 12:36:44',4),
(30,0,608,'ITILFollowup',0,0,0,'2025-04-29 12:36:44',NULL);

--
-- Table structure for table `glpi_peripheralmodels`
--

CREATE TABLE `glpi_peripheralmodels` (
  `id` int(10) unsigned NOT NULL AUTO_INCREMENT,
  `name` varchar(255) DEFAULT NULL,
  `comment` mediumtext DEFAULT NULL,
  `product_number` varchar(255) DEFAULT NULL,
  `weight` int(11) NOT NULL DEFAULT 0,
  `required_units` int(11) NOT NULL DEFAULT 1,
  `depth` float NOT NULL DEFAULT 1,
  `power_connections` int(11) NOT NULL DEFAULT 0,
  `power_consumption` int(11) NOT NULL DEFAULT 0,
  `is_half_rack` tinyint(1) NOT NULL DEFAULT 0,
  `picture_front` mediumtext DEFAULT NULL,
  `picture_rear` mediumtext DEFAULT NULL,
  `pictures` text DEFAULT NULL,
  `date_mod` timestamp NULL DEFAULT NULL,
  `date_creation` timestamp NULL DEFAULT NULL,
  PRIMARY KEY (`id`),
  KEY `name` (`name`),
  KEY `date_mod` (`date_mod`),
  KEY `date_creation` (`date_creation`),
  KEY `product_number` (`product_number`)
) ENGINE=InnoDB AUTO_INCREMENT=4 DEFAULT CHARSET=utf8mb4 COLLATE=utf8mb4_unicode_ci;

--
-- Dumping data for table `glpi_peripheralmodels`
--

INSERT INTO `glpi_peripheralmodels` VALUES
(1,'DS1815+','','',0,1,1,0,0,0,NULL,NULL,NULL,'2018-12-10 19:43:35','2018-12-10 19:43:35'),
(2,'CB2000C Compound Microscope','','44132',0,1,1,0,0,0,NULL,NULL,'[\"6d/5de44f8ffcdb3c.635986336273e6120626d.jpg\"]','2022-05-05 14:58:25','2022-05-05 14:58:25'),
(3,'BenQ 1080p Data Projector (MW560)','','MW560',0,1,1,0,0,0,NULL,NULL,'[\"33/5de580decaeb00.96746031627526377e333.jpg\"]','2022-05-06 13:44:23','2022-05-06 13:44:23');

--
-- Table structure for table `glpi_peripherals`
--

CREATE TABLE `glpi_peripherals` (
  `id` int(10) unsigned NOT NULL AUTO_INCREMENT,
  `entities_id` int(10) unsigned NOT NULL DEFAULT 0,
  `name` varchar(255) DEFAULT NULL,
  `date_mod` timestamp NULL DEFAULT NULL,
  `contact` varchar(255) DEFAULT NULL,
  `contact_num` varchar(255) DEFAULT NULL,
  `users_id_tech` int(10) unsigned NOT NULL DEFAULT 0,
  `groups_id_tech` int(10) unsigned NOT NULL DEFAULT 0,
  `comment` mediumtext DEFAULT NULL,
  `serial` varchar(255) DEFAULT NULL,
  `otherserial` varchar(255) DEFAULT NULL,
  `locations_id` int(10) unsigned NOT NULL DEFAULT 0,
  `peripheraltypes_id` int(10) unsigned NOT NULL DEFAULT 0,
  `peripheralmodels_id` int(10) unsigned NOT NULL DEFAULT 0,
  `brand` varchar(255) DEFAULT NULL,
  `manufacturers_id` int(10) unsigned NOT NULL DEFAULT 0,
  `is_global` tinyint(1) NOT NULL DEFAULT 0,
  `is_deleted` tinyint(1) NOT NULL DEFAULT 0,
  `is_template` tinyint(1) NOT NULL DEFAULT 0,
  `template_name` varchar(255) DEFAULT NULL,
  `users_id` int(10) unsigned NOT NULL DEFAULT 0,
  `groups_id` int(10) unsigned NOT NULL DEFAULT 0,
  `states_id` int(10) unsigned NOT NULL DEFAULT 0,
  `ticket_tco` decimal(20,4) DEFAULT 0.0000,
  `is_dynamic` tinyint(1) NOT NULL DEFAULT 0,
  `uuid` varchar(255) DEFAULT NULL,
  `autoupdatesystems_id` int(10) unsigned NOT NULL DEFAULT 0,
  `date_creation` timestamp NULL DEFAULT NULL,
  `is_recursive` tinyint(1) NOT NULL DEFAULT 0,
  PRIMARY KEY (`id`),
  KEY `name` (`name`),
  KEY `is_template` (`is_template`),
  KEY `is_global` (`is_global`),
  KEY `entities_id` (`entities_id`),
  KEY `manufacturers_id` (`manufacturers_id`),
  KEY `groups_id` (`groups_id`),
  KEY `users_id` (`users_id`),
  KEY `locations_id` (`locations_id`),
  KEY `peripheralmodels_id` (`peripheralmodels_id`),
  KEY `states_id` (`states_id`),
  KEY `users_id_tech` (`users_id_tech`),
  KEY `peripheraltypes_id` (`peripheraltypes_id`),
  KEY `is_deleted` (`is_deleted`),
  KEY `date_mod` (`date_mod`),
  KEY `groups_id_tech` (`groups_id_tech`),
  KEY `is_dynamic` (`is_dynamic`),
  KEY `serial` (`serial`),
  KEY `otherserial` (`otherserial`),
  KEY `date_creation` (`date_creation`),
  KEY `is_recursive` (`is_recursive`),
  KEY `autoupdatesystems_id` (`autoupdatesystems_id`),
  KEY `uuid` (`uuid`)
) ENGINE=InnoDB AUTO_INCREMENT=456 DEFAULT CHARSET=utf8mb4 COLLATE=utf8mb4_unicode_ci;

--
-- Dumping data for table `glpi_peripherals`
--

INSERT INTO `glpi_peripherals` VALUES
(386,8,'USB Composite Device','2024-02-06 09:12:14',NULL,NULL,0,0,'',NULL,NULL,0,1,0,'',2849,1,1,0,NULL,0,0,0,0.0000,1,NULL,0,'2020-02-06 18:20:41',0),
(404,5,'Celestron™ CB2000C Compound Microscope','2026-03-10 16:23:45','','',0,0,'','7dbdafd7-25f7-4318-8584-0ba7ee77dc97','MS-C001',131,5,2,'',0,0,0,0,NULL,0,0,22,0.0000,0,'',0,'2022-05-05 14:59:08',0),
(405,5,'BenQ 1080p Data Projector (MW560)','2024-11-27 15:17:39','','',0,0,'','1234567890','PRJ-001',91,6,3,'BenQ',0,0,0,0,NULL,0,0,10,0.0000,0,'',0,'2022-05-06 13:44:54',0),
(406,0,'Card Reader','2024-03-18 20:48:15','Germain Kouame',NULL,0,0,NULL,'20120501030900000',NULL,124,0,0,NULL,2916,0,0,0,NULL,2,0,0,0.0000,1,NULL,0,'2022-05-13 19:39:21',0),
(407,5,'JumpDrive Tough','2023-04-26 15:03:14','Germain Kouame@CACAOYER',NULL,0,0,NULL,'AA64OBCVIY2VKNQ7',NULL,91,0,0,NULL,2879,0,0,0,NULL,0,0,0,0.0000,1,NULL,0,'2022-05-13 19:39:21',0),
(408,0,'USB Composite Device','2023-04-26 15:04:01','Blandine',NULL,0,0,NULL,'05022016',NULL,0,0,0,NULL,0,0,1,0,NULL,0,0,0,0.0000,1,NULL,0,'2022-06-29 12:29:42',0),
(409,0,'USB Composite Device','2023-04-26 15:04:09','Blandine',NULL,0,0,NULL,'0000',NULL,0,0,0,NULL,0,0,1,0,NULL,0,0,0,0.0000,1,NULL,0,'2022-06-29 12:29:42',0),
(410,5,'ThinkPad Dock Ethernet [Realtek RTL8153B]','2024-11-27 15:19:03','Francois Robertson',NULL,0,0,NULL,'1015D7906',NULL,0,0,0,NULL,2785,0,0,0,NULL,0,0,0,0.0000,1,NULL,0,'2022-06-30 19:53:16',0),
(411,5,'ThinkPad Dock','2024-11-27 15:19:03','Francois Robertson',NULL,0,0,NULL,'0001',NULL,0,0,0,NULL,2785,0,0,0,NULL,0,0,0,0.0000,1,NULL,0,'2022-06-30 19:53:16',0),
(412,5,'ThinkPad Dock Hub [Cypress HX2VL]','2024-11-27 15:19:03','Francois Robertson',NULL,0,0,NULL,'MSFT20000000000000',NULL,0,0,0,NULL,2785,0,0,0,NULL,0,0,0,0.0000,1,NULL,0,'2022-06-30 19:53:16',0),
(413,5,'ThinkPad Dock Audio','2024-11-27 15:19:03','Francois Robertson',NULL,0,0,NULL,'000000000000',NULL,0,0,0,NULL,2785,0,0,0,NULL,0,0,0,0.0000,1,NULL,0,'2022-06-30 19:53:16',0),
(414,0,'G402 Gaming Mouse','2024-11-27 15:19:52','Blandine@GINSENG',NULL,0,0,NULL,'499122773934',NULL,0,0,0,NULL,0,0,0,0,NULL,0,0,0,0.0000,1,NULL,0,'2022-09-01 06:55:36',0),
(415,5,'Lenovo USB Ethernet','2023-04-26 15:03:14','Germain Kouame@CACAOYER',NULL,0,0,NULL,'301000001',NULL,91,0,0,NULL,0,0,0,0,NULL,0,0,0,0.0000,1,NULL,0,'2022-09-29 12:33:33',0),
(416,0,'iPhone 5/5C/5S/6/SE','2024-11-27 15:19:52','Blandine@GINSENG',NULL,0,0,NULL,'00008120001A29CE3CEB401E',NULL,0,0,0,NULL,0,0,0,0,NULL,0,0,0,0.0000,1,NULL,0,'2022-10-01 15:55:44',0),
(419,0,'USB Input Device','2024-03-18 20:47:14',NULL,NULL,0,0,'USB',NULL,NULL,0,3,0,'(Standard system devices)',0,1,0,0,NULL,0,0,0,0.0000,1,NULL,0,'2023-04-19 18:36:23',0),
(421,0,'Alcor Micro USB Smart Card Reader','2024-03-18 20:47:14',NULL,NULL,0,0,'Port_#0003.Hub_#0001',NULL,NULL,0,4,0,'AlcorMicro',0,1,0,0,NULL,0,0,0,0.0000,1,NULL,0,'2023-04-19 18:36:23',0),
(422,0,'Alcorlink USB Smart Card Reader','2023-05-15 16:06:51',NULL,NULL,0,0,'Port_#0001.Hub_#0001',NULL,NULL,0,4,0,'Alcorlink',0,1,0,0,NULL,0,0,0,0.0000,1,NULL,0,'2023-04-21 14:02:24',0),
(423,0,'Étendu (101 ou 102 touches)','2024-03-18 20:47:14',NULL,NULL,0,0,'',NULL,NULL,0,1,0,'',0,1,0,0,NULL,0,0,0,0.0000,1,NULL,0,'2023-04-21 14:07:58',0),
(424,0,'HID-compliant mouse','2024-03-18 20:47:14',NULL,NULL,0,0,'USB',NULL,NULL,0,3,0,'Microsoft',0,1,0,0,NULL,0,0,0,0.0000,1,NULL,0,'2023-04-21 14:07:58',0),
(425,0,'Synaptics Pointing Device','2024-03-18 20:47:14',NULL,NULL,0,0,'Other',NULL,NULL,0,3,0,'Synaptics',0,1,0,0,NULL,0,0,0,0.0000,1,NULL,0,'2023-04-21 14:07:58',0),
(426,5,'ThinkPad Dock Ethernet [Realtek RTL8153B]','2024-11-27 15:57:03','Germain Kouame',NULL,0,0,NULL,'10194114F',NULL,91,0,0,NULL,2785,0,0,0,NULL,0,0,0,0.0000,1,NULL,0,'2023-04-25 13:24:49',0),
(428,0,'Étendu (101 ou 102 touches)','2023-05-15 16:06:51',NULL,NULL,0,0,'',NULL,NULL,0,1,0,'',0,1,0,0,NULL,0,0,0,0.0000,1,NULL,0,'2023-04-21 14:07:58',0),
(429,0,'HID-compliant mouse','2023-05-15 16:06:51',NULL,NULL,0,0,'USB',NULL,NULL,0,3,0,'Microsoft',0,1,0,0,NULL,0,0,0,0.0000,1,NULL,0,'2023-04-21 14:07:58',0),
(430,0,'Synaptics Pointing Device','2023-05-15 16:06:51',NULL,NULL,0,0,'Other',NULL,NULL,0,3,0,'Synaptics',0,1,0,0,NULL,0,0,0,0.0000,1,NULL,0,'2023-04-21 14:07:58',0),
(431,0,'Étendu (101 ou 102 touches)','2023-05-05 20:11:40',NULL,NULL,0,0,'',NULL,NULL,0,1,0,'',0,1,0,0,NULL,0,0,0,0.0000,1,NULL,0,'2023-05-05 20:11:40',0),
(432,0,'spacedesk Mouse','2023-05-05 20:11:40',NULL,NULL,0,0,'Other',NULL,NULL,0,3,0,'datronicsoft',0,1,0,0,NULL,0,0,0,0.0000,1,NULL,0,'2023-05-05 20:11:40',0),
(433,0,'ELAN Input Device For WDF','2023-05-05 20:11:40',NULL,NULL,0,0,'Other',NULL,NULL,0,3,0,'ELAN',0,1,0,0,NULL,0,0,0,0.0000,1,NULL,0,'2023-05-05 20:11:40',0),
(434,0,'USB Input Device','2023-05-05 20:11:40',NULL,NULL,0,0,'USB',NULL,NULL,0,3,0,'(Standard system devices)',0,1,0,0,NULL,0,0,0,0.0000,1,NULL,0,'2023-05-05 20:11:40',0),
(435,0,'HID-compliant mouse','2023-05-05 20:11:40',NULL,NULL,0,0,'USB',NULL,NULL,0,3,0,'Microsoft',0,1,0,0,NULL,0,0,0,0.0000,1,NULL,0,'2023-05-05 20:11:40',0),
(436,0,'Enhanced (101- or 102-key)','2023-05-05 20:11:42',NULL,NULL,0,0,'',NULL,NULL,0,1,0,'',0,1,0,0,NULL,0,0,0,0.0000,1,NULL,0,'2023-05-05 20:11:42',0),
(437,0,'ELAN TrackPoint Device','2023-05-05 20:11:42',NULL,NULL,0,0,'Other',NULL,NULL,0,3,0,'ELAN',0,1,0,0,NULL,0,0,0,0.0000,1,NULL,0,'2023-05-05 20:11:42',0),
(438,0,'Synaptics Pointing Device','2023-05-05 20:11:44',NULL,NULL,0,0,'Other',NULL,NULL,0,3,0,'Lenovo',0,1,0,0,NULL,0,0,0,0.0000,1,NULL,0,'2023-05-05 20:11:44',0),
(439,0,'Synaptics PS/2 Port TouchPad','2023-05-05 20:11:50',NULL,NULL,0,0,'PS/2',NULL,NULL,0,3,0,'Synaptics',0,1,0,0,NULL,0,0,0,0.0000,1,NULL,0,'2023-05-05 20:11:50',0),
(440,0,'Microsoft Usbccid Smartcard Reader (WUDF)','2023-05-05 20:11:50',NULL,NULL,0,0,'Port_#0008.Hub_#0004',NULL,NULL,0,4,0,'Microsoft',0,1,0,0,NULL,0,0,0,0.0000,1,NULL,0,'2023-05-05 20:11:50',0),
(441,0,'Alcorlink USB Smart Card Reader','2023-05-05 20:11:58',NULL,NULL,0,0,'Port_#0001.Hub_#0001',NULL,NULL,0,4,0,'Alcorlink',0,1,0,0,NULL,0,0,0,0.0000,1,NULL,0,'2023-05-05 20:11:58',0),
(442,0,'Alcor Micro USB Smart Card Reader','2023-05-05 20:12:05',NULL,NULL,0,0,'Port_#0005.Hub_#0001',NULL,NULL,0,4,0,'AlcorMicro',0,1,0,0,NULL,0,0,0,0.0000,1,NULL,0,'2023-05-05 20:12:05',0),
(443,0,'Logitech USB Input Device','2023-05-05 20:12:11',NULL,NULL,0,0,'USB',NULL,NULL,0,3,0,'Logitech (x64)',0,1,0,0,NULL,0,0,0,0.0000,1,NULL,0,'2023-05-05 20:12:11',0),
(444,0,'AX88179 Gigabit Ethernet','2024-11-27 15:19:52','Francois Robertson@PHYLODENDRON',NULL,0,0,NULL,'0000051B617668',NULL,0,0,0,NULL,3163,0,0,0,NULL,61,0,0,0.0000,1,NULL,0,'2023-07-12 13:44:00',0),
(445,0,'EM7455','2024-11-27 15:19:52','Francois Robertson',NULL,0,0,NULL,'LF70637196031020',NULL,0,0,0,NULL,3003,0,0,0,NULL,61,0,0,0.0000,1,NULL,0,'2023-07-12 13:44:00',0),
(446,0,'Synaptics WBDI - SGX','2024-11-27 15:19:52','Francois Robertson',NULL,0,0,NULL,'09B28C5354A7',NULL,0,0,0,NULL,3165,0,0,0,NULL,61,0,0,0.0000,1,NULL,0,'2023-07-12 13:44:00',0),
(447,5,'USB Composite Device','2023-08-11 19:53:33',NULL,NULL,0,0,'',NULL,NULL,0,1,0,'',2849,1,1,0,NULL,0,0,0,0.0000,1,NULL,0,'2020-02-06 18:20:41',0),
(448,0,'Étendu (101 ou 102 touches)','2024-11-27 15:19:52',NULL,NULL,0,0,'',NULL,NULL,0,1,0,'',0,1,0,0,NULL,0,0,0,0.0000,1,NULL,0,'2023-11-01 15:58:14',0),
(449,0,'Synaptics Pointing Device','2024-11-27 15:19:52',NULL,NULL,0,0,'Other',NULL,NULL,0,3,0,'Synaptics',0,1,0,0,NULL,0,0,0,0.0000,1,NULL,0,'2023-11-01 15:58:14',0),
(450,0,'HID-compliant mouse','2024-11-27 15:19:52',NULL,NULL,0,0,'USB',NULL,NULL,0,3,0,'Microsoft',0,1,0,0,NULL,0,0,0,0.0000,1,NULL,0,'2023-11-01 15:58:14',0),
(451,0,'AT Translated Set 2 keyboard','2023-11-01 15:58:14',NULL,NULL,0,0,'',NULL,NULL,0,7,0,'',0,1,0,0,NULL,0,0,0,0.0000,1,NULL,0,'2023-11-01 15:58:14',0),
(452,0,'VirtualPS/2 VMware VMMouse','2023-11-01 15:58:14',NULL,NULL,0,0,'',NULL,NULL,0,3,0,'',0,1,0,0,NULL,0,0,0,0.0000,1,NULL,0,'2023-11-01 15:58:14',0),
(453,0,'QEMU QEMU USB Tablet','2023-11-01 15:58:14',NULL,NULL,0,0,'',NULL,NULL,0,3,0,'',0,1,0,0,NULL,0,0,0,0.0000,1,NULL,0,'2023-11-01 15:58:14',0),
(454,0,'PC Speaker','2023-11-01 15:58:14',NULL,NULL,0,0,'',NULL,NULL,0,1,0,'',0,1,0,0,NULL,0,0,0,0.0000,1,NULL,0,'2023-11-01 15:58:14',0),
(455,0,'USB Composite Device','2024-02-06 09:12:14',NULL,NULL,0,0,'',NULL,NULL,0,1,0,'',2849,1,1,0,NULL,0,0,0,0.0000,1,NULL,0,'2020-02-06 18:20:41',0);

--
-- Table structure for table `glpi_peripheraltypes`
--

CREATE TABLE `glpi_peripheraltypes` (
  `id` int(10) unsigned NOT NULL AUTO_INCREMENT,
  `name` varchar(255) DEFAULT NULL,
  `comment` mediumtext DEFAULT NULL,
  `date_mod` timestamp NULL DEFAULT NULL,
  `date_creation` timestamp NULL DEFAULT NULL,
  PRIMARY KEY (`id`),
  KEY `name` (`name`),
  KEY `date_mod` (`date_mod`),
  KEY `date_creation` (`date_creation`)
) ENGINE=InnoDB AUTO_INCREMENT=8 DEFAULT CHARSET=utf8mb4 COLLATE=utf8mb4_unicode_ci;

--
-- Dumping data for table `glpi_peripheraltypes`
--

INSERT INTO `glpi_peripheraltypes` VALUES
(1,'keyboard','','2018-01-04 14:15:50','2018-01-04 14:15:50'),
(2,'Baie de disques','','2018-12-10 19:43:56','2018-12-10 19:43:56'),
(3,'Pointing','','2020-02-05 21:10:16','2020-02-05 21:10:16'),
(4,'Smartcard Reader','','2020-02-05 21:10:40','2020-02-05 21:10:40'),
(5,'Microscope','','2022-05-05 14:55:09','2022-05-05 14:55:09'),
(6,'Projector','','2022-05-06 13:43:12','2022-05-06 13:43:12'),
(7,'sysrq','','2023-11-01 15:58:14','2023-11-01 15:58:14');

--
-- Table structure for table `glpi_phonemodels`
--

CREATE TABLE `glpi_phonemodels` (
  `id` int(10) unsigned NOT NULL AUTO_INCREMENT,
  `name` varchar(255) DEFAULT NULL,
  `comment` mediumtext DEFAULT NULL,
  `product_number` varchar(255) DEFAULT NULL,
  `date_mod` timestamp NULL DEFAULT NULL,
  `date_creation` timestamp NULL DEFAULT NULL,
  `picture_front` text DEFAULT NULL,
  `picture_rear` text DEFAULT NULL,
  `pictures` text DEFAULT NULL,
  PRIMARY KEY (`id`),
  KEY `name` (`name`),
  KEY `date_mod` (`date_mod`),
  KEY `date_creation` (`date_creation`),
  KEY `product_number` (`product_number`)
) ENGINE=InnoDB AUTO_INCREMENT=3 DEFAULT CHARSET=utf8mb4 COLLATE=utf8mb4_unicode_ci;

--
-- Dumping data for table `glpi_phonemodels`
--

INSERT INTO `glpi_phonemodels` VALUES
(1,'S10','','','2020-07-21 18:29:01','2020-07-21 18:29:01',NULL,NULL,NULL),
(2,'Iphone11','','','2020-07-22 13:34:34','2020-07-22 13:34:34',NULL,NULL,NULL);

--
-- Table structure for table `glpi_phonepowersupplies`
--

CREATE TABLE `glpi_phonepowersupplies` (
  `id` int(10) unsigned NOT NULL AUTO_INCREMENT,
  `name` varchar(255) DEFAULT NULL,
  `comment` mediumtext DEFAULT NULL,
  `date_mod` timestamp NULL DEFAULT NULL,
  `date_creation` timestamp NULL DEFAULT NULL,
  PRIMARY KEY (`id`),
  KEY `name` (`name`),
  KEY `date_mod` (`date_mod`),
  KEY `date_creation` (`date_creation`)
) ENGINE=InnoDB DEFAULT CHARSET=utf8mb4 COLLATE=utf8mb4_unicode_ci;

--
-- Dumping data for table `glpi_phonepowersupplies`
--


--
-- Table structure for table `glpi_phones`
--

CREATE TABLE `glpi_phones` (
  `id` int(10) unsigned NOT NULL AUTO_INCREMENT,
  `entities_id` int(10) unsigned NOT NULL DEFAULT 0,
  `name` varchar(255) DEFAULT NULL,
  `date_mod` timestamp NULL DEFAULT NULL,
  `contact` varchar(255) DEFAULT NULL,
  `contact_num` varchar(255) DEFAULT NULL,
  `users_id_tech` int(10) unsigned NOT NULL DEFAULT 0,
  `groups_id_tech` int(10) unsigned NOT NULL DEFAULT 0,
  `comment` mediumtext DEFAULT NULL,
  `serial` varchar(255) DEFAULT NULL,
  `otherserial` varchar(255) DEFAULT NULL,
  `locations_id` int(10) unsigned NOT NULL DEFAULT 0,
  `phonetypes_id` int(10) unsigned NOT NULL DEFAULT 0,
  `phonemodels_id` int(10) unsigned NOT NULL DEFAULT 0,
  `brand` varchar(255) DEFAULT NULL,
  `phonepowersupplies_id` int(10) unsigned NOT NULL DEFAULT 0,
  `number_line` varchar(255) DEFAULT NULL,
  `have_headset` tinyint(1) NOT NULL DEFAULT 0,
  `have_hp` tinyint(1) NOT NULL DEFAULT 0,
  `manufacturers_id` int(10) unsigned NOT NULL DEFAULT 0,
  `is_global` tinyint(1) NOT NULL DEFAULT 0,
  `is_deleted` tinyint(1) NOT NULL DEFAULT 0,
  `is_template` tinyint(1) NOT NULL DEFAULT 0,
  `template_name` varchar(255) DEFAULT NULL,
  `users_id` int(10) unsigned NOT NULL DEFAULT 0,
  `groups_id` int(10) unsigned NOT NULL DEFAULT 0,
  `states_id` int(10) unsigned NOT NULL DEFAULT 0,
  `ticket_tco` decimal(20,4) DEFAULT 0.0000,
  `is_dynamic` tinyint(1) NOT NULL DEFAULT 0,
  `uuid` varchar(255) DEFAULT NULL,
  `autoupdatesystems_id` int(10) unsigned NOT NULL DEFAULT 0,
  `date_creation` timestamp NULL DEFAULT NULL,
  `is_recursive` tinyint(1) NOT NULL DEFAULT 0,
  `last_inventory_update` timestamp NULL DEFAULT NULL,
  PRIMARY KEY (`id`),
  KEY `name` (`name`),
  KEY `is_template` (`is_template`),
  KEY `is_global` (`is_global`),
  KEY `entities_id` (`entities_id`),
  KEY `manufacturers_id` (`manufacturers_id`),
  KEY `groups_id` (`groups_id`),
  KEY `users_id` (`users_id`),
  KEY `locations_id` (`locations_id`),
  KEY `phonemodels_id` (`phonemodels_id`),
  KEY `phonepowersupplies_id` (`phonepowersupplies_id`),
  KEY `states_id` (`states_id`),
  KEY `users_id_tech` (`users_id_tech`),
  KEY `phonetypes_id` (`phonetypes_id`),
  KEY `is_deleted` (`is_deleted`),
  KEY `date_mod` (`date_mod`),
  KEY `groups_id_tech` (`groups_id_tech`),
  KEY `is_dynamic` (`is_dynamic`),
  KEY `serial` (`serial`),
  KEY `otherserial` (`otherserial`),
  KEY `date_creation` (`date_creation`),
  KEY `is_recursive` (`is_recursive`),
  KEY `autoupdatesystems_id` (`autoupdatesystems_id`),
  KEY `uuid` (`uuid`)
) ENGINE=InnoDB AUTO_INCREMENT=5 DEFAULT CHARSET=utf8mb4 COLLATE=utf8mb4_unicode_ci;

--
-- Dumping data for table `glpi_phones`
--

INSERT INTO `glpi_phones` VALUES
(1,0,'GAXY10MSF001','2024-11-27 15:19:52',NULL,NULL,0,0,NULL,'','',0,1,1,NULL,0,NULL,0,0,0,0,0,0,NULL,0,0,26,0.0000,0,NULL,0,'2020-07-21 18:44:35',0,NULL),
(2,0,'GAXY10MSF001','2024-11-27 15:19:52',NULL,NULL,0,0,NULL,'','',0,1,1,NULL,0,NULL,0,0,0,0,0,0,NULL,0,0,26,0.0000,0,NULL,0,'2020-07-21 18:44:35',0,NULL),
(3,0,'GAXYMSF226234303','2024-11-27 15:19:52',NULL,NULL,0,0,NULL,'TOBEFILLED226234303',NULL,0,1,1,NULL,0,NULL,0,0,0,0,0,0,NULL,0,0,10,0.0000,0,NULL,0,'2020-07-21 18:45:53',0,NULL),
(4,0,'BlackBerry Classic','2024-11-27 15:19:52','','',0,0,'','','',0,1,0,'',0,'',0,0,0,1,0,0,NULL,0,0,22,0.0000,0,NULL,0,'2021-07-19 08:55:34',0,NULL);

--
-- Table structure for table `glpi_phonetypes`
--

CREATE TABLE `glpi_phonetypes` (
  `id` int(10) unsigned NOT NULL AUTO_INCREMENT,
  `name` varchar(255) DEFAULT NULL,
  `comment` mediumtext DEFAULT NULL,
  `date_mod` timestamp NULL DEFAULT NULL,
  `date_creation` timestamp NULL DEFAULT NULL,
  PRIMARY KEY (`id`),
  KEY `name` (`name`),
  KEY `date_mod` (`date_mod`),
  KEY `date_creation` (`date_creation`)
) ENGINE=InnoDB AUTO_INCREMENT=3 DEFAULT CHARSET=utf8mb4 COLLATE=utf8mb4_unicode_ci;

--
-- Dumping data for table `glpi_phonetypes`
--

INSERT INTO `glpi_phonetypes` VALUES
(1,'Téléphone portable','','2020-07-21 17:54:22','2020-07-21 17:54:22'),
(2,'Téléphone fixe','','2020-07-21 17:54:35','2020-07-21 17:54:35');

--
-- Table structure for table `glpi_planningeventcategories`
--

CREATE TABLE `glpi_planningeventcategories` (
  `id` int(10) unsigned NOT NULL AUTO_INCREMENT,
  `name` varchar(255) DEFAULT NULL,
  `color` varchar(255) DEFAULT NULL,
  `comment` mediumtext DEFAULT NULL,
  `date_mod` timestamp NULL DEFAULT NULL,
  `date_creation` timestamp NULL DEFAULT NULL,
  PRIMARY KEY (`id`),
  KEY `name` (`name`),
  KEY `date_mod` (`date_mod`),
  KEY `date_creation` (`date_creation`)
) ENGINE=InnoDB DEFAULT CHARSET=utf8mb4 COLLATE=utf8mb4_unicode_ci;

--
-- Dumping data for table `glpi_planningeventcategories`
--


--
-- Table structure for table `glpi_planningexternalevents`
--

CREATE TABLE `glpi_planningexternalevents` (
  `id` int(10) unsigned NOT NULL AUTO_INCREMENT,
  `uuid` varchar(255) DEFAULT NULL,
  `planningexternaleventtemplates_id` int(10) unsigned NOT NULL DEFAULT 0,
  `entities_id` int(10) unsigned NOT NULL DEFAULT 0,
  `is_recursive` tinyint(1) NOT NULL DEFAULT 1,
  `date` timestamp NULL DEFAULT NULL,
  `users_id` int(10) unsigned NOT NULL DEFAULT 0,
  `users_id_guests` mediumtext DEFAULT NULL,
  `groups_id` int(10) unsigned NOT NULL DEFAULT 0,
  `name` varchar(255) DEFAULT NULL,
  `text` mediumtext DEFAULT NULL,
  `begin` timestamp NULL DEFAULT NULL,
  `end` timestamp NULL DEFAULT NULL,
  `rrule` mediumtext DEFAULT NULL,
  `state` int(11) NOT NULL DEFAULT 0,
  `planningeventcategories_id` int(10) unsigned NOT NULL DEFAULT 0,
  `background` tinyint(1) NOT NULL DEFAULT 0,
  `date_mod` timestamp NULL DEFAULT NULL,
  `date_creation` timestamp NULL DEFAULT NULL,
  PRIMARY KEY (`id`),
  UNIQUE KEY `uuid` (`uuid`),
  KEY `planningexternaleventtemplates_id` (`planningexternaleventtemplates_id`),
  KEY `entities_id` (`entities_id`),
  KEY `is_recursive` (`is_recursive`),
  KEY `date` (`date`),
  KEY `begin` (`begin`),
  KEY `end` (`end`),
  KEY `users_id` (`users_id`),
  KEY `groups_id` (`groups_id`),
  KEY `state` (`state`),
  KEY `planningeventcategories_id` (`planningeventcategories_id`),
  KEY `date_mod` (`date_mod`),
  KEY `date_creation` (`date_creation`),
  KEY `name` (`name`)
) ENGINE=InnoDB DEFAULT CHARSET=utf8mb4 COLLATE=utf8mb4_unicode_ci;

--
-- Dumping data for table `glpi_planningexternalevents`
--


--
-- Table structure for table `glpi_planningexternaleventtemplates`
--

CREATE TABLE `glpi_planningexternaleventtemplates` (
  `id` int(10) unsigned NOT NULL AUTO_INCREMENT,
  `entities_id` int(10) unsigned NOT NULL DEFAULT 0,
  `name` varchar(255) DEFAULT NULL,
  `text` mediumtext DEFAULT NULL,
  `comment` mediumtext DEFAULT NULL,
  `duration` int(11) NOT NULL DEFAULT 0,
  `before_time` int(11) NOT NULL DEFAULT 0,
  `rrule` mediumtext DEFAULT NULL,
  `state` int(11) NOT NULL DEFAULT 0,
  `planningeventcategories_id` int(10) unsigned NOT NULL DEFAULT 0,
  `background` tinyint(1) NOT NULL DEFAULT 0,
  `date_mod` timestamp NULL DEFAULT NULL,
  `date_creation` timestamp NULL DEFAULT NULL,
  PRIMARY KEY (`id`),
  KEY `entities_id` (`entities_id`),
  KEY `state` (`state`),
  KEY `planningeventcategories_id` (`planningeventcategories_id`),
  KEY `date_mod` (`date_mod`),
  KEY `date_creation` (`date_creation`),
  KEY `name` (`name`)
) ENGINE=InnoDB DEFAULT CHARSET=utf8mb4 COLLATE=utf8mb4_unicode_ci;

--
-- Dumping data for table `glpi_planningexternaleventtemplates`
--


--
-- Table structure for table `glpi_planningrecalls`
--

CREATE TABLE `glpi_planningrecalls` (
  `id` int(10) unsigned NOT NULL AUTO_INCREMENT,
  `items_id` int(10) unsigned NOT NULL DEFAULT 0,
  `itemtype` varchar(100) NOT NULL,
  `users_id` int(10) unsigned NOT NULL DEFAULT 0,
  `before_time` int(11) NOT NULL DEFAULT -10,
  `when` timestamp NULL DEFAULT NULL,
  PRIMARY KEY (`id`),
  UNIQUE KEY `unicity` (`itemtype`,`items_id`,`users_id`),
  KEY `users_id` (`users_id`),
  KEY `before_time` (`before_time`),
  KEY `when` (`when`)
) ENGINE=InnoDB AUTO_INCREMENT=23 DEFAULT CHARSET=utf8mb4 COLLATE=utf8mb4_unicode_ci;

--
-- Dumping data for table `glpi_planningrecalls`
--


--
-- Table structure for table `glpi_plugin_advanceddashboard_databases`
--



--
-- Dumping data for table `glpi_plugin_advanceddashboard_databases`
--


--
-- Table structure for table `glpi_plugin_advanceddashboard_questions`
--

CREATE TABLE `glpi_plugin_advanceddashboard_questions` (
  `id` int(10) unsigned NOT NULL AUTO_INCREMENT,
  `name` varchar(255) DEFAULT NULL,
  `comment` text DEFAULT NULL,
  `plugin_advanceddashboard_databases_id` int(10) unsigned NOT NULL DEFAULT 0,
  `sql` text DEFAULT NULL,
  `fields` text DEFAULT NULL,
  `is_deleted` tinyint(4) NOT NULL DEFAULT 0,
  `is_active` tinyint(4) NOT NULL DEFAULT 0,
  `entities_id` int(10) unsigned NOT NULL DEFAULT 0,
  `last_execution_time` int(11) NOT NULL DEFAULT 0,
  `date_creation` timestamp NULL DEFAULT NULL,
  `date_mod` timestamp NULL DEFAULT NULL,
  PRIMARY KEY (`id`),
  KEY `name` (`name`),
  KEY `plugin_advanceddashboard_databases_id` (`plugin_advanceddashboard_databases_id`),
  KEY `date_creation` (`date_creation`),
  KEY `date_mod` (`date_mod`),
  KEY `is_active` (`is_active`),
  KEY `is_deleted` (`is_deleted`),
  KEY `entities_id` (`entities_id`)
) ENGINE=InnoDB AUTO_INCREMENT=4 DEFAULT CHARSET=utf8mb4 COLLATE=utf8mb4_unicode_ci ROW_FORMAT=DYNAMIC;

--
-- Dumping data for table `glpi_plugin_advanceddashboard_questions`
--

INSERT INTO `glpi_plugin_advanceddashboard_questions` VALUES
(1,'nombre de techniciens','Cette question affiche le nombre d\'utilisateurs avec au moins un profil de type \"Interface Standard\".',0,'SELECT\n   COUNT(DISTINCT `glpi_profiles_users`.`users_id`)\nFROM\n   `glpi_profiles_users`\n   LEFT JOIN `glpi_profiles` ON `glpi_profiles_users`.`profiles_id` = `glpi_profiles`.`id`\nWHERE\n   `glpi_profiles`.`interface` = \'central\';','{\"main_label\":\"tech users\",\"widgettypes\":[\"bigNumber\"],\"widgettype\":\"bigNumber\"}',0,1,0,0,'2025-12-16 21:40:58','2026-02-02 22:34:34'),
(2,'évolution des tickets','Cette question affiche l\'évolution des tickets ouverts, en attente et résolus.',0,'SELECT\n   select_opened.period,\n   select_opened.period_name,\n   IFNULL(select_opened.opened_tickets, 0) as \'opened tickets\',\n   IFNULL(select_solved.solved_tickets, 0) as \'solved tickets\',\n   IFNULL(\n      select_backlog.backlog_tickets,\n      0\n   ) as \'backlog\'\nFROM\n   (\n      SELECT\n         DISTINCT DATE_FORMAT(glpi_tickets.date, \'%y%m\') AS period,\n         DATE_FORMAT(\n            MIN(glpi_tickets.date),\n            \'%b %Y\'\n         ) AS period_name,\n         COUNT(DISTINCT glpi_tickets.id) AS opened_tickets\n      FROM\n         glpi_tickets\n         LEFT JOIN glpi_tickets_users tu ON tu.tickets_id = glpi_tickets.id\n         AND tu.type = 2\n         LEFT JOIN glpi_groups_tickets gt ON gt.tickets_id = glpi_tickets.id\n         AND gt.type = 2\n         LEFT JOIN glpi_groups_tickets gtr ON gtr.tickets_id = glpi_tickets.id\n         AND gtr.type = 1\n         LEFT JOIN glpi_itilcategories ON glpi_itilcategories.id = glpi_tickets.itilcategories_id\n         LEFT JOIN glpi_entities ON glpi_entities.id = glpi_tickets.entities_id\n      WHERE\n         glpi_tickets.is_deleted = \'0\'\n      GROUP BY\n         period\n      ORDER BY\n         period\n   ) AS select_opened\n   LEFT JOIN (\n      SELECT\n         DISTINCT DATE_FORMAT(glpi_tickets.solvedate, \'%y%m\') AS period,\n         DATE_FORMAT(\n            MIN(glpi_tickets.solvedate),\n            \'%b %Y\'\n         ) AS period_name,\n         COUNT(DISTINCT glpi_tickets.id) AS solved_tickets\n      FROM\n         glpi_tickets\n         LEFT JOIN glpi_tickets_users tu ON tu.tickets_id = glpi_tickets.id\n         AND tu.type = 2\n         LEFT JOIN glpi_groups_tickets gt ON gt.tickets_id = glpi_tickets.id\n         AND gt.type = 2\n         LEFT JOIN glpi_groups_tickets gtr ON gtr.tickets_id = glpi_tickets.id\n         AND gtr.type = 1\n         LEFT JOIN glpi_itilcategories ON glpi_itilcategories.id = glpi_tickets.itilcategories_id\n         LEFT JOIN glpi_entities ON glpi_entities.id = glpi_tickets.entities_id\n      WHERE\n         glpi_tickets.is_deleted = \'0\'\n      GROUP BY\n         period\n      ORDER BY\n         period\n   ) AS select_solved ON select_opened.period = select_solved.period\n   LEFT JOIN (\n      SELECT\n         DISTINCT(\n            DATE_FORMAT(list_date.period_l, \'%y%m\')\n         ) AS period,\n         DATE_FORMAT(\n            MIN(list_date.period_l),\n            \'%b %Y\'\n         ) AS period_name,\n         COUNT(\n            DISTINCT(glpi_tickets.id)\n         ) AS backlog_tickets\n      FROM\n         (\n            SELECT\n               DISTINCT period_l\n            FROM\n               (\n                  SELECT\n                     DISTINCT CONCAT(\n                        LAST_DAY(\n                           DATE_FORMAT(`date`, \'%Y-%m-01 23:59:59\')\n                        ),\n                        \' 23:59:59\'\n                     ) AS period_l\n                  FROM\n                     glpi_tickets\n                  UNION\n                  SELECT\n                     DISTINCT CONCAT(\n                        LAST_DAY(\n                           DATE_FORMAT(\n                              `solvedate`, \'%Y-%m-01 23:59:59\'\n                           )\n                        ),\n                        \' 23:59:59\'\n                     ) AS period_l\n                  FROM\n                     glpi_tickets\n               ) AS list_date_union\n         ) AS list_date\n         LEFT JOIN glpi_tickets ON glpi_tickets.date <= list_date.period_l\n         AND (\n            glpi_tickets.solvedate > list_date.period_l\n            OR glpi_tickets.solvedate IS NULL\n         )\n         LEFT JOIN glpi_tickets_users tu ON tu.tickets_id = glpi_tickets.id\n         AND tu.type = 2\n         LEFT JOIN glpi_groups_tickets gt ON gt.tickets_id = glpi_tickets.id\n         AND gt.type = 2\n         LEFT JOIN glpi_groups_tickets gtr ON gtr.tickets_id = glpi_tickets.id\n         AND gtr.type = 1\n         LEFT JOIN glpi_itilcategories ON glpi_itilcategories.id = glpi_tickets.itilcategories_id\n         LEFT JOIN glpi_entities ON glpi_entities.id = glpi_tickets.entities_id\n      WHERE\n         glpi_tickets.is_deleted = \'0\'\n      GROUP BY\n         period\n   ) AS select_backlog ON select_opened.period = select_backlog.period\nORDER BY\n   period;','{\"main_col\":\"period_name\",\"secondary_cols\":[\"opened tickets\",\"solved tickets\",\"backlog\"],\"format\":\"number\",\"main_label\":\"\",\"widgettypes\":{\"0\":\"lines\",\"1\":\"areas\",\"2\":\"bars\",\"3\":\"hBars\",\"4\":\"stackedbars\",\"5\":\"table\"},\"widgettype\":\"lines\",\"limit\":\"100\"}',0,1,0,5,'2025-12-16 21:40:58','2026-02-02 22:35:21'),
(3,'statut du ticket','Cette question affiche le nombre de tickets par statut.',0,'SELECT\n   DISTINCT DATE_FORMAT(glpi_tickets.date, \'%y%m\') as period,\n   DATE_FORMAT(\n      MIN(glpi_tickets.date),\n      \'%b %Y\'\n   ) as \'Time period\',\n   COUNT(DISTINCT glpi_tickets.id) as total_ticket,\n   SUM(\n      IF(glpi_tickets.status = 1, 1, 0)\n   ) as \'New\',\n   SUM(\n      IF(glpi_tickets.status = 2, 1, 0)\n   ) as \'Assigned\',\n   SUM(\n      IF(glpi_tickets.status = 3, 1, 0)\n   ) as \'Planed\',\n   SUM(\n      IF(glpi_tickets.status = 4, 1, 0)\n   ) as \'Waitting\',\n   SUM(\n      IF(glpi_tickets.status = 5, 1, 0)\n   ) as \'Solved\',\n   SUM(\n      IF(glpi_tickets.status = 6, 1, 0)\n   ) as \'Closed\'\nFROM\n   glpi_tickets\n   LEFT JOIN glpi_tickets_users tu ON tu.tickets_id = glpi_tickets.id\n   AND tu.type = 2\n   LEFT JOIN glpi_groups_tickets gt ON gt.tickets_id = glpi_tickets.id\n   AND gt.type = 2\n   LEFT JOIN glpi_groups_tickets gtr ON gtr.tickets_id = glpi_tickets.id\n   AND gtr.type = 1\n   LEFT JOIN glpi_itilcategories ON glpi_itilcategories.id = glpi_tickets.itilcategories_id\n   LEFT JOIN glpi_entities ON glpi_entities.id = glpi_tickets.entities_id\nWHERE\n   glpi_tickets.is_deleted = \'0\'\nGROUP BY\n   period\nORDER BY\n   period;','{\"main_col\":\"Time period\",\"secondary_cols\":[\"New\",\"Assigned\",\"Planed\",\"Waitting\",\"Solved\",\"Closed\"],\"format\":\"number\",\"main_label\":\"\",\"widgettypes\":{\"0\":\"lines\",\"1\":\"areas\",\"2\":\"bars\",\"3\":\"hBars\",\"4\":\"stackedbars\",\"5\":\"table\"},\"widgettype\":\"hBars\",\"limit\":\"100\"}',0,1,0,1,'2025-12-16 21:40:58','2026-02-02 22:50:44');

--
-- Table structure for table `glpi_plugin_anonymize_profileattributes`
--

CREATE TABLE `glpi_plugin_anonymize_profileattributes` (
  `id` int(10) unsigned NOT NULL AUTO_INCREMENT,
  `plugin_anonymize_profiles_id` int(10) unsigned NOT NULL DEFAULT 0,
  `attribute` varchar(255) DEFAULT NULL,
  `anonymisation_strategy` int(11) NOT NULL DEFAULT 0,
  `replace_by_x_value` varchar(255) DEFAULT NULL,
  PRIMARY KEY (`id`),
  KEY `plugin_anonymize_profiles_id` (`plugin_anonymize_profiles_id`)
) ENGINE=InnoDB DEFAULT CHARSET=utf8mb4 COLLATE=utf8mb4_unicode_ci ROW_FORMAT=DYNAMIC;

--
-- Dumping data for table `glpi_plugin_anonymize_profileattributes`
--


--
-- Table structure for table `glpi_plugin_anonymize_profiles`
--

CREATE TABLE `glpi_plugin_anonymize_profiles` (
  `id` int(10) unsigned NOT NULL AUTO_INCREMENT,
  `name` varchar(255) DEFAULT NULL,
  `itemtype` varchar(255) DEFAULT NULL,
  `history_strategy` int(11) NOT NULL DEFAULT 0,
  `history_conservation_delta` int(11) NOT NULL DEFAULT 31104000,
  `default` tinyint(4) NOT NULL DEFAULT 0,
  PRIMARY KEY (`id`)
) ENGINE=InnoDB DEFAULT CHARSET=utf8mb4 COLLATE=utf8mb4_unicode_ci ROW_FORMAT=DYNAMIC;

--
-- Dumping data for table `glpi_plugin_anonymize_profiles`
--


--
-- Table structure for table `glpi_plugin_anonymize_profilesearches`
--

CREATE TABLE `glpi_plugin_anonymize_profilesearches` (
  `id` int(10) unsigned NOT NULL AUTO_INCREMENT,
  `plugin_anonymize_profiles_id` int(10) unsigned NOT NULL DEFAULT 0,
  `attribute` varchar(255) DEFAULT NULL,
  PRIMARY KEY (`id`),
  KEY `plugin_anonymize_profiles_id` (`plugin_anonymize_profiles_id`)
) ENGINE=InnoDB DEFAULT CHARSET=utf8mb4 COLLATE=utf8mb4_unicode_ci ROW_FORMAT=DYNAMIC;

--
-- Dumping data for table `glpi_plugin_anonymize_profilesearches`
--


--
-- Table structure for table `glpi_plugin_behaviors_configs`
--

CREATE TABLE `glpi_plugin_behaviors_configs` (
  `id` int(10) unsigned NOT NULL,
  `use_requester_item_group` tinyint(4) NOT NULL DEFAULT 0,
  `use_requester_user_group` tinyint(4) NOT NULL DEFAULT 0,
  `is_ticketsolutiontype_mandatory` tinyint(4) NOT NULL DEFAULT 0,
  `is_ticketsolution_mandatory` tinyint(4) NOT NULL DEFAULT 0,
  `is_ticketcategory_mandatory` tinyint(4) NOT NULL DEFAULT 0,
  `is_ticketcategory_mandatory_on_assign` tinyint(4) NOT NULL DEFAULT 0,
  `is_tickettaskcategory_mandatory` tinyint(4) NOT NULL DEFAULT 0,
  `is_tickettech_mandatory` tinyint(4) NOT NULL DEFAULT 0,
  `is_tickettechgroup_mandatory` tinyint(4) NOT NULL DEFAULT 0,
  `is_ticketrealtime_mandatory` tinyint(4) NOT NULL DEFAULT 0,
  `is_ticketlocation_mandatory` tinyint(4) NOT NULL DEFAULT 0,
  `is_ticketdate_locked` tinyint(4) NOT NULL DEFAULT 0,
  `use_assign_user_group` tinyint(4) NOT NULL DEFAULT 0,
  `use_assign_user_group_update` tinyint(4) NOT NULL DEFAULT 0,
  `ticketsolved_updatetech` tinyint(4) NOT NULL DEFAULT 0,
  `tickets_id_format` varchar(15) DEFAULT NULL,
  `changes_id_format` varchar(15) DEFAULT NULL,
  `is_problemsolutiontype_mandatory` tinyint(4) NOT NULL DEFAULT 0,
  `remove_from_ocs` tinyint(4) NOT NULL DEFAULT 0,
  `add_notif` tinyint(4) NOT NULL DEFAULT 0,
  `single_tech_mode` int(10) unsigned NOT NULL DEFAULT 0,
  `myasset` tinyint(4) NOT NULL DEFAULT 0,
  `groupasset` tinyint(4) NOT NULL DEFAULT 0,
  `clone` tinyint(4) NOT NULL DEFAULT 0,
  `addfup_updatetech` tinyint(4) NOT NULL DEFAULT 0,
  `is_tickettasktodo` tinyint(4) NOT NULL DEFAULT 0,
  `is_problemtasktodo` tinyint(4) NOT NULL DEFAULT 0,
  `is_changetasktodo` tinyint(4) NOT NULL DEFAULT 0,
  `date_mod` timestamp NULL DEFAULT NULL,
  `comment` text DEFAULT NULL,
  PRIMARY KEY (`id`)
) ENGINE=InnoDB DEFAULT CHARSET=utf8mb4 COLLATE=utf8mb4_unicode_ci ROW_FORMAT=DYNAMIC;

--
-- Dumping data for table `glpi_plugin_behaviors_configs`
--

INSERT INTO `glpi_plugin_behaviors_configs` VALUES
(1,0,2,0,0,0,0,0,0,1,0,0,1,0,0,0,NULL,NULL,0,0,1,1,0,0,0,0,0,0,0,'2026-02-27 14:01:54',NULL);

--
-- Table structure for table `glpi_plugin_branding_custompaletteentities`
--

CREATE TABLE `glpi_plugin_branding_custompaletteentities` (
  `id` int(10) unsigned NOT NULL AUTO_INCREMENT,
  `entity_id` int(10) unsigned NOT NULL,
  `custompalette_id` int(10) unsigned NOT NULL DEFAULT 0,
  `force` tinyint(1) NOT NULL DEFAULT 0,
  `inherit_custompalette` tinyint(1) NOT NULL DEFAULT 1,
  `inherit_force` tinyint(1) NOT NULL DEFAULT 1,
  PRIMARY KEY (`id`),
  KEY `entity_id` (`entity_id`),
  KEY `custompalette_id` (`custompalette_id`)
) ENGINE=InnoDB DEFAULT CHARSET=utf8mb4 COLLATE=utf8mb4_unicode_ci;

--
-- Dumping data for table `glpi_plugin_branding_custompaletteentities`
--


--
-- Table structure for table `glpi_plugin_branding_custompalettes`
--

CREATE TABLE `glpi_plugin_branding_custompalettes` (
  `id` int(10) unsigned NOT NULL AUTO_INCREMENT,
  `preview_of` int(10) unsigned NOT NULL DEFAULT 0,
  `is_deleted` tinyint(1) NOT NULL DEFAULT 0,
  `name` varchar(255) NOT NULL,
  `is_dark` tinyint(1) DEFAULT 0,
  `dark` varchar(255) DEFAULT NULL,
  `light` varchar(255) DEFAULT NULL,
  `primary` varchar(255) DEFAULT NULL,
  `secondary` varchar(255) DEFAULT NULL,
  `fg_secondary` varchar(255) DEFAULT NULL,
  `input_bg` varchar(255) DEFAULT NULL,
  `input_disabled_bg` varchar(255) DEFAULT NULL,
  `link_color` varchar(255) DEFAULT NULL,
  `mainmenu_bg` varchar(255) DEFAULT NULL,
  `mainmenu_fg` varchar(255) DEFAULT NULL,
  `date_mod` timestamp NOT NULL DEFAULT current_timestamp() ON UPDATE current_timestamp(),
  PRIMARY KEY (`id`),
  KEY `name` (`name`)
) ENGINE=InnoDB DEFAULT CHARSET=utf8mb4 COLLATE=utf8mb4_unicode_ci;

--
-- Dumping data for table `glpi_plugin_branding_custompalettes`
--


--
-- Table structure for table `glpi_plugin_branding_entityconfigs`
--

CREATE TABLE `glpi_plugin_branding_entityconfigs` (
  `id` int(10) unsigned NOT NULL AUTO_INCREMENT,
  `entities_id` int(10) unsigned NOT NULL,
  `type` varchar(255) NOT NULL,
  `value` varchar(255) NOT NULL,
  PRIMARY KEY (`id`),
  KEY `entities_id` (`entities_id`),
  KEY `type` (`type`),
  KEY `value` (`value`)
) ENGINE=InnoDB DEFAULT CHARSET=utf8mb4 COLLATE=utf8mb4_unicode_ci;

--
-- Dumping data for table `glpi_plugin_branding_entityconfigs`
--


--
-- Table structure for table `glpi_plugin_branding_inheritances`
--

CREATE TABLE `glpi_plugin_branding_inheritances` (
  `id` int(10) unsigned NOT NULL AUTO_INCREMENT,
  `entities_id` int(10) unsigned NOT NULL,
  `type` varchar(255) NOT NULL,
  `inherit` tinyint(1) NOT NULL DEFAULT 1,
  PRIMARY KEY (`id`),
  KEY `entities_id` (`entities_id`),
  KEY `type` (`type`),
  KEY `inherit` (`inherit`)
) ENGINE=InnoDB DEFAULT CHARSET=utf8mb4 COLLATE=utf8mb4_unicode_ci;

--
-- Dumping data for table `glpi_plugin_branding_inheritances`
--


--
-- Table structure for table `glpi_plugin_branding_logos`
--

CREATE TABLE `glpi_plugin_branding_logos` (
  `id` int(10) unsigned NOT NULL AUTO_INCREMENT,
  `entities_id` int(10) unsigned NOT NULL,
  `type` varchar(255) NOT NULL,
  `filename` varchar(255) NOT NULL,
  PRIMARY KEY (`id`),
  KEY `entities_id` (`entities_id`),
  KEY `type` (`type`),
  KEY `filename` (`filename`)
) ENGINE=InnoDB AUTO_INCREMENT=2 DEFAULT CHARSET=utf8mb4 COLLATE=utf8mb4_unicode_ci;

--
-- Dumping data for table `glpi_plugin_branding_logos`
--


--
-- Table structure for table `glpi_plugin_datainjection_infos`
--

CREATE TABLE `glpi_plugin_datainjection_infos` (
  `id` int(10) unsigned NOT NULL AUTO_INCREMENT,
  `models_id` int(10) unsigned NOT NULL,
  `itemtype` varchar(255) NOT NULL DEFAULT '',
  `value` varchar(255) NOT NULL,
  `is_mandatory` tinyint(1) NOT NULL DEFAULT 0,
  PRIMARY KEY (`id`)
) ENGINE=InnoDB AUTO_INCREMENT=2 DEFAULT CHARSET=utf8mb4 COLLATE=utf8mb4_unicode_ci;

--
-- Dumping data for table `glpi_plugin_datainjection_infos`
--

INSERT INTO `glpi_plugin_datainjection_infos` VALUES
(1,29,'ITILCategory','is_change',0);

--
-- Table structure for table `glpi_plugin_datainjection_mappings`
--

CREATE TABLE `glpi_plugin_datainjection_mappings` (
  `id` int(10) unsigned NOT NULL AUTO_INCREMENT,
  `models_id` int(10) unsigned NOT NULL,
  `itemtype` varchar(255) NOT NULL DEFAULT '',
  `rank` int(11) NOT NULL,
  `name` varchar(255) NOT NULL,
  `value` varchar(255) NOT NULL,
  `is_mandatory` tinyint(1) NOT NULL DEFAULT 0,
  PRIMARY KEY (`id`)
) ENGINE=InnoDB AUTO_INCREMENT=759 DEFAULT CHARSET=utf8mb4 COLLATE=utf8mb4_unicode_ci;

--
-- Dumping data for table `glpi_plugin_datainjection_mappings`
--

INSERT INTO `glpi_plugin_datainjection_mappings` VALUES
(1,1,'PluginGenericobjectRadio',0,'Nom','name',1),
(2,1,'PluginGenericobjectRadio',1,'Catégorie','plugin_genericobject_radiocategories_id',0),
(3,1,'PluginGenericobjectRadio',2,'ID de la radio','idradio',0),
(4,1,'PluginGenericobjectRadio',3,'Clé de chiffrement','plugin_genericobject_clechiffrements_id',0),
(5,1,'PluginGenericobjectRadio',4,'Associable à un billet','is_helpdesk_visible',0),
(701,32,'Group',0,'Nom complet','completename',1),
(702,32,'none',1,'Entité','none',0),
(703,32,'Group',2,'Sous-entités','is_recursive',0),
(704,32,'Group',3,'Demandeur','is_requester',0),
(705,32,'Group',4,'Attribué à','is_assign',0),
(706,32,'Group',5,'Observateur','is_watcher',0),
(707,32,'Group',6,'Peut être superviseur','is_manager',0),
(708,32,'Group',7,'Peut être notifié','is_notify',0),
(709,32,'Group',8,'Peut contenir Éléments','is_itemgroup',0),
(710,32,'Group',9,'Peut contenir Utilisateurs','is_usergroup',0),
(711,32,'Group',10,'Peut être en charge d\'une tâche','is_task',0),
(712,29,'ITILCategory',0,'Nom complet','completename',1),
(713,29,'none',1,'Entité','none',0),
(714,29,'ITILCategory',2,'Sous-entités','is_recursive',0),
(715,29,'ITILCategory',3,'Commentaires','comment',0),
(716,29,'ITILCategory',4,'Responsable technique','users_id',0),
(717,29,'ITILCategory',5,'Groupe','groups_id',0),
(718,29,'ITILCategory',6,'Gabarit pour une demande','tickettemplates_id_demand',0),
(719,29,'ITILCategory',7,'Gabarit pour un incident','tickettemplates_id_incident',0),
(720,29,'ITILCategory',8,'Visible pour un incident','is_incident',0),
(721,29,'ITILCategory',9,'Visible pour une demande','is_request',0),
(722,29,'ITILCategory',10,'Visible pour un problème','is_problem',0),
(723,29,'ITILCategory',11,'Visible pour un changement','is_change',0),
(724,29,'ITILCategory',12,'Visible dans l\'interface simplifiée','is_helpdeskvisible',0),
(752,33,'ITILCategory',0,'Nom complet','completename',1),
(753,33,'ITILCategory',1,'Sous-entités','is_recursive',0),
(754,33,'ITILCategory',2,'Visible dans l\'interface simplifiée','is_helpdeskvisible',0),
(755,33,'ITILCategory',3,'Visible pour un incident','is_incident',0),
(756,33,'ITILCategory',4,'Visible pour une demande','is_request',0),
(757,33,'ITILCategory',5,'Visible pour un problème','is_problem',0),
(758,33,'ITILCategory',6,'Visible pour un changement','is_change',0);

--
-- Table structure for table `glpi_plugin_datainjection_modelcsvs`
--

CREATE TABLE `glpi_plugin_datainjection_modelcsvs` (
  `id` int(10) unsigned NOT NULL AUTO_INCREMENT,
  `models_id` int(10) unsigned NOT NULL,
  `itemtype` varchar(255) NOT NULL DEFAULT '',
  `delimiter` varchar(1) NOT NULL DEFAULT ';',
  `is_header_present` tinyint(1) NOT NULL DEFAULT 1,
  PRIMARY KEY (`id`)
) ENGINE=InnoDB AUTO_INCREMENT=33 DEFAULT CHARSET=utf8mb4 COLLATE=utf8mb4_unicode_ci;

--
-- Dumping data for table `glpi_plugin_datainjection_modelcsvs`
--

INSERT INTO `glpi_plugin_datainjection_modelcsvs` VALUES
(1,1,'',';',1),
(29,29,'',';',1),
(30,32,'',';',1),
(32,33,'',';',1);

--
-- Table structure for table `glpi_plugin_datainjection_models`
--

CREATE TABLE `glpi_plugin_datainjection_models` (
  `id` int(10) unsigned NOT NULL AUTO_INCREMENT,
  `name` varchar(255) NOT NULL,
  `comment` mediumtext DEFAULT NULL,
  `date_mod` timestamp NULL DEFAULT NULL,
  `date_creation` timestamp NULL DEFAULT NULL,
  `filetype` varchar(255) NOT NULL DEFAULT 'csv',
  `itemtype` varchar(255) NOT NULL DEFAULT '',
  `entities_id` int(10) unsigned NOT NULL DEFAULT 0,
  `behavior_add` tinyint(1) NOT NULL DEFAULT 1,
  `behavior_update` tinyint(1) NOT NULL DEFAULT 0,
  `can_add_dropdown` tinyint(1) NOT NULL DEFAULT 0,
  `can_overwrite_if_not_empty` int(1) NOT NULL DEFAULT 1,
  `is_private` tinyint(1) NOT NULL DEFAULT 1,
  `is_recursive` tinyint(1) NOT NULL DEFAULT 0,
  `users_id` int(10) unsigned NOT NULL,
  `date_format` varchar(11) NOT NULL DEFAULT 'yyyy-mm-dd',
  `float_format` tinyint(1) NOT NULL DEFAULT 0,
  `port_unicity` tinyint(1) NOT NULL DEFAULT 0,
  `step` int(11) NOT NULL DEFAULT 0,
  `replace_multiline_value` tinyint(4) NOT NULL DEFAULT 0,
  PRIMARY KEY (`id`)
) ENGINE=InnoDB AUTO_INCREMENT=35 DEFAULT CHARSET=utf8mb4 COLLATE=utf8mb4_unicode_ci;

--
-- Dumping data for table `glpi_plugin_datainjection_models`
--

INSERT INTO `glpi_plugin_datainjection_models` VALUES
(29,'Categories-ITIL','','2024-03-18 19:51:08','2023-04-26 16:58:11','csv','ITILCategory',0,1,1,1,1,0,1,2,'dd-mm-yyyy',1,0,5,0),
(32,'Import_Groupe','','2024-02-01 14:26:19','2024-02-01 14:25:25','csv','Group',0,1,1,1,1,0,1,2,'dd-mm-yyyy',1,0,5,0),
(33,'Import-Catgories','','2024-12-18 20:57:35','2024-03-18 19:31:57','csv','ITILCategory',0,1,1,1,1,0,1,2,'dd-mm-yyyy',1,0,5,0);

--
-- Table structure for table `glpi_plugin_escalade_configs`
--

CREATE TABLE `glpi_plugin_escalade_configs` (
  `id` int(10) unsigned NOT NULL AUTO_INCREMENT,
  `remove_group` int(11) NOT NULL,
  `show_history` int(11) NOT NULL,
  `task_history` int(11) NOT NULL,
  `remove_tech` int(11) NOT NULL,
  `solve_return_group` int(11) NOT NULL,
  `reassign_group_from_cat` int(11) NOT NULL,
  `reassign_tech_from_cat` int(11) NOT NULL,
  `cloneandlink_ticket` int(11) NOT NULL,
  `close_linkedtickets` int(11) NOT NULL,
  `assign_me_as_observer` int(11) NOT NULL DEFAULT 0,
  `use_assign_user_group` int(11) NOT NULL,
  `use_assign_user_group_creation` int(11) NOT NULL,
  `use_assign_user_group_modification` int(11) NOT NULL,
  `remove_delete_requester_user_btn` tinyint(4) NOT NULL DEFAULT 1,
  `remove_delete_watcher_user_btn` tinyint(4) NOT NULL DEFAULT 1,
  `remove_delete_assign_user_btn` tinyint(4) NOT NULL DEFAULT 0,
  `remove_delete_requester_group_btn` tinyint(4) NOT NULL DEFAULT 1,
  `remove_delete_watcher_group_btn` tinyint(4) NOT NULL DEFAULT 1,
  `remove_delete_assign_group_btn` tinyint(4) NOT NULL DEFAULT 0,
  `remove_delete_assign_supplier_btn` tinyint(4) NOT NULL DEFAULT 1,
  `use_filter_assign_group` int(11) NOT NULL,
  `ticket_last_status` int(11) DEFAULT NULL,
  `remove_requester` int(11) NOT NULL,
  PRIMARY KEY (`id`)
) ENGINE=InnoDB AUTO_INCREMENT=2 DEFAULT CHARSET=utf8mb4 COLLATE=utf8mb4_unicode_ci ROW_FORMAT=DYNAMIC;

--
-- Dumping data for table `glpi_plugin_escalade_configs`
--

INSERT INTO `glpi_plugin_escalade_configs` VALUES
(1,1,1,1,1,0,0,0,0,0,0,0,0,0,1,1,1,1,1,1,1,1,-1,0);

--
-- Table structure for table `glpi_plugin_escalade_groups_groups`
--

CREATE TABLE `glpi_plugin_escalade_groups_groups` (
  `id` int(10) unsigned NOT NULL AUTO_INCREMENT,
  `groups_id_source` int(10) unsigned NOT NULL DEFAULT 0,
  `groups_id_destination` int(10) unsigned NOT NULL DEFAULT 0,
  PRIMARY KEY (`id`)
) ENGINE=InnoDB AUTO_INCREMENT=13 DEFAULT CHARSET=utf8mb4 COLLATE=utf8mb4_unicode_ci ROW_FORMAT=DYNAMIC;

--
-- Dumping data for table `glpi_plugin_escalade_groups_groups`
--

INSERT INTO `glpi_plugin_escalade_groups_groups` VALUES
(1,215,191),
(2,191,215),
(3,233,234),
(4,234,233),
(5,234,209),
(6,233,209),
(7,253,254),
(9,254,255),
(10,254,253),
(11,255,253),
(12,255,254);

--
-- Table structure for table `glpi_plugin_escalade_histories`
--

CREATE TABLE `glpi_plugin_escalade_histories` (
  `id` int(10) unsigned NOT NULL AUTO_INCREMENT,
  `tickets_id` int(10) unsigned NOT NULL,
  `groups_id` int(10) unsigned NOT NULL,
  `counter` int(11) NOT NULL DEFAULT 0,
  `date_mod` timestamp NOT NULL DEFAULT current_timestamp() ON UPDATE current_timestamp(),
  `groups_id_previous` int(10) unsigned NOT NULL DEFAULT 0,
  PRIMARY KEY (`id`),
  KEY `tickets_id` (`tickets_id`),
  KEY `groups_id` (`groups_id`)
) ENGINE=InnoDB AUTO_INCREMENT=106 DEFAULT CHARSET=utf8mb4 COLLATE=utf8mb4_unicode_ci ROW_FORMAT=DYNAMIC;

--
-- Dumping data for table `glpi_plugin_escalade_histories`
--

INSERT INTO `glpi_plugin_escalade_histories` VALUES
(23,2022000124,209,0,'2023-05-30 17:53:59',0),
(25,2022000126,209,0,'2023-05-30 20:34:10',0),
(26,2022000127,209,0,'2023-05-30 20:38:42',0),
(55,1,243,0,'2024-12-11 16:14:12',0),
(56,218,243,0,'2024-12-12 19:35:57',0),
(58,242,243,0,'2025-01-22 21:55:14',0),
(59,243,243,0,'2025-01-22 22:25:24',0),
(60,263,243,0,'2025-02-11 19:57:18',0),
(61,348,253,0,'2025-12-30 16:50:49',253),
(62,348,254,0,'2025-12-30 16:59:48',254),
(63,348,255,0,'2025-12-30 17:25:32',255),
(64,346,253,0,'2025-12-30 17:26:55',253),
(65,346,254,0,'2025-12-30 17:28:10',254),
(66,345,253,0,'2025-12-30 17:31:48',253),
(67,345,254,0,'2025-12-30 17:35:36',254),
(68,345,255,0,'2025-12-30 17:35:52',255),
(69,345,253,1,'2025-12-30 17:36:20',253),
(70,347,253,0,'2025-12-30 17:43:53',253),
(71,347,254,0,'2025-12-30 17:45:20',254),
(72,347,255,0,'2025-12-30 17:46:08',255),
(73,345,254,1,'2025-12-30 20:09:10',254),
(74,346,253,1,'2025-12-30 20:12:52',253),
(75,346,254,1,'2025-12-30 20:16:23',254),
(76,346,255,0,'2025-12-30 20:16:39',255),
(77,346,253,2,'2025-12-30 20:18:00',253),
(78,346,255,1,'2025-12-30 20:18:29',255),
(79,346,253,3,'2025-12-30 20:18:47',253),
(80,346,254,2,'2025-12-30 20:20:06',254),
(81,349,253,0,'2025-12-30 21:13:40',253),
(82,349,254,0,'2025-12-30 21:21:30',254),
(83,348,254,1,'2025-12-30 21:28:38',254),
(84,348,253,1,'2025-12-30 21:31:18',253),
(85,349,255,0,'2025-12-30 21:31:44',255),
(86,349,253,1,'2025-12-30 21:33:14',253),
(87,347,254,1,'2025-12-30 21:34:07',254),
(88,350,250,0,'2025-12-30 21:38:25',250),
(89,350,253,0,'2025-12-30 21:50:49',253),
(90,350,254,0,'2025-12-30 21:51:49',254),
(91,350,255,0,'2025-12-30 21:54:35',255),
(92,350,253,1,'2025-12-30 22:10:37',253),
(93,351,252,0,'2026-01-27 10:35:58',252),
(94,353,209,0,'2026-01-28 10:34:47',209),
(95,354,209,0,'2026-01-28 10:49:39',209),
(96,380,253,0,'2026-02-10 16:05:47',253),
(97,381,254,0,'2026-02-17 23:02:00',254),
(98,381,255,0,'2026-02-17 23:19:01',255),
(99,382,253,0,'2026-02-24 14:48:30',253),
(100,382,254,0,'2026-02-24 14:48:30',254),
(101,383,254,0,'2026-02-24 14:48:54',254),
(102,383,253,0,'2026-02-24 14:48:54',253),
(103,384,253,0,'2026-02-24 15:22:52',253),
(104,369,253,0,'2026-02-27 14:05:03',253),
(105,369,254,0,'2026-02-27 14:05:41',254);

--
-- Table structure for table `glpi_plugin_escalade_users`
--

CREATE TABLE `glpi_plugin_escalade_users` (
  `id` int(10) unsigned NOT NULL AUTO_INCREMENT,
  `users_id` int(10) unsigned NOT NULL,
  `bypass_filter_assign_group` tinyint(4) NOT NULL DEFAULT 0,
  PRIMARY KEY (`id`),
  KEY `users_id` (`users_id`)
) ENGINE=InnoDB AUTO_INCREMENT=36 DEFAULT CHARSET=utf8mb4 COLLATE=utf8mb4_unicode_ci;

--
-- Dumping data for table `glpi_plugin_escalade_users`
--

INSERT INTO `glpi_plugin_escalade_users` VALUES
(1,2,1),
(5,16,0),
(7,18,0),
(8,22,0),
(9,23,0),
(13,27,0),
(14,41,0),
(15,60,0),
(23,72,0),
(24,73,0),
(35,84,0);

--
-- Table structure for table `glpi_plugin_fields_computerdatimanuels`
--

CREATE TABLE `glpi_plugin_fields_computerdatimanuels` (
  `id` int(10) unsigned NOT NULL AUTO_INCREMENT,
  `items_id` int(10) unsigned NOT NULL,
  `itemtype` varchar(255) DEFAULT 'Computer',
  `plugin_fields_containers_id` int(10) unsigned NOT NULL DEFAULT 12,
  `plugin_fields_dtuofielddropdowns_id` int(10) unsigned NOT NULL DEFAULT 0,
  `matriculefield` varchar(255) DEFAULT NULL,
  `testaafield` varchar(255) DEFAULT NULL,
  `dtuofield` int(11) NOT NULL DEFAULT 0,
  PRIMARY KEY (`id`),
  UNIQUE KEY `itemtype_item_container` (`itemtype`,`items_id`,`plugin_fields_containers_id`)
) ENGINE=InnoDB DEFAULT CHARSET=utf8mb4 COLLATE=utf8mb4_unicode_ci;

--
-- Dumping data for table `glpi_plugin_fields_computerdatimanuels`
--


--
-- Table structure for table `glpi_plugin_fields_computerordinateurpartags`
--

CREATE TABLE `glpi_plugin_fields_computerordinateurpartags` (
  `id` int(10) unsigned NOT NULL AUTO_INCREMENT,
  `items_id` int(10) unsigned NOT NULL,
  `itemtype` varchar(255) DEFAULT 'Computer',
  `plugin_fields_containers_id` int(10) unsigned NOT NULL DEFAULT 21,
  `entities_id` int(10) unsigned NOT NULL DEFAULT 0,
  `is_recursive` tinyint(4) NOT NULL DEFAULT 0,
  `ordinateurmultiutilisateurfieldtwo` int(11) NOT NULL DEFAULT 0,
  PRIMARY KEY (`id`),
  UNIQUE KEY `itemtype_item_container` (`itemtype`,`items_id`,`plugin_fields_containers_id`),
  KEY `entities_id` (`entities_id`),
  KEY `is_recursive` (`is_recursive`)
) ENGINE=InnoDB AUTO_INCREMENT=9 DEFAULT CHARSET=utf8mb4 COLLATE=utf8mb4_unicode_ci ROW_FORMAT=DYNAMIC;

--
-- Dumping data for table `glpi_plugin_fields_computerordinateurpartags`
--

INSERT INTO `glpi_plugin_fields_computerordinateurpartags` VALUES
(1,33825,'Computer',21,5,0,1),
(2,9922,'Computer',21,5,0,0),
(3,34108,'Computer',21,0,0,0),
(4,34109,'Computer',21,0,0,0),
(5,34110,'Computer',21,0,0,0),
(6,34111,'Computer',21,0,0,0),
(7,34112,'Computer',21,0,0,0),
(8,34113,'Computer',21,0,0,0);

--
-- Table structure for table `glpi_plugin_fields_containerdisplayconditions`
--

CREATE TABLE `glpi_plugin_fields_containerdisplayconditions` (
  `id` int(10) unsigned NOT NULL AUTO_INCREMENT,
  `plugin_fields_containers_id` int(10) unsigned NOT NULL DEFAULT 0,
  `itemtype` varchar(100) DEFAULT NULL,
  `search_option` varchar(255) DEFAULT NULL,
  `condition` varchar(255) DEFAULT NULL,
  `value` varchar(255) DEFAULT NULL,
  `is_visible` tinyint(4) NOT NULL DEFAULT 0,
  PRIMARY KEY (`id`),
  KEY `plugin_fields_containers_id_itemtype` (`plugin_fields_containers_id`,`itemtype`)
) ENGINE=InnoDB DEFAULT CHARSET=utf8mb4 COLLATE=utf8mb4_unicode_ci ROW_FORMAT=DYNAMIC;

--
-- Dumping data for table `glpi_plugin_fields_containerdisplayconditions`
--


--
-- Table structure for table `glpi_plugin_fields_containers`
--

CREATE TABLE `glpi_plugin_fields_containers` (
  `id` int(10) unsigned NOT NULL AUTO_INCREMENT,
  `name` varchar(255) DEFAULT NULL,
  `label` varchar(255) DEFAULT NULL,
  `itemtypes` longtext DEFAULT NULL,
  `type` varchar(255) DEFAULT NULL,
  `subtype` varchar(255) DEFAULT NULL,
  `entities_id` int(10) unsigned NOT NULL DEFAULT 0,
  `is_recursive` tinyint(1) NOT NULL DEFAULT 0,
  `is_active` tinyint(1) NOT NULL DEFAULT 0,
  PRIMARY KEY (`id`),
  KEY `entities_id` (`entities_id`)
) ENGINE=InnoDB AUTO_INCREMENT=24 DEFAULT CHARSET=utf8mb4 COLLATE=utf8mb4_unicode_ci;

--
-- Dumping data for table `glpi_plugin_fields_containers`
--

INSERT INTO `glpi_plugin_fields_containers` VALUES
(20,'ajoutdechampsdansticket','Ajout de champs dans ticket','[\"Ticket\"]','dom',NULL,0,1,1),
(21,'ordinateurpartag','Ordinateur partagé','[\"Computer\"]','dom',NULL,0,1,1);

--
-- Table structure for table `glpi_plugin_fields_fields`
--

CREATE TABLE `glpi_plugin_fields_fields` (
  `id` int(10) unsigned NOT NULL AUTO_INCREMENT,
  `name` varchar(255) DEFAULT NULL,
  `label` varchar(255) DEFAULT NULL,
  `type` varchar(255) DEFAULT NULL,
  `plugin_fields_containers_id` int(10) unsigned NOT NULL DEFAULT 0,
  `ranking` int(11) NOT NULL DEFAULT 0,
  `default_value` longtext DEFAULT NULL,
  `is_active` tinyint(1) NOT NULL DEFAULT 1,
  `is_readonly` tinyint(1) NOT NULL DEFAULT 1,
  `mandatory` tinyint(1) NOT NULL DEFAULT 0,
  `allowed_values` text DEFAULT NULL,
  `multiple` tinyint(4) NOT NULL DEFAULT 0,
  PRIMARY KEY (`id`),
  KEY `plugin_fields_containers_id` (`plugin_fields_containers_id`),
  KEY `is_active` (`is_active`),
  KEY `is_readonly` (`is_readonly`)
) ENGINE=InnoDB AUTO_INCREMENT=60 DEFAULT CHARSET=utf8mb4 COLLATE=utf8mb4_unicode_ci;

--
-- Dumping data for table `glpi_plugin_fields_fields`
--

INSERT INTO `glpi_plugin_fields_fields` VALUES
(57,'uofield','UO','text',20,1,'',1,0,0,NULL,0),
(59,'ordinateurmultiutilisateurfieldtwo','Ordinateur multi-utilisateurs','yesno',21,1,'Non',1,0,0,NULL,0);

--
-- Table structure for table `glpi_plugin_fields_labeltranslations`
--

CREATE TABLE `glpi_plugin_fields_labeltranslations` (
  `id` int(10) unsigned NOT NULL AUTO_INCREMENT,
  `itemtype` varchar(30) NOT NULL,
  `items_id` int(10) unsigned NOT NULL,
  `language` varchar(10) NOT NULL,
  `label` varchar(255) DEFAULT NULL,
  PRIMARY KEY (`id`),
  UNIQUE KEY `unicity` (`itemtype`,`items_id`,`language`),
  KEY `language` (`language`),
  KEY `itemtype` (`itemtype`),
  KEY `items_id` (`items_id`)
) ENGINE=InnoDB AUTO_INCREMENT=83 DEFAULT CHARSET=utf8mb4 COLLATE=utf8mb4_unicode_ci;

--
-- Dumping data for table `glpi_plugin_fields_labeltranslations`
--

INSERT INTO `glpi_plugin_fields_labeltranslations` VALUES
(76,'PluginFieldsContainer',20,'fr_FR','Ajout de champs dans ticket'),
(77,'PluginFieldsField',57,'fr_FR','UO'),
(78,'PluginFieldsContainer',21,'fr_FR','Ordinateur partagé'),
(81,'PluginFieldsField',59,'fr_FR','Ordinateur multi-utilisateurs');

--
-- Table structure for table `glpi_plugin_fields_profiles`
--

CREATE TABLE `glpi_plugin_fields_profiles` (
  `id` int(10) unsigned NOT NULL AUTO_INCREMENT,
  `profiles_id` int(10) unsigned NOT NULL DEFAULT 0,
  `plugin_fields_containers_id` int(10) unsigned NOT NULL DEFAULT 0,
  `right` char(1) DEFAULT NULL,
  PRIMARY KEY (`id`),
  KEY `profiles_id` (`profiles_id`),
  KEY `plugin_fields_containers_id` (`plugin_fields_containers_id`)
) ENGINE=InnoDB AUTO_INCREMENT=403 DEFAULT CHARSET=utf8mb4 COLLATE=utf8mb4_unicode_ci;

--
-- Dumping data for table `glpi_plugin_fields_profiles`
--

INSERT INTO `glpi_plugin_fields_profiles` VALUES
(359,1,20,'4'),
(360,2,20,'4'),
(361,4,20,'4'),
(362,5,20,'4'),
(363,6,20,'4'),
(364,7,20,'4'),
(365,8,20,'4'),
(366,13,20,'4'),
(367,36,20,'4'),
(368,38,20,'4'),
(369,42,20,'4'),
(370,1,21,'4'),
(371,2,21,'4'),
(372,4,21,'4'),
(373,5,21,'4'),
(374,6,21,'4'),
(375,7,21,'4'),
(376,8,21,'4'),
(377,13,21,'4'),
(378,36,21,'4'),
(379,38,21,'4'),
(380,42,21,'4');

--
-- Table structure for table `glpi_plugin_fields_statusoverrides`
--

CREATE TABLE `glpi_plugin_fields_statusoverrides` (
  `id` int(10) unsigned NOT NULL AUTO_INCREMENT,
  `plugin_fields_fields_id` int(10) unsigned NOT NULL DEFAULT 0,
  `itemtype` varchar(100) DEFAULT NULL,
  `states` varchar(255) DEFAULT NULL,
  `is_readonly` tinyint(4) NOT NULL DEFAULT 1,
  `mandatory` tinyint(4) NOT NULL DEFAULT 0,
  PRIMARY KEY (`id`),
  KEY `plugin_fields_fields_id` (`plugin_fields_fields_id`)
) ENGINE=InnoDB DEFAULT CHARSET=utf8mb4 COLLATE=utf8mb4_unicode_ci ROW_FORMAT=DYNAMIC;

--
-- Dumping data for table `glpi_plugin_fields_statusoverrides`
--


--
-- Table structure for table `glpi_plugin_fields_ticketajoutdechampsdanstickets`
--

CREATE TABLE `glpi_plugin_fields_ticketajoutdechampsdanstickets` (
  `id` int(10) unsigned NOT NULL AUTO_INCREMENT,
  `items_id` int(10) unsigned NOT NULL,
  `itemtype` varchar(255) DEFAULT 'Ticket',
  `plugin_fields_containers_id` int(10) unsigned NOT NULL DEFAULT 20,
  `entities_id` int(10) unsigned NOT NULL DEFAULT 0,
  `uofield` varchar(255) DEFAULT NULL,
  PRIMARY KEY (`id`),
  UNIQUE KEY `itemtype_item_container` (`itemtype`,`items_id`,`plugin_fields_containers_id`),
  KEY `entities_id` (`entities_id`)
) ENGINE=InnoDB AUTO_INCREMENT=11 DEFAULT CHARSET=utf8mb4 COLLATE=utf8mb4_unicode_ci ROW_FORMAT=DYNAMIC;

--
-- Dumping data for table `glpi_plugin_fields_ticketajoutdechampsdanstickets`
--

INSERT INTO `glpi_plugin_fields_ticketajoutdechampsdanstickets` VALUES
(1,380,'Ticket',20,0,''),
(2,381,'Ticket',20,0,''),
(3,347,'Ticket',20,5,''),
(4,345,'Ticket',20,5,''),
(5,383,'Ticket',20,5,''),
(6,335,'Ticket',20,5,''),
(7,384,'Ticket',20,0,''),
(8,369,'Ticket',20,0,''),
(9,385,'Ticket',20,0,''),
(10,386,'Ticket',20,13,'');

--
-- Table structure for table `glpi_plugin_formcreator_answers`
--

CREATE TABLE `glpi_plugin_formcreator_answers` (
  `id` int(10) unsigned NOT NULL AUTO_INCREMENT,
  `plugin_formcreator_formanswers_id` int(10) unsigned NOT NULL DEFAULT 0,
  `plugin_formcreator_questions_id` int(10) unsigned NOT NULL DEFAULT 0,
  `answer` longtext DEFAULT NULL,
  PRIMARY KEY (`id`),
  KEY `plugin_formcreator_formanswers_id` (`plugin_formcreator_formanswers_id`),
  KEY `plugin_formcreator_questions_id` (`plugin_formcreator_questions_id`)
) ENGINE=InnoDB AUTO_INCREMENT=565 DEFAULT CHARSET=utf8mb4 COLLATE=utf8mb4_unicode_ci;

--
-- Dumping data for table `glpi_plugin_formcreator_answers`
--

INSERT INTO `glpi_plugin_formcreator_answers` VALUES
(1,1,113,'Réception d\'un courriel malveillant'),
(2,1,114,'172'),
(3,1,115,'<p>Réception d\'un courriel malveillant</p>'),
(4,1,116,'[]'),
(5,1,117,'4'),
(6,2,531,'516'),
(7,2,532,'Problème de réception de courriel'),
(8,2,533,'<p>Je ne reçois plus les courriels depuis cet 14h aujourd\'hui</p>'),
(9,2,534,'3'),
(10,2,535,'[]'),
(11,3,531,'516'),
(12,3,532,'Test'),
(13,3,533,'<p>Test</p>'),
(14,3,534,'3'),
(15,3,535,'[]'),
(16,4,531,'516'),
(17,4,532,'Test 2'),
(18,4,533,'<p>Test 2</p>'),
(19,4,534,'3'),
(20,4,535,'[]'),
(21,5,531,'515'),
(22,5,532,'Test 3'),
(23,5,533,'<p>Test 3</p>'),
(24,5,534,'3'),
(25,5,535,'[]'),
(26,6,531,'516'),
(27,6,532,'Test 4'),
(28,6,533,'<p>Test 4</p>'),
(29,6,534,'3'),
(30,6,535,'[]'),
(31,7,531,'516'),
(32,7,532,'Test 9'),
(33,7,533,'<p>Test 9</p>'),
(34,7,534,'3'),
(35,7,535,'[]'),
(36,8,322,'515'),
(37,8,323,'4'),
(38,8,324,'<p>Test 10</p>'),
(39,8,325,'[]'),
(40,9,531,'515'),
(41,9,532,'Test 11'),
(42,9,533,'<p>Test 11</p>'),
(43,9,534,'3'),
(44,9,535,'[]'),
(45,10,322,'515'),
(46,10,323,'4'),
(47,10,324,'<p>Test 12</p>'),
(48,10,325,'[]'),
(49,11,531,'515'),
(50,11,532,'Test 13'),
(51,11,533,'<p>Test 13</p>'),
(52,11,534,'3'),
(53,11,535,'[]'),
(54,12,531,'515'),
(55,12,532,'Test 17'),
(56,12,533,'<p>Test 17</p>'),
(57,12,534,'3'),
(58,12,535,'[]'),
(59,13,548,'Entrée de matériel'),
(60,13,549,'22'),
(61,13,551,'41'),
(62,13,550,'12'),
(63,13,552,'89'),
(64,13,553,'2025-01-24 12:00:00'),
(65,13,556,'Ordinateur - 000011'),
(66,13,558,''),
(67,13,561,''),
(68,13,562,''),
(69,13,580,''),
(70,13,581,''),
(71,13,582,''),
(72,13,584,''),
(73,13,585,''),
(74,13,586,''),
(75,13,587,''),
(76,14,548,'Entrée de matériel'),
(77,14,549,'22'),
(78,14,551,'41'),
(79,14,550,'12'),
(80,14,552,'46'),
(81,14,553,'2025-01-24 10:00:00'),
(82,14,556,'33825'),
(83,14,589,'2'),
(84,14,558,'108'),
(85,14,590,'2'),
(86,14,561,'285'),
(87,14,592,'1'),
(88,14,562,'0'),
(89,14,591,'0'),
(90,14,593,''),
(91,14,594,'0'),
(92,14,580,''),
(93,14,581,''),
(94,14,582,''),
(95,14,584,''),
(96,14,585,''),
(97,14,586,''),
(98,14,587,''),
(99,15,548,'Sortie de matériel'),
(100,15,549,'41'),
(101,15,551,'84'),
(102,15,550,'12'),
(103,15,552,'46'),
(104,15,553,'2025-01-24 10:00:00'),
(105,15,556,'33825'),
(106,15,589,'1'),
(107,15,558,'108'),
(108,15,590,'1'),
(109,15,561,'285'),
(110,15,592,'1'),
(111,15,562,'11'),
(112,15,591,'1'),
(113,15,593,''),
(114,15,594,'0'),
(115,15,580,''),
(116,15,581,''),
(117,15,582,''),
(118,15,584,''),
(119,15,585,''),
(120,15,586,''),
(121,15,587,''),
(122,16,548,'Sortie de matériel'),
(123,16,549,'22'),
(124,16,551,'41'),
(125,16,550,'12'),
(126,16,552,'46'),
(127,16,553,'2025-01-24 12:00:00'),
(128,16,556,'33825'),
(129,16,589,'1'),
(130,16,558,'108'),
(131,16,590,'1'),
(132,16,561,'285'),
(133,16,592,'1'),
(134,16,562,'0'),
(135,16,591,'0'),
(136,16,593,''),
(137,16,594,'0'),
(138,16,580,''),
(139,16,581,''),
(140,16,582,''),
(141,16,584,''),
(142,16,585,''),
(143,16,586,''),
(144,16,587,''),
(145,17,548,'Entrée de matériel'),
(146,17,549,'41'),
(147,17,551,'84'),
(148,17,550,'12'),
(149,17,552,'46'),
(150,17,553,'2025-01-24 12:00:00'),
(151,17,556,'33825'),
(152,17,589,'1'),
(153,17,558,'108'),
(154,17,590,'1'),
(155,17,561,'285'),
(156,17,592,'2'),
(157,17,562,'0'),
(158,17,591,'0'),
(159,17,593,''),
(160,17,594,'0'),
(161,17,580,''),
(162,17,581,''),
(163,17,582,''),
(164,17,584,''),
(165,17,585,''),
(166,17,586,''),
(167,17,587,''),
(168,18,548,'Sortie de matériel'),
(169,18,549,'41'),
(170,18,551,'84'),
(171,18,550,'12'),
(172,18,552,'46'),
(173,18,553,'2025-01-24 12:00:00'),
(174,18,556,'33825'),
(175,18,589,'1'),
(176,18,558,'108'),
(177,18,590,'1'),
(178,18,561,'285'),
(179,18,592,'1'),
(180,18,562,'0'),
(181,18,591,'0'),
(182,18,593,''),
(183,18,594,'0'),
(184,18,580,''),
(185,18,581,''),
(186,18,582,''),
(187,18,584,''),
(188,18,585,''),
(189,18,586,''),
(190,18,587,''),
(191,19,597,'84'),
(192,19,599,'18'),
(193,19,600,'46'),
(194,19,619,'89'),
(195,19,601,'2025-02-07 10:00:00'),
(196,20,597,'41'),
(197,20,599,'18'),
(198,20,600,'39'),
(199,20,619,'36'),
(200,20,601,'2025-02-07 14:00:00'),
(201,21,597,'41'),
(202,21,599,'18'),
(203,21,600,'25'),
(204,21,619,'109'),
(205,21,601,'2025-02-10 14:00:00'),
(206,22,597,'41'),
(207,22,599,'18'),
(208,22,600,'46'),
(209,22,619,'39'),
(210,22,601,'2025-02-10 12:00:00'),
(211,23,597,'84'),
(212,23,599,'18'),
(213,23,600,'46'),
(214,23,619,'39'),
(215,23,601,'2025-02-10 16:00:00'),
(216,24,597,'41'),
(217,24,599,'41'),
(218,24,600,'46'),
(219,24,619,'46'),
(220,24,601,'2025-02-06 12:00:00'),
(221,25,597,'41'),
(222,25,599,'41'),
(223,25,600,'46'),
(224,25,619,'46'),
(225,25,601,'2025-02-06 12:00:00'),
(226,26,597,'41'),
(227,26,599,'41'),
(228,26,600,'131'),
(229,26,619,'131'),
(230,26,601,'2025-02-10 12:00:00'),
(231,27,597,'41'),
(232,27,599,'84'),
(233,27,600,'46'),
(234,27,619,'46'),
(235,27,601,'2025-02-10 12:00:00'),
(236,28,597,'41'),
(237,28,599,'41'),
(238,28,600,'46'),
(239,28,619,'39'),
(240,28,601,'2025-02-10 12:00:00'),
(241,29,531,'0'),
(242,29,532,'Mon ordinateur ne fonctionne pas'),
(243,29,533,'<p>Lorem ipsum dolor sit amet, consectetur adipiscing elit. Proin porttitor eros eu erat fermentum, ac molestie dui eleifend. Quisque at venenatis risus, eget lacinia libero. Nunc blandit ante leo, vitae faucibus diam maximus sed. In elit tellus, placerat quis neque vitae, convallis aliquam lorem. Nunc a ante at lorem suscipit feugiat. Suspendisse elementum magna non ante malesuada consectetur. Nam aliquet mi a urna cursus varius. Aliquam eget ante libero. Fusce et odio vel massa maximus fermentum eget eget arcu. Duis fringilla tortor in mi sodales porttitor. </p>'),
(244,29,534,'3'),
(245,29,535,'[]'),
(246,30,97,'Demande indispensable pour mon travail'),
(247,30,98,'<p>Lorem ipsum dolor sit amet, consectetur adipiscing elit. Proin porttitor eros eu erat fermentum, ac molestie dui eleifend. Quisque at venenatis risus, eget lacinia libero. Nunc blandit ante leo, vitae faucibus diam maximus sed. In elit tellus, placerat quis neque vitae, convallis aliquam lorem. Nunc a ante at lorem suscipit feugiat. Suspendisse elementum magna non ante malesuada consectetur. Nam aliquet mi a urna cursus varius. Aliquam eget ante libero. Fusce et odio vel massa maximus fermentum eget eget arcu. Duis fringilla tortor in mi sodales porttitor. </p>'),
(248,30,99,'[]'),
(249,31,97,'Demande de configuration du client Outlook'),
(250,31,98,'<p>Curabitur fringilla ex commodo efficitur feugiat. Phasellus imperdiet auctor ex, sed lacinia magna mollis in.</p>\r\n<p>Ut mattis mi ut erat pharetra, id vulputate eros convallis. Praesent ullamcorper dictum augue ut pharetra. Interdum et malesuada fames ac ante ipsum primis in faucibus.</p>\r\n<p>Nulla facilisi. Cras varius facilisis risus vel fringilla.</p>'),
(251,31,99,'[]'),
(252,32,97,'Demande d\'installation de Teams'),
(253,32,98,'<p><span style=\"color: #000000; font-family: \'Open Sans\', Arial, sans-serif; font-size: 14px; font-style: normal; font-variant-ligatures: normal; font-variant-caps: normal; font-weight: 400; letter-spacing: normal; orphans: 2; text-align: justify; text-indent: 0px; text-transform: none; widows: 2; word-spacing: 0px; -webkit-text-stroke-width: 0px; white-space: normal; background-color: #ffffff; text-decoration-thickness: initial; text-decoration-style: initial; text-decoration-color: initial; display: inline !important; float: none;\">Proin sit amet erat arcu. Donec eu ligula erat. Sed quis vulputate justo. Integer fringilla cursus neque a egestas. </span></p>\r\n<p><span style=\"color: #000000; font-family: \'Open Sans\', Arial, sans-serif; font-size: 14px; font-style: normal; font-variant-ligatures: normal; font-variant-caps: normal; font-weight: 400; letter-spacing: normal; orphans: 2; text-align: justify; text-indent: 0px; text-transform: none; widows: 2; word-spacing: 0px; -webkit-text-stroke-width: 0px; white-space: normal; background-color: #ffffff; text-decoration-thickness: initial; text-decoration-style: initial; text-decoration-color: initial; display: inline !important; float: none;\">Proin suscipit turpis ante, quis convallis nisl sollicitudin et. Praesent vestibulum aliquam eros, eu iaculis velit efficitur nec. Duis vitae ultrices odio. Aenean ac mollis nisl. </span></p>\r\n<p><span style=\"color: #000000; font-family: \'Open Sans\', Arial, sans-serif; font-size: 14px; font-style: normal; font-variant-ligatures: normal; font-variant-caps: normal; font-weight: 400; letter-spacing: normal; orphans: 2; text-align: justify; text-indent: 0px; text-transform: none; widows: 2; word-spacing: 0px; -webkit-text-stroke-width: 0px; white-space: normal; background-color: #ffffff; text-decoration-thickness: initial; text-decoration-style: initial; text-decoration-color: initial; display: inline !important; float: none;\">Curabitur sed rhoncus metus, quis aliquam enim.</span></p>'),
(254,32,99,'[]'),
(255,33,97,'Demande d\'un nouveau casque'),
(256,33,98,'<p>Proin sit amet erat arcu. Donec eu ligula erat. Sed quis vulputate justo. Integer fringilla cursus neque a egestas.</p>\r\n<p>Proin suscipit turpis ante, quis convallis nisl sollicitudin et. Praesent vestibulum aliquam eros, eu iaculis velit efficitur nec. Duis vitae ultrices odio. Aenean ac mollis nisl.</p>\r\n<p>Curabitur sed rhoncus metus, quis aliquam enim.</p>'),
(257,33,99,'[]'),
(258,34,97,'Demande de configuration du nouvel ordinateur'),
(259,34,98,'<p>Nulla faucibus eros et ipsum pulvinar, id vestibulum justo malesuada. Praesent tempor cursus finibus.</p>\r\n<p>Phasellus ac hendrerit enim, eget rhoncus orci. Nam venenatis ultrices augue, et viverra nulla interdum eu. Maecenas dapibus libero nunc, sit amet facilisis nunc faucibus vel. Donec dapibus accumsan lacus.</p>\r\n<p>Quisque pellentesque purus vel orci tincidunt pellentesque. Nunc quis eleifend felis.</p>'),
(260,34,99,'[]'),
(261,35,97,'Demande d\'achat d\'une clé USB 16 Go'),
(262,35,98,'<p>Curabitur fringilla ex commodo efficitur feugiat. Phasellus imperdiet auctor ex, sed lacinia magna mollis in.</p>\r\n<p>Ut mattis mi ut erat pharetra, id vulputate eros convallis. Praesent ullamcorper dictum augue ut pharetra. Interdum et malesuada fames ac ante ipsum primis in faucibus.</p>\r\n<p>Nulla facilisi. Cras varius facilisis risus vel fringilla.</p>'),
(263,35,99,'[]'),
(264,36,97,'Demande de création de compte'),
(265,36,98,'<p>Curabitur fringilla ex commodo efficitur feugiat. Phasellus imperdiet auctor ex, sed lacinia magna mollis in.</p>\r\n<p>Ut mattis mi ut erat pharetra, id vulputate eros convallis. Praesent ullamcorper dictum augue ut pharetra. Interdum et malesuada fames ac ante ipsum primis in faucibus.</p>\r\n<p>Nulla facilisi. Cras varius facilisis risus vel fringilla.</p>'),
(266,36,99,'[]'),
(267,37,97,'Test 2'),
(268,37,98,'<p>Test 2</p>'),
(269,37,99,'[]'),
(270,38,97,'Demande de paramétrage de Gislog'),
(271,38,98,'<p>Curabitur fringilla ex commodo efficitur feugiat. Phasellus imperdiet auctor ex, sed lacinia magna mollis in.</p>\r\n<p>Ut mattis mi ut erat pharetra, id vulputate eros convallis. Praesent ullamcorper dictum augue ut pharetra. Interdum et malesuada fames ac ante ipsum primis in faucibus.</p>\r\n<p>Nulla facilisi. Cras varius facilisis risus vel fringilla.</p>'),
(272,38,99,'[]'),
(273,39,620,'Mon ordinateur portable ne fonctionne pas'),
(274,39,324,'<div id=\"bannerL\">\r\n<div id=\"lipsumcom_left_siderail_2\" align=\"center\" data-freestar-ad=\"__300x600\"></div>\r\n</div>\r\n<div id=\"bannerR\">\r\n<div id=\"lipsumcom_right_siderail_1\" align=\"center\" data-freestar-ad=\"__300x600 __400x225\" data-google-query-id=\"CK6J0efmvYsDFWZC9ggdXuc8qg\">\r\n<div id=\"google_ads_iframe_/15184186,22440292294/5292_lipsumcom_right_siderail_1_0__container__\" style=\"border: 0pt;\"></div>\r\n</div>\r\n<div id=\"lipsumcom_right_siderail_2\" align=\"center\" data-freestar-ad=\"__300x600\"></div>\r\n</div>\r\n<div class=\"boxed\">\r\n<div id=\"lipsum\">\r\n<p>Lorem ipsum dolor sit amet, consectetur adipiscing elit. Quisque mollis elit ut sodales viverra. Class aptent taciti sociosqu ad litora torquent per conubia nostra, per inceptos himenaeos. Vivamus auctor auctor lectus. Aenean pharetra tortor ut pulvinar gravida. Cras augue lacus, varius eget orci sed, sollicitudin mollis lectus. Integer malesuada mollis risus elementum bibendum. Donec est ligula, ultricies a magna eget, convallis vulputate felis. Proin at tellus dui. Phasellus vulputate massa quis ipsum tincidunt vestibulum non vitae metus. Nullam hendrerit id dui pretium efficitur. Quisque porttitor sapien ac mi vestibulum faucibus.</p>\r\n</div>\r\n</div>'),
(275,39,323,'4'),
(276,39,325,'[]'),
(277,40,620,'Je ne peux plus imprimer mes rapports avec mon compte Documentum'),
(278,40,324,'<p>Bonjour,</p>\r\n<p> Aenean eget enim enim. Integer suscipit viverra ex. Integer pulvinar, arcu eget dapibus accumsan, justo ante dignissim magna, id ultricies lorem eros ut dui. Donec tellus sapien, rhoncus id mi vel, ultricies ornare mauris. Orci varius natoque penatibus et magnis dis parturient montes, nascetur ridiculus mus.</p>'),
(279,40,323,'5'),
(280,40,325,'[]'),
(281,41,620,'Impossible de transférer des fichiers dans Documentum'),
(282,41,324,'<p>Bonjour,</p>\r\n<p>Donec consequat iaculis massa, ut rutrum massa cursus sit amet. Vestibulum interdum est hendrerit lorem tincidunt venenatis. Proin malesuada neque eget enim volutpat aliquam. </p>'),
(283,41,323,'4'),
(284,41,325,'[]'),
(285,42,97,'Demande d\'accès à l\'environnement EOLLE-ADDLYS'),
(286,42,98,'<p>Bonjour,</p>\r\n<p>ma demande est indispensable pour mon travail</p>\r\n<p>Nulla vel ex non est tincidunt bibendum. Sed mattis odio ac sapien gravida, quis maximus mauris facilisis. Donec placerat, dolor vitae commodo sollicitudin, metus sem commodo libero, at dictum risus ipsum faucibus mi. </p>'),
(287,42,99,'[]'),
(288,43,97,'Accès requis dans EOLLE-ADDLYS'),
(289,43,98,'<p>Bonjour,</p>\r\n<p>J\'ai besoin d\'un accès dans cet environnement - c\'est indispensable pour le projet Ixe-igrec-Zaid</p>\r\n<p>Pouvez-vous m\'aider ?</p>'),
(290,43,99,'[]'),
(291,44,97,'Changement couleur de fonds d,écran'),
(292,44,98,'<p>Comment changer la couleur de fonds d\'écran dans l\'application «Fil de nouvelle» ?</p>'),
(293,44,99,'[]'),
(294,45,97,'Nettoyage de clavier'),
(295,45,98,'<p>Bonjour,</p>\r\n<p>Pouvez-vous m\'indiquer comment je peux nettoyer mon clavier ? il est très poussiéreux.</p>'),
(296,45,99,'[]'),
(297,46,97,'Demande d\'accès au module de rapport de Documentum'),
(298,46,98,'<p>Bonjour,</p>\r\n<p> </p>\r\n<p>Pourrais-je avoir accès au module de rapport svp ? Indispensable pour mon travail</p>'),
(299,46,99,'[]'),
(300,47,97,'Je n\'arrive pas à me connecter'),
(301,47,98,'<p>Pouvez-=vous m\'aider svp ?</p>'),
(302,47,99,'[]'),
(303,48,597,'41'),
(304,48,599,'84'),
(305,48,600,'39'),
(306,48,619,'46'),
(307,48,601,'2025-02-19 12:00:00'),
(308,49,620,'Problème de mise à jour des étiquettes sur les tickets'),
(309,49,324,'<p>Problème de mise à jour des étiquettes sur les tickets</p>'),
(310,49,323,'4'),
(311,49,325,'[]'),
(312,50,97,'Demande d\'installation de Microsoft Outlook'),
(313,50,98,'<p>Demande d\'installation de Microsoft Outlook</p>'),
(314,50,99,'[]'),
(315,51,621,'16'),
(316,51,622,'27'),
(317,51,623,'17'),
(318,51,625,'115'),
(319,51,624,'2025-02-24 12:00:00'),
(320,52,620,'Problème de mise à jour de l\'antivirus'),
(321,52,324,'<p>Problème de mise à jour de l\'antivirus</p>'),
(322,52,323,'3'),
(323,52,325,'[]'),
(324,53,621,'84'),
(325,53,622,'41'),
(326,53,623,'46'),
(327,53,625,'89'),
(328,53,624,'2025-02-28 12:00:00'),
(329,54,621,'84'),
(330,54,622,'41'),
(331,54,623,'136'),
(332,54,625,'137'),
(333,54,624,'2025-02-28 12:00:00'),
(334,55,621,'84'),
(335,55,622,'0'),
(336,55,623,'136'),
(337,55,625,'137'),
(338,55,624,''),
(339,56,621,'84'),
(340,56,622,'0'),
(341,56,623,'136'),
(342,56,625,'137'),
(343,56,624,''),
(344,57,621,'90'),
(345,57,622,'41'),
(346,57,623,'46'),
(347,57,625,'89'),
(348,57,624,'2025-03-17 12:00:00'),
(349,58,621,'90'),
(350,58,622,'87'),
(351,58,623,'27'),
(352,58,625,'89'),
(353,58,624,'2025-03-17 12:00:00'),
(354,59,621,'87'),
(355,59,622,'89'),
(356,59,623,'131'),
(357,59,625,'89'),
(358,59,624,'2025-03-17 12:00:00'),
(359,60,621,'18'),
(360,60,622,'90'),
(361,60,623,'18'),
(362,60,625,'129'),
(363,60,624,''),
(364,61,621,'41'),
(365,61,622,'89'),
(366,61,623,'18'),
(367,61,625,'111'),
(368,61,624,'2025-03-24 12:00:00'),
(369,62,621,'41'),
(370,62,622,'86'),
(371,62,623,'46'),
(372,62,625,'131'),
(373,62,624,'2025-03-17 12:00:00'),
(374,63,621,'90'),
(375,63,622,'0'),
(376,63,623,'131'),
(377,63,625,'0'),
(378,63,624,''),
(379,64,621,'41'),
(380,64,622,'88'),
(381,64,623,'136'),
(382,64,625,'137'),
(383,64,624,'2025-03-24 09:30:00'),
(384,65,621,'89'),
(385,65,622,'0'),
(386,65,623,'131'),
(387,65,625,'0'),
(388,65,624,''),
(389,66,626,'Prêt d\'ordinateur pour MR Gueguen à domicile'),
(390,66,621,'89'),
(391,66,622,'0'),
(392,66,623,'136'),
(393,66,625,'0'),
(394,66,624,''),
(395,67,626,'M-20250317 transport suite au ticket 2284'),
(396,67,621,'90'),
(397,67,622,'0'),
(398,67,623,'136'),
(399,67,625,'0'),
(400,67,624,''),
(401,68,97,'Demande d\'ajout d\'une adresse courriel'),
(402,68,98,'<p>Lorem ipsum dolor sit amet, consectetur adipiscing elit. Nullam maximus diam et ex consequat, id malesuada nisl volutpat. Suspendisse consectetur non lacus sit amet ultricies. Fusce a dui rhoncus, placerat purus nec, volutpat felis. Nunc vel felis ac lacus tincidunt interdum in non lacus. Morbi nec volutpat odio. Vivamus ultricies, leo a iaculis ultrices, magna erat porta lacus, nec eleifend nunc nisi ac tellus. Pellentesque ac pulvinar justo.</p>'),
(403,68,99,'[]'),
(404,69,97,'Demande de réinitialisation de mot de passe'),
(405,69,98,'<p>Lorem ipsum dolor sit amet, consectetur adipiscing elit. Nullam maximus diam et ex consequat, id malesuada nisl volutpat. Suspendisse consectetur non lacus sit amet ultricies. Fusce a dui rhoncus, placerat purus nec, volutpat felis. Nunc vel felis ac lacus tincidunt interdum in non lacus. Morbi nec volutpat odio. Vivamus ultricies, leo a iaculis ultrices, magna erat porta lacus, nec eleifend nunc nisi ac tellus. Pellentesque ac pulvinar justo.</p>'),
(406,69,99,'[]'),
(407,70,620,'Problème d\'ajout automatique des groupes du demandeur sur le ticket'),
(408,70,324,'<p>Lorem ipsum dolor sit amet, consectetur adipiscing elit. Nullam maximus diam et ex consequat, id malesuada nisl volutpat. Suspendisse consectetur non lacus sit amet ultricies. Fusce a dui rhoncus, placerat purus nec, volutpat felis. Nunc vel felis ac lacus tincidunt interdum in non lacus. Morbi nec volutpat odio. Vivamus ultricies, leo a iaculis ultrices, magna erat porta lacus, nec eleifend nunc nisi ac tellus. Pellentesque ac pulvinar justo.</p>'),
(409,70,323,'4'),
(410,70,325,'[]'),
(411,71,97,'Demande d\'ajout d\'un rapport dans GLPI'),
(412,71,98,'<p>Lorem ipsum dolor sit amet, consectetur adipiscing elit. Nullam maximus diam et ex consequat, id malesuada nisl volutpat. Suspendisse consectetur non lacus sit amet ultricies. Fusce a dui rhoncus, placerat purus nec, volutpat felis. Nunc vel felis ac lacus tincidunt interdum in non lacus. Morbi nec volutpat odio. Vivamus ultricies, leo a iaculis ultrices, magna erat porta lacus, nec eleifend nunc nisi ac tellus. Pellentesque ac pulvinar justo.</p>'),
(413,71,99,'[]'),
(414,72,626,'Transport de matériel'),
(415,72,621,'22'),
(416,72,622,'41'),
(417,72,623,'137'),
(418,72,625,'136'),
(419,72,624,'2025-03-27 10:00:00'),
(420,73,97,'Vérification SLA Priorité B - Demande indispensable'),
(421,73,98,'<p>Vérification</p>\r\n<p>un agent ordinaire (quelqu\'un qui ne fait pas partie d\'un groupe VIP) effectue une demande indispensable (code de catégorie qui contient le mot clef «INDISP», ce n\'est pas le bon SLA qui remonte</p>'),
(422,73,99,'[]'),
(423,74,97,'Demande de réservation d\'une imprimante'),
(424,74,98,'<p>Demande de réservation d\'une imprimante</p>'),
(425,74,99,'[]'),
(426,75,97,'Bonjour, pouvez-vous m\'aider à configurer GLPI'),
(427,75,98,'<p>Je cherche à trouver une réponse pour le point 1</p>'),
(428,75,99,'[]'),
(429,76,99,'[]'),
(430,76,627,'453'),
(431,76,98,'<p>Association de périphérique au ticket</p>'),
(432,76,97,'Association de périphérique au ticket'),
(433,77,99,'[]'),
(434,77,627,'422'),
(435,77,98,'<p>Nouvelle demande </p>'),
(436,77,97,'Nouvelle demande pour un ajout de périphérique'),
(437,78,628,'Besoin d\'accéder à cette application pour mes tâches opérationnelles'),
(438,78,629,'523'),
(439,78,630,'<p>Bonjour, dans le cadre de mes fonctions, j\'ai besoin d\'accéder aux modules de base de cette application. Pouvez-vous m\'aider ?</p>'),
(440,78,631,'5'),
(441,79,632,'L\'application se comporte bizarement'),
(442,79,633,'526'),
(443,79,634,'<p>Bonjour, pouvez-vous m\'aider.</p>'),
(444,79,635,'5'),
(445,80,628,'Problème d\'accès'),
(446,80,629,'523'),
(447,80,630,'<p>Pouvez-vous m\'aider ?</p>'),
(448,80,631,'5'),
(449,81,628,'Nouvelle demande d\'accès'),
(450,81,629,'523'),
(451,81,630,'<p>Aidez-moi svp</p>'),
(452,81,631,'5'),
(453,82,628,'Demande d\'information pour Chorus'),
(454,82,629,'543'),
(455,82,630,'<p>Pouvez-vous m\'aider svp ?</p>'),
(456,82,631,'3'),
(457,83,321,'404'),
(458,83,294,'demande de périphérique'),
(459,83,296,'Programmeur'),
(460,83,293,'135'),
(461,83,295,'2'),
(462,83,297,''),
(463,83,369,'[]'),
(464,84,321,'404'),
(465,84,294,'demande de périphérique - 02'),
(466,84,296,''),
(467,84,293,'135'),
(468,84,295,'2'),
(469,84,297,''),
(470,84,369,'[\"23\"]'),
(471,85,321,'407'),
(472,85,294,'demande de périphérique - 03'),
(473,85,296,''),
(474,85,293,'135'),
(475,85,295,'2'),
(476,85,297,''),
(477,85,369,'[]'),
(478,86,321,'415'),
(479,86,294,'demande de périphérique - 04'),
(480,86,296,''),
(481,86,293,'89'),
(482,86,295,'2'),
(483,86,297,''),
(484,86,369,'[]'),
(485,87,321,'437'),
(486,87,294,'Commande de portable : demande de périphérique 05'),
(487,87,296,'Architecte'),
(488,87,293,'46'),
(489,87,295,'3'),
(490,87,297,'<p><a id=\"Ticket345\" style=\"box-sizing: border-box; scrollbar-width: thin; scrollbar-color: rgba(96, 111, 145, 0.8) transparent; color: #3a5693; text-decoration: none; text-decoration-skip-ink: auto; font-weight: 500; font-family: inter, -apple-system, blinkmacsystemfont, \'san francisco\', \'segoe ui\', roboto, \'helvetica neue\', sans-serif; font-size: 14px; font-style: normal; font-variant-ligatures: no-contextual; font-variant-caps: normal; letter-spacing: normal; orphans: 2; text-align: start; text-indent: 0px; text-transform: none; widows: 2; word-spacing: 0px; -webkit-text-stroke-width: 0px; white-space: normal; background-color: #ffffff;\" href=\"https://disi.addlys.org/synairgis/meae1022b/front/ticket.form.php?id=345\" data-hasqtip=\"6\" aria-describedby=\"qtip-6\">Commande de portable : demande de périphérique</a> 05</p>'),
(491,87,369,'[]'),
(492,88,628,'Demande de paramétrage de Chorus'),
(493,88,629,'547'),
(494,88,630,'<p>Demande de paramétrage de Chorus</p>'),
(495,88,631,'3'),
(496,89,644,'<p>Besoin d\'un applicatif de type Tableau de bord</p>'),
(497,89,645,'[\"A\"]'),
(498,90,644,'<p>Besoin d\'un applicatif TDB</p>'),
(499,90,645,'[\"D\"]'),
(500,91,626,'Déménagement du bureau de Y. Gilat'),
(501,91,621,'22'),
(502,91,622,'89'),
(503,91,623,'131'),
(504,91,625,'46'),
(505,91,624,'2026-02-02 12:00:00'),
(506,92,626,'déménagement - Claudine '),
(507,92,621,'22'),
(508,92,622,'87'),
(509,92,623,'18'),
(510,92,625,'46'),
(511,92,624,''),
(512,93,644,'<p>besoin de support</p>'),
(513,93,645,'[\"D\"]'),
(514,94,321,'421'),
(515,94,294,'demande de périphérique'),
(516,94,296,'Programmeur'),
(517,94,293,'46'),
(518,94,295,'2'),
(519,94,297,''),
(520,94,369,'[\"85\"]'),
(521,95,644,'<p>Test d\'envoi de notification à des fournisseurs</p>'),
(522,95,645,'[\"D\"]'),
(523,96,644,'<p>Test d\'envoi pour les fournisseurs</p>'),
(524,96,645,'[\"D\"]'),
(525,97,644,'<p>Toujours tests pour fournisseurs</p>'),
(526,97,645,'[\"D\"]'),
(527,98,644,'<p>TEST 2 </p>'),
(528,98,645,'[\"D\"]'),
(529,99,644,'<p>test 3</p>'),
(530,99,645,'[\"D\"]'),
(531,100,644,'<p>test 4</p>'),
(532,100,645,'[\"D\"]'),
(533,101,644,'<p>tes 5</p>'),
(534,101,645,'[\"D\"]'),
(535,102,644,'<p>tes 6</p>'),
(536,102,645,'[\"D\"]'),
(537,103,644,'<p>test 7</p>'),
(538,103,645,'[\"D\"]'),
(539,104,644,'<p>test 8 avec les règles </p>'),
(540,104,645,'[\"D\"]'),
(541,105,644,'<p>test 10</p>'),
(542,105,645,'[\"D\"]'),
(543,106,644,'<p>test 11 sans gabarit</p>'),
(544,106,645,'[\"D\"]'),
(545,107,644,'<p>test 1212</p>'),
(546,107,645,'[\"D\"]'),
(547,108,644,'<p>test sans les autres règles</p>'),
(548,108,645,'[\"D\"]'),
(549,109,644,'<p>test </p>'),
(550,109,645,'[\"D\"]'),
(551,110,644,'<p>test </p>'),
(552,110,645,'[\"D\"]'),
(553,111,644,'<p>test </p>'),
(554,111,645,'[\"D\"]'),
(555,112,644,'<p>test </p>'),
(556,112,645,'[\"D\"]'),
(557,113,644,'<p>Test nouveau </p>'),
(558,113,645,'[\"D\"]'),
(559,114,644,'<p>Nouveau tests finalisation</p>'),
(560,114,645,'[\"D\"]'),
(561,115,644,'<p>test avec 2 cibles d\'applications</p>'),
(562,115,645,'[\"A\"]'),
(563,116,644,'<p>test 3 tickets cibles</p>'),
(564,116,645,'[\"A\",\"D\",\"F\"]');

--
-- Table structure for table `glpi_plugin_formcreator_categories`
--

CREATE TABLE `glpi_plugin_formcreator_categories` (
  `id` int(10) unsigned NOT NULL AUTO_INCREMENT,
  `name` varchar(255) NOT NULL DEFAULT '',
  `comment` mediumtext DEFAULT NULL,
  `completename` varchar(255) DEFAULT NULL,
  `plugin_formcreator_categories_id` int(10) unsigned NOT NULL DEFAULT 0,
  `level` int(11) NOT NULL DEFAULT 1,
  `sons_cache` longtext DEFAULT NULL,
  `ancestors_cache` longtext DEFAULT NULL,
  `knowbaseitemcategories_id` int(10) unsigned NOT NULL DEFAULT 0,
  PRIMARY KEY (`id`),
  KEY `name` (`name`),
  KEY `knowbaseitemcategories_id` (`knowbaseitemcategories_id`),
  KEY `plugin_formcreator_categories_id` (`plugin_formcreator_categories_id`)
) ENGINE=InnoDB AUTO_INCREMENT=43 DEFAULT CHARSET=utf8mb4 COLLATE=utf8mb4_unicode_ci;

--
-- Dumping data for table `glpi_plugin_formcreator_categories`
--

INSERT INTO `glpi_plugin_formcreator_categories` VALUES
(2,'Environnement de travail',NULL,'Environnement de travail',0,1,'{\"2\":2,\"8\":8,\"9\":9}','[]',0),
(4,'Demande d\'assistance','Cette catégorie regroupe les éléments permettant aux utilisateurs de demander de l\'assistance.','Demande d\'assistance',0,1,'{\"4\":4}','[]',0),
(7,'FAQ','','FAQ',0,1,'{\"7\":7}','[]',4),
(8,'Demande d\'assistance',NULL,'Environnement de travail > Demande d\'assistance',2,2,'{\"8\":8}','{\"2\":2}',0),
(9,'Signaler un incident',NULL,'Environnement de travail > Signaler un incident',2,2,'{\"9\":9}','{\"2\":2}',0),
(13,'Solution de messagerie et agenda','','Solution de messagerie et agenda',0,1,'{\"13\":13}','[]',0),
(16,'Cybersécurité','','Cybersécurité',0,1,'{\"16\":16}','[]',0),
(20,'Accès et comptes','','Accès et comptes',0,1,'{\"20\":20}','[]',1),
(21,'Logiciels','','Logiciels',0,1,NULL,'[]',0),
(41,'Applications DAF','','Applications DAF',0,1,'{\"41\":41}','[]',0),
(42,'Direction DAF',NULL,'Direction DAF',0,1,NULL,'[]',0);

--
-- Table structure for table `glpi_plugin_formcreator_conditions`
--

CREATE TABLE `glpi_plugin_formcreator_conditions` (
  `id` int(10) unsigned NOT NULL AUTO_INCREMENT,
  `itemtype` varchar(255) NOT NULL DEFAULT '' COMMENT 'itemtype of the item affected by the condition',
  `items_id` int(10) unsigned NOT NULL DEFAULT 0,
  `plugin_formcreator_questions_id` int(10) unsigned NOT NULL DEFAULT 0,
  `show_condition` int(11) NOT NULL DEFAULT 0,
  `show_value` mediumtext DEFAULT NULL,
  `show_logic` int(11) NOT NULL DEFAULT 1,
  `order` int(11) NOT NULL DEFAULT 1,
  `uuid` varchar(255) DEFAULT NULL,
  PRIMARY KEY (`id`),
  KEY `plugin_formcreator_questions_id` (`plugin_formcreator_questions_id`),
  KEY `item` (`itemtype`,`items_id`)
) ENGINE=InnoDB AUTO_INCREMENT=153 DEFAULT CHARSET=utf8mb4 COLLATE=utf8mb4_unicode_ci;

--
-- Dumping data for table `glpi_plugin_formcreator_conditions`
--

INSERT INTO `glpi_plugin_formcreator_conditions` VALUES
(118,'PluginFormcreatorQuestion',315,317,1,'Non',1,1,'e40c7dcc-5b5e2678-644994dbe40c36.31384850'),
(149,'PluginFormcreatorTargetTicket',82,645,1,'D',1,1,'53f3523f-6b24044c-6978913e39f5f6.47747322'),
(150,'PluginFormcreatorTargetTicket',83,645,1,'A',1,1,'53f3523f-6b24044c-697c769aa45132.23843635'),
(151,'PluginFormcreatorTargetTicket',81,645,1,'D',1,1,'53f3523f-6b24044c-697c7718ac8d46.45934941'),
(152,'PluginFormcreatorTargetTicket',81,645,1,'A',2,2,'53f3523f-6b24044c-697c7718ad29a7.06122358');

--
-- Table structure for table `glpi_plugin_formcreator_entityconfigs`
--

CREATE TABLE `glpi_plugin_formcreator_entityconfigs` (
  `id` int(10) unsigned NOT NULL AUTO_INCREMENT,
  `entities_id` int(10) unsigned NOT NULL DEFAULT 0,
  `replace_helpdesk` int(11) NOT NULL DEFAULT -2,
  `default_form_list_mode` int(11) NOT NULL DEFAULT -2,
  `sort_order` int(11) NOT NULL DEFAULT -2,
  `is_kb_separated` int(11) NOT NULL DEFAULT -2,
  `is_search_visible` int(11) NOT NULL DEFAULT -2,
  `is_dashboard_visible` int(11) NOT NULL DEFAULT -2,
  `is_header_visible` int(11) NOT NULL DEFAULT -2,
  `is_search_issue_visible` int(11) NOT NULL DEFAULT -2,
  `tile_design` int(11) NOT NULL DEFAULT -2,
  `header` mediumtext DEFAULT NULL,
  `service_catalog_home` int(11) NOT NULL DEFAULT -2,
  PRIMARY KEY (`id`),
  UNIQUE KEY `unicity` (`entities_id`)
) ENGINE=InnoDB AUTO_INCREMENT=21 DEFAULT CHARSET=utf8mb4 COLLATE=utf8mb4_unicode_ci;

--
-- Dumping data for table `glpi_plugin_formcreator_entityconfigs`
--

INSERT INTO `glpi_plugin_formcreator_entityconfigs` VALUES
(2,2,1,-2,0,-2,1,-2,1,-2,-2,NULL,0),
(3,3,-2,-2,0,0,1,-2,1,-2,-2,'&#60;p&#62;Portail Libre service Eolle&#60;/p&#62;',-2),
(4,4,-2,-2,0,-2,0,-2,0,-2,-2,NULL,-2),
(5,5,-2,-2,0,-2,0,-2,0,-2,-2,NULL,0),
(6,6,-2,-2,0,-2,0,-2,0,-2,-2,NULL,-2),
(7,7,-2,-2,0,-2,0,-2,0,-2,-2,NULL,-2),
(8,8,-2,-2,-2,-2,-2,-2,-2,-2,-2,NULL,-2),
(9,9,-2,-2,-2,-2,-2,-2,-2,-2,-2,NULL,-2),
(10,10,-2,-2,-2,-2,-2,-2,-2,-2,-2,NULL,-2),
(11,0,1,0,0,1,1,1,1,1,1,NULL,0),
(12,12,-2,-2,-2,0,-2,-2,-2,-2,-2,'',0),
(13,11,-2,-2,-2,-2,-2,-2,-2,-2,-2,NULL,-2),
(14,13,1,0,1,1,1,1,1,1,1,'&#60;h1&#62;Bienvenue dans le portail libre-service de la &#60;span style=\"color: #3598db;\"&#62;&#60;strong&#62;Direction DAF&#60;/strong&#62;&#60;/span&#62;&#60;/h1&#62;\r\n&#60;p&#62; &#60;/p&#62;',0),
(15,14,-2,-2,-2,-2,-2,-2,-2,-2,-2,'',-2),
(16,15,-2,-2,-2,-2,-2,-2,-2,-2,-2,NULL,-2),
(17,16,-2,-2,-2,-2,-2,-2,-2,-2,-2,NULL,-2),
(18,17,-2,-2,-2,-2,-2,-2,-2,-2,-2,NULL,-2),
(19,18,-2,-2,-2,-2,-2,-2,-2,-2,-2,NULL,-2),
(20,19,-2,-2,-2,-2,-2,-2,-2,-2,-2,NULL,-2);

--
-- Table structure for table `glpi_plugin_formcreator_formanswers`
--

CREATE TABLE `glpi_plugin_formcreator_formanswers` (
  `id` int(10) unsigned NOT NULL AUTO_INCREMENT,
  `name` varchar(255) NOT NULL DEFAULT '',
  `entities_id` int(10) unsigned NOT NULL DEFAULT 0,
  `is_recursive` tinyint(1) NOT NULL DEFAULT 0,
  `plugin_formcreator_forms_id` int(10) unsigned NOT NULL DEFAULT 0,
  `requester_id` int(10) unsigned NOT NULL DEFAULT 0,
  `users_id_validator` int(10) unsigned NOT NULL DEFAULT 0,
  `groups_id_validator` int(10) unsigned NOT NULL DEFAULT 0,
  `request_date` timestamp NULL DEFAULT NULL,
  `status` int(11) NOT NULL DEFAULT 101,
  `comment` mediumtext DEFAULT NULL,
  PRIMARY KEY (`id`),
  KEY `plugin_formcreator_forms_id` (`plugin_formcreator_forms_id`),
  KEY `entities_id_is_recursive` (`entities_id`,`is_recursive`),
  KEY `requester_id` (`requester_id`),
  KEY `users_id_validator` (`users_id_validator`),
  KEY `groups_id_validator` (`groups_id_validator`)
) ENGINE=InnoDB AUTO_INCREMENT=117 DEFAULT CHARSET=utf8mb4 COLLATE=utf8mb4_unicode_ci;

--
-- Dumping data for table `glpi_plugin_formcreator_formanswers`
--

INSERT INTO `glpi_plugin_formcreator_formanswers` VALUES
(1,'Signaler un incident de cybersécurité',0,1,19,2,0,0,'2024-12-12 19:34:51',6,''),
(2,'Support informatique',0,1,86,16,0,0,'2024-12-20 19:49:11',6,''),
(3,'Support informatique',0,1,86,16,0,0,'2024-12-20 19:55:15',6,''),
(4,'Support informatique',0,1,86,16,0,0,'2024-12-20 19:58:11',6,''),
(5,'Support informatique',0,1,86,16,0,0,'2024-12-20 20:03:43',6,''),
(6,'Support informatique',0,1,86,16,0,0,'2024-12-20 20:30:15',6,''),
(7,'Support informatique',0,1,86,27,0,0,'2024-12-20 20:41:40',6,''),
(8,'Signaler un incident de cybersécurité',0,1,65,27,0,0,'2024-12-20 20:42:06',6,''),
(9,'Support informatique',0,1,86,2,0,0,'2024-12-20 20:43:15',6,''),
(10,'Signaler un incident de cybersécurité',0,1,65,2,0,0,'2024-12-20 20:44:27',6,''),
(11,'Support informatique',0,1,86,16,0,0,'2024-12-20 21:26:15',6,''),
(12,'Support informatique',0,1,86,2,0,0,'2024-12-20 21:49:09',6,''),
(13,'Bordereau de transport de matériel (Entrée / Sortie)',0,1,89,2,0,0,'2025-01-23 21:36:24',6,''),
(14,'Bordereau de transport de matériel (Entrée / Sortie)',0,1,89,2,0,0,'2025-01-23 22:40:02',6,''),
(15,'Bordereau de transport de matériel (Entrée / Sortie)',0,1,89,2,0,0,'2025-01-23 23:05:15',6,''),
(16,'Bordereau de transport de matériel (Entrée / Sortie)',0,1,89,2,0,0,'2025-01-23 23:18:59',6,''),
(17,'Bordereau de transport de matériel (Entrée / Sortie)',0,1,89,2,0,0,'2025-01-23 23:23:15',6,''),
(18,'Bordereau de transport de matériel (Entrée / Sortie)',0,1,89,2,0,0,'2025-01-23 23:26:21',6,''),
(19,'Bordereau de transport de matériel (Entrée / Sortie)',0,1,90,2,0,0,'2025-02-06 17:33:34',6,''),
(20,'BORDEREAU DE TRANSPORT DE MATERIEL DE \"Beaurains\" A \"Coulommiers\"',0,1,90,2,0,0,'2025-02-06 17:45:55',6,''),
(21,'BORDEREAU DE TRANSPORT DE MATERIEL DE \"Boulogne\" A \"Courbevoie\"',0,1,90,2,0,0,'2025-02-06 17:58:14',6,''),
(22,'BORDEREAU DE TRANSPORT DE MATERIEL DE \"Angers\" A \"Beaurains\"',0,1,90,2,0,0,'2025-02-06 18:03:40',6,''),
(23,'BORDEREAU DE TRANSPORT DE MATERIEL DE \"Angers\" A \"Beaurains\"',0,1,90,2,0,0,'2025-02-06 21:30:39',6,''),
(24,'BORDEREAU DE TRANSPORT DE MATERIEL DE \"Angers\" A \"Angers\"',0,1,90,2,0,0,'2025-02-06 21:34:18',6,''),
(25,'BORDEREAU DE TRANSPORT DE MATERIEL DE \"Angers\" A \"Angers\"',0,1,90,2,0,0,'2025-02-06 21:38:02',6,''),
(26,'BORDEREAU DE TRANSPORT DE MATERIEL DE \"Aéroport\" A \"Aéroport\"',0,1,90,2,0,0,'2025-02-06 21:43:31',6,''),
(27,'BORDEREAU DE TRANSPORT DE MATERIEL DE \"Angers\" A \"Angers\"',0,1,90,2,0,0,'2025-02-06 21:46:02',6,''),
(28,'BORDEREAU DE TRANSPORT DE MATERIEL DE \"Angers\" A \"Beaurains\"',0,1,90,2,0,0,'2025-02-06 21:49:33',6,''),
(29,'Support informatique',5,1,86,16,0,0,'2025-02-11 16:16:37',6,''),
(30,'Nouvelle demande',5,1,15,16,0,0,'2025-02-11 16:48:44',2,''),
(31,'Nouvelle demande',5,1,15,16,0,0,'2025-02-11 19:46:16',2,''),
(32,'Nouvelle demande',5,1,15,16,0,0,'2025-02-11 20:16:19',2,''),
(33,'Nouvelle demande',0,1,15,23,0,0,'2025-02-11 20:24:43',6,''),
(34,'Nouvelle demande',5,1,15,23,0,0,'2025-02-11 20:48:29',2,''),
(35,'Nouvelle demande',5,1,15,23,0,0,'2025-02-11 21:51:11',2,''),
(36,'Nouvelle demande',5,1,15,23,0,0,'2025-02-11 21:58:18',2,''),
(37,'Nouvelle demande',5,1,15,23,0,0,'2025-02-11 22:00:51',6,''),
(38,'Nouvelle demande',5,1,15,23,0,0,'2025-02-11 22:29:43',2,''),
(39,'Signaler un incident',5,1,65,16,0,0,'2025-02-12 09:19:28',6,''),
(40,'Signaler un incident',5,1,65,16,0,0,'2025-02-12 10:52:42',2,''),
(41,'Signaler un incident',5,1,65,23,0,0,'2025-02-12 10:59:41',2,''),
(42,'Nouvelle demande',5,1,15,16,0,0,'2025-02-12 11:11:41',5,''),
(43,'Nouvelle demande',5,1,15,23,0,0,'2025-02-12 11:15:19',2,''),
(44,'Nouvelle demande',5,1,15,23,0,0,'2025-02-12 11:18:11',2,''),
(45,'Nouvelle demande',5,1,15,16,0,0,'2025-02-12 11:22:03',2,''),
(46,'Nouvelle demande',5,1,15,16,0,0,'2025-02-12 12:07:29',4,''),
(47,'Nouvelle demande',5,1,15,16,0,0,'2025-02-12 13:39:41',4,''),
(48,'BORDEREAU DE TRANSPORT DE MATERIEL DE \"Beaurains\" A \"Angers\"',0,1,90,2,0,0,'2025-02-18 19:37:32',2,''),
(49,'Signaler un incident',5,1,65,16,0,0,'2025-02-19 14:34:35',2,''),
(50,'Nouvelle demande',5,1,15,16,0,0,'2025-02-19 14:38:05',2,''),
(51,'BORDEREAU DE TRANSPORT DE MATERIEL DE \"Montréal &#62; Bâtiment Jean Drapeau\" A \"Montréal &#62; Bâtiment Jeanne Mance\"',5,1,91,16,0,0,'2025-02-20 16:09:19',2,''),
(52,'Signaler un incident',5,1,65,23,0,0,'2025-02-21 20:42:39',2,''),
(53,'BORDEREAU DE TRANSPORT DE MATERIEL DE \"Angers\" A \"Bordeaux\"',0,1,91,60,0,0,'2025-02-27 10:27:03',2,''),
(54,'BORDEREAU DE TRANSPORT DE MATERIEL DE \"Paris &#62; Rue de Javel\" A \"Paris &#62; Quai d\'Orsay\"',0,1,91,60,0,0,'2025-02-27 10:33:41',2,''),
(55,'BORDEREAU DE TRANSPORT DE MATERIEL DE \"Paris &#62; Rue de Javel\" A \"Paris &#62; Quai d\'Orsay\"',0,1,91,60,0,0,'2025-02-27 14:38:14',2,''),
(56,'BORDEREAU DE TRANSPORT DE MATERIEL DE \"Paris &#62; Rue de Javel\" A \"Paris &#62; Quai d\'Orsay\"',0,1,91,60,0,0,'2025-02-27 14:41:12',2,''),
(57,'BORDEREAU DE TRANSPORT DE MATERIEL DE \"Angers\" A \"Bordeaux\"',0,1,91,85,0,0,'2025-03-11 15:01:10',2,''),
(58,'BORDEREAU DE TRANSPORT DE MATERIEL DE \"Grenoble\" A \"Bordeaux\"',0,1,91,85,0,0,'2025-03-12 08:31:28',2,''),
(59,'BORDEREAU DE TRANSPORT DE MATERIEL DE \"Aéroport\" A \"Bordeaux\"',0,1,91,85,0,0,'2025-03-12 09:25:08',2,''),
(60,'BORDEREAU DE TRANSPORT DE MATERIEL DE \"Lyon\" A \"Montréal &#62; Bâtiment Jean Drapeau\"',0,1,91,85,0,0,'2025-03-12 11:43:08',2,''),
(61,'BORDEREAU DE TRANSPORT DE MATERIEL DE \"Lyon\" A \"Marseille\"',0,1,91,85,0,0,'2025-03-12 14:13:02',2,''),
(62,'BORDEREAU DE TRANSPORT DE MATERIEL DE \"Angers\" A \"Aéroport\"',0,1,91,85,0,0,'2025-03-13 10:05:13',2,''),
(63,'BORDEREAU DE TRANSPORT DE MATERIEL DE \"Aéroport\" A \"&#38;nbsp;\"',0,1,91,85,0,0,'2025-03-13 10:23:04',2,''),
(64,'BORDEREAU DE TRANSPORT DE MATERIEL DE \"Paris &#62; Rue de Javel\" A \"Paris &#62; Quai d\'Orsay\"',0,1,91,85,0,0,'2025-03-13 11:01:23',2,''),
(65,'BORDEREAU DE TRANSPORT DE MATERIEL DE \"Aéroport\" A \"&#38;nbsp;\"',0,1,91,85,0,0,'2025-03-14 13:06:56',2,''),
(66,'BORDEREAU DE TRANSPORT DE MATERIEL DE \"Paris &#62; Rue de Javel\" A \"&nbsp;\"',0,1,91,85,0,0,'2025-03-14 15:37:31',2,''),
(67,'BORDEREAU DE TRANSPORT DE MATERIEL DE \"Paris &#62; Rue de Javel\" A \"&nbsp;\"',0,1,91,85,0,0,'2025-03-17 13:18:02',2,''),
(68,'Nouvelle demande',5,1,15,23,0,0,'2025-03-26 13:27:49',2,''),
(69,'Nouvelle demande',5,1,15,16,0,0,'2025-03-26 13:31:43',2,''),
(70,'Signaler un incident',5,1,65,16,0,0,'2025-03-26 13:35:45',2,''),
(71,'Nouvelle demande',5,1,15,16,0,0,'2025-03-26 13:53:01',2,''),
(72,'BORDEREAU DE TRANSPORT DE MATERIEL DE \"Paris &#62; Quai d\'Orsay\" A \"Paris &#62; Rue de Javel\"',5,1,91,23,0,0,'2025-03-26 14:09:59',2,''),
(73,'Nouvelle demande',0,1,15,90,0,0,'2025-04-30 18:00:56',2,''),
(74,'Nouvelle demande',5,1,15,23,0,0,'2025-06-10 20:49:05',2,''),
(75,'Nouvelle demande',0,1,15,60,0,0,'2025-07-01 13:02:04',2,''),
(76,'Nouvelle demande',5,1,15,16,0,0,'2025-09-10 14:34:05',2,''),
(77,'Nouvelle demande',0,1,15,2,0,0,'2025-09-10 14:34:54',2,''),
(78,'Demande d\'assistance (DAF)',13,0,92,16,0,0,'2025-09-24 05:15:39',6,''),
(79,'Signaler un problème pour l\'application Gestion des coûts',13,0,93,16,0,0,'2025-09-24 08:38:03',6,''),
(80,'Demande d\'assistance (DAF)',5,1,92,16,0,0,'2025-09-24 09:26:47',6,''),
(81,'Demande d\'assistance (DAF)',5,1,92,16,0,0,'2025-09-24 09:30:37',6,''),
(82,'Demande d\'assistance (DAF)',13,1,92,91,0,0,'2025-09-26 13:14:47',2,''),
(83,'Commande de portable',0,1,60,85,0,0,'2025-10-06 15:08:43',2,''),
(84,'Commande de portable',5,1,60,22,0,0,'2025-10-06 15:13:00',4,''),
(85,'Commande de portable',0,1,60,85,0,0,'2025-10-06 15:16:53',5,''),
(86,'Commande de portable',0,1,60,85,0,0,'2025-10-06 15:19:32',2,''),
(87,'Commande de portable',0,1,60,2,0,0,'2025-12-30 21:10:22',2,''),
(88,'Demande d\'assistance (DAF)',0,1,92,2,0,0,'2025-12-30 21:38:25',2,''),
(89,'TEST-MD-support externe',0,1,96,85,0,0,'2026-01-27 10:35:58',2,''),
(90,'TEST-MD-support externe',0,1,96,85,0,0,'2026-01-27 10:37:56',2,''),
(91,'BORDEREAU DE TRANSPORT DE MATERIEL DE \"Aéroport\" A \"Angers\"',0,1,91,85,0,0,'2026-01-28 10:34:47',2,''),
(92,'BORDEREAU DE TRANSPORT DE MATERIEL DE \"Lyon\" A \"Angers\"',0,1,91,85,0,0,'2026-01-28 10:49:39',2,''),
(93,'TEST-MD-support externe',0,1,96,85,0,0,'2026-01-28 16:05:52',2,''),
(94,'Commande de portable',0,1,60,85,0,0,'2026-01-28 16:11:28',1,''),
(95,'TEST-MD-support externe',0,1,96,2,0,0,'2026-01-28 16:12:22',2,''),
(96,'TEST-MD-support externe',0,1,96,85,0,0,'2026-01-28 16:15:15',2,''),
(97,'TEST-MD-support externe',0,1,96,85,0,0,'2026-01-28 16:18:07',2,''),
(98,'TEST-MD-support externe',0,1,96,85,0,0,'2026-01-29 10:23:41',6,''),
(99,'TEST-MD-support externe',0,1,96,85,0,0,'2026-01-29 10:27:33',6,''),
(100,'TEST-MD-support externe',0,1,96,85,0,0,'2026-01-29 10:36:23',2,''),
(101,'TEST-MD-support externe',0,1,96,85,0,0,'2026-01-29 10:48:56',2,''),
(102,'TEST-MD-support externe',0,1,96,85,0,0,'2026-01-29 10:53:17',2,''),
(103,'TEST-MD-support externe',0,1,96,85,0,0,'2026-01-29 10:59:03',2,''),
(104,'TEST-MD-support externe',0,1,96,85,0,0,'2026-01-29 11:19:38',6,''),
(105,'TEST-MD-support externe',0,1,96,85,0,0,'2026-01-29 11:22:49',2,''),
(106,'TEST-MD-support externe',0,1,96,85,0,0,'2026-01-29 11:26:14',2,''),
(107,'TEST-MD-support externe',0,1,96,85,0,0,'2026-01-29 13:18:25',2,''),
(108,'TEST-MD-support externe',0,1,96,85,0,0,'2026-01-29 13:21:06',4,''),
(109,'TEST-MD-support externe',0,1,96,85,0,0,'2026-01-29 15:59:08',2,''),
(110,'TEST-MD-support externe',0,1,96,85,0,0,'2026-01-29 16:07:25',2,''),
(111,'TEST-MD-support externe',0,1,96,85,0,0,'2026-01-29 16:09:55',2,''),
(112,'TEST-MD-support externe',0,1,96,85,0,0,'2026-01-29 16:19:11',2,''),
(113,'TEST-MD-support externe',0,1,96,85,0,0,'2026-01-30 08:56:00',2,''),
(114,'TEST-MD-support externe',0,1,96,85,0,0,'2026-01-30 08:57:15',6,''),
(115,'TEST-MD-support externe',0,1,96,85,0,0,'2026-01-30 09:17:34',6,''),
(116,'TEST-MD-support externe',0,1,96,85,0,0,'2026-01-30 09:18:43',6,'');

--
-- Table structure for table `glpi_plugin_formcreator_forms`
--

CREATE TABLE `glpi_plugin_formcreator_forms` (
  `id` int(10) unsigned NOT NULL AUTO_INCREMENT,
  `name` varchar(255) NOT NULL DEFAULT '',
  `entities_id` int(10) unsigned NOT NULL DEFAULT 0,
  `is_recursive` tinyint(1) NOT NULL DEFAULT 0,
  `icon` varchar(255) NOT NULL DEFAULT '',
  `icon_color` varchar(255) NOT NULL DEFAULT '',
  `background_color` varchar(255) NOT NULL DEFAULT '',
  `access_rights` tinyint(1) NOT NULL DEFAULT 1,
  `description` varchar(255) DEFAULT NULL,
  `content` longtext DEFAULT NULL,
  `plugin_formcreator_categories_id` int(11) unsigned NOT NULL DEFAULT 0,
  `is_active` tinyint(1) NOT NULL DEFAULT 0,
  `language` varchar(255) NOT NULL DEFAULT '',
  `helpdesk_home` tinyint(1) NOT NULL DEFAULT 0,
  `is_deleted` tinyint(1) NOT NULL DEFAULT 0,
  `validation_required` tinyint(1) NOT NULL DEFAULT 0,
  `usage_count` int(11) NOT NULL DEFAULT 0,
  `is_default` tinyint(1) NOT NULL DEFAULT 0,
  `is_captcha_enabled` tinyint(1) NOT NULL DEFAULT 0,
  `show_rule` int(11) NOT NULL DEFAULT 1 COMMENT 'Conditions setting to show the submit button',
  `formanswer_name` varchar(255) NOT NULL DEFAULT '',
  `is_visible` tinyint(4) NOT NULL DEFAULT 1,
  `uuid` varchar(255) DEFAULT NULL,
  PRIMARY KEY (`id`),
  KEY `entities_id` (`entities_id`),
  KEY `plugin_formcreator_categories_id` (`plugin_formcreator_categories_id`),
  FULLTEXT KEY `Search` (`name`,`description`)
) ENGINE=InnoDB AUTO_INCREMENT=97 DEFAULT CHARSET=utf8mb4 COLLATE=utf8mb4_unicode_ci;

--
-- Dumping data for table `glpi_plugin_formcreator_forms`
--

INSERT INTO `glpi_plugin_formcreator_forms` VALUES
(15,'Nouvelle demande',0,1,'fas fa-home','#2986cc','#cfe2f3',1,'Nouvelle demande de tout type','&#60;p&#62;Veuillez compléter le formulaire, puis cliquez sur le bouton &#60;em&#62;Envoyer&#60;/em&#62; pour nous transmettre votre requête.&#60;/p&#62;',8,0,'',1,0,0,24,0,0,1,'Nouvelle demande',1,'6c780397-b4c29f68-62015155eb6cf7.77571405'),
(19,'Signaler un incident de cybersécurité',0,1,'fas fa-exclamation-triangle','#cc0000','#eeeeee',1,'Hammeçonnage, courriel malveillant, etc.','&#60;p&#62;&#60;span style=\"color: #ba372a;\"&#62;&#60;strong&#62;Veuillez compléter le formulaire, puis cliquez sur le bouton &#60;em&#62;Envoyer&#60;/em&#62; pour nous transmettre votre signalement d\'incident.&#60;/strong&#62;&#60;/span&#62;&#60;/p&#62;',16,0,'',1,0,0,2,0,0,1,'Signaler un incident de cybersécurité',1,'6c780397-b4c29f68-6201513ce815a6.87087252'),
(60,'Demande d\'équipement technologique',0,1,'fas fa-laptop','#ce7e00','#f3f6f4',1,'Demande d\'équipement technologique','&#60;p&#62;&#60;span style=\"color: #ba372a;\"&#62;&#60;strong&#62;Ce formulaire vous permet de commander un ou plusieurs portables PC&#60;/strong&#62;&#60;/span&#62;&#60;/p&#62;',8,1,'fr_FR',0,0,0,10,0,0,1,'Commande de portable',1,'d1539afb-f26c1d55-62e2fb002ca053.83854387'),
(61,'Demande d\'inscription des utilisateurs',0,1,'fa fa-user','#2986cc','#f3f6f4',0,'','&#60;p&#62;&#60;span style=\"color: #ba372a;\"&#62;&#60;strong&#62;Veuillez compléter le formulaire, puis cliquez sur le bouton &#60;em&#62;Envoyer&#60;/em&#62; pour nous transmettre votre requête.&#60;/strong&#62;&#60;/span&#62;&#60;/p&#62;',20,0,'',0,0,0,4,0,1,1,'Demande d\'assistance',0,'d1539afb-1ac54d1a-631b452ccee9b8.86020892'),
(62,'Demande de logiciel',0,1,'fab fa-accusoft','#2986cc','#9fc5e8',1,'Formulaire de demande de logiciel','&#60;p&#62;&#60;span style=\"color: #ba372a;\"&#62;&#60;strong&#62;Veuillez compléter le formulaire, puis cliquez sur le bouton &#60;em&#62;Envoyer&#60;/em&#62; pour nous transmettre votre requête.&#60;/strong&#62;&#60;/span&#62;&#60;/p&#62;',21,0,'fr_FR',0,0,0,15,0,0,1,'Demande d\'assistance',0,'e40c7dcc-1ac54d1a-6426ce7592d9d2.27949867'),
(65,'Signaler un incident',0,1,'fas fa-angry','#cc0000','#fff2cc',1,'Signaler un incident de tout type','&#60;p&#62;&#60;span style=\"color: #ba372a;\"&#62;&#60;strong&#62;Veuillez compléter le formulaire, puis cliquez sur le bouton &#60;em&#62;Envoyer&#60;/em&#62; pour nous transmettre votre signalement d\'incident.&#60;/strong&#62;&#60;/span&#62;&#60;/p&#62;',9,0,'',1,0,0,8,0,0,1,'Signaler un incident',1,'e40c7dcc-5b5e2678-647600b6b79287.08464461'),
(86,'Nouvelle demande (copie)',0,1,'fas fa-tools','#8fce00','#6fa8dc',1,'Toute demande de tout type','&#60;p&#62;Ce formulaire vous permet d\'obtenir de l\'aide pour toute demande&#60;/p&#62;',4,0,'',0,0,0,19,0,0,1,'Support informatique',0,'396465d2-5acb712f-65950db35bb2b2.78938629'),
(89,'Demande de bordereau de transport de matériel (Entrée / Sortie)',0,1,'fas fa-signature','#999999','#d0e0e3',1,'','',8,0,'',0,0,0,6,0,0,1,'Bordereau de transport de matériel (Entrée / Sortie)',0,'453c8a4c-2f5acfaa-6792a743e1a2a8.77327559'),
(90,'Demande de bordereau de transport de matériel',0,1,'fas fa-signature','#6a329f','#d0e0e3',1,'','',8,0,'',0,0,0,11,0,0,1,'BORDEREAU DE TRANSPORT DE MATERIEL DE \"##answer_600##\" A \"##answer_619##\"',0,'453c8a4c-2f5acfaa-67a4e91a9ccc17.34238238'),
(91,'Bordereau de transport de matériel',0,1,'fas fa-signature','#6a329f','#d0e0e3',1,'','',8,1,'',1,0,0,19,0,0,1,'BORDEREAU DE TRANSPORT DE MATERIEL DE \"##answer_623##\" A \"##answer_625##\"',1,'453c8a4c-2f5acfaa-67b74caa128602.65122352'),
(92,'DAF-Demande pour une application',0,1,'fa fa-question-circle','#ffffff','#a2d1d8',2,'Demande de l\'assistance auprès de la Direction DAF pour une application','',41,1,'',1,0,0,5,0,0,1,'Demande d\'assistance (DAF)',1,'53f3523f-1be54bd6-68d37a5a0148f1.08529214'),
(93,'DAF-Signaler un problème pour une application',0,1,'fas fa-first-aid','#f44336','#a2d1d8',2,'','',41,1,'',1,0,0,1,0,0,1,'Signaler un problème pour l\'application Gestion des coûts',1,'53f3523f-1be54bd6-68d37bde95e637.73685627'),
(94,'DAF - Requête sur un Applicatif',13,0,'fa fa-user','#999999','#e7e7e7',1,'','',0,1,'',0,0,0,0,0,0,1,'DAF - Requête sur un Applicatif',1,'53f3523f-1be54bd6-68e51610820f13.68681800'),
(95,'DAF - Demande d\'assistance DAF ',0,1,'fas fa-calculator','#c90076','#8fce00',1,'Formulaire de demande d\'assistance ','&#60;p&#62;Pour toutes demandes de support, nous vous invitons à saisir le formulaire suivant en remplissant les champs demandés ci-dessous.&#60;/p&#62;\r\n&#60;p&#62;****** TEXTE A COMPLETER *******&#60;/p&#62;',42,1,'',1,0,0,0,1,0,1,'DAF - demande d\'assistance DAF ',1,'47d8dc3c-aa8ace61-68dbbf185ad8e5.23178003'),
(96,'TEST-MD-support externe',0,1,'0','#999999','#e7e7e7',1,'test pour le ticket 4662','',0,1,'',0,0,0,25,1,0,1,'TEST-MD-support externe',1,'53f3523f-6b24044c-6971ed2fbaa824.55110726');

--
-- Table structure for table `glpi_plugin_formcreator_forms_groups`
--

CREATE TABLE `glpi_plugin_formcreator_forms_groups` (
  `id` int(10) unsigned NOT NULL AUTO_INCREMENT,
  `plugin_formcreator_forms_id` int(10) unsigned NOT NULL,
  `groups_id` int(10) unsigned NOT NULL,
  `uuid` varchar(255) DEFAULT NULL,
  PRIMARY KEY (`id`),
  UNIQUE KEY `unicity` (`plugin_formcreator_forms_id`,`groups_id`)
) ENGINE=InnoDB AUTO_INCREMENT=15 DEFAULT CHARSET=utf8mb4 COLLATE=utf8mb4_unicode_ci;

--
-- Dumping data for table `glpi_plugin_formcreator_forms_groups`
--

INSERT INTO `glpi_plugin_formcreator_forms_groups` VALUES
(11,92,250,'53f3523f-1be54bd6-68d37b2757e6f5.03316910'),
(12,92,251,'53f3523f-1be54bd6-68d37b2759cfd1.16481672'),
(13,93,250,'53f3523f-1be54bd6-68d37c4bb193a5.41709120'),
(14,93,251,'53f3523f-1be54bd6-68d37c4bb29603.51720373');

--
-- Table structure for table `glpi_plugin_formcreator_forms_languages`
--

CREATE TABLE `glpi_plugin_formcreator_forms_languages` (
  `id` int(10) unsigned NOT NULL AUTO_INCREMENT,
  `plugin_formcreator_forms_id` int(10) unsigned NOT NULL DEFAULT 0,
  `name` varchar(255) DEFAULT NULL,
  `comment` mediumtext DEFAULT NULL,
  `uuid` varchar(255) DEFAULT NULL,
  PRIMARY KEY (`id`)
) ENGINE=InnoDB AUTO_INCREMENT=21 DEFAULT CHARSET=utf8mb4 COLLATE=utf8mb4_unicode_ci;

--
-- Dumping data for table `glpi_plugin_formcreator_forms_languages`
--

INSERT INTO `glpi_plugin_formcreator_forms_languages` VALUES
(20,62,'en_GB','','9b1df500-5b5e2678-65b92499574d11.61009368');

--
-- Table structure for table `glpi_plugin_formcreator_forms_profiles`
--

CREATE TABLE `glpi_plugin_formcreator_forms_profiles` (
  `id` int(10) unsigned NOT NULL AUTO_INCREMENT,
  `plugin_formcreator_forms_id` int(10) unsigned NOT NULL DEFAULT 0,
  `profiles_id` int(10) unsigned NOT NULL DEFAULT 0,
  `uuid` varchar(255) DEFAULT NULL,
  PRIMARY KEY (`id`),
  UNIQUE KEY `unicity` (`plugin_formcreator_forms_id`,`profiles_id`)
) ENGINE=InnoDB AUTO_INCREMENT=482 DEFAULT CHARSET=utf8mb4 COLLATE=utf8mb4_unicode_ci;

--
-- Dumping data for table `glpi_plugin_formcreator_forms_profiles`
--

INSERT INTO `glpi_plugin_formcreator_forms_profiles` VALUES
(81,15,1,'6c780397-b4c29f68-61e0483f256a21.83253098'),
(82,15,2,'6c780397-b4c29f68-61e0483f26ec40.99388932'),
(83,15,3,'6c780397-b4c29f68-61e0483f27a452.62221318'),
(84,15,4,'6c780397-b4c29f68-61e0483f2977a9.76338082'),
(85,15,5,'6c780397-b4c29f68-61e0483f2a21c6.87883153'),
(86,15,6,'6c780397-b4c29f68-61e0483f2ad3a0.08349307'),
(87,15,7,'6c780397-b4c29f68-61e0483f2b76c3.50100599'),
(88,15,8,'6c780397-b4c29f68-61e0483f2c1d05.88813751'),
(89,15,13,'6c780397-b4c29f68-61e0483f2cf4b7.04324937'),
(90,15,20,'6c780397-b4c29f68-61e0483f2daa32.33971736'),
(91,15,36,'6c780397-b4c29f68-61e0483f2e9a58.51521603'),
(92,15,37,'6c780397-b4c29f68-61e0483f2f97b7.92770338'),
(93,15,38,'6c780397-b4c29f68-61e0483f30a8d0.27311967'),
(94,15,39,'6c780397-b4c29f68-61e0483f3183f5.99473140'),
(193,19,1,'6c780397-b4c29f68-61e048d575ef94.93540710'),
(194,19,2,'6c780397-b4c29f68-61e048d576e552.27377324'),
(195,19,3,'6c780397-b4c29f68-61e048d57836a4.11949157'),
(196,19,4,'6c780397-b4c29f68-61e048d57976e0.84973324'),
(197,19,5,'6c780397-b4c29f68-61e048d57b0dd0.98994442'),
(198,19,6,'6c780397-b4c29f68-61e048d57c27d8.15839013'),
(199,19,7,'6c780397-b4c29f68-61e048d57ee963.91806754'),
(200,19,8,'6c780397-b4c29f68-61e048d5819100.46996117'),
(201,19,13,'6c780397-b4c29f68-61e048d583c049.92904774'),
(202,19,20,'6c780397-b4c29f68-61e048d5858d18.92841377'),
(203,19,36,'6c780397-b4c29f68-61e048d5875686.90355980'),
(204,19,37,'6c780397-b4c29f68-61e048d5892146.24822597'),
(205,19,38,'6c780397-b4c29f68-61e048d58b3a54.16835570'),
(206,19,39,'6c780397-b4c29f68-61e048d58ce466.02032502'),
(476,92,1,'53f3523f-1be54bd6-68d37b275bb989.80648885'),
(477,92,4,'53f3523f-1be54bd6-68d37b275e84e3.30393680'),
(478,93,1,'53f3523f-1be54bd6-68d37c4bb3b005.40373067'),
(479,93,4,'53f3523f-1be54bd6-68d37c4bb532b2.97686440'),
(480,93,42,'53f3523f-1be54bd6-68d68eed8dbc63.75418337'),
(481,92,42,'53f3523f-1be54bd6-68d68efab09cc6.52324625');

--
-- Table structure for table `glpi_plugin_formcreator_forms_users`
--

CREATE TABLE `glpi_plugin_formcreator_forms_users` (
  `id` int(10) unsigned NOT NULL AUTO_INCREMENT,
  `plugin_formcreator_forms_id` int(10) unsigned NOT NULL,
  `users_id` int(10) unsigned NOT NULL,
  `uuid` varchar(255) DEFAULT NULL,
  PRIMARY KEY (`id`),
  UNIQUE KEY `unicity` (`plugin_formcreator_forms_id`,`users_id`)
) ENGINE=InnoDB DEFAULT CHARSET=utf8mb4 COLLATE=utf8mb4_unicode_ci;

--
-- Dumping data for table `glpi_plugin_formcreator_forms_users`
--


--
-- Table structure for table `glpi_plugin_formcreator_forms_validators`
--

CREATE TABLE `glpi_plugin_formcreator_forms_validators` (
  `id` int(10) unsigned NOT NULL AUTO_INCREMENT,
  `plugin_formcreator_forms_id` int(10) unsigned NOT NULL DEFAULT 0,
  `itemtype` varchar(255) NOT NULL DEFAULT '',
  `items_id` int(10) unsigned NOT NULL DEFAULT 0,
  `uuid` varchar(255) DEFAULT NULL,
  PRIMARY KEY (`id`),
  UNIQUE KEY `unicity` (`plugin_formcreator_forms_id`,`itemtype`,`items_id`)
) ENGINE=InnoDB AUTO_INCREMENT=9 DEFAULT CHARSET=utf8mb4 COLLATE=utf8mb4_unicode_ci;

--
-- Dumping data for table `glpi_plugin_formcreator_forms_validators`
--

INSERT INTO `glpi_plugin_formcreator_forms_validators` VALUES
(4,60,'User',27,'d1539afb-f26c1d55-62e2fb00398d49.40918251');

--
-- Table structure for table `glpi_plugin_formcreator_issues`
--

CREATE TABLE `glpi_plugin_formcreator_issues` (
  `id` int(10) unsigned NOT NULL AUTO_INCREMENT,
  `name` varchar(255) DEFAULT NULL,
  `display_id` varchar(255) NOT NULL,
  `items_id` int(10) unsigned NOT NULL DEFAULT 0,
  `itemtype` varchar(255) NOT NULL DEFAULT '',
  `status` varchar(255) NOT NULL DEFAULT '',
  `date_creation` timestamp NULL DEFAULT NULL,
  `date_mod` timestamp NULL DEFAULT NULL,
  `entities_id` int(10) unsigned NOT NULL DEFAULT 0,
  `is_recursive` tinyint(1) NOT NULL DEFAULT 0,
  `requester_id` int(10) unsigned NOT NULL DEFAULT 0,
  `comment` longtext DEFAULT NULL,
  `users_id_recipient` int(10) unsigned NOT NULL DEFAULT 0,
  PRIMARY KEY (`id`),
  KEY `entities_id` (`entities_id`),
  KEY `requester_id` (`requester_id`),
  KEY `item` (`itemtype`,`items_id`)
) ENGINE=InnoDB AUTO_INCREMENT=293 DEFAULT CHARSET=utf8mb4 COLLATE=utf8mb4_unicode_ci;

--
-- Dumping data for table `glpi_plugin_formcreator_issues`
--

INSERT INTO `glpi_plugin_formcreator_issues` VALUES
(111,'Support informatique','f_3',3,'PluginFormcreatorFormAnswer','6','2024-12-20 19:55:15','2024-12-20 19:55:15',0,1,16,'',16),
(112,'Support informatique','f_4',4,'PluginFormcreatorFormAnswer','6','2024-12-20 19:58:11','2024-12-20 19:58:11',0,1,16,'',16),
(113,'Support informatique','f_5',5,'PluginFormcreatorFormAnswer','6','2024-12-20 20:03:43','2024-12-20 20:03:43',0,1,16,'',16),
(114,'Support informatique','f_6',6,'PluginFormcreatorFormAnswer','6','2024-12-20 20:30:15','2024-12-20 20:30:15',0,1,16,'',16),
(115,'Support informatique','f_7',7,'PluginFormcreatorFormAnswer','6','2024-12-20 20:41:40','2024-12-20 20:41:40',0,1,27,'',27),
(116,'Signaler un incident de cybersécurité','f_8',8,'PluginFormcreatorFormAnswer','6','2024-12-20 20:42:06','2024-12-20 20:42:06',0,1,27,'',27),
(117,'Support informatique','f_9',9,'PluginFormcreatorFormAnswer','6','2024-12-20 20:43:15','2024-12-20 20:43:15',0,1,2,'',2),
(118,'Signaler un incident de cybersécurité','f_10',10,'PluginFormcreatorFormAnswer','6','2024-12-20 20:44:27','2024-12-20 20:44:27',0,1,2,'',2),
(119,'Support informatique','f_11',11,'PluginFormcreatorFormAnswer','6','2024-12-20 21:26:15','2024-12-20 21:26:15',0,1,16,'',16),
(120,'Support informatique','f_12',12,'PluginFormcreatorFormAnswer','6','2024-12-20 21:49:09','2024-12-20 21:49:09',0,1,2,'',2),
(121,'Bordereau de transport de matériel (Entrée / Sortie)','f_14',14,'PluginFormcreatorFormAnswer','6','2025-01-23 22:40:02','2025-01-23 22:40:02',0,1,2,'',2),
(122,'Bordereau de transport de matériel (Entrée / Sortie)','f_15',15,'PluginFormcreatorFormAnswer','6','2025-01-23 23:05:15','2025-01-23 23:05:15',0,1,2,'',2),
(123,'Bordereau de transport de matériel (Entrée / Sortie)','f_16',16,'PluginFormcreatorFormAnswer','6','2025-01-23 23:18:59','2025-01-23 23:18:59',0,1,2,'',2),
(124,'Bordereau de transport de matériel (Entrée / Sortie)','f_17',17,'PluginFormcreatorFormAnswer','6','2025-01-23 23:23:15','2025-01-23 23:23:15',0,1,2,'',2),
(125,'Bordereau de transport de matériel (Entrée / Sortie)','f_18',18,'PluginFormcreatorFormAnswer','6','2025-01-23 23:26:21','2025-01-23 23:26:21',0,1,2,'',2),
(126,'Bordereau de transport de matériel (Entrée / Sortie)','f_19',19,'PluginFormcreatorFormAnswer','6','2025-02-06 17:33:34','2025-02-06 17:33:34',0,1,2,'',2),
(127,'BORDEREAU DE TRANSPORT DE MATERIEL DE \"Angers\" A \"Beaurains\"','f_23',23,'PluginFormcreatorFormAnswer','6','2025-02-06 21:30:39','2025-02-06 21:30:39',0,1,2,'',2),
(128,'BORDEREAU DE TRANSPORT DE MATERIEL DE \"Angers\" A \"Angers\"','f_25',25,'PluginFormcreatorFormAnswer','6','2025-02-06 21:38:02','2025-02-06 21:38:02',0,1,2,'',2),
(129,'BORDEREAU DE TRANSPORT DE MATERIEL DE \"Aéroport\" A \"Aéroport\"','f_26',26,'PluginFormcreatorFormAnswer','6','2025-02-06 21:43:31','2025-02-06 21:43:31',0,1,2,'',2),
(130,'Nouvelle demande','f_33',33,'PluginFormcreatorFormAnswer','6','2025-02-11 20:24:43','2025-02-11 20:24:43',0,1,23,'',23),
(131,'Nouvelle demande','f_37',37,'PluginFormcreatorFormAnswer','6','2025-02-11 22:00:51','2025-02-11 22:00:51',5,1,23,'',23),
(132,'BORDEREAU DE TRANSPORT DE MATERIEL DE \"Angers\" A \"Bordeaux\"','f_57',57,'PluginFormcreatorFormAnswer','2','2025-03-11 15:01:10','2025-03-11 15:01:10',0,1,85,'',85),
(133,'Gros problème pour une application métier impactant 10 utilisateurs et plus','t_284',284,'Ticket','2','2025-02-12 14:18:22','2025-02-12 14:18:58',0,0,0,'&#60;p&#62;Documentum va mal&#60;/p&#62;',60),
(144,'Echange d\'écran ','t_304',304,'Ticket','2','2025-03-06 14:03:38','2025-09-24 05:35:36',5,0,16,'&#60;p&#62;Ecran cassé, besoin de remplacement&#60;/p&#62;',16),
(154,'BORDEREAU DE TRANSPORT DE MATERIEL DE \"Angers\" A \"Bordeaux\"','t_314',314,'Ticket','2','2025-03-11 15:01:10','2025-03-12 09:20:14',0,0,85,'&#60;div&#62;&#60;h1&#62;Données du formulaire&#60;/h1&#62;&#60;h2&#62;IDENTIFICATION&#60;/h2&#62;&#60;div&#62;&#60;b&#62;1) NOM, PRENOM de l\'agent DNUM ayant autorisé le transport : &#60;/b&#62;Doe John&#60;/div&#62;&#60;div&#62;&#60;b&#62;2) NOM, PRENOM de l\'agent SPIE réalisant le transport : &#60;/b&#62;Bois Jacques&#60;/div&#62;&#60;div&#62;&#60;b&#62;3) Site de départ : &#60;/b&#62;Angers&#60;/div&#62;&#60;div&#62;&#60;b&#62;4) Site de destination : &#60;/b&#62;Bordeaux&#60;/div&#62;&#60;div&#62;&#60;b&#62;5) Date : &#60;/b&#62;2025-03-17 12:00&#60;/div&#62;&#60;/div&#62;',85),
(156,'Nouvelle demande - Accès requis dans EOLLE-ADDLYS','t_279',279,'Ticket','2','2025-02-12 11:15:19','2025-02-12 11:16:33',5,0,23,'&#60;div&#62;&#60;h1&#62;Données du formulaire&#60;/h1&#62;&#60;h2&#62;Description de la demande&#60;/h2&#62;&#60;div&#62;&#60;b&#62;1) Description détaillée : &#60;/b&#62;&#60;p&#62;Bonjour,&#60;/p&#62;\n&#60;p&#62;J\'ai besoin d\'un accès dans cet environnement - c\'est indispensable pour le projet Ixe-igrec-Zaid&#60;/p&#62;\n&#60;p&#62;Pouvez-vous m\'aider ?&#60;/p&#62;&#60;/div&#62;&#60;div&#62;&#60;b&#62;2) Court résumé (titre) : &#60;/b&#62;Accès requis dans EOLLE-ADDLYS&#60;/div&#62;&#60;div&#62;&#60;b&#62;3) Joindre un fichier : &#60;/b&#62;Pas de document rattaché&#60;/div&#62;&#60;/div&#62;',23),
(157,'Support informatique - Mon ordinateur ne fonctionne pas','t_260',260,'Ticket','6','2025-02-11 16:16:37','2025-02-12 11:06:52',5,0,16,'&#60;div&#62;&#60;h1&#62;Données du formulaire&#60;/h1&#62;&#60;h2&#62;Demande&#60;/h2&#62;&#60;div&#62;&#60;b&#62;1) Que voulez-vous ? : &#60;/b&#62;&#38;nbsp;&#60;/div&#62;&#60;div&#62;&#60;b&#62;2) Résumé de votre problème : &#60;/b&#62;Mon ordinateur ne fonctionne pas&#60;/div&#62;&#60;div&#62;&#60;b&#62;3) Description détaillée : &#60;/b&#62;&#60;p&#62;Lorem ipsum dolor sit amet, consectetur adipiscing elit. Proin porttitor eros eu erat fermentum, ac molestie dui eleifend. Quisque at venenatis risus, eget lacinia libero. Nunc blandit ante leo, vitae faucibus diam maximus sed. In elit tellus, placerat quis neque vitae, convallis aliquam lorem. Nunc a ante at lorem suscipit feugiat. Suspendisse elementum magna non ante malesuada consectetur. Nam aliquet mi a urna cursus varius. Aliquam eget ante libero. Fusce et odio vel massa maximus fermentum eget eget arcu. Duis fringilla tortor in mi sodales porttitor. &#60;/p&#62;&#60;/div&#62;&#60;div&#62;&#60;b&#62;4) Quel est de le dergé d\'urgence ? : &#60;/b&#62;Moyenne&#60;/div&#62;&#60;div&#62;&#60;b&#62;5) Joindre un fichier : &#60;/b&#62;Pas de document rattaché&#60;/div&#62;&#60;/div&#62;',16),
(158,'Nouvelle demande - Demande indispensable pour mon travail','t_262',262,'Ticket','2','2025-02-11 16:48:44','2025-02-12 11:40:22',5,0,16,'&#60;div&#62;&#60;h1&#62;Données du formulaire&#60;/h1&#62;&#60;h2&#62;Description de la demande&#60;/h2&#62;&#60;div&#62;&#60;b&#62;1) Description détaillée : &#60;/b&#62;&#60;p&#62;Lorem ipsum dolor sit amet, consectetur adipiscing elit. Proin porttitor eros eu erat fermentum, ac molestie dui eleifend. Quisque at venenatis risus, eget lacinia libero. Nunc blandit ante leo, vitae faucibus diam maximus sed. In elit tellus, placerat quis neque vitae, convallis aliquam lorem. Nunc a ante at lorem suscipit feugiat. Suspendisse elementum magna non ante malesuada consectetur. Nam aliquet mi a urna cursus varius. Aliquam eget ante libero. Fusce et odio vel massa maximus fermentum eget eget arcu. Duis fringilla tortor in mi sodales porttitor. &#60;/p&#62;&#60;/div&#62;&#60;div&#62;&#60;b&#62;2) Court résumé (titre) : &#60;/b&#62;Demande indispensable pour mon travail&#60;/div&#62;&#60;div&#62;&#60;b&#62;3) Joindre un fichier : &#60;/b&#62;Pas de document rattaché&#60;/div&#62;&#60;/div&#62;',16),
(159,'Nouvelle demande - Demande de configuration du client Outlook','t_263',263,'Ticket','2','2025-02-11 19:46:16','2025-02-11 19:57:19',5,0,16,'&#60;div&#62;&#60;h1&#62;Données du formulaire&#60;/h1&#62;&#60;h2&#62;Description de la demande&#60;/h2&#62;&#60;div&#62;&#60;b&#62;1) Description détaillée : &#60;/b&#62;&#60;p&#62;Curabitur fringilla ex commodo efficitur feugiat. Phasellus imperdiet auctor ex, sed lacinia magna mollis in.&#60;/p&#62;\n&#60;p&#62;Ut mattis mi ut erat pharetra, id vulputate eros convallis. Praesent ullamcorper dictum augue ut pharetra. Interdum et malesuada fames ac ante ipsum primis in faucibus.&#60;/p&#62;\n&#60;p&#62;Nulla facilisi. Cras varius facilisis risus vel fringilla.&#60;/p&#62;&#60;/div&#62;&#60;div&#62;&#60;b&#62;2) Court résumé (titre) : &#60;/b&#62;Demande de configuration du client Outlook&#60;/div&#62;&#60;div&#62;&#60;b&#62;3) Joindre un fichier : &#60;/b&#62;Pas de document rattaché&#60;/div&#62;&#60;/div&#62;',16),
(160,'Nouvelle demande - Demande d\'installation de Teams','t_264',264,'Ticket','2','2025-02-11 20:16:19','2025-02-11 20:20:06',5,0,16,'&#60;div&#62;\n&#60;h1&#62;Données du formulaire&#60;/h1&#62;\n&#60;h2&#62;Description de la demande&#60;/h2&#62;\n&#60;div&#62;&#60;strong&#62;1) Description détaillée : &#60;/strong&#62;\n&#60;p&#62;&#60;span style=\"color: #000000; font-family: \'Open Sans\', Arial, sans-serif; font-size: 14px; font-style: normal; font-variant-ligatures: normal; font-variant-caps: normal; font-weight: 400; letter-spacing: normal; orphans: 2; text-align: justify; text-indent: 0px; text-transform: none; widows: 2; word-spacing: 0px; -webkit-text-stroke-width: 0px; white-space: normal; text-decoration-thickness: initial; text-decoration-style: initial; text-decoration-color: initial; float: none; display: inline !important;\"&#62;Proin sit amet erat arcu. Donec eu ligula erat. Sed quis vulputate justo. Integer fringilla cursus neque a egestas. &#60;/span&#62;&#60;/p&#62;\n&#60;p&#62;&#60;span style=\"font-family: \'Open Sans\', Arial, sans-serif; font-size: 14px; font-style: normal; font-variant-ligatures: normal; font-variant-caps: normal; font-weight: 400; letter-spacing: normal; orphans: 2; text-align: justify; text-indent: 0px; text-transform: none; widows: 2; word-spacing: 0px; -webkit-text-stroke-width: 0px; white-space: normal; text-decoration-thickness: initial; text-decoration-style: initial; text-decoration-color: initial; float: none; display: inline !important;\"&#62;Proin suscipit turpis ante, quis convallis nisl sollicitudin et. Praesent vestibulum aliquam eros, eu iaculis velit efficitur nec. Duis vitae ultrices odio. Aenean ac mollis nisl. &#60;/span&#62;&#60;/p&#62;\n&#60;p&#62;&#60;span style=\"font-family: \'Open Sans\', Arial, sans-serif; font-size: 14px; font-style: normal; font-variant-ligatures: normal; font-variant-caps: normal; font-weight: 400; letter-spacing: normal; orphans: 2; text-align: justify; text-indent: 0px; text-transform: none; widows: 2; word-spacing: 0px; -webkit-text-stroke-width: 0px; white-space: normal; text-decoration-thickness: initial; text-decoration-style: initial; text-decoration-color: initial; float: none; display: inline !important;\"&#62;Curabitur sed rhoncus metus, quis aliquam enim.&#60;/span&#62;&#60;/p&#62;\n&#60;/div&#62;\n&#60;div&#62;&#60;strong&#62;2) Court résumé (titre) : &#60;/strong&#62;Demande d\'installation de Teams&#60;/div&#62;\n&#60;div&#62;&#60;strong&#62;3) Joindre un fichier : &#60;/strong&#62;Pas de document rattaché&#60;/div&#62;\n&#60;/div&#62;',16),
(161,'Nouvelle demande - Changement couleur de fonds d\'écran','t_280',280,'Ticket','2','2025-02-12 11:18:11','2025-02-12 11:19:45',5,0,23,'&#60;div&#62;\n&#60;h1&#62;Données du formulaire&#60;/h1&#62;\n&#60;h2&#62;Description de la demande&#60;/h2&#62;\n&#60;div&#62;&#60;strong&#62;1) Description détaillée : &#60;/strong&#62;\n&#60;p&#62;Comment changer la couleur de fonds d\'écran dans l\'application «Fil de nouvelles» ?&#60;/p&#62;\n&#60;/div&#62;\n&#60;div&#62;&#60;strong&#62;2) Court résumé (titre) : &#60;/strong&#62;Changement couleur de fonds d\'écran&#60;/div&#62;\n&#60;div&#62;&#60;strong&#62;3) Joindre un fichier : &#60;/strong&#62;Pas de document rattaché&#60;/div&#62;\n&#60;/div&#62;',23),
(162,'Nouvelle demande - Nettoyage de clavier','t_281',281,'Ticket','2','2025-02-12 11:22:03','2025-02-12 11:22:30',5,0,16,'&#60;div&#62;&#60;h1&#62;Données du formulaire&#60;/h1&#62;&#60;h2&#62;Description de la demande&#60;/h2&#62;&#60;div&#62;&#60;b&#62;1) Joindre un fichier : &#60;/b&#62;Pas de document rattaché&#60;/div&#62;&#60;div&#62;&#60;b&#62;2) Description détaillée : &#60;/b&#62;&#60;p&#62;Bonjour,&#60;/p&#62;\n&#60;p&#62;Pouvez-vous m\'indiquer comment je peux nettoyer mon clavier ? il est très poussiéreux.&#60;/p&#62;&#60;/div&#62;&#60;div&#62;&#60;b&#62;3) Court résumé (titre) : &#60;/b&#62;Nettoyage de clavier&#60;/div&#62;&#60;/div&#62;',16),
(163,'Nouvelle demande - Demande d\'accès au module de rapport de Documentum','t_282',282,'Ticket','4','2025-02-12 12:07:29','2025-04-29 12:36:44',5,0,16,'&#60;div&#62;&#60;h1&#62;Données du formulaire&#60;/h1&#62;&#60;h2&#62;Description de la demande&#60;/h2&#62;&#60;div&#62;&#60;b&#62;1) Description détaillée : &#60;/b&#62;&#60;p&#62;Bonjour,&#60;/p&#62;\n&#60;p&#62; &#60;/p&#62;\n&#60;p&#62;Pourrais-je avoir accès au module de rapport svp ? Indispensable pour mon travail&#60;/p&#62;&#60;/div&#62;&#60;div&#62;&#60;b&#62;2) Court résumé (titre) : &#60;/b&#62;Demande d\'accès au module de rapport de Documentum&#60;/div&#62;&#60;div&#62;&#60;b&#62;3) Joindre un fichier : &#60;/b&#62;Pas de document rattaché&#60;/div&#62;&#60;/div&#62;',16),
(164,'Nouvelle demande - Demande de configuration du nouvel ordinateur','t_266',266,'Ticket','2','2025-02-11 20:48:29','2025-02-12 11:46:06',5,0,23,'&#60;div&#62;&#60;h1&#62;Form data&#60;/h1&#62;&#60;h2&#62;Description de la demande&#60;/h2&#62;&#60;div&#62;&#60;b&#62;1) Description détaillée : &#60;/b&#62;&#60;p&#62;Nulla faucibus eros et ipsum pulvinar, id vestibulum justo malesuada. Praesent tempor cursus finibus.&#60;/p&#62;\n&#60;p&#62;Phasellus ac hendrerit enim, eget rhoncus orci. Nam venenatis ultrices augue, et viverra nulla interdum eu. Maecenas dapibus libero nunc, sit amet facilisis nunc faucibus vel. Donec dapibus accumsan lacus.&#60;/p&#62;\n&#60;p&#62;Quisque pellentesque purus vel orci tincidunt pellentesque. Nunc quis eleifend felis.&#60;/p&#62;&#60;/div&#62;&#60;div&#62;&#60;b&#62;2) Court résumé (titre) : &#60;/b&#62;Demande de configuration du nouvel ordinateur&#60;/div&#62;&#60;div&#62;&#60;b&#62;3) Joindre un fichier : &#60;/b&#62;No attached document&#60;/div&#62;&#60;/div&#62;',23),
(165,'Nouvelle demande - Demande d\'achat d\'une clé USB 16 Go','t_267',267,'Ticket','2','2025-02-11 21:51:11','2025-03-24 19:16:58',5,0,23,'&#60;div&#62;&#60;h1&#62;Données du formulaire&#60;/h1&#62;&#60;h2&#62;Description de la demande&#60;/h2&#62;&#60;div&#62;&#60;b&#62;1) Court résumé (titre) : &#60;/b&#62;Demande d\'achat d\'une clé USB 16 Go&#60;/div&#62;&#60;div&#62;&#60;b&#62;2) Joindre un fichier : &#60;/b&#62;Pas de document rattaché&#60;/div&#62;&#60;div&#62;&#60;b&#62;3) Description détaillée : &#60;/b&#62;&#60;p&#62;Curabitur fringilla ex commodo efficitur feugiat. Phasellus imperdiet auctor ex, sed lacinia magna mollis in.&#60;/p&#62;\n&#60;p&#62;Ut mattis mi ut erat pharetra, id vulputate eros convallis. Praesent ullamcorper dictum augue ut pharetra. Interdum et malesuada fames ac ante ipsum primis in faucibus.&#60;/p&#62;\n&#60;p&#62;Nulla facilisi. Cras varius facilisis risus vel fringilla.&#60;/p&#62;&#60;/div&#62;&#60;/div&#62;',23),
(166,'Nouvelle demande - Demande de création de compte','t_268',268,'Ticket','2','2025-02-11 21:58:18','2025-02-12 10:49:01',5,0,23,'&#60;div&#62;&#60;h1&#62;Données du formulaire&#60;/h1&#62;&#60;h2&#62;Description de la demande&#60;/h2&#62;&#60;div&#62;&#60;b&#62;1) Court résumé (titre) : &#60;/b&#62;Demande de création de compte&#60;/div&#62;&#60;div&#62;&#60;b&#62;2) Joindre un fichier : &#60;/b&#62;Pas de document rattaché&#60;/div&#62;&#60;div&#62;&#60;b&#62;3) Description détaillée : &#60;/b&#62;&#60;p&#62;Curabitur fringilla ex commodo efficitur feugiat. Phasellus imperdiet auctor ex, sed lacinia magna mollis in.&#60;/p&#62;\n&#60;p&#62;Ut mattis mi ut erat pharetra, id vulputate eros convallis. Praesent ullamcorper dictum augue ut pharetra. Interdum et malesuada fames ac ante ipsum primis in faucibus.&#60;/p&#62;\n&#60;p&#62;Nulla facilisi. Cras varius facilisis risus vel fringilla.&#60;/p&#62;&#60;/div&#62;&#60;/div&#62;',23),
(167,'Nouvelle demande - Demande de paramétrage applicatif - important','t_274',274,'Ticket','2','2025-02-11 22:29:43','2025-02-12 10:29:34',5,0,23,'&#60;div&#62;\n&#60;h1&#62;Données du formulaire&#60;/h1&#62;\n&#60;h2&#62;Description de la demande&#60;/h2&#62;\n&#60;div&#62;&#60;strong&#62;1) Joindre un fichier : &#60;/strong&#62;Pas de document rattaché&#60;/div&#62;\n&#60;div&#62;&#60;strong&#62;2) Description détaillée : &#60;/strong&#62;\n&#60;p&#62;Curabitur fringilla ex commodo efficitur feugiat. Phasellus imperdiet auctor ex, sed lacinia magna mollis in.&#60;/p&#62;\n&#60;p&#62;Ut mattis mi ut erat pharetra, id vulputate eros convallis. Praesent ullamcorper dictum augue ut pharetra. Interdum et malesuada fames ac ante ipsum primis in faucibus.&#60;/p&#62;\n&#60;p&#62;Nulla facilisi. Cras varius facilisis risus vel fringilla.&#60;/p&#62;\n&#60;/div&#62;\n&#60;div&#62;&#60;strong&#62;3) Court résumé (titre) : &#60;/strong&#62;Demande de paramétrage de Gislog&#60;/div&#62;\n&#60;/div&#62;',23),
(168,'Signaler un incident - Mon ordinateur portable ne fonctionne pas','t_275',275,'Ticket','6','2025-02-12 09:19:28','2025-03-10 18:51:31',12,0,16,'&#60;div&#62;&#60;h1&#62;Données du formulaire&#60;/h1&#62;&#60;h2&#62;Signaler un incident&#60;/h2&#62;&#60;div&#62;&#60;b&#62;1) Résumez votre problème en une phrase simple : &#60;/b&#62;Mon ordinateur portable ne fonctionne pas&#60;/div&#62;&#60;div&#62;&#60;b&#62;2) Faites une description claire et détaillée de votre problème : &#60;/b&#62;&#60;div id=\"bannerL\"&#62;\n&#60;div id=\"lipsumcom_left_siderail_2\" align=\"center\" data-freestar-ad=\"__300x600\"&#62;&#60;/div&#62;\n&#60;/div&#62;\n&#60;div id=\"bannerR\"&#62;\n&#60;div id=\"lipsumcom_right_siderail_1\" align=\"center\" data-freestar-ad=\"__300x600 __400x225\" data-google-query-id=\"CK6J0efmvYsDFWZC9ggdXuc8qg\"&#62;\n&#60;div id=\"google_ads_iframe_/15184186,22440292294/5292_lipsumcom_right_siderail_1_0__container__\" style=\"border: 0pt;\"&#62;&#60;/div&#62;\n&#60;/div&#62;\n&#60;div id=\"lipsumcom_right_siderail_2\" align=\"center\" data-freestar-ad=\"__300x600\"&#62;&#60;/div&#62;\n&#60;/div&#62;\n&#60;div class=\"boxed\"&#62;\n&#60;div id=\"lipsum\"&#62;\n&#60;p&#62;Lorem ipsum dolor sit amet, consectetur adipiscing elit. Quisque mollis elit ut sodales viverra. Class aptent taciti sociosqu ad litora torquent per conubia nostra, per inceptos himenaeos. Vivamus auctor auctor lectus. Aenean pharetra tortor ut pulvinar gravida. Cras augue lacus, varius eget orci sed, sollicitudin mollis lectus. Integer malesuada mollis risus elementum bibendum. Donec est ligula, ultricies a magna eget, convallis vulputate felis. Proin at tellus dui. Phasellus vulputate massa quis ipsum tincidunt vestibulum non vitae metus. Nullam hendrerit id dui pretium efficitur. Quisque porttitor sapien ac mi vestibulum faucibus.&#60;/p&#62;\n&#60;/div&#62;\n&#60;/div&#62;&#60;/div&#62;&#60;div&#62;&#60;b&#62;3) Quelle est l\'urgence de votre problème : &#60;/b&#62;Haute&#60;/div&#62;&#60;div&#62;&#60;b&#62;4) Joindre un fichier : &#60;/b&#62;Pas de document rattaché&#60;/div&#62;&#60;/div&#62;',16),
(169,'Nouvelle demande - Je n\'arrive pas à me connecter','t_283',283,'Ticket','4','2025-02-12 13:39:41','2025-02-12 14:04:06',5,0,16,'&#60;div&#62;&#60;h1&#62;Données du formulaire&#60;/h1&#62;&#60;h2&#62;Description de la demande&#60;/h2&#62;&#60;div&#62;&#60;b&#62;1) Description détaillée : &#60;/b&#62;&#60;p&#62;Pouvez-=vous m\'aider svp ?&#60;/p&#62;&#60;/div&#62;&#60;div&#62;&#60;b&#62;2) Court résumé (titre) : &#60;/b&#62;Je n\'arrive pas à me connecter&#60;/div&#62;&#60;div&#62;&#60;b&#62;3) Joindre un fichier : &#60;/b&#62;Pas de document rattaché&#60;/div&#62;&#60;/div&#62;',16),
(170,'BORDEREAU DE TRANSPORT DE MATERIEL DE \"Beaurains\" A \"Angers\"','t_285',285,'Ticket','2','2025-02-18 19:37:32','2025-09-24 05:34:38',0,0,2,'&#60;table style=\"border-collapse: collapse; width: 100.871%; height: 1076.56px;\" border=\"1\"&#62;&#60;colgroup&#62;&#60;col style=\"width: 33.3451%;\"&#62;&#60;col style=\"width: 28.9258%;\"&#62;&#60;col style=\"width: 37.6858%;\"&#62;&#60;/colgroup&#62;\n&#60;tbody&#62;\n&#60;tr style=\"height: 153.242px;\"&#62;\n&#60;td style=\"text-align: center;\" colspan=\"3\"&#62;&#60;img id=\"453c8a4c-4213a2c1-67a5296462efd3.15768709\" src=\"data:image/png;base64,[encoded data, 6596 characters]\" alt=\"image\" width=\"117\" height=\"108\" data-upload_id=\"0.5014647032912265\"&#62;      BORDEREAU DE TRANSPORT DE MATERIEL      &#60;img id=\"453c8a4c-4213a2c1-67a5296d10e2f0.09774817\" src=\"data:image/png;base64,[encoded data, 25040 characters]\" alt=\"image\" width=\"156\" height=\"110\" data-upload_id=\"0.1218253960633815\"&#62;&#60;/td&#62;\n&#60;/tr&#62;\n&#60;tr style=\"height: 36.168px;\"&#62;\n&#60;td style=\"text-align: center;\" colspan=\"3\"&#62;&#60;strong&#62;IDENTIFICATION&#60;/strong&#62;&#60;/td&#62;\n&#60;/tr&#62;\n&#60;tr style=\"height: 61.0938px;\"&#62;\n&#60;td&#62;Agent DNUM autorisant le transport du matériel :&#60;/td&#62;\n&#60;td colspan=\"2\"&#62;\n&#60;div&#62;&#60;span style=\"font-family: inter, -apple-system, blinkmacsystemfont, \'san francisco\', \'segoe ui\', roboto, \'helvetica neue\', sans-serif; font-size: 14px; font-style: normal; font-variant-ligatures: no-contextual; font-variant-caps: normal; font-weight: 400; letter-spacing: normal; orphans: 2; text-align: start; text-indent: 0px; text-transform: none; widows: 2; word-spacing: 0px; -webkit-text-stroke-width: 0px; white-space: normal; text-decoration-thickness: initial; text-decoration-style: initial; text-decoration-color: initial; float: none; display: inline !important;\"&#62;Bois Jacques&#60;/span&#62;&#60;/div&#62;\n&#60;/td&#62;\n&#60;/tr&#62;\n&#60;tr style=\"height: 40.7422px;\"&#62;\n&#60;td&#62;Site de départ :&#60;/td&#62;\n&#60;td colspan=\"2\"&#62;\n&#60;div&#62;&#60;span style=\"font-family: inter, -apple-system, blinkmacsystemfont, \'san francisco\', \'segoe ui\', roboto, \'helvetica neue\', sans-serif; font-size: 14px; font-style: normal; font-variant-ligatures: no-contextual; font-variant-caps: normal; font-weight: 400; letter-spacing: normal; orphans: 2; text-align: start; text-indent: 0px; text-transform: none; widows: 2; word-spacing: 0px; -webkit-text-stroke-width: 0px; white-space: normal; float: none; display: inline !important;\"&#62;&#60;span style=\"font-family: inter, -apple-system, blinkmacsystemfont, \'san francisco\', \'segoe ui\', roboto, \'helvetica neue\', sans-serif; font-size: 14px; font-style: normal; font-variant-ligatures: no-contextual; font-variant-caps: normal; font-weight: 400; letter-spacing: normal; orphans: 2; text-align: start; text-indent: 0px; text-transform: none; widows: 2; word-spacing: 0px; -webkit-text-stroke-width: 0px; white-space: normal; text-decoration-thickness: initial; text-decoration-style: initial; text-decoration-color: initial; float: none; display: inline !important;\"&#62;Beaurains&#60;/span&#62;&#60;/span&#62;&#60;/div&#62;\n&#60;/td&#62;\n&#60;/tr&#62;\n&#60;tr style=\"height: 39.2383px;\"&#62;\n&#60;td&#62;Site de destination :&#60;/td&#62;\n&#60;td colspan=\"2\"&#62;\n&#60;div&#62;&#60;span style=\"font-family: inter, -apple-system, blinkmacsystemfont, \'san francisco\', \'segoe ui\', roboto, \'helvetica neue\', sans-serif; font-size: 14px; font-style: normal; font-variant-ligatures: no-contextual; font-variant-caps: normal; font-weight: 400; letter-spacing: normal; orphans: 2; text-align: start; text-indent: 0px; text-transform: none; widows: 2; word-spacing: 0px; -webkit-text-stroke-width: 0px; white-space: normal; float: none; display: inline !important;\"&#62;&#60;span style=\"font-family: inter, -apple-system, blinkmacsystemfont, \'san francisco\', \'segoe ui\', roboto, \'helvetica neue\', sans-serif; font-size: 14px; font-style: normal; font-variant-ligatures: no-contextual; font-variant-caps: normal; font-weight: 400; letter-spacing: normal; orphans: 2; text-align: start; text-indent: 0px; text-transform: none; widows: 2; word-spacing: 0px; -webkit-text-stroke-width: 0px; white-space: normal; text-decoration-thickness: initial; text-decoration-style: initial; text-decoration-color: initial; float: none; display: inline !important;\"&#62;Angers&#60;/span&#62;&#60;/span&#62;&#60;/div&#62;\n&#60;/td&#62;\n&#60;/tr&#62;\n&#60;tr style=\"height: 39.2383px;\"&#62;\n&#60;td&#62;Date :&#60;/td&#62;\n&#60;td colspan=\"2\"&#62;\n&#60;div&#62;&#60;span style=\"font-family: inter, -apple-system, blinkmacsystemfont, \'san francisco\', \'segoe ui\', roboto, \'helvetica neue\', sans-serif; font-size: 14px; font-style: normal; font-variant-ligatures: no-contextual; font-variant-caps: normal; font-weight: 400; letter-spacing: normal; orphans: 2; text-align: start; text-indent: 0px; text-transform: none; widows: 2; word-spacing: 0px; -webkit-text-stroke-width: 0px; white-space: normal; float: none; display: inline !important;\"&#62;&#60;span style=\"font-family: inter, -apple-system, blinkmacsystemfont, \'san francisco\', \'segoe ui\', roboto, \'helvetica neue\', sans-serif; font-size: 14px; font-style: normal; font-variant-ligatures: no-contextual; font-variant-caps: normal; font-weight: 400; letter-spacing: normal; orphans: 2; text-align: start; text-indent: 0px; text-transform: none; widows: 2; word-spacing: 0px; -webkit-text-stroke-width: 0px; white-space: normal; text-decoration-thickness: initial; text-decoration-style: initial; text-decoration-color: initial; float: none; display: inline !important;\"&#62;2025-02-19 12:00&#60;/span&#62;&#60;/span&#62;&#60;/div&#62;\n&#60;/td&#62;\n&#60;/tr&#62;\n&#60;tr style=\"height: 39.2383px;\"&#62;\n&#60;td&#62;Agent SPIE chargé du transport du matériel :&#60;/td&#62;\n&#60;td colspan=\"2\"&#62;\n&#60;div&#62;&#60;span style=\"font-family: inter, -apple-system, blinkmacsystemfont, \'san francisco\', \'segoe ui\', roboto, \'helvetica neue\', sans-serif; font-size: 14px; font-style: normal; font-variant-ligatures: no-contextual; font-variant-caps: normal; font-weight: 400; letter-spacing: normal; orphans: 2; text-align: start; text-indent: 0px; text-transform: none; widows: 2; word-spacing: 0px; -webkit-text-stroke-width: 0px; white-space: normal; float: none; display: inline !important;\"&#62;&#60;span style=\"font-family: inter, -apple-system, blinkmacsystemfont, \'san francisco\', \'segoe ui\', roboto, \'helvetica neue\', sans-serif; font-size: 14px; font-style: normal; font-variant-ligatures: no-contextual; font-variant-caps: normal; font-weight: 400; letter-spacing: normal; orphans: 2; text-align: start; text-indent: 0px; text-transform: none; widows: 2; word-spacing: 0px; -webkit-text-stroke-width: 0px; white-space: normal; text-decoration-thickness: initial; text-decoration-style: initial; text-decoration-color: initial; float: none; display: inline !important;\"&#62;Dussey Karine&#60;/span&#62;&#60;/span&#62;&#60;/div&#62;\n&#60;/td&#62;\n&#60;/tr&#62;\n&#60;tr style=\"height: 110.215px;\"&#62;\n&#60;td&#62;Visa de l\'agent SPIE&#60;/td&#62;\n&#60;td colspan=\"2\"&#62;\n&#60;div&#62;&#60;span style=\"font-family: inter, -apple-system, blinkmacsystemfont, \'san francisco\', \'segoe ui\', roboto, \'helvetica neue\', sans-serif; font-size: 14px; font-style: normal; font-variant-ligatures: no-contextual; font-variant-caps: normal; font-weight: 400; letter-spacing: normal; orphans: 2; text-align: start; text-indent: 0px; text-transform: none; widows: 2; word-spacing: 0px; -webkit-text-stroke-width: 0px; white-space: normal; float: none; display: inline !important;\"&#62;&#60;span style=\"font-family: inter, -apple-system, blinkmacsystemfont, \'san francisco\', \'segoe ui\', roboto, \'helvetica neue\', sans-serif; font-size: 14px; font-style: normal; font-variant-ligatures: no-contextual; font-variant-caps: normal; font-weight: 400; letter-spacing: normal; orphans: 2; text-align: start; text-indent: 0px; text-transform: none; widows: 2; word-spacing: 0px; -webkit-text-stroke-width: 0px; white-space: normal; text-decoration-thickness: initial; text-decoration-style: initial; text-decoration-color: initial; float: none; display: inline !important;\"&#62; &#60;/span&#62;&#60;/span&#62;&#60;/div&#62;\n&#60;/td&#62;\n&#60;/tr&#62;\n&#60;tr style=\"height: 39.2383px;\"&#62;\n&#60;td style=\"text-align: center;\" colspan=\"3\"&#62;\n&#60;div&#62;&#60;strong&#62;&#60;span style=\"font-family: inter, -apple-system, blinkmacsystemfont, \'san francisco\', \'segoe ui\', roboto, \'helvetica neue\', sans-serif; font-size: 14px; font-style: normal; font-variant-ligatures: no-contextual; font-variant-caps: normal; letter-spacing: normal; orphans: 2; text-align: start; text-indent: 0px; text-transform: none; widows: 2; word-spacing: 0px; -webkit-text-stroke-width: 0px; white-space: normal; text-decoration-thickness: initial; text-decoration-style: initial; text-decoration-color: initial; float: none; display: inline !important;\"&#62;PARTIE RESERVEE SECURITE&#60;/span&#62;&#60;/strong&#62;&#60;/div&#62;\n&#60;/td&#62;\n&#60;/tr&#62;\n&#60;tr style=\"height: 123.418px;\"&#62;\n&#60;td&#62;NOM, PRENOM, FONCTION,SERVICE SOCIETE de la personne ayant effectué le contrôle de matériel&#60;/td&#62;\n&#60;td colspan=\"2\"&#62;&#60;span style=\"color: #1e293b; font-family: inter, -apple-system, blinkmacsystemfont, \'san francisco\', \'segoe ui\', roboto, \'helvetica neue\', sans-serif; font-size: 14px; font-style: normal; font-variant-ligatures: no-contextual; font-variant-caps: normal; font-weight: 400; letter-spacing: normal; orphans: 2; text-align: start; text-indent: 0px; text-transform: none; widows: 2; word-spacing: 0px; -webkit-text-stroke-width: 0px; white-space: normal; background-color: #ffffff; text-decoration-thickness: initial; text-decoration-style: initial; text-decoration-color: initial; display: inline !important; float: none;\"&#62;&#60;br&#62;&#60;/span&#62;&#60;span style=\"color: #1e293b; font-family: inter, -apple-system, blinkmacsystemfont, \'san francisco\', \'segoe ui\', roboto, \'helvetica neue\', sans-serif; font-size: 14px; font-style: normal; font-variant-ligatures: no-contextual; font-variant-caps: normal; font-weight: 400; letter-spacing: normal; orphans: 2; text-align: start; text-indent: 0px; text-transform: none; widows: 2; word-spacing: 0px; -webkit-text-stroke-width: 0px; white-space: normal; background-color: #ffffff; text-decoration-thickness: initial; text-decoration-style: initial; text-decoration-color: initial; display: inline !important; float: none;\"&#62;&#60;span style=\"color: #1e293b; font-family: inter, -apple-system, blinkmacsystemfont, \'san francisco\', \'segoe ui\', roboto, \'helvetica neue\', sans-serif; font-size: 14px; font-style: normal; font-variant-ligatures: no-contextual; font-variant-caps: normal; font-weight: 400; letter-spacing: normal; orphans: 2; text-align: start; text-indent: 0px; text-transform: none; widows: 2; word-spacing: 0px; -webkit-text-stroke-width: 0px; white-space: normal; background-color: #ffffff; text-decoration-thickness: initial; text-decoration-style: initial; text-decoration-color: initial; display: inline !important; float: none;\"&#62;&#60;br&#62;&#60;/span&#62;&#60;/span&#62;&#60;/td&#62;\n&#60;/tr&#62;\n&#60;tr style=\"height: 35.2344px;\"&#62;\n&#60;td&#62;Date : &#60;/td&#62;\n&#60;td colspan=\"2\"&#62;&#60;span style=\"color: #1e293b; font-family: inter, -apple-system, blinkmacsystemfont, \'san francisco\', \'segoe ui\', roboto, \'helvetica neue\', sans-serif; font-size: 14px; font-style: normal; font-variant-ligatures: no-contextual; font-variant-caps: normal; font-weight: 400; letter-spacing: normal; orphans: 2; text-align: start; text-indent: 0px; text-transform: none; widows: 2; word-spacing: 0px; -webkit-text-stroke-width: 0px; white-space: normal; background-color: #ffffff; text-decoration-thickness: initial; text-decoration-style: initial; text-decoration-color: initial; display: inline !important; float: none;\"&#62;&#60;span style=\"color: #1e293b; font-family: inter, -apple-system, blinkmacsystemfont, \'san francisco\', \'segoe ui\', roboto, \'helvetica neue\', sans-serif; font-size: 14px; font-style: normal; font-variant-ligatures: no-contextual; font-variant-caps: normal; font-weight: 400; letter-spacing: normal; orphans: 2; text-align: start; text-indent: 0px; text-transform: none; widows: 2; word-spacing: 0px; -webkit-text-stroke-width: 0px; white-space: normal; background-color: #ffffff; text-decoration-thickness: initial; text-decoration-style: initial; text-decoration-color: initial; display: inline !important; float: none;\"&#62; &#60;/span&#62;&#60;/span&#62;&#60;/td&#62;\n&#60;/tr&#62;\n&#60;tr style=\"height: 126.055px;\"&#62;\n&#60;td&#62;Correspondance matériel / observation(s) / VISA&#60;/td&#62;\n&#60;td colspan=\"2\"&#62;&#60;span style=\"color: #1e293b; font-family: inter, -apple-system, blinkmacsystemfont, \'san francisco\', \'segoe ui\', roboto, \'helvetica neue\', sans-serif; font-size: 14px; font-style: normal; font-variant-ligatures: no-contextual; font-variant-caps: normal; font-weight: 400; letter-spacing: normal; orphans: 2; text-align: start; text-indent: 0px; text-transform: none; widows: 2; word-spacing: 0px; -webkit-text-stroke-width: 0px; white-space: normal; background-color: #ffffff; text-decoration-thickness: initial; text-decoration-style: initial; text-decoration-color: initial; display: inline !important; float: none;\"&#62;&#60;br&#62;&#60;/span&#62;&#60;span style=\"color: #1e293b; font-family: inter, -apple-system, blinkmacsystemfont, \'san francisco\', \'segoe ui\', roboto, \'helvetica neue\', sans-serif; font-size: 14px; font-style: normal; font-variant-ligatures: no-contextual; font-variant-caps: normal; font-weight: 400; letter-spacing: normal; orphans: 2; text-align: start; text-indent: 0px; text-transform: none; widows: 2; word-spacing: 0px; -webkit-text-stroke-width: 0px; white-space: normal; background-color: #ffffff; text-decoration-thickness: initial; text-decoration-style: initial; text-decoration-color: initial; display: inline !important; float: none;\"&#62;&#60;span style=\"color: #1e293b; font-family: inter, -apple-system, blinkmacsystemfont, \'san francisco\', \'segoe ui\', roboto, \'helvetica neue\', sans-serif; font-size: 14px; font-style: normal; font-variant-ligatures: no-contextual; font-variant-caps: normal; font-weight: 400; letter-spacing: normal; orphans: 2; text-align: start; text-indent: 0px; text-transform: none; widows: 2; word-spacing: 0px; -webkit-text-stroke-width: 0px; white-space: normal; background-color: #ffffff; text-decoration-thickness: initial; text-decoration-style: initial; text-decoration-color: initial; display: inline !important; float: none;\"&#62;&#60;br&#62;&#60;/span&#62;&#60;/span&#62;&#60;/td&#62;\n&#60;/tr&#62;\n&#60;tr style=\"height: 42.2266px;\"&#62;\n&#60;td rowspan=\"2\"&#62;\n&#60;div&#62; &#60;/div&#62;\n&#60;p style=\"text-align: center;\"&#62;&#60;span style=\"color: #000000;\"&#62;DSD ASSISTANCE : &#60;/span&#62;&#60;br&#62;&#60;span style=\"color: #000000;\"&#62;7 70 95 / 7 70 96&#60;/span&#62;&#60;/div&#62;\n&#60;p style=\"text-align: center;\"&#62;&#60;span style=\"color: #000000;\"&#62;OUVERT DU &#60;/span&#62;&#60;br&#62;&#60;span style=\"color: #000000;\"&#62;LUNDI AU VENDREDI&#60;/span&#62;&#60;br&#62;&#60;span style=\"color: #000000;\"&#62;de 06h00 à 18h00&#60;/span&#62;&#60;/div&#62;\n&#60;span style=\"color: #1e293b; font-family: inter, -apple-system, blinkmacsystemfont, \'san francisco\', \'segoe ui\', roboto, \'helvetica neue\', sans-serif; font-size: 14px; font-style: normal; font-variant-ligatures: no-contextual; font-variant-caps: normal; font-weight: 400; letter-spacing: normal; orphans: 2; text-align: start; text-indent: 0px; text-transform: none; widows: 2; word-spacing: 0px; -webkit-text-stroke-width: 0px; white-space: normal; background-color: #ffffff; text-decoration-thickness: initial; text-decoration-style: initial; text-decoration-color: initial; display: inline !important; float: none;\"&#62;&#60;span style=\"color: #1e293b; font-family: inter, -apple-system, blinkmacsystemfont, \'san francisco\', \'segoe ui\', roboto, \'helvetica neue\', sans-serif; font-size: 14px; font-style: normal; font-variant-ligatures: no-contextual; font-variant-caps: normal; font-weight: 400; letter-spacing: normal; orphans: 2; text-align: start; text-indent: 0px; text-transform: none; widows: 2; word-spacing: 0px; -webkit-text-stroke-width: 0px; white-space: normal; background-color: #ffffff; text-decoration-thickness: initial; text-decoration-style: initial; text-decoration-color: initial; display: inline !important; float: none;\"&#62;&#60;span style=\"color: #1e293b; font-family: inter, -apple-system, blinkmacsystemfont, \'san francisco\', \'segoe ui\', roboto, \'helvetica neue\', sans-serif; font-size: 14px; font-style: normal; font-variant-ligatures: no-contextual; font-variant-caps: normal; font-weight: 400; letter-spacing: normal; orphans: 2; text-align: start; text-indent: 0px; text-transform: none; widows: 2; word-spacing: 0px; -webkit-text-stroke-width: 0px; white-space: normal; background-color: #ffffff; text-decoration-thickness: initial; text-decoration-style: initial; text-decoration-color: initial; display: inline !important; float: none;\"&#62;&#60;span style=\"color: #1e293b; font-family: inter, -apple-system, blinkmacsystemfont, \'san francisco\', \'segoe ui\', roboto, \'helvetica neue\', sans-serif; font-size: 14px; font-style: normal; font-variant-ligatures: no-contextual; font-variant-caps: normal; font-weight: 400; letter-spacing: normal; orphans: 2; text-align: start; text-indent: 0px; text-transform: none; widows: 2; word-spacing: 0px; -webkit-text-stroke-width: 0px; white-space: normal; background-color: #ffffff; text-decoration-thickness: initial; text-decoration-style: initial; text-decoration-color: initial; display: inline !important; float: none;\"&#62;&#60;span style=\"color: #1e293b; font-family: inter, -apple-system, blinkmacsystemfont, \'san francisco\', \'segoe ui\', roboto, \'helvetica neue\', sans-serif; font-size: 14px; font-style: normal; font-variant-ligatures: no-contextual; font-variant-caps: normal; font-weight: 400; letter-spacing: normal; orphans: 2; text-align: start; text-indent: 0px; text-transform: none; widows: 2; word-spacing: 0px; -webkit-text-stroke-width: 0px; white-space: normal; background-color: #ffffff; text-decoration-thickness: initial; text-decoration-style: initial; text-decoration-color: initial; display: inline !important; float: none;\"&#62;&#60;br&#62;&#60;/span&#62;&#60;/span&#62;&#60;/span&#62;&#60;/span&#62;&#60;/span&#62;&#60;/td&#62;\n&#60;td style=\"text-align: center;\" colspan=\"2\"&#62;\n&#60;div&#62;&#60;strong&#62;&#60;span style=\"font-family: inter, -apple-system, blinkmacsystemfont, \'san francisco\', \'segoe ui\', roboto, \'helvetica neue\', sans-serif; font-size: 14px; font-style: normal; font-variant-ligatures: no-contextual; font-variant-caps: normal; letter-spacing: normal; orphans: 2; text-align: start; text-indent: 0px; text-transform: none; widows: 2; word-spacing: 0px; -webkit-text-stroke-width: 0px; white-space: normal; text-decoration-thickness: initial; text-decoration-style: initial; text-decoration-color: initial; float: none; display: inline !important;\"&#62;VISA ET CACHET DU CHEF DE LA SECURITE OPERATIONNEL (DSD)&#60;/span&#62;&#60;/strong&#62;&#60;/div&#62;\n&#60;/td&#62;\n&#60;/tr&#62;\n&#60;tr style=\"height: 191.211px;\"&#62;\n&#60;td style=\"text-align: center;\" colspan=\"2\"&#62;&#60;span style=\"color: #1e293b; font-family: inter, -apple-system, blinkmacsystemfont, \'san francisco\', \'segoe ui\', roboto, \'helvetica neue\', sans-serif; font-size: 14px; font-style: normal; font-variant-ligatures: no-contextual; font-variant-caps: normal; font-weight: 400; letter-spacing: normal; orphans: 2; text-align: start; text-indent: 0px; text-transform: none; widows: 2; word-spacing: 0px; -webkit-text-stroke-width: 0px; white-space: normal; background-color: #ffffff; text-decoration-thickness: initial; text-decoration-style: initial; text-decoration-color: initial; display: inline !important; float: none;\"&#62;&#60;span style=\"color: #1e293b; font-family: inter, -apple-system, blinkmacsystemfont, \'san francisco\', \'segoe ui\', roboto, \'helvetica neue\', sans-serif; font-size: 14px; font-style: normal; font-variant-ligatures: no-contextual; font-variant-caps: normal; font-weight: 400; letter-spacing: normal; orphans: 2; text-align: start; text-indent: 0px; text-transform: none; widows: 2; word-spacing: 0px; -webkit-text-stroke-width: 0px; white-space: normal; background-color: #ffffff; text-decoration-thickness: initial; text-decoration-style: initial; text-decoration-color: initial; display: inline !important; float: none;\"&#62;&#60;span style=\"color: #1e293b; font-family: inter, -apple-system, blinkmacsystemfont, \'san francisco\', \'segoe ui\', roboto, \'helvetica neue\', sans-serif; font-size: 14px; font-style: normal; font-variant-ligatures: no-contextual; font-variant-caps: normal; font-weight: 400; letter-spacing: normal; orphans: 2; text-align: start; text-indent: 0px; text-transform: none; widows: 2; word-spacing: 0px; -webkit-text-stroke-width: 0px; white-space: normal; background-color: #ffffff; text-decoration-thickness: initial; text-decoration-style: initial; text-decoration-color: initial; display: inline !important; float: none;\"&#62;&#60;span style=\"color: #1e293b; font-family: inter, -apple-system, blinkmacsystemfont, \'san francisco\', \'segoe ui\', roboto, \'helvetica neue\', sans-serif; font-size: 14px; font-style: normal; font-variant-ligatures: no-contextual; font-variant-caps: normal; font-weight: 400; letter-spacing: normal; orphans: 2; text-align: start; text-indent: 0px; text-transform: none; widows: 2; word-spacing: 0px; -webkit-text-stroke-width: 0px; white-space: normal; background-color: #ffffff; text-decoration-thickness: initial; text-decoration-style: initial; text-decoration-color: initial; display: inline !important; float: none;\"&#62;&#60;span style=\"color: #1e293b; font-family: inter, -apple-system, blinkmacsystemfont, \'san francisco\', \'segoe ui\', roboto, \'helvetica neue\', sans-serif; font-size: 14px; font-style: normal; font-variant-ligatures: no-contextual; font-variant-caps: normal; font-weight: 400; letter-spacing: normal; orphans: 2; text-align: start; text-indent: 0px; text-transform: none; widows: 2; word-spacing: 0px; -webkit-text-stroke-width: 0px; white-space: normal; background-color: #ffffff; text-decoration-thickness: initial; text-decoration-style: initial; text-decoration-color: initial; display: inline !important; float: none;\"&#62;&#60;br&#62;&#60;/span&#62;&#60;/span&#62;&#60;/span&#62;&#60;/span&#62;&#60;/span&#62;&#60;span style=\"color: #1e293b; font-family: inter, -apple-system, blinkmacsystemfont, \'san francisco\', \'segoe ui\', roboto, \'helvetica neue\', sans-serif; font-size: 14px; font-style: normal; font-variant-ligatures: no-contextual; font-variant-caps: normal; font-weight: 400; letter-spacing: normal; orphans: 2; text-align: start; text-indent: 0px; text-transform: none; widows: 2; word-spacing: 0px; -webkit-text-stroke-width: 0px; white-space: normal; background-color: #ffffff; text-decoration-thickness: initial; text-decoration-style: initial; text-decoration-color: initial; display: inline !important; float: none;\"&#62;&#60;span style=\"color: #1e293b; font-family: inter, -apple-system, blinkmacsystemfont, \'san francisco\', \'segoe ui\', roboto, \'helvetica neue\', sans-serif; font-size: 14px; font-style: normal; font-variant-ligatures: no-contextual; font-variant-caps: normal; font-weight: 400; letter-spacing: normal; orphans: 2; text-align: start; text-indent: 0px; text-transform: none; widows: 2; word-spacing: 0px; -webkit-text-stroke-width: 0px; white-space: normal; background-color: #ffffff; text-decoration-thickness: initial; text-decoration-style: initial; text-decoration-color: initial; display: inline !important; float: none;\"&#62;&#60;span style=\"color: #1e293b; font-family: inter, -apple-system, blinkmacsystemfont, \'san francisco\', \'segoe ui\', roboto, \'helvetica neue\', sans-serif; font-size: 14px; font-style: normal; font-variant-ligatures: no-contextual; font-variant-caps: normal; font-weight: 400; letter-spacing: normal; orphans: 2; text-align: start; text-indent: 0px; text-transform: none; widows: 2; word-spacing: 0px; -webkit-text-stroke-width: 0px; white-space: normal; background-color: #ffffff; text-decoration-thickness: initial; text-decoration-style: initial; text-decoration-color: initial; display: inline !important; float: none;\"&#62;&#60;span style=\"color: #1e293b; font-family: inter, -apple-system, blinkmacsystemfont, \'san francisco\', \'segoe ui\', roboto, \'helvetica neue\', sans-serif; font-size: 14px; font-style: normal; font-variant-ligatures: no-contextual; font-variant-caps: normal; font-weight: 400; letter-spacing: normal; orphans: 2; text-align: start; text-indent: 0px; text-transform: none; widows: 2; word-spacing: 0px; -webkit-text-stroke-width: 0px; white-space: normal; background-color: #ffffff; text-decoration-thickness: initial; text-decoration-style: initial; text-decoration-color: initial; display: inline !important; float: none;\"&#62;&#60;span style=\"color: #1e293b; font-family: inter, -apple-system, blinkmacsystemfont, \'san francisco\', \'segoe ui\', roboto, \'helvetica neue\', sans-serif; font-size: 14px; font-style: normal; font-variant-ligatures: no-contextual; font-variant-caps: normal; font-weight: 400; letter-spacing: normal; orphans: 2; text-align: start; text-indent: 0px; text-transform: none; widows: 2; word-spacing: 0px; -webkit-text-stroke-width: 0px; white-space: normal; background-color: #ffffff; text-decoration-thickness: initial; text-decoration-style: initial; text-decoration-color: initial; display: inline !important; float: none;\"&#62;&#60;br&#62;&#60;/span&#62;&#60;/span&#62;&#60;/span&#62;&#60;/span&#62;&#60;/span&#62;&#60;/td&#62;\n&#60;/tr&#62;\n&#60;/tbody&#62;\n&#60;/table&#62;\n&#60;div&#62; &#60;/div&#62;',2),
(171,'Signaler un incident - Problème de mise à jour des étiquettes sur les tickets','t_286',286,'Ticket','2','2025-02-19 14:34:35','2025-02-19 14:34:35',5,0,16,'&#60;div&#62;&#60;h1&#62;Données du formulaire&#60;/h1&#62;&#60;h2&#62;Signaler un incident&#60;/h2&#62;&#60;div&#62;&#60;b&#62;1) Résumez votre problème en une phrase simple : &#60;/b&#62;Problème de mise à jour des étiquettes sur les tickets&#60;/div&#62;&#60;div&#62;&#60;b&#62;2) Faites une description claire et détaillée de votre problème : &#60;/b&#62;&#60;p&#62;Problème de mise à jour des étiquettes sur les tickets&#60;/p&#62;&#60;/div&#62;&#60;div&#62;&#60;b&#62;3) Quelle est l\'urgence de votre problème : &#60;/b&#62;Haute&#60;/div&#62;&#60;div&#62;&#60;b&#62;4) Joindre un fichier : &#60;/b&#62;Pas de document rattaché&#60;/div&#62;&#60;/div&#62;',16),
(172,'Signaler un incident - Je ne peux plus imprimer mes rapports avec mon compte Documentum','t_276',276,'Ticket','2','2025-02-12 10:52:42','2025-02-12 10:54:55',5,0,16,'&#60;div&#62;&#60;h1&#62;Données du formulaire&#60;/h1&#62;&#60;h2&#62;Signaler un incident&#60;/h2&#62;&#60;div&#62;&#60;b&#62;1) Résumez votre problème en une phrase simple : &#60;/b&#62;Je ne peux plus imprimer mes rapports avec mon compte Documentum&#60;/div&#62;&#60;div&#62;&#60;b&#62;2) Faites une description claire et détaillée de votre problème : &#60;/b&#62;&#60;p&#62;Bonjour,&#60;/p&#62;\n&#60;p&#62; Aenean eget enim enim. Integer suscipit viverra ex. Integer pulvinar, arcu eget dapibus accumsan, justo ante dignissim magna, id ultricies lorem eros ut dui. Donec tellus sapien, rhoncus id mi vel, ultricies ornare mauris. Orci varius natoque penatibus et magnis dis parturient montes, nascetur ridiculus mus.&#60;/p&#62;&#60;/div&#62;&#60;div&#62;&#60;b&#62;3) Quelle est l\'urgence de votre problème : &#60;/b&#62;Très haute&#60;/div&#62;&#60;div&#62;&#60;b&#62;4) Joindre un fichier : &#60;/b&#62;Pas de document rattaché&#60;/div&#62;&#60;/div&#62;',16),
(173,'Signaler un incident - Impossible de transférer des fichiers dans Documentum','t_277',277,'Ticket','2','2025-02-12 10:59:41','2025-02-12 10:59:41',5,0,23,'&#60;div&#62;&#60;h1&#62;Données du formulaire&#60;/h1&#62;&#60;h2&#62;Signaler un incident&#60;/h2&#62;&#60;div&#62;&#60;b&#62;1) Résumez votre problème en une phrase simple : &#60;/b&#62;Impossible de transférer des fichiers dans Documentum&#60;/div&#62;&#60;div&#62;&#60;b&#62;2) Faites une description claire et détaillée de votre problème : &#60;/b&#62;&#60;p&#62;Bonjour,&#60;/p&#62;\n&#60;p&#62;Donec consequat iaculis massa, ut rutrum massa cursus sit amet. Vestibulum interdum est hendrerit lorem tincidunt venenatis. Proin malesuada neque eget enim volutpat aliquam. &#60;/p&#62;&#60;/div&#62;&#60;div&#62;&#60;b&#62;3) Quelle est l\'urgence de votre problème : &#60;/b&#62;Haute&#60;/div&#62;&#60;div&#62;&#60;b&#62;4) Joindre un fichier : &#60;/b&#62;Pas de document rattaché&#60;/div&#62;&#60;/div&#62;',23),
(174,'Nouvelle demande - Demande d\'accès à l\'environnement EOLLE-ADDLYS','t_278',278,'Ticket','5','2025-02-12 11:11:41','2025-02-12 15:36:39',5,0,16,'&#60;div&#62;&#60;h1&#62;Données du formulaire&#60;/h1&#62;&#60;h2&#62;Description de la demande&#60;/h2&#62;&#60;div&#62;&#60;b&#62;1) Description détaillée : &#60;/b&#62;&#60;p&#62;Bonjour,&#60;/p&#62;\n&#60;p&#62;ma demande est indispensable pour mon travail&#60;/p&#62;\n&#60;p&#62;Nulla vel ex non est tincidunt bibendum. Sed mattis odio ac sapien gravida, quis maximus mauris facilisis. Donec placerat, dolor vitae commodo sollicitudin, metus sem commodo libero, at dictum risus ipsum faucibus mi. &#60;/p&#62;&#60;/div&#62;&#60;div&#62;&#60;b&#62;2) Court résumé (titre) : &#60;/b&#62;Demande d\'accès à l\'environnement EOLLE-ADDLYS&#60;/div&#62;&#60;div&#62;&#60;b&#62;3) Joindre un fichier : &#60;/b&#62;Pas de document rattaché&#60;/div&#62;&#60;/div&#62;',16),
(175,'Nouvelle demande - Demande d\'installation de Microsoft Outlook','t_287',287,'Ticket','2','2025-02-19 14:38:05','2025-02-19 14:53:45',5,0,16,'&#60;div&#62;&#60;h1&#62;Données du formulaire&#60;/h1&#62;&#60;h2&#62;Description de la demande&#60;/h2&#62;&#60;div&#62;&#60;b&#62;1) Description détaillée : &#60;/b&#62;&#60;p&#62;Demande d\'installation de Microsoft Outlook&#60;/p&#62;&#60;/div&#62;&#60;div&#62;&#60;b&#62;2) Court résumé (titre) : &#60;/b&#62;Demande d\'installation de Microsoft Outlook&#60;/div&#62;&#60;div&#62;&#60;b&#62;3) Joindre un fichier : &#60;/b&#62;Pas de document rattaché&#60;/div&#62;&#60;/div&#62;',16),
(176,'BORDEREAU DE TRANSPORT DE MATERIEL DE \"Montréal &#62; Bâtiment Jean Drapeau\" A \"Montréal &#62; Bâtiment Jeanne Mance\"','t_288',288,'Ticket','2','2025-02-20 16:09:19','2025-06-10 21:41:47',5,0,16,'&#60;div&#62;&#60;h1&#62;Données du formulaire&#60;/h1&#62;&#60;h2&#62;IDENTIFICATION&#60;/h2&#62;&#60;div&#62;&#60;b&#62;1) NOM, PRENOM de l\'agent DNUM ayant autorisé le transport : &#60;/b&#62;Zitouna Anita&#60;/div&#62;&#60;div&#62;&#60;b&#62;2) NOM, PRENOM de l\'agent SPIE réalisant le transport : &#60;/b&#62;Gilat Yann&#60;/div&#62;&#60;div&#62;&#60;b&#62;3) Site de départ : &#60;/b&#62;Montréal &#38;#62; Bâtiment Jean Drapeau&#60;/div&#62;&#60;div&#62;&#60;b&#62;4) Site de destination : &#60;/b&#62;Montréal &#38;#62; Bâtiment Jeanne Mance&#60;/div&#62;&#60;div&#62;&#60;b&#62;5) Date : &#60;/b&#62;2025-02-24 12:00&#60;/div&#62;&#60;/div&#62;',16),
(177,'Signaler un incident - Problème de mise à jour de l\'antivirus','t_289',289,'Ticket','2','2025-02-21 20:42:39','2025-02-21 20:43:59',5,0,23,'&#60;div&#62;&#60;h1&#62;Données du formulaire&#60;/h1&#62;&#60;h2&#62;Signaler un incident&#60;/h2&#62;&#60;div&#62;&#60;b&#62;1) Résumez votre problème en une phrase simple : &#60;/b&#62;Problème de mise à jour de l\'antivirus&#60;/div&#62;&#60;div&#62;&#60;b&#62;2) Faites une description claire et détaillée de votre problème : &#60;/b&#62;&#60;p&#62;Problème de mise à jour de l\'antivirus&#60;/p&#62;&#60;/div&#62;&#60;div&#62;&#60;b&#62;3) Quelle est l\'urgence de votre problème : &#60;/b&#62;Moyenne&#60;/div&#62;&#60;div&#62;&#60;b&#62;4) Joindre un fichier : &#60;/b&#62;Pas de document rattaché&#60;/div&#62;&#60;/div&#62;',23),
(178,'BORDEREAU DE TRANSPORT DE MATERIEL DE \"Angers\" A \"Bordeaux\"','t_290',290,'Ticket','2','2025-02-27 10:27:03','2025-03-04 16:25:48',0,0,60,'&#60;div&#62;&#60;h1&#62;Données du formulaire&#60;/h1&#62;&#60;h2&#62;IDENTIFICATION&#60;/h2&#62;&#60;div&#62;&#60;b&#62;1) NOM, PRENOM de l\'agent DNUM ayant autorisé le transport : &#60;/b&#62;Dussey Karine&#60;/div&#62;&#60;div&#62;&#60;b&#62;2) NOM, PRENOM de l\'agent SPIE réalisant le transport : &#60;/b&#62;Bois Jacques&#60;/div&#62;&#60;div&#62;&#60;b&#62;3) Site de départ : &#60;/b&#62;Angers&#60;/div&#62;&#60;div&#62;&#60;b&#62;4) Site de destination : &#60;/b&#62;Bordeaux&#60;/div&#62;&#60;div&#62;&#60;b&#62;5) Date : &#60;/b&#62;2025-02-28 12:00&#60;/div&#62;&#60;/div&#62;',60),
(179,'BORDEREAU DE TRANSPORT DE MATERIEL DE \"Paris &#62; Rue de Javel\" A \"Paris &#62; Quai d\'Orsay\"','t_291',291,'Ticket','2','2025-02-27 10:33:41','2025-02-27 10:33:42',0,0,60,'&#60;div&#62;&#60;h1&#62;Données du formulaire&#60;/h1&#62;&#60;h2&#62;IDENTIFICATION&#60;/h2&#62;&#60;div&#62;&#60;b&#62;1) NOM, PRENOM de l\'agent DNUM ayant autorisé le transport : &#60;/b&#62;Dussey Karine&#60;/div&#62;&#60;div&#62;&#60;b&#62;2) NOM, PRENOM de l\'agent SPIE réalisant le transport : &#60;/b&#62;Bois Jacques&#60;/div&#62;&#60;div&#62;&#60;b&#62;3) Site de départ : &#60;/b&#62;Paris &#38;#62; Rue de Javel&#60;/div&#62;&#60;div&#62;&#60;b&#62;4) Site de destination : &#60;/b&#62;Paris &#38;#62; Quai d\'Orsay&#60;/div&#62;&#60;div&#62;&#60;b&#62;5) Date : &#60;/b&#62;2025-02-28 12:00&#60;/div&#62;&#60;/div&#62;',60),
(180,'BORDEREAU DE TRANSPORT DE MATERIEL DE \"Paris &#62; Rue de Javel\" A \"Paris &#62; Quai d\'Orsay\"','t_292',292,'Ticket','2','2025-02-27 14:38:14','2025-02-27 14:38:14',0,0,60,'&#60;div&#62;&#60;h1&#62;Données du formulaire&#60;/h1&#62;&#60;h2&#62;IDENTIFICATION&#60;/h2&#62;&#60;div&#62;&#60;b&#62;1) NOM, PRENOM de l\'agent DNUM ayant autorisé le transport : &#60;/b&#62;Dussey Karine&#60;/div&#62;&#60;div&#62;&#60;b&#62;2) NOM, PRENOM de l\'agent SPIE réalisant le transport : &#60;/b&#62;&#60;/div&#62;&#60;div&#62;&#60;b&#62;3) Site de départ : &#60;/b&#62;Paris &#38;#62; Rue de Javel&#60;/div&#62;&#60;div&#62;&#60;b&#62;4) Site de destination : &#60;/b&#62;Paris &#38;#62; Quai d\'Orsay&#60;/div&#62;&#60;div&#62;&#60;b&#62;5) Date : &#60;/b&#62; &#60;/div&#62;&#60;/div&#62;',60),
(181,'BORDEREAU DE TRANSPORT DE MATERIEL DE \"Paris &#62; Rue de Javel\" A \"Paris &#62; Quai d\'Orsay\"','t_293',293,'Ticket','2','2025-02-27 14:41:12','2025-02-27 14:45:50',0,0,60,'&#60;div&#62;\n&#60;h1&#62;Données du formulaire&#60;/h1&#62;\n&#60;h2&#62;IDENTIFICATION&#60;/h2&#62;\n&#60;div&#62;&#60;strong&#62;1) NOM, PRENOM de l\'agent DNUM ayant autorisé le transport : &#60;/strong&#62;Dussey Karine&#60;/div&#62;\n&#60;div&#62;&#60;strong&#62;2) NOM, PRENOM de l\'agent SPIE réalisant le transport : &#60;/strong&#62;Julien Magie&#60;/div&#62;\n&#60;div&#62;&#60;strong&#62;3) Site de départ : &#60;/strong&#62;Paris &#38;gt; Rue de Javel&#60;/div&#62;\n&#60;div&#62;&#60;strong&#62;4) Site de destination : &#60;/strong&#62;Paris &#38;gt; Quai d\'Orsay&#60;/div&#62;\n&#60;div&#62;&#60;strong&#62;5) Date :&#60;/strong&#62; 28/02/2025&#60;/div&#62;\n&#60;/div&#62;',60),
(182,'BORDEREAU DE TRANSPORT DE MATERIEL DE \"Grenoble\" A \"Bordeaux\"','t_316',316,'Ticket','2','2025-03-12 08:31:28','2025-03-12 08:39:16',0,0,85,'&#60;div&#62;&#60;h1&#62;Données du formulaire&#60;/h1&#62;&#60;h2&#62;IDENTIFICATION&#60;/h2&#62;&#60;div&#62;&#60;b&#62;1) NOM, PRENOM de l\'agent DNUM ayant autorisé le transport : &#60;/b&#62;Doe John&#60;/div&#62;&#60;div&#62;&#60;b&#62;2) NOM, PRENOM de l\'agent SPIE réalisant le transport : &#60;/b&#62;Vidal Antoine&#60;/div&#62;&#60;div&#62;&#60;b&#62;3) Site de départ : &#60;/b&#62;Grenoble&#60;/div&#62;&#60;div&#62;&#60;b&#62;4) Site de destination : &#60;/b&#62;Bordeaux&#60;/div&#62;&#60;div&#62;&#60;b&#62;5) Date : &#60;/b&#62;2025-03-17 12:00&#60;/div&#62;&#60;/div&#62;',85),
(183,'BORDEREAU DE TRANSPORT DE MATERIEL DE \"Aéroport\" A \"Bordeaux\"','t_317',317,'Ticket','2','2025-03-12 09:25:08','2025-03-12 09:26:49',0,0,85,'&#60;div&#62;&#60;h1&#62;Données du formulaire&#60;/h1&#62;&#60;h2&#62;IDENTIFICATION&#60;/h2&#62;&#60;div&#62;&#60;b&#62;1) NOM, PRENOM de l\'agent DNUM ayant autorisé le transport : &#60;/b&#62;Vidal Antoine&#60;/div&#62;&#60;div&#62;&#60;b&#62;2) NOM, PRENOM de l\'agent SPIE réalisant le transport : &#60;/b&#62;Chapon Marie&#60;/div&#62;&#60;div&#62;&#60;b&#62;3) Site de départ : &#60;/b&#62;Aéroport&#60;/div&#62;&#60;div&#62;&#60;b&#62;4) Site de destination : &#60;/b&#62;Bordeaux&#60;/div&#62;&#60;div&#62;&#60;b&#62;5) Date : &#60;/b&#62;2025-03-17 12:00&#60;/div&#62;&#60;/div&#62;',85),
(184,'BORDEREAU DE TRANSPORT DE MATERIEL DE \"Lyon\" A \"Montréal &#62; Bâtiment Jean Drapeau\"','t_318',318,'Ticket','2','2025-03-12 11:43:08','2025-03-12 11:43:36',0,0,85,'&#60;div&#62;&#60;h1&#62;Données du formulaire&#60;/h1&#62;&#60;h2&#62;IDENTIFICATION&#60;/h2&#62;&#60;div&#62;&#60;b&#62;1) NOM, PRENOM de l\'agent DNUM ayant autorisé le transport : &#60;/b&#62;Simard Léon&#60;/div&#62;&#60;div&#62;&#60;b&#62;2) NOM, PRENOM de l\'agent SPIE réalisant le transport : &#60;/b&#62;Doe John&#60;/div&#62;&#60;div&#62;&#60;b&#62;3) Site de départ : &#60;/b&#62;Lyon&#60;/div&#62;&#60;div&#62;&#60;b&#62;4) Site de destination : &#60;/b&#62;Montréal &#38;#62; Bâtiment Jean Drapeau&#60;/div&#62;&#60;div&#62;&#60;b&#62;5) Date : &#60;/b&#62; &#60;/div&#62;&#60;/div&#62;',85),
(185,'BORDEREAU DE TRANSPORT DE MATERIEL DE \"Lyon\" A \"Marseille\"','t_319',319,'Ticket','2','2025-03-12 14:13:02','2025-03-12 14:13:03',0,0,85,'&#60;div&#62;&#60;h1&#62;Données du formulaire&#60;/h1&#62;&#60;h2&#62;IDENTIFICATION&#60;/h2&#62;&#60;div&#62;&#60;b&#62;1) NOM, PRENOM de l\'agent DNUM ayant autorisé le transport : &#60;/b&#62;Bois Jacques&#60;/div&#62;&#60;div&#62;&#60;b&#62;2) NOM, PRENOM de l\'agent SPIE réalisant le transport : &#60;/b&#62;Chapon Marie&#60;/div&#62;&#60;div&#62;&#60;b&#62;3) Site de départ : &#60;/b&#62;Lyon&#60;/div&#62;&#60;div&#62;&#60;b&#62;4) Site de destination : &#60;/b&#62;Marseille&#60;/div&#62;&#60;div&#62;&#60;b&#62;5) Date : &#60;/b&#62;2025-03-24 12:00&#60;/div&#62;&#60;/div&#62;',85),
(186,'BORDEREAU DE TRANSPORT DE MATERIEL DE \"Angers\" A \"Aéroport\"','t_320',320,'Ticket','2','2025-03-13 10:05:13','2025-03-13 10:05:14',0,0,85,'&#60;div&#62;&#60;strong&#62;[1] NOM, PRENOM de l\'agent DNUM ayant autorisé le transport&#60;/strong&#62; : Bois Jacques&#60;/div&#62;\n&#60;div&#62;&#60;strong&#62;[2] NOM, PRENOM de l\'agent SPIE réalisant le transport&#60;/strong&#62; : Borie Jacqueline&#60;/div&#62;\n&#60;div&#62;&#60;strong&#62;[3] Site de départ&#60;/strong&#62; : Angers&#60;/div&#62;\n&#60;div&#62;&#60;strong&#62;[4] Date&#60;/strong&#62; : 2025-03-17 12:00&#60;/div&#62;\n&#60;div&#62;&#60;strong&#62;[5] Site de destination&#60;/strong&#62; : Aéroport&#60;/div&#62;',85),
(187,'BORDEREAU DE TRANSPORT DE MATERIEL DE \"Aéroport\" A \"&#38;nbsp;\"','t_321',321,'Ticket','2','2025-03-13 10:23:04','2025-03-13 10:26:39',0,0,85,'&#60;div&#62;&#60;strong&#62;[1] NOM, PRENOM de l\'agent DNUM ayant autorisé le transport&#60;/strong&#62; : Doe John&#60;/div&#62;\n&#60;div&#62;&#60;strong&#62;[2] NOM, PRENOM de l\'agent SPIE réalisant le transport&#60;/strong&#62; : Alex Garraud&#60;/div&#62;\n&#60;div&#62;&#60;strong&#62;[3] Site de départ&#60;/strong&#62; : Aéroport&#60;/div&#62;\n&#60;div&#62;&#60;strong&#62;[4] Site de destination&#60;/strong&#62; : Toulouse&#60;/div&#62;\n&#60;div&#62;&#60;strong&#62;[5] Date&#60;/strong&#62; : 18/03/2025&#60;/div&#62;',85),
(188,'BORDEREAU DE TRANSPORT DE MATERIEL DE \"Paris &#62; Rue de Javel\" A \"Paris &#62; Quai d\'Orsay\"','t_322',322,'Ticket','2','2025-03-13 11:01:23','2025-03-13 11:02:11',0,0,85,'&#60;div&#62;&#60;strong&#62;[1] NOM, PRENOM de l\'agent DNUM ayant autorisé le transport&#60;/strong&#62; : Bois Jacques&#60;/div&#62;\n&#60;div&#62;&#60;strong&#62;[2] NOM, PRENOM de l\'agent SPIE réalisant le transport&#60;/strong&#62; : Grosbeau Bastien&#60;/div&#62;\n&#60;div&#62;&#60;strong&#62;[3] Site de départ&#60;/strong&#62; : Paris &#38;#62; Rue de Javel&#60;/div&#62;\n&#60;div&#62;&#60;strong&#62;[4] Site de destination&#60;/strong&#62; : Paris &#38;#62; Quai d\'Orsay&#60;/div&#62;\n&#60;div&#62;&#60;strong&#62;[5] Date&#60;/strong&#62; : 2025-03-24 09:30&#60;/div&#62;',85),
(189,'BORDEREAU DE TRANSPORT DE MATERIEL DE \"Aéroport\" A \"Bellevue\"','t_323',323,'Ticket','2','2025-03-14 13:06:56','2025-03-14 13:10:04',0,0,85,'&#60;div&#62;&#60;strong&#62;[1] NOM, PRENOM de l\'agent DNUM ayant autorisé le transport&#60;/strong&#62; : Chapon Marie&#60;/div&#62;\n&#60;div&#62;&#60;strong&#62;[2] NOM, PRENOM de l\'agent SPIE réalisant le transport&#60;/strong&#62; : &#60;/div&#62;\n&#60;div&#62;&#60;strong&#62;[3] Site de départ&#60;/strong&#62; : Aéroport&#60;/div&#62;\n&#60;div&#62;&#60;strong&#62;[4] Site de destination&#60;/strong&#62; : Site de Bellevue&#60;/div&#62;\n&#60;div&#62;&#60;strong&#62;[5] Date&#60;/strong&#62; : Semaine 13, à préciser&#60;/div&#62;\n&#60;div&#62;[&#60;strong&#62;FIN]&#60;/strong&#62;&#60;/div&#62;\n&#60;div&#62;&#60;strong&#62;--- merci de ne rien écrire sous cette ligne ---&#60;/strong&#62;&#60;/div&#62;',85),
(190,'Prêt d\'ordinateur pour MR Gueguen à domicile - Transport de matériel de \"Paris &#62; Rue de Javel\" à \"&nbsp;\"','t_324',324,'Ticket','2','2025-03-14 15:37:31','2025-03-14 15:37:32',0,0,85,'&#60;div&#62;&#60;strong&#62;[1] NOM, PRENOM de l\'agent DNUM ayant autorisé le transport&#60;/strong&#62; : Chapon Marie&#60;/div&#62;\n&#60;div&#62;&#60;strong&#62;[2] NOM, PRENOM de l\'agent SPIE réalisant le transport&#60;/strong&#62; : &#60;/div&#62;\n&#60;div&#62;&#60;strong&#62;[3] Site de départ&#60;/strong&#62; : Paris &#38;#62; Rue de Javel&#60;/div&#62;\n&#60;div&#62;&#60;strong&#62;[4] Site de destination&#60;/strong&#62; : &#38;nbsp;&#60;/div&#62;\n&#60;div&#62;&#60;strong&#62;[5] Date&#60;/strong&#62; :  &#60;/div&#62;\n&#60;div&#62;[&#60;strong&#62;FIN]&#60;/strong&#62;&#60;/div&#62;\n&#60;div&#62;&#60;strong&#62;--- merci de ne rien écrire sous cette ligne ---&#60;/strong&#62;&#60;/div&#62;',85),
(191,'M-20250317 transport suite au ticket 2284 - Transport de matériel au départ de \"Paris &#62; Rue de Javel\" ','t_325',325,'Ticket','2','2025-03-17 13:18:02','2025-04-02 22:11:40',0,0,85,'&#60;div&#62;&#60;strong&#62;[1] NOM, PRENOM de l\'agent DNUM ayant autorisé le transport&#60;/strong&#62; : Doe John&#60;/div&#62;\n&#60;div&#62;&#60;strong&#62;[2] NOM, PRENOM de l\'agent SPIE réalisant le transport&#60;/strong&#62; : Edith Bonfond&#60;/div&#62;\n&#60;div&#62;&#60;strong&#62;[3] Site de départ&#60;/strong&#62; : Paris &#38;gt; Rue de Javel&#60;/div&#62;\n&#60;div&#62;&#60;strong&#62;[4] Site de destination&#60;/strong&#62; : Paris &#38;gt; Quai d\'Orsay&#60;/div&#62;\n&#60;div&#62;&#60;strong&#62;[5] Date&#60;/strong&#62; : à déterminer Semaine 17&#60;/div&#62;\n&#60;div&#62;[&#60;strong&#62;FIN]&#60;/strong&#62;&#60;/div&#62;\n&#60;div&#62;&#60;strong&#62;--- merci de ne rien écrire sous cette ligne ---&#60;/strong&#62;&#60;/div&#62;',85),
(192,'Nouvelle demande - Demande d\'ajout d\'une adresse courriel','t_326',326,'Ticket','2','2025-03-26 13:27:49','2025-03-26 13:27:49',5,0,23,'&#60;div&#62;&#60;h1&#62;Données du formulaire&#60;/h1&#62;&#60;h2&#62;Description de la demande&#60;/h2&#62;&#60;div&#62;&#60;b&#62;1) Court résumé (titre) : &#60;/b&#62;Demande d\'ajout d\'une adresse courriel&#60;/div&#62;&#60;div&#62;&#60;b&#62;2) Joindre un fichier : &#60;/b&#62;Pas de document rattaché&#60;/div&#62;&#60;div&#62;&#60;b&#62;3) Description détaillée : &#60;/b&#62;&#60;p&#62;Lorem ipsum dolor sit amet, consectetur adipiscing elit. Nullam maximus diam et ex consequat, id malesuada nisl volutpat. Suspendisse consectetur non lacus sit amet ultricies. Fusce a dui rhoncus, placerat purus nec, volutpat felis. Nunc vel felis ac lacus tincidunt interdum in non lacus. Morbi nec volutpat odio. Vivamus ultricies, leo a iaculis ultrices, magna erat porta lacus, nec eleifend nunc nisi ac tellus. Pellentesque ac pulvinar justo.&#60;/p&#62;&#60;/div&#62;&#60;/div&#62;',23),
(193,'Nouvelle demande - Demande de réinitialisation de mot de passe','t_327',327,'Ticket','2','2025-03-26 13:31:43','2025-03-26 13:31:43',5,0,16,'&#60;div&#62;&#60;h1&#62;Données du formulaire&#60;/h1&#62;&#60;h2&#62;Description de la demande&#60;/h2&#62;&#60;div&#62;&#60;b&#62;1) Joindre un fichier : &#60;/b&#62;Pas de document rattaché&#60;/div&#62;&#60;div&#62;&#60;b&#62;2) Description détaillée : &#60;/b&#62;&#60;p&#62;Lorem ipsum dolor sit amet, consectetur adipiscing elit. Nullam maximus diam et ex consequat, id malesuada nisl volutpat. Suspendisse consectetur non lacus sit amet ultricies. Fusce a dui rhoncus, placerat purus nec, volutpat felis. Nunc vel felis ac lacus tincidunt interdum in non lacus. Morbi nec volutpat odio. Vivamus ultricies, leo a iaculis ultrices, magna erat porta lacus, nec eleifend nunc nisi ac tellus. Pellentesque ac pulvinar justo.&#60;/p&#62;&#60;/div&#62;&#60;div&#62;&#60;b&#62;3) Court résumé (titre) : &#60;/b&#62;Demande de réinitialisation de mot de passe&#60;/div&#62;&#60;/div&#62;',16),
(194,'Signaler un incident - Problème d\'ajout automatique des groupes du demandeur sur le ticket','t_328',328,'Ticket','2','2025-03-26 13:35:45','2025-03-26 13:35:45',5,0,16,'&#60;div&#62;&#60;h1&#62;Données du formulaire&#60;/h1&#62;&#60;h2&#62;Signaler un incident&#60;/h2&#62;&#60;div&#62;&#60;b&#62;1) Résumez votre problème en une phrase simple : &#60;/b&#62;Problème d\'ajout automatique des groupes du demandeur sur le ticket&#60;/div&#62;&#60;div&#62;&#60;b&#62;2) Faites une description claire et détaillée de votre problème : &#60;/b&#62;&#60;p&#62;Lorem ipsum dolor sit amet, consectetur adipiscing elit. Nullam maximus diam et ex consequat, id malesuada nisl volutpat. Suspendisse consectetur non lacus sit amet ultricies. Fusce a dui rhoncus, placerat purus nec, volutpat felis. Nunc vel felis ac lacus tincidunt interdum in non lacus. Morbi nec volutpat odio. Vivamus ultricies, leo a iaculis ultrices, magna erat porta lacus, nec eleifend nunc nisi ac tellus. Pellentesque ac pulvinar justo.&#60;/p&#62;&#60;/div&#62;&#60;div&#62;&#60;b&#62;3) Quelle est l\'urgence de votre problème : &#60;/b&#62;Haute&#60;/div&#62;&#60;div&#62;&#60;b&#62;4) Joindre un fichier : &#60;/b&#62;Pas de document rattaché&#60;/div&#62;&#60;/div&#62;',16),
(195,'Nouvelle demande - Demande d\'ajout d\'un rapport dans GLPI','t_329',329,'Ticket','2','2025-03-26 13:53:01','2025-03-26 13:53:01',5,0,16,'&#60;div&#62;&#60;h1&#62;Données du formulaire&#60;/h1&#62;&#60;h2&#62;Description de la demande&#60;/h2&#62;&#60;div&#62;&#60;b&#62;1) Joindre un fichier : &#60;/b&#62;Pas de document rattaché&#60;/div&#62;&#60;div&#62;&#60;b&#62;2) Description détaillée : &#60;/b&#62;&#60;p&#62;Lorem ipsum dolor sit amet, consectetur adipiscing elit. Nullam maximus diam et ex consequat, id malesuada nisl volutpat. Suspendisse consectetur non lacus sit amet ultricies. Fusce a dui rhoncus, placerat purus nec, volutpat felis. Nunc vel felis ac lacus tincidunt interdum in non lacus. Morbi nec volutpat odio. Vivamus ultricies, leo a iaculis ultrices, magna erat porta lacus, nec eleifend nunc nisi ac tellus. Pellentesque ac pulvinar justo.&#60;/p&#62;&#60;/div&#62;&#60;div&#62;&#60;b&#62;3) Court résumé (titre) : &#60;/b&#62;Demande d\'ajout d\'un rapport dans GLPI&#60;/div&#62;&#60;/div&#62;',16),
(196,'Transport de matériel - Transport de matériel de \"Paris &#62; Quai d\'Orsay\" à \"Paris &#62; Rue de Javel\"','t_330',330,'Ticket','2','2025-03-26 14:09:59','2025-06-10 20:24:38',5,0,23,'&#60;div&#62;&#60;strong&#62;[1] NOM, PRENOM de l\'agent DNUM ayant autorisé le transport&#60;/strong&#62; : Bernardo Andrée&#60;/div&#62;\n&#60;div&#62;&#60;strong&#62;[2] NOM, PRENOM de l\'agent SPIE réalisant le transport&#60;/strong&#62; : Bois Jacques&#60;/div&#62;\n&#60;div&#62;&#60;strong&#62;[3] Site de départ&#60;/strong&#62; : Paris &#38;#62; Quai d\'Orsay&#60;/div&#62;\n&#60;div&#62;&#60;strong&#62;[4] Site de destination&#60;/strong&#62; : Paris &#38;#62; Rue de Javel&#60;/div&#62;\n&#60;div&#62;&#60;strong&#62;[5] Date&#60;/strong&#62; : 2025-03-27 10:00&#60;/div&#62;\n&#60;div&#62;[&#60;strong&#62;FIN]&#60;/strong&#62;&#60;/div&#62;\n&#60;div&#62;&#60;strong&#62;--- merci de ne rien écrire sous cette ligne ---&#60;/strong&#62;&#60;/div&#62;',23),
(238,'Analyse de la qualité des données du greffon Timelineticket','t_331',331,'Ticket','2','2025-04-04 14:42:14','2025-04-09 15:46:04',5,0,16,'&#60;p&#62;Analyse de la qualité des données du greffon Timelineticket&#60;/p&#62;',16),
(240,'Ticket test - Calcul du temps cumulatif passé par un groupe de support','t_333',333,'Ticket','2','2025-04-09 12:47:21','2025-04-10 12:53:49',5,0,16,'&#60;p&#62;Ce ticket sert à vérifier le temps passé par des groupes de support sur le ticket jusqu\'à la résolution du ticket et /ou après rejet de la solution&#60;/p&#62;',16),
(241,'Nouvelle demande - Vérification SLA Priorité B - Demande indispensable','t_334',334,'Ticket','2','2025-04-30 18:00:56','2025-04-30 18:05:32',0,0,90,'&#60;div&#62;&#60;h1&#62;Données du formulaire&#60;/h1&#62;&#60;h2&#62;Description de la demande&#60;/h2&#62;&#60;div&#62;&#60;b&#62;1) Court résumé (titre) : &#60;/b&#62;Vérification SLA Priorité B - Demande indispensable&#60;/div&#62;&#60;div&#62;&#60;b&#62;2) Joindre un fichier : &#60;/b&#62;Pas de document rattaché&#60;/div&#62;&#60;div&#62;&#60;b&#62;3) Description détaillée : &#60;/b&#62;&#60;p&#62;Vérification&#60;/p&#62;\n&#60;p&#62;un agent ordinaire (quelqu\'un qui ne fait pas partie d\'un groupe VIP) effectue une demande indispensable (code de catégorie qui contient le mot clef «INDISP», ce n\'est pas le bon SLA qui remonte&#60;/p&#62;&#60;/div&#62;&#60;/div&#62;',90),
(242,'Nouvelle demande - Demande de réservation d\'une imprimante','t_335',335,'Ticket','2','2025-06-10 20:49:05','2026-02-26 18:35:16',5,0,23,'&#60;div&#62;&#60;h1&#62;Données du formulaire&#60;/h1&#62;&#60;h2&#62;Description de la demande&#60;/h2&#62;&#60;div&#62;&#60;b&#62;1) Joindre un fichier : &#60;/b&#62;Pas de document rattaché&#60;/div&#62;&#60;div&#62;&#60;b&#62;2) Description détaillée : &#60;/b&#62;&#60;p&#62;Demande de réservation d\'une imprimante&#60;/p&#62;&#60;/div&#62;&#60;div&#62;&#60;b&#62;3) Court résumé (titre) : &#60;/b&#62;Demande de réservation d\'une imprimante&#60;/div&#62;&#60;/div&#62;',23),
(243,'Nouvelle demande - Bonjour, pouvez-vous m\'aider à configurer GLPI','t_336',336,'Ticket','2','2025-07-01 13:02:04','2025-07-01 13:06:37',0,0,60,'&#60;div&#62;&#60;h1&#62;Données du formulaire&#60;/h1&#62;&#60;h2&#62;Description de la demande&#60;/h2&#62;&#60;div&#62;&#60;b&#62;1) Description détaillée : &#60;/b&#62;&#60;p&#62;Je cherche à trouver une réponse pour le point 1&#60;/p&#62;&#60;/div&#62;&#60;div&#62;&#60;b&#62;2) Court résumé (titre) : &#60;/b&#62;Bonjour, pouvez-vous m\'aider à configurer GLPI&#60;/div&#62;&#60;div&#62;&#60;b&#62;3) Joindre un fichier : &#60;/b&#62;Pas de document rattaché&#60;/div&#62;&#60;/div&#62;',60),
(244,'Nouvelle demande - Association de périphérique au ticket','t_337',337,'Ticket','2','2025-09-10 14:34:05','2025-09-10 14:34:05',5,0,16,'&#60;div&#62;&#60;h1&#62;Données du formulaire&#60;/h1&#62;&#60;h2&#62;Description de la demande&#60;/h2&#62;&#60;div&#62;&#60;b&#62;1) Joindre un fichier : &#60;/b&#62;Pas de document rattaché&#60;/div&#62;&#60;div&#62;&#60;b&#62;2) Ajout d\'un périphérique : &#60;/b&#62;QEMU QEMU USB Tablet&#60;/div&#62;&#60;div&#62;&#60;b&#62;3) Description détaillée : &#60;/b&#62;&#60;p&#62;Association de périphérique au ticket&#60;/p&#62;&#60;/div&#62;&#60;div&#62;&#60;b&#62;4) Court résumé (titre) : &#60;/b&#62;Association de périphérique au ticket&#60;/div&#62;&#60;/div&#62;',16),
(245,'Nouvelle demande - Nouvelle demande pour un ajout de périphérique','t_338',338,'Ticket','2','2025-09-10 14:34:54','2025-09-10 14:34:54',0,0,2,'&#60;div&#62;&#60;h1&#62;Données du formulaire&#60;/h1&#62;&#60;h2&#62;Description de la demande&#60;/h2&#62;&#60;div&#62;&#60;b&#62;1) Joindre un fichier : &#60;/b&#62;Pas de document rattaché&#60;/div&#62;&#60;div&#62;&#60;b&#62;2) Ajout d\'un périphérique : &#60;/b&#62;Alcorlink USB Smart Card Reader&#60;/div&#62;&#60;div&#62;&#60;b&#62;3) Description détaillée : &#60;/b&#62;&#60;p&#62;Nouvelle demande &#60;/p&#62;&#60;/div&#62;&#60;div&#62;&#60;b&#62;4) Court résumé (titre) : &#60;/b&#62;Nouvelle demande pour un ajout de périphérique&#60;/div&#62;&#60;/div&#62;',2),
(251,'Assistance pour application gestion des coûts','t_344',344,'Ticket','2','2025-09-26 13:14:47','2025-09-26 13:14:47',13,0,91,'&#60;h1&#62;Données du formulaire&#60;/h1&#62;&#60;h2&#62;Section&#60;/h2&#62;&#60;div&#62;&#60;b&#62;1) Titre : &#60;/b&#62;Demande d\'information pour Chorus&#60;/div&#62;&#60;div&#62;&#60;b&#62;2) Sujet : &#60;/b&#62;Applications DAF &#38;#62; Chorus &#38;#62; Coeur &#38;#62; Budget&#60;/div&#62;&#60;div&#62;&#60;b&#62;3) Commentaire : &#60;/b&#62;&#60;p&#62;Pouvez-vous m\'aider svp ?&#60;/p&#62;&#60;/div&#62;&#60;div&#62;&#60;b&#62;4) Urgence : &#60;/b&#62;Moyenne&#60;/div&#62;',91),
(252,'Commande de portable : demande de périphérique','t_345',345,'Ticket','2','2025-10-06 15:08:43','2026-02-26 18:31:37',5,0,85,'&#60;div&#62;&#60;h1&#62;Données du formulaire&#60;/h1&#62;&#60;h2&#62;Description de la demande&#60;/h2&#62;&#60;div&#62;&#60;b&#62;1) Choix du matériel : &#60;/b&#62;Celestron™ CB2000C Compound Microscope&#60;/div&#62;&#60;div&#62;&#60;b&#62;2) Titre : &#60;/b&#62;demande de périphérique&#60;/div&#62;&#60;div&#62;&#60;b&#62;3) Profil de l\'utilisateur : &#60;/b&#62;Programmeur&#60;/div&#62;&#60;div&#62;&#60;b&#62;4) Lieu : &#60;/b&#62;Paris&#60;/div&#62;&#60;div&#62;&#60;b&#62;5) Urgence : &#60;/b&#62;Basse&#60;/div&#62;&#60;div&#62;&#60;b&#62;6) Description : &#60;/b&#62;&#60;/div&#62;&#60;div&#62;&#60;b&#62;7) Qui : &#60;/b&#62;&#60;br /&#62;&#60;/div&#62;&#60;/div&#62;',85),
(253,'Commande de portable : demande de périphérique - 02','t_346',346,'Ticket','4','2025-10-06 15:13:00','2025-12-30 20:58:15',5,0,22,'&#60;div&#62;&#60;h1&#62;Données du formulaire&#60;/h1&#62;&#60;h2&#62;Description de la demande&#60;/h2&#62;&#60;div&#62;&#60;b&#62;1) Choix du matériel : &#60;/b&#62;Celestron™ CB2000C Compound Microscope&#60;/div&#62;&#60;div&#62;&#60;b&#62;2) Titre : &#60;/b&#62;demande de périphérique - 02&#60;/div&#62;&#60;div&#62;&#60;b&#62;3) Profil de l\'utilisateur : &#60;/b&#62;&#60;/div&#62;&#60;div&#62;&#60;b&#62;4) Lieu : &#60;/b&#62;Paris&#60;/div&#62;&#60;div&#62;&#60;b&#62;5) Urgence : &#60;/b&#62;Basse&#60;/div&#62;&#60;div&#62;&#60;b&#62;6) Description : &#60;/b&#62;&#60;/div&#62;&#60;div&#62;&#60;b&#62;7) Qui : &#60;/b&#62;&#60;br /&#62;Labbé Carine&#60;/div&#62;&#60;/div&#62;',22),
(254,'Commande de portable : demande de périphérique - 03','t_347',347,'Ticket','5','2025-10-06 15:16:53','2026-02-18 20:19:21',5,0,85,'&#60;div&#62;&#60;h1&#62;Données du formulaire&#60;/h1&#62;&#60;h2&#62;Description de la demande&#60;/h2&#62;&#60;div&#62;&#60;b&#62;1) Choix du matériel : &#60;/b&#62;JumpDrive Tough&#60;/div&#62;&#60;div&#62;&#60;b&#62;2) Titre : &#60;/b&#62;demande de périphérique - 03&#60;/div&#62;&#60;div&#62;&#60;b&#62;3) Profil de l\'utilisateur : &#60;/b&#62;&#60;/div&#62;&#60;div&#62;&#60;b&#62;4) Lieu : &#60;/b&#62;Paris&#60;/div&#62;&#60;div&#62;&#60;b&#62;5) Urgence : &#60;/b&#62;Basse&#60;/div&#62;&#60;div&#62;&#60;b&#62;6) Description : &#60;/b&#62;&#60;/div&#62;&#60;div&#62;&#60;b&#62;7) Qui : &#60;/b&#62;&#60;br /&#62;&#60;/div&#62;&#60;/div&#62;',85),
(255,'Commande de portable : demande de périphérique - 04','t_348',348,'Ticket','2','2025-10-06 15:19:32','2025-12-30 21:31:18',0,0,85,'&#60;div&#62;&#60;h1&#62;Données du formulaire&#60;/h1&#62;&#60;h2&#62;Description de la demande&#60;/h2&#62;&#60;div&#62;&#60;b&#62;1) Choix du matériel : &#60;/b&#62;Lenovo USB Ethernet&#60;/div&#62;&#60;div&#62;&#60;b&#62;2) Titre : &#60;/b&#62;demande de périphérique - 04&#60;/div&#62;&#60;div&#62;&#60;b&#62;3) Profil de l\'utilisateur : &#60;/b&#62;&#60;/div&#62;&#60;div&#62;&#60;b&#62;4) Lieu : &#60;/b&#62;Bordeaux&#60;/div&#62;&#60;div&#62;&#60;b&#62;5) Urgence : &#60;/b&#62;Basse&#60;/div&#62;&#60;div&#62;&#60;b&#62;6) Description : &#60;/b&#62;&#60;/div&#62;&#60;div&#62;&#60;b&#62;7) Qui : &#60;/b&#62;&#60;br /&#62;&#60;/div&#62;&#60;/div&#62;',85),
(256,'Commande de portable : Commande de portable : demande de périphérique 05','t_349',349,'Ticket','2','2025-12-30 21:10:22','2025-12-30 21:33:14',0,0,2,'&#60;div&#62;\n&#60;h1&#62;Données du formulaire&#60;/h1&#62;\n&#60;h2&#62;Description de la demande&#60;/h2&#62;\n&#60;div&#62;&#60;strong&#62;1) Choix du matériel : &#60;/strong&#62;ELAN TrackPoint Device&#60;/div&#62;\n&#60;div&#62;&#60;strong&#62;2) Titre : &#60;/strong&#62;Commande de portable : demande de périphérique 05&#60;/div&#62;\n&#60;div&#62;&#60;strong&#62;3) Profil de l\'utilisateur : &#60;/strong&#62;Architecte&#60;/div&#62;\n&#60;div&#62;&#60;strong&#62;4) Lieu : &#60;/strong&#62;Angers&#60;/div&#62;\n&#60;div&#62;&#60;strong&#62;5) Urgence : &#60;/strong&#62;Moyenne&#60;/div&#62;\n&#60;div&#62;&#60;strong&#62;6) Description : &#60;/strong&#62;\n&#60;p&#62;Commande de portable : demande de périphérique 05&#60;/p&#62;\n&#60;/div&#62;\n&#60;div&#62;&#60;strong&#62;7) Qui : &#60;/strong&#62;&#60;/div&#62;\n&#60;/div&#62;',2),
(257,'Assistance pour application gestion des coûts','t_350',350,'Ticket','2','2025-12-30 21:38:25','2025-12-30 22:10:37',0,0,2,'&#60;h1&#62;Données du formulaire&#60;/h1&#62;&#60;h2&#62;Section&#60;/h2&#62;&#60;div&#62;&#60;b&#62;1) Titre : &#60;/b&#62;Demande de paramétrage de Chorus&#60;/div&#62;&#60;div&#62;&#60;b&#62;2) Sujet : &#60;/b&#62;Applications DAF &#38;#62; Chorus &#38;#62; Formulaires &#38;#62; Paramétrage&#60;/div&#62;&#60;div&#62;&#60;b&#62;3) Commentaire : &#60;/b&#62;&#60;p&#62;Demande de paramétrage de Chorus&#60;/p&#62;&#60;/div&#62;&#60;div&#62;&#60;b&#62;4) Urgence : &#60;/b&#62;Moyenne&#60;/div&#62;',2),
(258,'Test - MD - Ticket sauf choix D','t_351',351,'Ticket','2','2026-01-27 10:35:58','2026-01-27 10:35:58',0,0,85,'&#60;h1&#62;Données du formulaire&#60;/h1&#62;&#60;h2&#62;Section&#60;/h2&#62;&#60;div&#62;&#60;b&#62;1) Description : &#60;/b&#62;&#60;p&#62;Besoin d\'un applicatif de type Tableau de bord&#60;/p&#62;&#60;/div&#62;&#60;div&#62;&#60;b&#62;2) Quels sont vos besoins applicatifs ? : &#60;/b&#62;A&#60;/div&#62;',85),
(259,'Ticket Support externe','t_352',352,'Ticket','2','2026-01-27 10:37:56','2026-01-27 10:37:56',0,0,85,'&#60;div&#62;&#60;h1&#62;Données du formulaire&#60;/h1&#62;&#60;h2&#62;Section&#60;/h2&#62;&#60;div&#62;&#60;b&#62;1) Description : &#60;/b&#62;&#60;p&#62;Besoin d\'un applicatif TDB&#60;/p&#62;&#60;/div&#62;&#60;div&#62;&#60;b&#62;2) Quels sont vos besoins applicatifs ? : &#60;/b&#62;D&#60;/div&#62;&#60;/div&#62;',85),
(260,'Déménagement du bureau de Y. Gilat - Transport de matériel de \"Aéroport\" à \"Angers\"','t_353',353,'Ticket','2','2026-01-28 10:34:47','2026-01-28 10:35:53',0,0,85,'&#60;div&#62;&#60;strong&#62;[1] NOM, PRENOM de l\'agent DNUM ayant autorisé le transport&#60;/strong&#62; : Bernardo Andrée&#60;/div&#62;\n&#60;div&#62;&#60;strong&#62;[2] NOM, PRENOM de l\'agent SPIE réalisant le transport&#60;/strong&#62; : Chapon Marie&#60;/div&#62;\n&#60;div&#62;&#60;strong&#62;[3] Site de départ&#60;/strong&#62; : Aéroport&#60;/div&#62;\n&#60;div&#62;&#60;strong&#62;[4] Site de destination&#60;/strong&#62; : Angers&#60;/div&#62;\n&#60;div&#62;&#60;strong&#62;[5] Date&#60;/strong&#62; : 2026-02-02 12:00&#60;/div&#62;\n&#60;div&#62;[&#60;strong&#62;FIN]&#60;/strong&#62;&#60;/div&#62;\n&#60;div&#62;&#60;strong&#62;--- merci de ne rien écrire sous cette ligne ---&#60;/strong&#62;&#60;/div&#62;',85),
(261,'déménagement - Claudine  - Transport de matériel de \"Lyon\" à \"Angers\"','t_354',354,'Ticket','2','2026-01-28 10:49:39','2026-01-28 10:49:39',0,0,85,'&#60;div&#62;&#60;strong&#62;[1] NOM, PRENOM de l\'agent DNUM ayant autorisé le transport&#60;/strong&#62; : Bernardo Andrée&#60;/div&#62;\n&#60;div&#62;&#60;strong&#62;[2] NOM, PRENOM de l\'agent SPIE réalisant le transport&#60;/strong&#62; : Vidal Antoine&#60;/div&#62;\n&#60;div&#62;&#60;strong&#62;[3] Site de départ&#60;/strong&#62; : Lyon&#60;/div&#62;\n&#60;div&#62;&#60;strong&#62;[4] Site de destination&#60;/strong&#62; : Angers&#60;/div&#62;\n&#60;div&#62;&#60;strong&#62;[5] Date&#60;/strong&#62; :  &#60;/div&#62;\n&#60;div&#62;[&#60;strong&#62;FIN]&#60;/strong&#62;&#60;/div&#62;\n&#60;div&#62;&#60;strong&#62;--- merci de ne rien écrire sous cette ligne ---&#60;/strong&#62;&#60;/div&#62;',85),
(262,'Ticket Support externe','t_355',355,'Ticket','2','2026-01-28 16:05:52','2026-01-28 16:05:52',0,0,85,'&#60;div&#62;&#60;h1&#62;Données du formulaire&#60;/h1&#62;&#60;h2&#62;Section&#60;/h2&#62;&#60;div&#62;&#60;b&#62;1) Description : &#60;/b&#62;&#60;p&#62;besoin de support&#60;/p&#62;&#60;/div&#62;&#60;div&#62;&#60;b&#62;2) Quels sont vos besoins applicatifs ? : &#60;/b&#62;D&#60;/div&#62;&#60;/div&#62;',85),
(263,'Commande de portable : demande de périphérique','t_356',356,'Ticket','1','2026-01-28 16:11:28','2026-01-28 16:11:28',0,0,85,'&#60;div&#62;&#60;h1&#62;Données du formulaire&#60;/h1&#62;&#60;h2&#62;Description de la demande&#60;/h2&#62;&#60;div&#62;&#60;b&#62;1) Choix du matériel : &#60;/b&#62;Alcor Micro USB Smart Card Reader&#60;/div&#62;&#60;div&#62;&#60;b&#62;2) Titre : &#60;/b&#62;demande de périphérique&#60;/div&#62;&#60;div&#62;&#60;b&#62;3) Profil de l\'utilisateur : &#60;/b&#62;Programmeur&#60;/div&#62;&#60;div&#62;&#60;b&#62;4) Lieu : &#60;/b&#62;Angers&#60;/div&#62;&#60;div&#62;&#60;b&#62;5) Urgence : &#60;/b&#62;Basse&#60;/div&#62;&#60;div&#62;&#60;b&#62;6) Description : &#60;/b&#62;&#60;/div&#62;&#60;div&#62;&#60;b&#62;7) Qui : &#60;/b&#62;&#60;br /&#62;Durand Manuel&#60;/div&#62;&#60;/div&#62;',85),
(264,'Ticket Support externe','t_357',357,'Ticket','2','2026-01-28 16:12:22','2026-01-28 16:12:22',0,0,2,'&#60;div&#62;&#60;h1&#62;Données du formulaire&#60;/h1&#62;&#60;h2&#62;Section&#60;/h2&#62;&#60;div&#62;&#60;b&#62;1) Description : &#60;/b&#62;&#60;p&#62;Test d\'envoi de notification à des fournisseurs&#60;/p&#62;&#60;/div&#62;&#60;div&#62;&#60;b&#62;2) Quels sont vos besoins applicatifs ? : &#60;/b&#62;D&#60;/div&#62;&#60;/div&#62;',2),
(265,'Ticket Support externe','t_358',358,'Ticket','2','2026-01-28 16:15:15','2026-01-28 16:15:15',0,0,85,'&#60;div&#62;&#60;h1&#62;Données du formulaire&#60;/h1&#62;&#60;h2&#62;Section&#60;/h2&#62;&#60;div&#62;&#60;b&#62;1) Description : &#60;/b&#62;&#60;p&#62;Test d\'envoi pour les fournisseurs&#60;/p&#62;&#60;/div&#62;&#60;div&#62;&#60;b&#62;2) Quels sont vos besoins applicatifs ? : &#60;/b&#62;D&#60;/div&#62;&#60;/div&#62;',85),
(266,'Ticket Support externe','t_359',359,'Ticket','2','2026-01-28 16:18:07','2026-01-28 16:18:07',0,0,85,'&#60;div&#62;&#60;h1&#62;Données du formulaire&#60;/h1&#62;&#60;h2&#62;Section&#60;/h2&#62;&#60;div&#62;&#60;b&#62;1) Description : &#60;/b&#62;&#60;p&#62;Toujours tests pour fournisseurs&#60;/p&#62;&#60;/div&#62;&#60;div&#62;&#60;b&#62;2) Quels sont vos besoins applicatifs ? : &#60;/b&#62;D&#60;/div&#62;&#60;/div&#62;',85),
(267,'Ticket Support externe','t_360',360,'Ticket','6','2026-01-29 10:23:41','2026-01-29 10:23:41',0,0,85,'&#60;div&#62;&#60;h1&#62;Données du formulaire&#60;/h1&#62;&#60;h2&#62;Section&#60;/h2&#62;&#60;div&#62;&#60;b&#62;1) Description : &#60;/b&#62;&#60;p&#62;TEST 2 &#60;/p&#62;&#60;/div&#62;&#60;div&#62;&#60;b&#62;2) Quels sont vos besoins applicatifs ? : &#60;/b&#62;D&#60;/div&#62;&#60;/div&#62;',85),
(268,'Ticket Support externe','t_361',361,'Ticket','6','2026-01-29 10:27:33','2026-01-29 10:27:33',0,0,85,'&#60;div&#62;&#60;h1&#62;Données du formulaire&#60;/h1&#62;&#60;h2&#62;Section&#60;/h2&#62;&#60;div&#62;&#60;b&#62;1) Description : &#60;/b&#62;&#60;p&#62;test 3&#60;/p&#62;&#60;/div&#62;&#60;div&#62;&#60;b&#62;2) Quels sont vos besoins applicatifs ? : &#60;/b&#62;D&#60;/div&#62;&#60;/div&#62;',85),
(269,'Ticket Support externe','t_362',362,'Ticket','2','2026-01-29 10:36:23','2026-01-29 10:36:23',0,0,85,'&#60;div&#62;&#60;h1&#62;Données du formulaire&#60;/h1&#62;&#60;h2&#62;Section&#60;/h2&#62;&#60;div&#62;&#60;b&#62;1) Description : &#60;/b&#62;&#60;p&#62;test 4&#60;/p&#62;&#60;/div&#62;&#60;div&#62;&#60;b&#62;2) Quels sont vos besoins applicatifs ? : &#60;/b&#62;D&#60;/div&#62;&#60;/div&#62;',85),
(270,'Ticket Support externe','t_363',363,'Ticket','2','2026-01-29 10:48:56','2026-01-29 10:48:56',0,0,85,'&#60;div&#62;&#60;h1&#62;Données du formulaire&#60;/h1&#62;&#60;h2&#62;Section&#60;/h2&#62;&#60;div&#62;&#60;b&#62;1) Description : &#60;/b&#62;&#60;p&#62;tes 5&#60;/p&#62;&#60;/div&#62;&#60;div&#62;&#60;b&#62;2) Quels sont vos besoins applicatifs ? : &#60;/b&#62;D&#60;/div&#62;&#60;/div&#62;',85),
(271,'Ticket Support externe','t_364',364,'Ticket','2','2026-01-29 10:53:17','2026-01-29 10:53:17',0,0,85,'&#60;div&#62;&#60;h1&#62;Données du formulaire&#60;/h1&#62;&#60;h2&#62;Section&#60;/h2&#62;&#60;div&#62;&#60;b&#62;1) Description : &#60;/b&#62;&#60;p&#62;tes 6&#60;/p&#62;&#60;/div&#62;&#60;div&#62;&#60;b&#62;2) Quels sont vos besoins applicatifs ? : &#60;/b&#62;D&#60;/div&#62;&#60;/div&#62;',85),
(272,'Ticket Support externe','t_365',365,'Ticket','2','2026-01-29 10:59:03','2026-01-29 11:00:49',0,0,85,'&#60;div&#62;&#60;h1&#62;Données du formulaire&#60;/h1&#62;&#60;h2&#62;Section&#60;/h2&#62;&#60;div&#62;&#60;b&#62;1) Description : &#60;/b&#62;&#60;p&#62;test 7&#60;/p&#62;&#60;/div&#62;&#60;div&#62;&#60;b&#62;2) Quels sont vos besoins applicatifs ? : &#60;/b&#62;D&#60;/div&#62;&#60;/div&#62;',85),
(273,'Ticket Support externe','t_366',366,'Ticket','6','2026-01-29 11:19:38','2026-01-29 11:19:38',0,0,85,'&#60;div&#62;&#60;h1&#62;Données du formulaire&#60;/h1&#62;&#60;h2&#62;Section&#60;/h2&#62;&#60;div&#62;&#60;b&#62;1) Description : &#60;/b&#62;&#60;p&#62;test 8 avec les règles &#60;/p&#62;&#60;/div&#62;&#60;div&#62;&#60;b&#62;2) Quels sont vos besoins applicatifs ? : &#60;/b&#62;D&#60;/div&#62;&#60;/div&#62;',85),
(274,'Ticket Support externe','t_367',367,'Ticket','2','2026-01-29 11:22:49','2026-01-29 11:22:49',0,0,85,'&#60;div&#62;&#60;h1&#62;Données du formulaire&#60;/h1&#62;&#60;h2&#62;Section&#60;/h2&#62;&#60;div&#62;&#60;b&#62;1) Description : &#60;/b&#62;&#60;p&#62;test 10&#60;/p&#62;&#60;/div&#62;&#60;div&#62;&#60;b&#62;2) Quels sont vos besoins applicatifs ? : &#60;/b&#62;D&#60;/div&#62;&#60;/div&#62;',85),
(275,'Ticket Support externe','t_368',368,'Ticket','2','2026-01-29 11:26:14','2026-01-29 11:46:40',0,0,85,'&#60;div&#62;&#60;h1&#62;Données du formulaire&#60;/h1&#62;&#60;h2&#62;Section&#60;/h2&#62;&#60;div&#62;&#60;b&#62;1) Description : &#60;/b&#62;&#60;p&#62;test 11 sans gabarit&#60;/p&#62;&#60;/div&#62;&#60;div&#62;&#60;b&#62;2) Quels sont vos besoins applicatifs ? : &#60;/b&#62;D&#60;/div&#62;&#60;/div&#62;',85),
(276,'Ticket Support externe','t_369',369,'Ticket','2','2026-01-29 13:18:25','2026-02-27 14:07:06',0,0,85,'&#60;div&#62;&#60;h1&#62;Données du formulaire&#60;/h1&#62;&#60;h2&#62;Section&#60;/h2&#62;&#60;div&#62;&#60;b&#62;1) Description : &#60;/b&#62;&#60;p&#62;test 1212&#60;/p&#62;&#60;/div&#62;&#60;div&#62;&#60;b&#62;2) Quels sont vos besoins applicatifs ? : &#60;/b&#62;D&#60;/div&#62;&#60;/div&#62;',85),
(277,'Ticket Support externe','t_370',370,'Ticket','4','2026-01-29 13:21:06','2026-01-29 13:21:06',0,0,85,'&#60;div&#62;&#60;h1&#62;Données du formulaire&#60;/h1&#62;&#60;h2&#62;Section&#60;/h2&#62;&#60;div&#62;&#60;b&#62;1) Description : &#60;/b&#62;&#60;p&#62;test sans les autres règles&#60;/p&#62;&#60;/div&#62;&#60;div&#62;&#60;b&#62;2) Quels sont vos besoins applicatifs ? : &#60;/b&#62;D&#60;/div&#62;&#60;/div&#62;',85),
(278,'Ticket Support externe','t_371',371,'Ticket','2','2026-01-29 15:59:08','2026-01-29 15:59:08',0,0,85,'&#60;div&#62;&#60;h1&#62;Données du formulaire&#60;/h1&#62;&#60;h2&#62;Section&#60;/h2&#62;&#60;div&#62;&#60;b&#62;1) Description : &#60;/b&#62;&#60;p&#62;test &#60;/p&#62;&#60;/div&#62;&#60;div&#62;&#60;b&#62;2) Quels sont vos besoins applicatifs ? : &#60;/b&#62;D&#60;/div&#62;&#60;/div&#62;',85),
(279,'Ticket Support externe','t_372',372,'Ticket','2','2026-01-29 16:07:25','2026-01-29 16:07:25',0,0,85,'&#60;div&#62;&#60;h1&#62;Données du formulaire&#60;/h1&#62;&#60;h2&#62;Section&#60;/h2&#62;&#60;div&#62;&#60;b&#62;1) Description : &#60;/b&#62;&#60;p&#62;test &#60;/p&#62;&#60;/div&#62;&#60;div&#62;&#60;b&#62;2) Quels sont vos besoins applicatifs ? : &#60;/b&#62;D&#60;/div&#62;&#60;/div&#62;',85),
(280,'Ticket Support externe','t_373',373,'Ticket','2','2026-01-29 16:09:55','2026-01-29 16:11:12',0,0,85,'&#60;div&#62;&#60;h1&#62;Données du formulaire&#60;/h1&#62;&#60;h2&#62;Section&#60;/h2&#62;&#60;div&#62;&#60;b&#62;1) Description : &#60;/b&#62;&#60;p&#62;test &#60;/p&#62;&#60;/div&#62;&#60;div&#62;&#60;b&#62;2) Quels sont vos besoins applicatifs ? : &#60;/b&#62;D&#60;/div&#62;&#60;/div&#62;',85),
(281,'Ticket Support externe','t_374',374,'Ticket','2','2026-01-29 16:19:11','2026-01-29 16:19:11',0,0,85,'&#60;div&#62;&#60;h1&#62;Données du formulaire&#60;/h1&#62;&#60;h2&#62;Section&#60;/h2&#62;&#60;div&#62;&#60;b&#62;1) Description : &#60;/b&#62;&#60;p&#62;test &#60;/p&#62;&#60;/div&#62;&#60;div&#62;&#60;b&#62;2) Quels sont vos besoins applicatifs ? : &#60;/b&#62;D&#60;/div&#62;&#60;/div&#62;',85),
(282,'Ticket Support externe','t_375',375,'Ticket','2','2026-01-30 08:56:00','2026-01-30 08:56:00',0,0,85,'&#60;div&#62;&#60;h1&#62;Données du formulaire&#60;/h1&#62;&#60;h2&#62;Section&#60;/h2&#62;&#60;div&#62;&#60;b&#62;1) Description : &#60;/b&#62;&#60;p&#62;Test nouveau &#60;/p&#62;&#60;/div&#62;&#60;div&#62;&#60;b&#62;2) Quels sont vos besoins applicatifs ? : &#60;/b&#62;D&#60;/div&#62;&#60;/div&#62;',85),
(283,'Ticket Support externe','t_376',376,'Ticket','6','2026-01-30 08:57:15','2026-01-30 08:57:15',0,0,85,'&#60;div&#62;&#60;h1&#62;Données du formulaire&#60;/h1&#62;&#60;h2&#62;Section&#60;/h2&#62;&#60;div&#62;&#60;b&#62;1) Description : &#60;/b&#62;&#60;p&#62;Nouveau tests finalisation&#60;/p&#62;&#60;/div&#62;&#60;div&#62;&#60;b&#62;2) Quels sont vos besoins applicatifs ? : &#60;/b&#62;D&#60;/div&#62;&#60;/div&#62;',85),
(284,'Ticket support externe application A','t_377',377,'Ticket','6','2026-01-30 09:17:34','2026-01-30 09:17:34',0,0,85,'&#60;h1&#62;Données du formulaire&#60;/h1&#62;&#60;h2&#62;Section&#60;/h2&#62;&#60;div&#62;&#60;b&#62;1) Description : &#60;/b&#62;&#60;p&#62;test avec 2 cibles d\'applications&#60;/p&#62;&#60;/div&#62;&#60;div&#62;&#60;b&#62;2) Quels sont vos besoins applicatifs ? : &#60;/b&#62;A&#60;/div&#62;',85),
(285,'TEST-MD-support externe','f_116',116,'PluginFormcreatorFormAnswer','6','2026-01-30 09:18:43','2026-01-30 09:18:43',0,1,85,'',85),
(286,'Clone of Assistance pour application gestion des coûts','t_380',380,'Ticket','5','2025-12-30 21:38:25','2026-02-18 20:22:54',0,0,86,'&#60;h1&#62;Données du formulaire&#60;/h1&#62;&#60;h2&#62;Section&#60;/h2&#62;&#60;div&#62;&#60;b&#62;1) Titre : &#60;/b&#62;Demande de paramétrage de Chorus&#60;/div&#62;&#60;div&#62;&#60;b&#62;2) Sujet : &#60;/b&#62;Applications DAF &#38;#62; Chorus &#38;#62; Formulaires &#38;#62; Paramétrage&#60;/div&#62;&#60;div&#62;&#60;b&#62;3) Commentaire : &#60;/b&#62;&#60;p&#62;Demande de paramétrage de Chorus&#60;/p&#62;&#60;/div&#62;&#60;div&#62;&#60;b&#62;4) Urgence : &#60;/b&#62;Moyenne&#60;/div&#62;',86),
(287,'Clone of Assistance pour application gestion des coûts (copie)','t_381',381,'Ticket','5','2025-12-30 21:38:25','2026-02-18 20:18:36',0,0,86,'&#60;h1&#62;Données du formulaire&#60;/h1&#62;&#60;h2&#62;Section&#60;/h2&#62;&#60;div&#62;&#60;b&#62;1) Titre : &#60;/b&#62;Demande de paramétrage de Chorus&#60;/div&#62;&#60;div&#62;&#60;b&#62;2) Sujet : &#60;/b&#62;Applications DAF &#38;#62; Chorus &#38;#62; Formulaires &#38;#62; Paramétrage&#60;/div&#62;&#60;div&#62;&#60;b&#62;3) Commentaire : &#60;/b&#62;&#60;p&#62;Demande de paramétrage de Chorus&#60;/p&#62;&#60;/div&#62;&#60;div&#62;&#60;b&#62;4) Urgence : &#60;/b&#62;Moyenne&#60;/div&#62;',86),
(288,'Commande de portable : demande de périphérique (copie)','t_382',382,'Ticket','2','2025-10-06 15:08:43','2026-02-26 19:46:25',5,0,85,'&#60;div&#62;&#60;h1&#62;Données du formulaire&#60;/h1&#62;&#60;h2&#62;Description de la demande&#60;/h2&#62;&#60;div&#62;&#60;b&#62;1) Choix du matériel : &#60;/b&#62;Celestron™ CB2000C Compound Microscope&#60;/div&#62;&#60;div&#62;&#60;b&#62;2) Titre : &#60;/b&#62;demande de périphérique&#60;/div&#62;&#60;div&#62;&#60;b&#62;3) Profil de l\'utilisateur : &#60;/b&#62;Programmeur&#60;/div&#62;&#60;div&#62;&#60;b&#62;4) Lieu : &#60;/b&#62;Paris&#60;/div&#62;&#60;div&#62;&#60;b&#62;5) Urgence : &#60;/b&#62;Basse&#60;/div&#62;&#60;div&#62;&#60;b&#62;6) Description : &#60;/b&#62;&#60;/div&#62;&#60;div&#62;&#60;b&#62;7) Qui : &#60;/b&#62;&#60;br /&#62;&#60;/div&#62;&#60;/div&#62;',85),
(289,'Copie de Commande de portable : demande de périphérique','t_383',383,'Ticket','2','2025-10-06 15:08:43','2026-02-24 15:21:32',5,0,16,'&#60;div&#62;&#60;h1&#62;Données du formulaire&#60;/h1&#62;&#60;h2&#62;Description de la demande&#60;/h2&#62;&#60;div&#62;&#60;b&#62;1) Choix du matériel : &#60;/b&#62;Celestron™ CB2000C Compound Microscope&#60;/div&#62;&#60;div&#62;&#60;b&#62;2) Titre : &#60;/b&#62;demande de périphérique&#60;/div&#62;&#60;div&#62;&#60;b&#62;3) Profil de l\'utilisateur : &#60;/b&#62;Programmeur&#60;/div&#62;&#60;div&#62;&#60;b&#62;4) Lieu : &#60;/b&#62;Paris&#60;/div&#62;&#60;div&#62;&#60;b&#62;5) Urgence : &#60;/b&#62;Basse&#60;/div&#62;&#60;div&#62;&#60;b&#62;6) Description : &#60;/b&#62;&#60;/div&#62;&#60;div&#62;&#60;b&#62;7) Qui : &#60;/b&#62;&#60;br /&#62;&#60;/div&#62;&#60;/div&#62;',16),
(290,'Copie de Copie de Commande de portable : demande de périphérique','t_384',384,'Ticket','5','2025-10-06 15:08:43','2026-02-27 13:59:26',0,0,16,'&#60;div&#62;&#60;h1&#62;Données du formulaire&#60;/h1&#62;&#60;h2&#62;Description de la demande&#60;/h2&#62;&#60;div&#62;&#60;b&#62;1) Choix du matériel : &#60;/b&#62;Celestron™ CB2000C Compound Microscope&#60;/div&#62;&#60;div&#62;&#60;b&#62;2) Titre : &#60;/b&#62;demande de périphérique&#60;/div&#62;&#60;div&#62;&#60;b&#62;3) Profil de l\'utilisateur : &#60;/b&#62;Programmeur&#60;/div&#62;&#60;div&#62;&#60;b&#62;4) Lieu : &#60;/b&#62;Paris&#60;/div&#62;&#60;div&#62;&#60;b&#62;5) Urgence : &#60;/b&#62;Basse&#60;/div&#62;&#60;div&#62;&#60;b&#62;6) Description : &#60;/b&#62;&#60;/div&#62;&#60;div&#62;&#60;b&#62;7) Qui : &#60;/b&#62;&#60;br /&#62;&#60;/div&#62;&#60;/div&#62;',16),
(291,'Ticket Support externe (copie)','t_385',385,'Ticket','2','2026-01-29 13:18:25','2026-02-27 14:09:09',0,0,85,'&#60;div&#62;&#60;h1&#62;Données du formulaire&#60;/h1&#62;&#60;h2&#62;Section&#60;/h2&#62;&#60;div&#62;&#60;b&#62;1) Description : &#60;/b&#62;&#60;p&#62;test 1212&#60;/p&#62;&#60;/div&#62;&#60;div&#62;&#60;b&#62;2) Quels sont vos besoins applicatifs ? : &#60;/b&#62;D&#60;/div&#62;&#60;/div&#62;',85),
(292,'Test groupe technicien obligatoire','t_386',386,'Ticket','2','2026-02-27 13:11:58','2026-03-05 20:37:45',13,0,18,'&#60;p&#62;Test groupe technicien obligatoire&#60;/p&#62;',18);

--
