--
-- Host: localhost    Database: g_1023b_meae
-- ------------------------------------------------------


--
-- Table structure for table `backup_glpi_plugin_formcreator_formanswers`
--

CREATE TABLE `backup_glpi_plugin_formcreator_formanswers` (
  `id` int(11) NOT NULL AUTO_INCREMENT,
  `name` varchar(255) NOT NULL DEFAULT '',
  `entities_id` int(11) NOT NULL DEFAULT 0,
  `is_recursive` tinyint(1) NOT NULL DEFAULT 0,
  `plugin_formcreator_forms_id` int(11) NOT NULL,
  `requester_id` int(11) DEFAULT NULL,
  `users_id_validator` int(11) DEFAULT NULL,
  `groups_id_validator` int(11) DEFAULT NULL,
  `request_date` timestamp NOT NULL DEFAULT current_timestamp() ON UPDATE current_timestamp(),
  `status` enum('waiting','refused','accepted') NOT NULL DEFAULT 'waiting',
  `comment` text DEFAULT NULL,
  PRIMARY KEY (`id`),
  KEY `plugin_formcreator_forms_id` (`plugin_formcreator_forms_id`),
  KEY `entities_id_is_recursive` (`entities_id`,`is_recursive`),
  KEY `requester_id` (`requester_id`),
  KEY `users_id_validator` (`users_id_validator`),
  KEY `groups_id_validator` (`groups_id_validator`)
) ENGINE=InnoDB AUTO_INCREMENT=219 DEFAULT CHARSET=utf8mb3 COLLATE=utf8mb3_unicode_ci;

--
-- Dumping data for table `backup_glpi_plugin_formcreator_formanswers`
--

INSERT INTO `backup_glpi_plugin_formcreator_formanswers` VALUES
(1,'test soumission fichier &#039;&#039;&#039;&#039;&#039;&#039;&#039;&#039;&#039;&#039;',0,1,54,2,0,0,'2018-12-10 23:08:55','accepted',NULL),
(2,'Test tous les champs',1,1,56,16,0,0,'2018-12-10 23:20:29','accepted',NULL),
(3,'Test tous les champs',1,1,56,16,0,0,'2018-12-10 23:29:12','accepted',NULL),
(4,'Test tous les champs',1,1,56,16,0,0,'2018-12-10 23:46:41','accepted',NULL),
(5,'Test tous les champs',1,1,56,16,0,0,'2018-12-12 00:56:32','accepted',NULL),
(62,'Test tous les champs',1,1,56,16,0,0,'2018-12-12 20:44:54','accepted',NULL),
(63,'Test tous les champs',1,1,56,16,0,0,'2018-12-12 20:56:48','accepted',NULL),
(65,'test soumission fichier &#039;&#039;&#039;&#039;&#039;&#039;&#039;&#039;&#039;&#039;',0,1,54,2,0,0,'2018-12-13 20:57:07','accepted',NULL),
(66,'test soumission fichier &#039;&#039;&#039;&#039;&#039;&#039;&#039;&#039;&#039;&#039;',1,1,54,23,0,0,'2018-12-13 21:02:06','accepted',NULL),
(67,'test soumission fichier &#039;&#039;&#039;&#039;&#039;&#039;&#039;&#039;&#039;&#039;',0,1,54,12,0,0,'2018-12-13 21:05:41','accepted',NULL),
(70,'Formulaire Tobbi',0,0,63,2,0,0,'2018-12-14 15:56:22','accepted',NULL),
(71,'Formulaire Tobbi',0,0,63,2,0,0,'2018-12-14 18:31:04','accepted',NULL),
(72,'Formulaire Tobbi',0,0,63,2,0,0,'2018-12-14 18:46:39','accepted',NULL),
(73,'Formulaire Tobbi',2,0,63,2,0,0,'2018-12-14 18:48:56','accepted',NULL),
(74,'Test soumission fichier',0,1,54,12,0,0,'2018-12-14 18:56:11','accepted',NULL),
(75,'Formulaire Tobbi',2,0,63,12,0,0,'2018-12-14 19:13:10','accepted',NULL),
(76,'Test soumission fichier',1,1,54,12,0,0,'2018-12-14 19:20:27','accepted',NULL),
(77,'Test soumission fichier',1,1,54,15,0,0,'2018-12-17 13:04:51','accepted',NULL),
(78,'Formulaire Tobbi',2,0,63,15,0,0,'2018-12-17 13:07:16','accepted',NULL),
(81,'Test JH',0,0,69,15,0,0,'2019-01-09 13:07:52','waiting',NULL),
(82,'Formulaire Tobbi',2,0,63,2,0,0,'2019-01-09 15:06:42','waiting',NULL),
(83,'Formulaire Tobbi',2,0,63,2,0,0,'2019-01-09 15:12:35','waiting',NULL),
(84,'Formulaire Tobbi',2,0,63,2,0,0,'2019-01-09 15:42:31','accepted',NULL),
(85,'Formulaire Tobbi',2,0,63,2,0,0,'2019-01-09 15:46:39','accepted',NULL),
(86,'Formulaire Tobbi',2,0,63,2,0,0,'2019-01-09 15:47:20','accepted',NULL),
(87,'Formulaire Tobbi',2,0,63,2,0,0,'2019-01-09 15:51:02','accepted',NULL),
(89,'Formulaire Tobbi',2,0,63,2,0,0,'2019-01-09 16:05:36','accepted',NULL),
(90,'Formulaire Tobbi',2,0,63,2,0,0,'2019-01-09 16:06:12','accepted',NULL),
(91,'Formulaire Tobbi',2,0,63,2,0,0,'2019-01-09 16:06:31','accepted',NULL),
(92,'Application Oracle',2,1,50,15,0,0,'2019-01-14 16:49:09','accepted',NULL),
(93,'Application Oracle',2,1,50,2,0,0,'2019-01-14 17:24:49','accepted',NULL),
(94,'Formulaire Tobbi',2,0,63,2,0,0,'2019-01-15 16:56:55','accepted',NULL),
(95,'Formulaire Tobbi',2,0,63,2,0,0,'2019-01-15 19:15:25','accepted',NULL),
(96,'Formulaire Tobbi',2,0,63,2,0,0,'2019-01-15 19:16:28','accepted',NULL),
(97,'Formulaire Tobbi',2,0,63,2,0,0,'2019-01-15 19:22:59','accepted',NULL),
(98,'Formulaire Tobbi',2,0,63,2,0,0,'2019-01-15 20:01:33','accepted',NULL),
(99,'Formulaire Tobbi',2,0,63,2,0,0,'2019-01-15 20:02:34','accepted',NULL),
(100,'Formulaire Tobbi',2,0,63,2,0,0,'2019-01-15 20:03:17','accepted',NULL),
(101,'Formulaire Tobbi',2,0,63,2,0,0,'2019-01-15 20:05:15','accepted',NULL),
(102,'Formulaire Tobbi',2,0,63,2,0,0,'2019-01-15 20:06:23','accepted',NULL),
(103,'Formulaire Tobbi',2,0,63,2,0,0,'2019-01-15 20:09:57','accepted',NULL),
(104,'Formulaire Tobbi',2,0,63,2,0,0,'2019-01-15 20:30:26','accepted',NULL),
(105,'Formulaire Tobbi',2,0,63,2,0,0,'2019-01-15 20:31:56','accepted',NULL),
(106,'Formulaire Tobbi',2,0,63,2,0,0,'2019-01-15 20:37:34','accepted',NULL),
(107,'Formulaire Tobbi',2,0,63,2,0,0,'2019-01-15 20:42:36','accepted',NULL),
(108,'Formulaire Tobbi',2,0,63,2,0,0,'2019-01-15 20:43:17','accepted',NULL),
(109,'Formulaire Tobbi',2,0,63,2,0,0,'2019-01-15 20:57:33','accepted',NULL),
(110,'Formulaire Tobbi',2,0,63,2,0,0,'2019-01-15 20:59:56','accepted',NULL),
(111,'Formulaire Tobbi',2,0,63,2,0,0,'2019-01-15 21:03:12','accepted',NULL),
(112,'Formulaire Tobbi',2,0,63,2,0,0,'2019-01-15 21:09:23','accepted',NULL),
(113,'Formulaire Tobbi',2,0,63,2,0,0,'2019-01-15 21:17:16','accepted',NULL),
(114,'Formulaire Tobbi',2,0,63,2,0,0,'2019-01-15 21:17:47','accepted',NULL),
(115,'Formulaire Tobbi',2,0,63,2,0,0,'2019-01-15 21:25:03','accepted',NULL),
(116,'Test JH',0,0,69,15,0,0,'2019-01-24 14:32:23','accepted',NULL),
(117,'test backslash',0,1,70,15,0,0,'2019-01-24 14:40:11','accepted',NULL),
(118,'test backslash',0,1,70,15,0,0,'2019-01-24 15:19:37','accepted',NULL),
(119,'test backslash',0,1,70,15,0,0,'2019-01-24 15:20:51','accepted',NULL),
(120,'Test JH',0,0,69,36,0,0,'2019-01-24 18:47:16','accepted',NULL),
(121,'test backslash',0,1,70,2,0,0,'2019-01-24 18:57:20','accepted',NULL),
(122,'test backslash',0,1,70,2,0,0,'2019-01-24 18:59:38','accepted',NULL),
(123,'Formulaire Tobbi',2,0,63,16,0,0,'2019-01-24 21:47:53','accepted',NULL),
(124,'test backslash',0,1,70,2,0,0,'2019-01-25 18:36:16','accepted',NULL),
(125,'test backslash',0,1,70,2,0,0,'2019-01-25 18:47:27','accepted',NULL),
(126,'test backslash',0,1,70,2,0,0,'2019-01-25 18:49:01','accepted',NULL),
(127,'test backslash',0,1,70,2,0,0,'2019-01-25 18:54:09','accepted',NULL),
(128,'test backslash',0,1,70,2,0,0,'2019-01-25 19:11:07','accepted',NULL),
(129,'test backslash',0,1,70,2,0,0,'2019-01-25 19:13:12','accepted',NULL),
(130,'test backslash',0,1,70,2,0,0,'2019-01-25 19:15:41','accepted',NULL),
(131,'Arriv&eacute;e d&#039;un nouvelle utilisateur',0,1,57,25,0,0,'2019-01-25 20:42:21','accepted',NULL),
(132,'Formulaire Tobbi',2,0,63,25,0,0,'2019-01-25 20:42:44','accepted',NULL),
(133,'Test Accent Champs ',0,1,52,25,0,0,'2019-01-25 20:43:48','accepted',NULL),
(134,'Arriv&eacute;e d&#039;un nouvelle utilisateur',0,1,57,25,0,0,'2019-01-25 20:48:16','accepted',NULL),
(136,'Arriv&eacute;e d&#039;un nouvelle utilisateur',1,1,57,25,0,0,'2019-01-25 21:31:47','accepted',NULL),
(137,'Test Accent Champs ',1,1,52,25,0,0,'2019-01-25 22:00:43','accepted',NULL),
(138,'Arriv&eacute;e d&#039;un nouvelle utilisateur',1,1,57,25,0,0,'2019-01-25 22:08:52','accepted',NULL),
(139,'Test Accent Champs ',1,1,52,25,0,0,'2019-01-25 22:09:24','accepted',NULL),
(140,'Test JH',2,0,69,54,0,0,'2019-02-12 18:36:41','accepted',NULL),
(141,'Application Oracle',2,1,50,16,0,0,'2019-02-26 19:43:58','accepted',NULL),
(142,'Application Oracle',2,1,50,16,0,0,'2019-02-27 14:20:21','accepted',NULL),
(143,'Arriv&eacute;e d&#039;un nouvelle utilisateur',1,1,57,2,0,0,'2019-03-07 14:43:45','accepted',NULL),
(144,'test backslash',0,1,70,15,0,0,'2019-03-26 18:08:16','accepted',NULL),
(145,'Formulaire Tobbi',1,1,63,16,0,0,'2019-04-02 14:16:37','accepted',NULL),
(146,'Formulaire Tobbi',0,1,63,16,0,0,'2019-04-02 14:26:03','accepted',NULL),
(147,'Application Oracle',2,1,50,27,0,0,'2019-04-02 15:33:32','accepted',NULL),
(148,'Application Oracle',2,1,50,2,0,0,'2019-04-25 17:35:05','accepted',NULL),
(149,'Application Oracle',2,1,50,16,0,0,'2019-04-26 19:37:25','accepted',NULL),
(150,'Application Oracle',2,1,50,16,0,0,'2019-04-26 20:37:41','accepted',NULL),
(151,'Arriv&eacute;e d&#039;un nouvelle utilisateur',1,1,57,2,0,0,'2019-05-03 16:08:10','accepted',NULL),
(152,'Arriv&eacute;e d&#039;un nouvelle utilisateur',1,1,57,16,0,0,'2019-05-03 16:15:47','accepted',NULL),
(153,'Arriv&eacute;e d&#039;un nouvelle utilisateur',1,1,57,16,0,0,'2019-05-03 16:36:31','accepted',NULL),
(154,'Arriv&eacute;e d&#039;un nouvelle utilisateur',1,1,57,16,0,0,'2019-05-03 17:19:23','accepted',NULL),
(155,'Arriv&eacute;e d&#039;un nouvelle utilisateur',1,1,57,16,0,0,'2019-05-03 17:23:20','accepted',NULL),
(156,'Arriv&eacute;e d&#039;un nouvelle utilisateur',1,1,57,16,0,0,'2019-05-03 17:48:33','accepted',NULL),
(157,'Application Oracle',2,1,50,16,0,0,'2019-05-03 18:18:47','accepted',NULL),
(158,'Arriv&eacute;e d&#039;un nouvelle utilisateur',1,1,57,16,0,0,'2019-05-06 19:57:20','accepted',NULL),
(159,'Arriv&eacute;e d&#039;un nouvelle utilisateur',1,1,57,16,0,0,'2019-05-06 20:04:08','accepted',NULL),
(160,'R&eacute;cup&eacute;ration de fichier ou courriel',0,1,74,2,0,0,'2019-05-08 16:38:15','accepted',NULL),
(161,'Arrivée d\'un nouvelle utilisateur',0,1,57,16,0,0,'2019-05-08 16:40:35','accepted',NULL),
(162,'Récupération de fichier ou courriel',0,1,74,16,0,0,'2019-05-08 16:46:03','accepted',NULL),
(163,'Application Oracle',0,1,50,16,0,0,'2019-05-08 16:47:57','accepted',NULL),
(164,'Test tous les champs',0,1,56,2,0,0,'2019-05-08 18:02:07','accepted',NULL),
(165,'Arrivée d\'un nouvelle utilisateur',0,1,57,16,26,0,'2019-05-14 14:52:57','waiting',NULL),
(166,'Récupération de fichier ou courriel',1,1,74,26,0,0,'2019-05-14 19:21:50','accepted',NULL),
(167,'Récupération de fichier ou courriel',0,1,74,2,0,0,'2019-06-03 15:07:54','accepted',NULL),
(168,'Récupération de fichier ou courriel',0,1,74,2,0,0,'2019-06-03 15:19:18','accepted',NULL),
(169,'Application Oracle',0,1,50,2,0,0,'2019-06-03 15:22:09','accepted',NULL),
(170,'Application Oracle',0,1,50,56,0,0,'2019-06-03 17:51:40','accepted',NULL),
(171,'Application Oracle',0,1,50,56,0,0,'2019-06-03 17:59:46','accepted',NULL),
(172,'Test soumission fichier',0,1,54,2,0,0,'2019-06-04 14:38:53','accepted',NULL),
(173,'Récupération de fichier ou courriel',0,1,74,56,0,0,'2019-06-05 14:21:48','accepted',NULL),
(174,'Test soumission fichier',0,1,54,56,0,0,'2019-06-05 15:33:14','accepted',NULL),
(175,'Tests P.J. obligatoires',0,1,75,56,0,0,'2019-06-05 15:34:05','accepted',NULL),
(176,'Test soumission fichier',0,1,54,56,0,0,'2019-06-05 15:35:47','accepted',NULL),
(177,'Test soumission fichier',0,1,54,2,0,0,'2019-06-10 17:45:54','accepted',NULL),
(178,'Test soumission fichier',0,1,54,2,0,0,'2019-06-10 18:04:03','accepted',NULL),
(179,'Récupération de fichier ou courriel',0,1,74,56,0,0,'2019-06-10 18:05:19','accepted',NULL),
(180,'Application Oracle',0,1,50,56,0,0,'2019-06-10 18:08:54','accepted',NULL),
(181,'Application Oracle',0,1,50,56,0,0,'2019-06-10 18:09:25','accepted',NULL),
(182,'Application Oracle',0,1,50,56,0,0,'2019-06-10 18:09:50','accepted',NULL),
(183,'Récupération de fichier ou courriel',0,1,74,2,0,0,'2019-06-10 18:10:06','accepted',NULL),
(184,'Application Oracle',0,1,50,56,0,0,'2019-06-10 18:10:21','accepted',NULL),
(185,'Application Oracle',0,1,50,56,0,0,'2019-06-10 18:10:42','accepted',NULL),
(186,'Application Oracle',0,1,50,56,0,0,'2019-06-10 18:11:33','accepted',NULL),
(187,'Application Oracle',0,1,50,56,0,0,'2019-06-10 18:12:24','accepted',NULL),
(188,'Récupération de fichier ou courriel',0,1,74,2,0,0,'2019-06-10 18:16:19','accepted',NULL),
(189,'Récupération de fichier ou courriel',0,1,74,56,0,0,'2019-06-10 18:16:41','accepted',NULL),
(190,'Récupération de fichier ou courriel',0,1,74,16,0,0,'2019-06-10 18:17:36','accepted',NULL),
(191,'Récupération de fichier ou courriel',0,1,74,56,0,0,'2019-06-10 18:20:54','accepted',NULL),
(192,'Application Oracle',0,1,50,56,0,0,'2019-06-10 18:22:28','accepted',NULL),
(193,'Récupération de fichier ou courriel',0,1,74,16,0,0,'2019-06-10 18:24:13','accepted',NULL),
(194,'Récupération de fichier ou courriel',0,1,74,56,0,0,'2019-06-10 18:24:45','accepted',NULL),
(195,'Récupération de fichier ou courriel',0,1,74,56,0,0,'2019-06-10 18:26:43','accepted',NULL),
(196,'Récupération de fichier ou courriel',0,1,74,16,0,0,'2019-06-10 18:38:28','accepted',NULL),
(197,'Récupération de fichier ou courriel',0,1,74,56,0,0,'2019-06-10 18:39:08','accepted',NULL),
(198,'Récupération de fichier ou courriel',0,1,74,56,0,0,'2019-06-10 18:39:58','accepted',NULL),
(199,'Récupération de fichier ou courriel',0,1,74,56,0,0,'2019-06-10 18:40:23','accepted',NULL),
(200,'Récupération de fichier ou courriel',0,1,74,56,0,0,'2019-06-10 18:41:02','accepted',NULL),
(201,'Récupération de fichier ou courriel',0,1,74,56,0,0,'2019-06-10 18:42:54','accepted',NULL),
(202,'Test soumission fichier',0,1,54,2,0,0,'2019-06-12 13:06:48','accepted',NULL),
(203,'Test soumission fichier',0,1,54,2,0,0,'2019-06-12 13:08:26','accepted',NULL),
(204,'Récupération de fichier ou courriel',0,1,74,15,0,0,'2019-06-17 14:31:35','accepted',NULL),
(205,'Récupération de fichier ou courriel',0,1,74,15,0,0,'2019-06-17 14:32:13','accepted',NULL),
(206,'Récupération de fichier ou courriel',0,1,74,15,0,0,'2019-06-17 14:34:19','accepted',NULL),
(207,'Récupération de fichier ou courriel',0,1,74,15,0,0,'2019-06-17 14:35:11','accepted',NULL),
(208,'Récupération de fichier ou courriel',0,1,74,15,0,0,'2019-06-17 14:35:56','accepted',NULL),
(209,'Récupération de fichier ou courriel',0,1,74,15,0,0,'2019-06-17 14:36:12','accepted',NULL),
(210,'Récupération de fichier ou courriel',0,1,74,15,0,0,'2019-06-17 14:36:35','accepted',NULL),
(211,'Récupération de fichier ou courriel',0,1,74,2,0,0,'2019-06-17 15:44:04','accepted',NULL),
(212,'Récupération de fichier ou courriel',0,1,74,56,0,0,'2019-06-17 20:48:07','accepted',NULL),
(213,'Récupération de fichier ou courriel',0,1,74,56,0,0,'2019-06-17 20:49:07','accepted',NULL),
(214,'Récupération de fichier ou courriel',0,1,74,56,0,0,'2019-06-17 20:49:45','accepted',NULL),
(215,'Récupération de fichier ou courriel',0,1,74,56,0,0,'2019-06-17 20:50:19','accepted',NULL),
(216,'Application Oracle',0,1,50,56,0,0,'2019-06-17 20:50:52','accepted',NULL),
(217,'Application Oracle',0,1,50,56,0,0,'2019-06-17 20:51:17','accepted',NULL),
(218,'Arrivée d\'un nouvelle utilisateur',0,1,57,16,0,0,'2019-06-18 21:08:53','accepted',NULL);

--
-- Table structure for table `backup_glpi_plugin_formcreator_targetchanges_actors`
--

CREATE TABLE `backup_glpi_plugin_formcreator_targetchanges_actors` (
  `id` int(11) NOT NULL AUTO_INCREMENT,
  `plugin_formcreator_targetchanges_id` int(11) NOT NULL,
  `actor_role` int(11) NOT NULL DEFAULT 1,
  `actor_type` int(11) NOT NULL DEFAULT 1,
  `actor_value` int(11) DEFAULT NULL,
  `use_notification` tinyint(1) NOT NULL DEFAULT 1,
  `uuid` varchar(255) DEFAULT NULL,
  PRIMARY KEY (`id`),
  KEY `plugin_formcreator_targetchanges_id` (`plugin_formcreator_targetchanges_id`)
) ENGINE=InnoDB DEFAULT CHARSET=utf8mb3 COLLATE=utf8mb3_unicode_ci;

--
-- Dumping data for table `backup_glpi_plugin_formcreator_targetchanges_actors`
--


--
-- Table structure for table `backup_glpi_plugin_formcreator_targets`
--

CREATE TABLE `backup_glpi_plugin_formcreator_targets` (
  `id` int(11) NOT NULL AUTO_INCREMENT,
  `plugin_formcreator_forms_id` int(11) NOT NULL,
  `itemtype` varchar(100) NOT NULL DEFAULT 'PluginFormcreatorTargetTicket',
  `items_id` int(11) NOT NULL DEFAULT 0,
  `name` varchar(255) NOT NULL DEFAULT '',
  `uuid` varchar(255) DEFAULT NULL,
  PRIMARY KEY (`id`),
  KEY `plugin_formcreator_forms_id` (`plugin_formcreator_forms_id`),
  KEY `itemtype_items_id` (`itemtype`,`items_id`)
) ENGINE=InnoDB DEFAULT CHARSET=utf8mb3 COLLATE=utf8mb3_unicode_ci;

--
-- Dumping data for table `backup_glpi_plugin_formcreator_targets`
--


--
-- Table structure for table `backup_glpi_plugin_formcreator_targettickets_actors`
--

CREATE TABLE `backup_glpi_plugin_formcreator_targettickets_actors` (
  `id` int(11) NOT NULL AUTO_INCREMENT,
  `plugin_formcreator_targettickets_id` int(11) NOT NULL,
  `actor_role` int(11) NOT NULL DEFAULT 1,
  `actor_type` int(11) NOT NULL DEFAULT 1,
  `actor_value` int(11) DEFAULT NULL,
  `use_notification` tinyint(1) NOT NULL DEFAULT 1,
  `uuid` varchar(255) DEFAULT NULL,
  PRIMARY KEY (`id`),
  KEY `plugin_formcreator_targettickets_id` (`plugin_formcreator_targettickets_id`)
) ENGINE=InnoDB AUTO_INCREMENT=23 DEFAULT CHARSET=utf8mb3 COLLATE=utf8mb3_unicode_ci;

--
-- Dumping data for table `backup_glpi_plugin_formcreator_targettickets_actors`
--

INSERT INTO `backup_glpi_plugin_formcreator_targettickets_actors` VALUES
(1,1,1,1,NULL,1,'57400b18-6d2840fa-5e7a4e9a819946.97941668'),
(2,1,2,2,NULL,1,'57400b18-6d2840fa-5e7a4e9a829134.46291708'),
(3,2,1,1,NULL,1,'57400b18-6d2840fa-5ebe5de0cedbb0.24294845'),
(4,2,2,2,NULL,1,'57400b18-6d2840fa-5ebe5de0cfbbc4.66450855'),
(5,3,1,1,NULL,1,'63679a48-cf021447-5f2b37f844c8d7.38136646'),
(6,3,2,2,NULL,1,'63679a48-cf021447-5f2b37f8475e02.45480641'),
(7,4,1,1,NULL,1,'63679a48-cf021447-5f2b387685b0c9.98175206'),
(8,4,2,2,NULL,1,'63679a48-cf021447-5f2b387687a243.39133812'),
(9,5,1,1,NULL,1,'63679a48-cf021447-5f2b391b9eaf51.56129076'),
(10,5,2,2,NULL,1,'63679a48-cf021447-5f2b391ba01893.30952869'),
(11,6,1,1,NULL,1,'63679a48-cf021447-5f2b334899ebc0.28792409'),
(12,6,2,2,NULL,1,'63679a48-cf021447-5f2b33489afc10.91344233'),
(13,7,1,1,NULL,1,'63679a48-cf021447-5f2b336b076ab4.36541417'),
(14,7,2,2,NULL,1,'63679a48-cf021447-5f2b336b09f0e6.04839331'),
(15,8,1,1,NULL,1,'63679a48-cf021447-5f2b338d315ce9.60496448'),
(16,8,2,2,NULL,1,'63679a48-cf021447-5f2b338d3281a0.30056164'),
(17,9,1,1,NULL,1,'63679a48-cf021447-5f2b3675788195.96224640'),
(18,9,2,2,NULL,1,'63679a48-cf021447-5f2b36757a9fc1.50697854'),
(19,10,1,1,NULL,1,'63679a48-cf021447-5f2b377e2c0584.64895491'),
(20,10,2,2,NULL,1,'63679a48-cf021447-5f2b377e2e5985.42137908'),
(21,11,1,1,NULL,1,'bcf8b838-cf021447-5fc904a46379a8.73646435'),
(22,11,2,2,NULL,1,'bcf8b838-cf021447-5fc904a464f005.46897425');

--
-- Table structure for table `backup_glpi_plugin_phpsaml_configs`
--

CREATE TABLE `backup_glpi_plugin_phpsaml_configs` (
  `id` int(11) NOT NULL AUTO_INCREMENT,
  `version` varchar(15) NOT NULL,
  `enforced` int(2) NOT NULL,
  `strict` int(2) NOT NULL,
  `debug` int(2) NOT NULL,
  `jit` int(2) NOT NULL,
  `saml_sp_certificate` text NOT NULL,
  `saml_sp_certificate_key` text NOT NULL,
  `saml_sp_nameid_format` varchar(128) NOT NULL,
  `saml_idp_entity_id` varchar(128) NOT NULL,
  `saml_idp_single_sign_on_service` varchar(128) NOT NULL,
  `saml_idp_single_logout_service` varchar(128) NOT NULL,
  `saml_idp_certificate` text NOT NULL,
  `requested_authn_context` text NOT NULL,
  `requested_authn_context_comparison` varchar(25) NOT NULL,
  `saml_security_nameidencrypted` int(2) NOT NULL,
  `saml_security_authnrequestssigned` int(2) NOT NULL,
  `saml_security_logoutrequestsigned` int(2) NOT NULL,
  `saml_security_logoutresponsesigned` int(2) NOT NULL,
  PRIMARY KEY (`id`)
) ENGINE=InnoDB AUTO_INCREMENT=2 DEFAULT CHARSET=utf8mb3 COLLATE=utf8mb3_unicode_ci;

--
-- Dumping data for table `backup_glpi_plugin_phpsaml_configs`
--

INSERT INTO `backup_glpi_plugin_phpsaml_configs` VALUES
(1,'1.2.1',0,1,0,0,'','','','','','','','','',0,0,0,0);

--
-- Table structure for table `glpi_agents`
--

CREATE TABLE `glpi_agents` (
  `id` int(10) unsigned NOT NULL AUTO_INCREMENT,
  `deviceid` varchar(255) NOT NULL,
  `entities_id` int(10) unsigned NOT NULL DEFAULT 0,
  `is_recursive` tinyint(4) NOT NULL DEFAULT 0,
  `name` varchar(255) DEFAULT NULL,
  `agenttypes_id` int(10) unsigned NOT NULL,
  `last_contact` timestamp NULL DEFAULT NULL,
  `version` varchar(255) DEFAULT NULL,
  `locked` tinyint(4) NOT NULL DEFAULT 0,
  `itemtype` varchar(100) NOT NULL,
  `items_id` int(10) unsigned NOT NULL,
  `useragent` varchar(255) DEFAULT NULL,
  `tag` varchar(255) DEFAULT NULL,
  `port` varchar(6) DEFAULT NULL,
  `threads_networkdiscovery` int(11) NOT NULL DEFAULT 1 COMMENT 'Number of threads for Network Discovery',
  `threads_networkinventory` int(11) NOT NULL DEFAULT 1 COMMENT 'Number of threads for Network Inventory',
  `timeout_networkdiscovery` int(11) NOT NULL DEFAULT 0 COMMENT 'Network Discovery task timeout (disabled by default)',
  `timeout_networkinventory` int(11) NOT NULL DEFAULT 0 COMMENT 'Network Inventory task timeout (disabled by default)',
  `remote_addr` varchar(255) DEFAULT NULL,
  `use_module_wake_on_lan` tinyint(4) NOT NULL DEFAULT 0,
  `use_module_computer_inventory` tinyint(4) NOT NULL DEFAULT 0,
  `use_module_esx_remote_inventory` tinyint(4) NOT NULL DEFAULT 0,
  `use_module_remote_inventory` tinyint(4) NOT NULL DEFAULT 0,
  `use_module_network_inventory` tinyint(4) NOT NULL DEFAULT 0,
  `use_module_network_discovery` tinyint(4) NOT NULL DEFAULT 0,
  `use_module_package_deployment` tinyint(4) NOT NULL DEFAULT 0,
  `use_module_collect_data` tinyint(4) NOT NULL DEFAULT 0,
  PRIMARY KEY (`id`),
  UNIQUE KEY `deviceid` (`deviceid`),
  KEY `name` (`name`),
  KEY `entities_id` (`entities_id`),
  KEY `is_recursive` (`is_recursive`),
  KEY `item` (`itemtype`,`items_id`),
  KEY `agenttypes_id` (`agenttypes_id`)
) ENGINE=InnoDB AUTO_INCREMENT=29 DEFAULT CHARSET=utf8mb4 COLLATE=utf8mb4_unicode_ci ROW_FORMAT=DYNAMIC;

--
-- Dumping data for table `glpi_agents`
--

INSERT INTO `glpi_agents` VALUES
(11,'Win10.addlys.net-2022-07-19-10-10-17',0,0,'Win10.addlys.net-2022-07-19-10-10-17',1,'2023-03-29 15:27:25','1.4',0,'Computer',33871,'GLPI-Agent_v1.4',NULL,'62354',0,0,0,0,'38.133.42.78',0,1,0,1,0,0,1,1);

--
-- Table structure for table `glpi_agenttypes`
--

CREATE TABLE `glpi_agenttypes` (
  `id` int(10) unsigned NOT NULL AUTO_INCREMENT,
  `name` varchar(255) DEFAULT NULL,
  PRIMARY KEY (`id`),
  KEY `name` (`name`)
) ENGINE=InnoDB AUTO_INCREMENT=3 DEFAULT CHARSET=utf8mb4 COLLATE=utf8mb4_unicode_ci ROW_FORMAT=DYNAMIC;

--
-- Dumping data for table `glpi_agenttypes`
--

INSERT INTO `glpi_agenttypes` VALUES
(1,'Core'),
(2,'GLPI Inventory Plugin');

--
-- Table structure for table `glpi_alerts`
--

CREATE TABLE `glpi_alerts` (
  `id` int(10) unsigned NOT NULL AUTO_INCREMENT,
  `itemtype` varchar(100) NOT NULL,
  `items_id` int(10) unsigned NOT NULL DEFAULT 0,
  `type` int(11) NOT NULL DEFAULT 0 COMMENT 'see define.php ALERT_* constant',
  `date` timestamp NOT NULL DEFAULT current_timestamp(),
  PRIMARY KEY (`id`),
  UNIQUE KEY `unicity` (`itemtype`,`items_id`,`type`),
  KEY `type` (`type`),
  KEY `date` (`date`)
) ENGINE=InnoDB AUTO_INCREMENT=1921 DEFAULT CHARSET=utf8mb4 COLLATE=utf8mb4_unicode_ci;

--
-- Dumping data for table `glpi_alerts`
--

INSERT INTO `glpi_alerts` VALUES
(5,'PluginOrderOrder',1,1,'2019-02-27 15:25:03'),
(23,'PluginOrderOrder',18,1,'2020-11-01 05:00:02'),
(24,'PluginOrderOrder',19,1,'2020-11-01 05:00:02'),
(26,'PluginOrderOrder',20,1,'2021-04-26 19:55:05'),
(27,'PluginCreditEntity',1,2,'2021-05-03 20:10:02'),
(28,'PluginOrderOrder',22,1,'2021-06-17 15:15:02'),
(29,'PluginOrderOrder',21,1,'2021-06-17 16:15:03'),
(214,'Certificate',2,2,'2023-03-31 04:02:02'),
(410,'Certificate',1,2,'2023-06-26 04:02:02'),
(782,'PluginOcsinventoryngNotimportedcomputer',1,2,'2023-11-01 15:03:02'),
(783,'PluginOcsinventoryngNotimportedcomputer',2,2,'2023-11-01 15:03:02'),
(784,'PluginOcsinventoryngNotimportedcomputer',3,2,'2023-11-01 15:03:02'),
(785,'PluginOcsinventoryngNotimportedcomputer',4,2,'2023-11-01 15:03:02'),
(786,'PluginOcsinventoryngNotimportedcomputer',5,2,'2023-11-01 15:03:02'),
(787,'PluginOcsinventoryngNotimportedcomputer',6,2,'2023-11-01 15:03:02'),
(788,'PluginOcsinventoryngNotimportedcomputer',7,2,'2023-11-01 15:03:02'),
(789,'PluginOcsinventoryngNotimportedcomputer',8,2,'2023-11-01 15:03:02'),
(790,'PluginOcsinventoryngNotimportedcomputer',9,2,'2023-11-01 15:03:02'),
(791,'PluginOcsinventoryngNotimportedcomputer',10,2,'2023-11-01 15:03:02'),
(792,'PluginOcsinventoryngNotimportedcomputer',11,2,'2023-11-01 15:03:02'),
(793,'PluginOcsinventoryngNotimportedcomputer',12,2,'2023-11-01 15:03:02'),
(794,'PluginOcsinventoryngNotimportedcomputer',13,2,'2023-11-01 15:03:02'),
(795,'PluginOcsinventoryngNotimportedcomputer',14,2,'2023-11-01 15:03:02'),
(796,'PluginOcsinventoryngNotimportedcomputer',15,2,'2023-11-01 15:03:02'),
(797,'PluginOcsinventoryngNotimportedcomputer',16,2,'2023-11-01 15:03:02'),
(798,'PluginOcsinventoryngNotimportedcomputer',17,2,'2023-11-01 15:03:02'),
(799,'PluginOcsinventoryngNotimportedcomputer',18,2,'2023-11-01 15:03:02'),
(800,'PluginOcsinventoryngNotimportedcomputer',19,2,'2023-11-01 15:03:02'),
(801,'PluginOcsinventoryngNotimportedcomputer',20,2,'2023-11-01 15:03:02'),
(802,'PluginOcsinventoryngNotimportedcomputer',21,2,'2023-11-01 15:03:02'),
(803,'PluginOcsinventoryngNotimportedcomputer',22,2,'2023-11-01 15:03:02'),
(804,'PluginOcsinventoryngNotimportedcomputer',23,2,'2023-11-01 15:03:02'),
(805,'PluginOcsinventoryngNotimportedcomputer',24,2,'2023-11-01 15:03:02'),
(806,'PluginOcsinventoryngNotimportedcomputer',25,2,'2023-11-01 15:03:02'),
(807,'PluginOcsinventoryngNotimportedcomputer',26,2,'2023-11-01 15:03:02'),
(808,'PluginOcsinventoryngNotimportedcomputer',27,2,'2023-11-01 15:03:02'),
(809,'PluginOcsinventoryngNotimportedcomputer',28,2,'2023-11-01 15:03:02'),
(810,'PluginOcsinventoryngNotimportedcomputer',29,2,'2023-11-01 15:03:02'),
(811,'PluginOcsinventoryngNotimportedcomputer',30,2,'2023-11-01 15:03:02'),
(812,'PluginOcsinventoryngNotimportedcomputer',31,2,'2023-11-01 15:03:02'),
(813,'PluginOcsinventoryngNotimportedcomputer',32,2,'2023-11-01 15:03:02'),
(814,'PluginOcsinventoryngNotimportedcomputer',33,2,'2023-11-01 15:03:02'),
(815,'PluginOcsinventoryngNotimportedcomputer',34,2,'2023-11-01 15:03:02'),
(816,'PluginOcsinventoryngNotimportedcomputer',35,2,'2023-11-01 15:03:02'),
(817,'PluginOcsinventoryngNotimportedcomputer',36,2,'2023-11-01 15:03:02'),
(818,'PluginOcsinventoryngNotimportedcomputer',37,2,'2023-11-01 15:03:02'),
(819,'PluginOcsinventoryngNotimportedcomputer',38,2,'2023-11-01 15:03:02'),
(820,'PluginOcsinventoryngNotimportedcomputer',39,2,'2023-11-01 15:03:02'),
(1557,'CronTask',101,1,'2024-06-25 16:52:01'),
(1913,'SavedSearch_Alert',4,6,'2024-11-22 20:15:02'),
(1918,'SavedSearch_Alert',1,6,'2024-11-24 20:15:02'),
(1919,'SavedSearch_Alert',2,6,'2024-11-24 20:15:02'),
(1920,'SavedSearch_Alert',5,6,'2024-11-24 20:15:02');

--
-- Table structure for table `glpi_applianceenvironments`
--

CREATE TABLE `glpi_applianceenvironments` (
  `id` int(10) unsigned NOT NULL AUTO_INCREMENT,
  `name` varchar(255) DEFAULT NULL,
  `comment` text DEFAULT NULL,
  PRIMARY KEY (`id`),
  KEY `name` (`name`)
) ENGINE=InnoDB AUTO_INCREMENT=3 DEFAULT CHARSET=utf8mb4 COLLATE=utf8mb4_unicode_ci;

--
-- Dumping data for table `glpi_applianceenvironments`
--

INSERT INTO `glpi_applianceenvironments` VALUES
(1,'Production',''),
(2,'Certification','');

--
-- Table structure for table `glpi_appliances`
--

CREATE TABLE `glpi_appliances` (
  `id` int(10) unsigned NOT NULL AUTO_INCREMENT,
  `entities_id` int(10) unsigned NOT NULL DEFAULT 0,
  `is_recursive` tinyint(1) NOT NULL DEFAULT 0,
  `name` varchar(255) NOT NULL DEFAULT '',
  `is_deleted` tinyint(1) NOT NULL DEFAULT 0,
  `appliancetypes_id` int(10) unsigned NOT NULL DEFAULT 0,
  `comment` text DEFAULT NULL,
  `locations_id` int(10) unsigned NOT NULL DEFAULT 0,
  `manufacturers_id` int(10) unsigned NOT NULL DEFAULT 0,
  `applianceenvironments_id` int(10) unsigned NOT NULL DEFAULT 0,
  `users_id` int(10) unsigned NOT NULL DEFAULT 0,
  `users_id_tech` int(10) unsigned NOT NULL DEFAULT 0,
  `groups_id` int(10) unsigned NOT NULL DEFAULT 0,
  `groups_id_tech` int(10) unsigned NOT NULL DEFAULT 0,
  `date_mod` timestamp NULL DEFAULT NULL,
  `states_id` int(10) unsigned NOT NULL DEFAULT 0,
  `externalidentifier` varchar(255) DEFAULT NULL,
  `serial` varchar(255) DEFAULT NULL,
  `otherserial` varchar(255) DEFAULT NULL,
  `is_helpdesk_visible` tinyint(1) NOT NULL DEFAULT 1,
  `pictures` text DEFAULT NULL,
  `date_creation` timestamp NULL DEFAULT NULL,
  `contact` varchar(255) DEFAULT NULL,
  `contact_num` varchar(255) DEFAULT NULL,
  PRIMARY KEY (`id`),
  UNIQUE KEY `unicity` (`externalidentifier`),
  KEY `entities_id` (`entities_id`),
  KEY `name` (`name`),
  KEY `is_deleted` (`is_deleted`),
  KEY `appliancetypes_id` (`appliancetypes_id`),
  KEY `locations_id` (`locations_id`),
  KEY `manufacturers_id` (`manufacturers_id`),
  KEY `applianceenvironments_id` (`applianceenvironments_id`),
  KEY `users_id` (`users_id`),
  KEY `users_id_tech` (`users_id_tech`),
  KEY `groups_id` (`groups_id`),
  KEY `groups_id_tech` (`groups_id_tech`),
  KEY `states_id` (`states_id`),
  KEY `serial` (`serial`),
  KEY `otherserial` (`otherserial`),
  KEY `is_helpdesk_visible` (`is_helpdesk_visible`),
  KEY `date_mod` (`date_mod`),
  KEY `is_recursive` (`is_recursive`),
  KEY `date_creation` (`date_creation`)
) ENGINE=InnoDB AUTO_INCREMENT=6 DEFAULT CHARSET=utf8mb4 COLLATE=utf8mb4_unicode_ci;

--
-- Dumping data for table `glpi_appliances`
--

INSERT INTO `glpi_appliances` VALUES
(1,0,0,'Super CRM',0,0,'',8,0,0,0,0,0,0,NULL,0,NULL,NULL,NULL,1,NULL,NULL,NULL,NULL),
(2,0,1,'CMS',0,0,'',2,0,0,0,41,0,209,NULL,0,NULL,NULL,NULL,1,NULL,NULL,NULL,NULL),
(3,0,1,'Documentum',0,1,'Principal solution for document management.',0,0,1,0,0,0,0,'2024-11-27 15:17:39',14,NULL,'','',1,NULL,NULL,NULL,NULL),
(4,0,0,'Solution en ligne Kalendho',0,2,'',0,2880,1,0,0,0,0,'2024-11-27 15:17:39',22,NULL,'','',1,NULL,'2023-03-31 11:37:27','',''),
(5,0,0,'AAIDA',0,3,'',0,0,0,0,0,0,0,'2023-12-12 15:34:42',0,NULL,'','',0,NULL,'2023-12-12 15:34:42','','');

--
-- Table structure for table `glpi_appliances_items`
--

CREATE TABLE `glpi_appliances_items` (
  `id` int(10) unsigned NOT NULL AUTO_INCREMENT,
  `appliances_id` int(10) unsigned NOT NULL DEFAULT 0,
  `items_id` int(10) unsigned NOT NULL DEFAULT 0,
  `itemtype` varchar(100) NOT NULL DEFAULT '',
  PRIMARY KEY (`id`),
  UNIQUE KEY `unicity` (`appliances_id`,`items_id`,`itemtype`),
  KEY `item` (`itemtype`,`items_id`)
) ENGINE=InnoDB AUTO_INCREMENT=5 DEFAULT CHARSET=utf8mb4 COLLATE=utf8mb4_unicode_ci;

--
-- Dumping data for table `glpi_appliances_items`
--

INSERT INTO `glpi_appliances_items` VALUES
(1,3,9922,'Computer'),
(4,4,15971,'Software'),
(3,4,33825,'Computer');

--
-- Table structure for table `glpi_appliances_items_relations`
--

CREATE TABLE `glpi_appliances_items_relations` (
  `id` int(10) unsigned NOT NULL AUTO_INCREMENT,
  `appliances_items_id` int(10) unsigned NOT NULL DEFAULT 0,
  `itemtype` varchar(100) NOT NULL,
  `items_id` int(10) unsigned NOT NULL DEFAULT 0,
  PRIMARY KEY (`id`),
  KEY `appliances_items_id` (`appliances_items_id`),
  KEY `item` (`itemtype`,`items_id`)
) ENGINE=InnoDB AUTO_INCREMENT=2 DEFAULT CHARSET=utf8mb4 COLLATE=utf8mb4_unicode_ci;

--
-- Dumping data for table `glpi_appliances_items_relations`
--


--
-- Table structure for table `glpi_appliancetypes`
--

CREATE TABLE `glpi_appliancetypes` (
  `id` int(10) unsigned NOT NULL AUTO_INCREMENT,
  `entities_id` int(10) unsigned NOT NULL DEFAULT 0,
  `is_recursive` tinyint(1) NOT NULL DEFAULT 0,
  `name` varchar(255) NOT NULL DEFAULT '',
  `comment` text DEFAULT NULL,
  `externalidentifier` varchar(255) DEFAULT NULL,
  PRIMARY KEY (`id`),
  UNIQUE KEY `externalidentifier` (`externalidentifier`),
  KEY `name` (`name`),
  KEY `entities_id` (`entities_id`),
  KEY `is_recursive` (`is_recursive`)
) ENGINE=InnoDB AUTO_INCREMENT=4 DEFAULT CHARSET=utf8mb4 COLLATE=utf8mb4_unicode_ci;

--
-- Dumping data for table `glpi_appliancetypes`
--

INSERT INTO `glpi_appliancetypes` VALUES
(1,0,0,'Web application','',NULL),
(2,0,0,'Infonuagique en ligne (SaaS)','',NULL),
(3,0,0,'Solution client-serveur','Utilisez cette valeur pour les applications du sièclke dernier de type client-serveur.',NULL);

--
-- Table structure for table `glpi_authldapreplicates`
--

CREATE TABLE `glpi_authldapreplicates` (
  `id` int(10) unsigned NOT NULL AUTO_INCREMENT,
  `authldaps_id` int(10) unsigned NOT NULL DEFAULT 0,
  `host` varchar(255) DEFAULT NULL,
  `port` int(11) NOT NULL DEFAULT 389,
  `name` varchar(255) DEFAULT NULL,
  `timeout` int(11) NOT NULL DEFAULT 10,
  PRIMARY KEY (`id`),
  KEY `authldaps_id` (`authldaps_id`),
  KEY `name` (`name`)
) ENGINE=InnoDB DEFAULT CHARSET=utf8mb4 COLLATE=utf8mb4_unicode_ci;

--
-- Dumping data for table `glpi_authldapreplicates`
--


--
-- Table structure for table `glpi_authmails`
--

CREATE TABLE `glpi_authmails` (
  `id` int(10) unsigned NOT NULL AUTO_INCREMENT,
  `name` varchar(255) DEFAULT NULL,
  `connect_string` varchar(255) DEFAULT NULL,
  `host` varchar(255) DEFAULT NULL,
  `date_mod` timestamp NULL DEFAULT NULL,
  `comment` mediumtext DEFAULT NULL,
  `is_active` tinyint(1) NOT NULL DEFAULT 0,
  `date_creation` timestamp NULL DEFAULT NULL,
  PRIMARY KEY (`id`),
  KEY `date_mod` (`date_mod`),
  KEY `is_active` (`is_active`),
  KEY `name` (`name`),
  KEY `date_creation` (`date_creation`)
) ENGINE=InnoDB DEFAULT CHARSET=utf8mb4 COLLATE=utf8mb4_unicode_ci;

--
-- Dumping data for table `glpi_authmails`
--


--
-- Table structure for table `glpi_autoupdatesystems`
--

CREATE TABLE `glpi_autoupdatesystems` (
  `id` int(10) unsigned NOT NULL AUTO_INCREMENT,
  `name` varchar(255) DEFAULT NULL,
  `comment` mediumtext DEFAULT NULL,
  PRIMARY KEY (`id`),
  KEY `name` (`name`)
) ENGINE=InnoDB AUTO_INCREMENT=7 DEFAULT CHARSET=utf8mb4 COLLATE=utf8mb4_unicode_ci;

--
-- Dumping data for table `glpi_autoupdatesystems`
--

INSERT INTO `glpi_autoupdatesystems` VALUES
(6,'GLPI Native Inventory','');

--
-- Table structure for table `glpi_blacklistedmailcontents`
--

CREATE TABLE `glpi_blacklistedmailcontents` (
  `id` int(10) unsigned NOT NULL AUTO_INCREMENT,
  `name` varchar(255) DEFAULT NULL,
  `content` mediumtext DEFAULT NULL,
  `comment` mediumtext DEFAULT NULL,
  `date_mod` timestamp NULL DEFAULT NULL,
  `date_creation` timestamp NULL DEFAULT NULL,
  PRIMARY KEY (`id`),
  KEY `date_mod` (`date_mod`),
  KEY `date_creation` (`date_creation`),
  KEY `name` (`name`)
) ENGINE=InnoDB AUTO_INCREMENT=2 DEFAULT CHARSET=utf8mb4 COLLATE=utf8mb4_unicode_ci;

--
-- Dumping data for table `glpi_blacklistedmailcontents`
--


--
-- Table structure for table `glpi_blacklists`
--

CREATE TABLE `glpi_blacklists` (
  `id` int(10) unsigned NOT NULL AUTO_INCREMENT,
  `type` int(11) NOT NULL DEFAULT 0,
  `name` varchar(255) DEFAULT NULL,
  `value` varchar(255) DEFAULT NULL,
  `comment` mediumtext DEFAULT NULL,
  `date_mod` timestamp NULL DEFAULT NULL,
  `date_creation` timestamp NULL DEFAULT NULL,
  PRIMARY KEY (`id`),
  KEY `type` (`type`),
  KEY `name` (`name`),
  KEY `date_mod` (`date_mod`),
  KEY `date_creation` (`date_creation`)
) ENGINE=InnoDB AUTO_INCREMENT=77 DEFAULT CHARSET=utf8mb4 COLLATE=utf8mb4_unicode_ci;

--
-- Dumping data for table `glpi_blacklists`
--

INSERT INTO `glpi_blacklists` VALUES
(1,1,'empty IP','',NULL,NULL,NULL),
(2,1,'localhost','127.0.0.1',NULL,NULL,NULL),
(3,1,'zero IP','0.0.0.0',NULL,NULL,NULL),
(4,2,'empty MAC','',NULL,NULL,NULL),
(76,1,'IPV6 localhost','::1',NULL,NULL,NULL);

--
-- Table structure for table `glpi_budgets`
--

CREATE TABLE `glpi_budgets` (
  `id` int(10) unsigned NOT NULL AUTO_INCREMENT,
  `name` varchar(255) DEFAULT NULL,
  `entities_id` int(10) unsigned NOT NULL DEFAULT 0,
  `is_recursive` tinyint(1) NOT NULL DEFAULT 0,
  `comment` mediumtext DEFAULT NULL,
  `is_deleted` tinyint(1) NOT NULL DEFAULT 0,
  `begin_date` date DEFAULT NULL,
  `end_date` date DEFAULT NULL,
  `value` decimal(20,4) NOT NULL DEFAULT 0.0000,
  `is_template` tinyint(1) NOT NULL DEFAULT 0,
  `template_name` varchar(255) DEFAULT NULL,
  `date_mod` timestamp NULL DEFAULT NULL,
  `date_creation` timestamp NULL DEFAULT NULL,
  `locations_id` int(10) unsigned NOT NULL DEFAULT 0,
  `budgettypes_id` int(10) unsigned NOT NULL DEFAULT 0,
  PRIMARY KEY (`id`),
  KEY `name` (`name`),
  KEY `is_recursive` (`is_recursive`),
  KEY `entities_id` (`entities_id`),
  KEY `is_deleted` (`is_deleted`),
  KEY `begin_date` (`begin_date`),
  KEY `end_date` (`end_date`),
  KEY `is_template` (`is_template`),
  KEY `date_mod` (`date_mod`),
  KEY `date_creation` (`date_creation`),
  KEY `locations_id` (`locations_id`),
  KEY `budgettypes_id` (`budgettypes_id`)
) ENGINE=InnoDB AUTO_INCREMENT=4 DEFAULT CHARSET=utf8mb4 COLLATE=utf8mb4_unicode_ci;

--
-- Dumping data for table `glpi_budgets`
--

INSERT INTO `glpi_budgets` VALUES
(1,'Budget d\'acquisition TI',0,1,'',0,'2020-01-01','2022-12-31',50000.0000,0,NULL,'2022-08-31 21:28:15','2020-02-04 17:18:15',0,0),
(2,'Chemistry Budget 2021-2022',0,1,'',0,'2021-07-01','2022-06-30',10000.0000,0,NULL,'2022-05-05 14:36:04','2022-05-05 14:36:04',84,1),
(3,'Budget coûts logiciels 2023',0,0,'',0,'2023-01-01','2023-12-31',5000.0000,0,NULL,'2023-03-31 10:02:53','2023-03-31 10:02:53',0,0);

--
-- Table structure for table `glpi_budgettypes`
--

CREATE TABLE `glpi_budgettypes` (
  `id` int(10) unsigned NOT NULL AUTO_INCREMENT,
  `name` varchar(255) DEFAULT NULL,
  `comment` mediumtext DEFAULT NULL,
  `date_mod` timestamp NULL DEFAULT NULL,
  `date_creation` timestamp NULL DEFAULT NULL,
  PRIMARY KEY (`id`),
  KEY `name` (`name`),
  KEY `date_mod` (`date_mod`),
  KEY `date_creation` (`date_creation`)
) ENGINE=InnoDB AUTO_INCREMENT=2 DEFAULT CHARSET=utf8mb4 COLLATE=utf8mb4_unicode_ci;

--
-- Dumping data for table `glpi_budgettypes`
--

INSERT INTO `glpi_budgettypes` VALUES
(1,'Department-Annual','','2022-05-05 14:35:13','2022-05-05 14:35:13');

--
-- Table structure for table `glpi_businesscriticities`
--

CREATE TABLE `glpi_businesscriticities` (
  `id` int(10) unsigned NOT NULL AUTO_INCREMENT,
  `name` varchar(255) DEFAULT NULL,
  `entities_id` int(10) unsigned NOT NULL DEFAULT 0,
  `is_recursive` tinyint(1) NOT NULL DEFAULT 0,
  `comment` mediumtext DEFAULT NULL,
  `date_mod` timestamp NULL DEFAULT NULL,
  `date_creation` timestamp NULL DEFAULT NULL,
  `businesscriticities_id` int(10) unsigned NOT NULL DEFAULT 0,
  `completename` mediumtext DEFAULT NULL,
  `level` int(11) NOT NULL DEFAULT 0,
  `ancestors_cache` longtext DEFAULT NULL,
  `sons_cache` longtext DEFAULT NULL,
  PRIMARY KEY (`id`),
  UNIQUE KEY `unicity` (`businesscriticities_id`,`name`),
  KEY `name` (`name`),
  KEY `date_mod` (`date_mod`),
  KEY `date_creation` (`date_creation`),
  KEY `entities_id` (`entities_id`),
  KEY `is_recursive` (`is_recursive`),
  KEY `level` (`level`)
) ENGINE=InnoDB AUTO_INCREMENT=3 DEFAULT CHARSET=utf8mb4 COLLATE=utf8mb4_unicode_ci;

--
-- Dumping data for table `glpi_businesscriticities`
--

INSERT INTO `glpi_businesscriticities` VALUES
(1,'Critique 1',0,0,'','2022-06-02 15:23:25','2022-06-02 15:23:25',0,'Critique 1',1,NULL,NULL),
(2,'Critique 2',0,0,'Sélectionnez cette valeur si...','2022-06-02 15:23:55','2022-06-02 15:23:55',0,'Critique 2',1,NULL,NULL);

--
-- Table structure for table `glpi_cables`
--

CREATE TABLE `glpi_cables` (
  `id` int(10) unsigned NOT NULL AUTO_INCREMENT,
  `name` varchar(255) DEFAULT NULL,
  `entities_id` int(10) unsigned NOT NULL DEFAULT 0,
  `is_recursive` tinyint(4) NOT NULL DEFAULT 0,
  `itemtype_endpoint_a` varchar(255) DEFAULT NULL,
  `itemtype_endpoint_b` varchar(255) DEFAULT NULL,
  `items_id_endpoint_a` int(10) unsigned NOT NULL DEFAULT 0,
  `items_id_endpoint_b` int(10) unsigned NOT NULL DEFAULT 0,
  `socketmodels_id_endpoint_a` int(10) unsigned NOT NULL DEFAULT 0,
  `socketmodels_id_endpoint_b` int(10) unsigned NOT NULL DEFAULT 0,
  `sockets_id_endpoint_a` int(10) unsigned NOT NULL DEFAULT 0,
  `sockets_id_endpoint_b` int(10) unsigned NOT NULL DEFAULT 0,
  `cablestrands_id` int(10) unsigned NOT NULL DEFAULT 0,
  `color` varchar(255) DEFAULT NULL,
  `otherserial` varchar(255) DEFAULT NULL,
  `states_id` int(10) unsigned NOT NULL DEFAULT 0,
  `users_id_tech` int(10) unsigned NOT NULL DEFAULT 0,
  `cabletypes_id` int(10) unsigned NOT NULL DEFAULT 0,
  `comment` text DEFAULT NULL,
  `date_mod` timestamp NULL DEFAULT NULL,
  `date_creation` timestamp NULL DEFAULT NULL,
  `is_deleted` tinyint(4) NOT NULL DEFAULT 0,
  PRIMARY KEY (`id`),
  KEY `name` (`name`),
  KEY `item_endpoint_a` (`itemtype_endpoint_a`,`items_id_endpoint_a`),
  KEY `item_endpoint_b` (`itemtype_endpoint_b`,`items_id_endpoint_b`),
  KEY `items_id_endpoint_b` (`items_id_endpoint_b`),
  KEY `items_id_endpoint_a` (`items_id_endpoint_a`),
  KEY `socketmodels_id_endpoint_a` (`socketmodels_id_endpoint_a`),
  KEY `socketmodels_id_endpoint_b` (`socketmodels_id_endpoint_b`),
  KEY `sockets_id_endpoint_a` (`sockets_id_endpoint_a`),
  KEY `sockets_id_endpoint_b` (`sockets_id_endpoint_b`),
  KEY `cablestrands_id` (`cablestrands_id`),
  KEY `states_id` (`states_id`),
  KEY `complete` (`entities_id`,`name`),
  KEY `is_recursive` (`is_recursive`),
  KEY `users_id_tech` (`users_id_tech`),
  KEY `cabletypes_id` (`cabletypes_id`),
  KEY `date_mod` (`date_mod`),
  KEY `date_creation` (`date_creation`),
  KEY `is_deleted` (`is_deleted`)
) ENGINE=InnoDB AUTO_INCREMENT=2 DEFAULT CHARSET=utf8mb4 COLLATE=utf8mb4_unicode_ci ROW_FORMAT=DYNAMIC;

--
-- Dumping data for table `glpi_cables`
--

INSERT INTO `glpi_cables` VALUES
(1,'Cable #1',0,0,'Computer','NetworkEquipment',33909,2,0,0,0,0,0,'#dddddd','',22,0,0,'','2023-03-31 14:08:43','2023-03-31 14:07:33',0);

--
-- Table structure for table `glpi_cablestrands`
--

CREATE TABLE `glpi_cablestrands` (
  `id` int(10) unsigned NOT NULL AUTO_INCREMENT,
  `name` varchar(255) DEFAULT NULL,
  `comment` text DEFAULT NULL,
  `date_mod` timestamp NULL DEFAULT NULL,
  `date_creation` timestamp NULL DEFAULT NULL,
  PRIMARY KEY (`id`),
  KEY `name` (`name`),
  KEY `date_mod` (`date_mod`),
  KEY `date_creation` (`date_creation`)
) ENGINE=InnoDB DEFAULT CHARSET=utf8mb4 COLLATE=utf8mb4_unicode_ci ROW_FORMAT=DYNAMIC;

--
-- Dumping data for table `glpi_cablestrands`
--


--
-- Table structure for table `glpi_cabletypes`
--

CREATE TABLE `glpi_cabletypes` (
  `id` int(10) unsigned NOT NULL AUTO_INCREMENT,
  `name` varchar(255) DEFAULT NULL,
  `comment` text DEFAULT NULL,
  `date_mod` timestamp NULL DEFAULT NULL,
  `date_creation` timestamp NULL DEFAULT NULL,
  PRIMARY KEY (`id`),
  KEY `name` (`name`),
  KEY `date_mod` (`date_mod`),
  KEY `date_creation` (`date_creation`)
) ENGINE=InnoDB DEFAULT CHARSET=utf8mb4 COLLATE=utf8mb4_unicode_ci ROW_FORMAT=DYNAMIC;

--
-- Dumping data for table `glpi_cabletypes`
--


--
-- Table structure for table `glpi_calendars`
--

CREATE TABLE `glpi_calendars` (
  `id` int(10) unsigned NOT NULL AUTO_INCREMENT,
  `name` varchar(255) DEFAULT NULL,
  `entities_id` int(10) unsigned NOT NULL DEFAULT 0,
  `is_recursive` tinyint(1) NOT NULL DEFAULT 0,
  `comment` mediumtext DEFAULT NULL,
  `date_mod` timestamp NULL DEFAULT NULL,
  `cache_duration` mediumtext DEFAULT NULL,
  `date_creation` timestamp NULL DEFAULT NULL,
  PRIMARY KEY (`id`),
  KEY `name` (`name`),
  KEY `entities_id` (`entities_id`),
  KEY `is_recursive` (`is_recursive`),
  KEY `date_mod` (`date_mod`),
  KEY `date_creation` (`date_creation`)
) ENGINE=InnoDB AUTO_INCREMENT=4 DEFAULT CHARSET=utf8mb4 COLLATE=utf8mb4_unicode_ci;

--
-- Dumping data for table `glpi_calendars`
--

INSERT INTO `glpi_calendars` VALUES
(3,'Centre de service - calendrier standard',0,1,'','2025-02-20 22:29:05','[0,54000,54000,54000,54000,54000,18000]','2023-04-27 14:45:25');

--
-- Table structure for table `glpi_calendars_holidays`
--

CREATE TABLE `glpi_calendars_holidays` (
  `id` int(10) unsigned NOT NULL AUTO_INCREMENT,
  `calendars_id` int(10) unsigned NOT NULL DEFAULT 0,
  `holidays_id` int(10) unsigned NOT NULL DEFAULT 0,
  PRIMARY KEY (`id`),
  UNIQUE KEY `unicity` (`calendars_id`,`holidays_id`),
  KEY `holidays_id` (`holidays_id`)
) ENGINE=InnoDB AUTO_INCREMENT=5 DEFAULT CHARSET=utf8mb4 COLLATE=utf8mb4_unicode_ci;

--
-- Dumping data for table `glpi_calendars_holidays`
--


--
-- Table structure for table `glpi_calendarsegments`
--

CREATE TABLE `glpi_calendarsegments` (
  `id` int(10) unsigned NOT NULL AUTO_INCREMENT,
  `calendars_id` int(10) unsigned NOT NULL DEFAULT 0,
  `entities_id` int(10) unsigned NOT NULL DEFAULT 0,
  `is_recursive` tinyint(1) NOT NULL DEFAULT 0,
  `day` tinyint(1) NOT NULL DEFAULT 1 COMMENT 'numer of the day based on date(w)',
  `begin` time DEFAULT NULL,
  `end` time DEFAULT NULL,
  PRIMARY KEY (`id`),
  KEY `calendars_id` (`calendars_id`),
  KEY `day` (`day`),
  KEY `entities_id` (`entities_id`),
  KEY `is_recursive` (`is_recursive`)
) ENGINE=InnoDB AUTO_INCREMENT=43 DEFAULT CHARSET=utf8mb4 COLLATE=utf8mb4_unicode_ci;

--
-- Dumping data for table `glpi_calendarsegments`
--

INSERT INTO `glpi_calendarsegments` VALUES
(36,3,0,1,1,'07:00:00','22:00:00'),
(37,3,0,1,2,'07:00:00','22:00:00'),
(38,3,0,1,3,'07:00:00','22:00:00'),
(39,3,0,1,4,'07:00:00','22:00:00'),
(41,3,0,1,5,'07:00:00','22:00:00'),
(42,3,0,1,6,'08:00:00','13:00:00');

--
-- Table structure for table `glpi_cartridgeitems`
--

CREATE TABLE `glpi_cartridgeitems` (
  `id` int(10) unsigned NOT NULL AUTO_INCREMENT,
  `entities_id` int(10) unsigned NOT NULL DEFAULT 0,
  `is_recursive` tinyint(1) NOT NULL DEFAULT 0,
  `name` varchar(255) DEFAULT NULL,
  `ref` varchar(255) DEFAULT NULL,
  `locations_id` int(10) unsigned NOT NULL DEFAULT 0,
  `cartridgeitemtypes_id` int(10) unsigned NOT NULL DEFAULT 0,
  `manufacturers_id` int(10) unsigned NOT NULL DEFAULT 0,
  `users_id_tech` int(10) unsigned NOT NULL DEFAULT 0,
  `groups_id_tech` int(10) unsigned NOT NULL DEFAULT 0,
  `is_deleted` tinyint(1) NOT NULL DEFAULT 0,
  `comment` mediumtext DEFAULT NULL,
  `alarm_threshold` int(11) NOT NULL DEFAULT 10,
  `stock_target` int(11) NOT NULL DEFAULT 0,
  `date_mod` timestamp NULL DEFAULT NULL,
  `date_creation` timestamp NULL DEFAULT NULL,
  `pictures` text DEFAULT NULL,
  PRIMARY KEY (`id`),
  KEY `name` (`name`),
  KEY `entities_id` (`entities_id`),
  KEY `manufacturers_id` (`manufacturers_id`),
  KEY `locations_id` (`locations_id`),
  KEY `users_id_tech` (`users_id_tech`),
  KEY `cartridgeitemtypes_id` (`cartridgeitemtypes_id`),
  KEY `is_deleted` (`is_deleted`),
  KEY `alarm_threshold` (`alarm_threshold`),
  KEY `groups_id_tech` (`groups_id_tech`),
  KEY `date_mod` (`date_mod`),
  KEY `date_creation` (`date_creation`),
  KEY `is_recursive` (`is_recursive`)
) ENGINE=InnoDB AUTO_INCREMENT=3 DEFAULT CHARSET=utf8mb4 COLLATE=utf8mb4_unicode_ci;

--
-- Dumping data for table `glpi_cartridgeitems`
--

INSERT INTO `glpi_cartridgeitems` VALUES
(1,0,1,'Cartouche','',0,0,0,0,0,1,'',10,0,'2020-02-06 17:10:20','2018-05-29 14:30:43',NULL),
(2,0,0,'Cartouche','',0,0,0,0,0,0,'',10,0,'2020-02-13 19:59:41','2020-02-13 19:59:41',NULL);

--
-- Table structure for table `glpi_cartridgeitems_printermodels`
--

CREATE TABLE `glpi_cartridgeitems_printermodels` (
  `id` int(10) unsigned NOT NULL AUTO_INCREMENT,
  `cartridgeitems_id` int(10) unsigned NOT NULL DEFAULT 0,
  `printermodels_id` int(10) unsigned NOT NULL DEFAULT 0,
  PRIMARY KEY (`id`),
  UNIQUE KEY `unicity` (`printermodels_id`,`cartridgeitems_id`),
  KEY `cartridgeitems_id` (`cartridgeitems_id`)
) ENGINE=InnoDB AUTO_INCREMENT=2 DEFAULT CHARSET=utf8mb4 COLLATE=utf8mb4_unicode_ci;

--
-- Dumping data for table `glpi_cartridgeitems_printermodels`
--

INSERT INTO `glpi_cartridgeitems_printermodels` VALUES
(1,2,2);

--
-- Table structure for table `glpi_cartridgeitemtypes`
--

CREATE TABLE `glpi_cartridgeitemtypes` (
  `id` int(10) unsigned NOT NULL AUTO_INCREMENT,
  `name` varchar(255) DEFAULT NULL,
  `comment` mediumtext DEFAULT NULL,
  `date_mod` timestamp NULL DEFAULT NULL,
  `date_creation` timestamp NULL DEFAULT NULL,
  PRIMARY KEY (`id`),
  KEY `name` (`name`),
  KEY `date_mod` (`date_mod`),
  KEY `date_creation` (`date_creation`)
) ENGINE=InnoDB DEFAULT CHARSET=utf8mb4 COLLATE=utf8mb4_unicode_ci;

--
-- Dumping data for table `glpi_cartridgeitemtypes`
--


--
-- Table structure for table `glpi_cartridges`
--

CREATE TABLE `glpi_cartridges` (
  `id` int(10) unsigned NOT NULL AUTO_INCREMENT,
  `entities_id` int(10) unsigned NOT NULL DEFAULT 0,
  `cartridgeitems_id` int(10) unsigned NOT NULL DEFAULT 0,
  `printers_id` int(10) unsigned NOT NULL DEFAULT 0,
  `date_in` date DEFAULT NULL,
  `date_use` date DEFAULT NULL,
  `date_out` date DEFAULT NULL,
  `pages` int(11) NOT NULL DEFAULT 0,
  `date_mod` timestamp NULL DEFAULT NULL,
  `date_creation` timestamp NULL DEFAULT NULL,
  PRIMARY KEY (`id`),
  KEY `cartridgeitems_id` (`cartridgeitems_id`),
  KEY `printers_id` (`printers_id`),
  KEY `entities_id` (`entities_id`),
  KEY `date_mod` (`date_mod`),
  KEY `date_creation` (`date_creation`)
) ENGINE=InnoDB AUTO_INCREMENT=15 DEFAULT CHARSET=utf8mb4 COLLATE=utf8mb4_unicode_ci;

--
-- Dumping data for table `glpi_cartridges`
--

INSERT INTO `glpi_cartridges` VALUES
(1,0,1,0,'2018-05-29',NULL,NULL,0,'2018-05-29 14:32:15','2018-05-29 14:32:15'),
(13,0,2,0,'2022-04-29',NULL,NULL,0,'2022-04-29 14:09:45','2022-04-29 14:09:45'),
(14,0,2,0,'2022-04-29',NULL,NULL,0,'2022-04-29 14:10:58','2022-04-29 14:10:58');

--
-- Table structure for table `glpi_certificates`
--

CREATE TABLE `glpi_certificates` (
  `id` int(10) unsigned NOT NULL AUTO_INCREMENT,
  `name` varchar(255) DEFAULT NULL,
  `serial` varchar(255) DEFAULT NULL,
  `otherserial` varchar(255) DEFAULT NULL,
  `entities_id` int(10) unsigned NOT NULL DEFAULT 0,
  `is_recursive` tinyint(1) NOT NULL DEFAULT 0,
  `comment` mediumtext DEFAULT NULL,
  `is_deleted` tinyint(1) NOT NULL DEFAULT 0,
  `is_template` tinyint(1) NOT NULL DEFAULT 0,
  `template_name` varchar(255) DEFAULT NULL,
  `certificatetypes_id` int(10) unsigned NOT NULL DEFAULT 0,
  `dns_name` varchar(255) DEFAULT NULL,
  `dns_suffix` varchar(255) DEFAULT NULL,
  `users_id_tech` int(10) unsigned NOT NULL DEFAULT 0,
  `groups_id_tech` int(10) unsigned NOT NULL DEFAULT 0,
  `locations_id` int(10) unsigned NOT NULL DEFAULT 0,
  `manufacturers_id` int(10) unsigned NOT NULL DEFAULT 0,
  `contact` varchar(255) DEFAULT NULL,
  `contact_num` varchar(255) DEFAULT NULL,
  `users_id` int(10) unsigned NOT NULL DEFAULT 0,
  `groups_id` int(10) unsigned NOT NULL DEFAULT 0,
  `is_autosign` tinyint(1) NOT NULL DEFAULT 0,
  `date_expiration` date DEFAULT NULL,
  `states_id` int(10) unsigned NOT NULL DEFAULT 0,
  `command` mediumtext DEFAULT NULL,
  `certificate_request` mediumtext DEFAULT NULL,
  `certificate_item` mediumtext DEFAULT NULL,
  `date_creation` timestamp NULL DEFAULT NULL,
  `date_mod` timestamp NULL DEFAULT NULL,
  PRIMARY KEY (`id`),
  KEY `name` (`name`),
  KEY `entities_id` (`entities_id`),
  KEY `is_template` (`is_template`),
  KEY `is_deleted` (`is_deleted`),
  KEY `certificatetypes_id` (`certificatetypes_id`),
  KEY `users_id_tech` (`users_id_tech`),
  KEY `groups_id_tech` (`groups_id_tech`),
  KEY `groups_id` (`groups_id`),
  KEY `users_id` (`users_id`),
  KEY `locations_id` (`locations_id`),
  KEY `manufacturers_id` (`manufacturers_id`),
  KEY `states_id` (`states_id`),
  KEY `date_creation` (`date_creation`),
  KEY `date_mod` (`date_mod`),
  KEY `is_recursive` (`is_recursive`)
) ENGINE=InnoDB AUTO_INCREMENT=4 DEFAULT CHARSET=utf8mb4 COLLATE=utf8mb4_unicode_ci;

--
-- Dumping data for table `glpi_certificates`
--

INSERT INTO `glpi_certificates` VALUES
(1,'*.addlys.org','','',0,1,'',0,0,NULL,3,'','',27,0,0,2859,'','',0,0,0,'2023-06-30',22,'certbot certonly --manual \\\r\n  --preferred-challenges=dns \\\r\n  --email ygilat@addlys.com \\\r\n  --server https://acme-v02.api.letsencrypt.org/directory \\\r\n  --agree-tos \\\r\n  --manual-public-ip-logging-ok \\\r\n  -d “*.addlys.org”','','','2022-06-14 15:59:22','2024-11-27 15:17:39'),
(2,'siteweb.addlys.com','','',0,1,'',0,0,NULL,1,'','',0,0,0,2859,'','',0,0,0,'2023-04-04',29,'','','','2023-03-30 17:30:07','2024-11-27 15:17:39'),
(3,'*.kalendho.com','','',0,1,'',0,0,NULL,3,'*','kalendho.com',0,0,0,2859,'','',0,0,0,NULL,29,'','','','2023-03-31 12:15:43','2024-11-27 15:17:39');

--
-- Table structure for table `glpi_certificates_items`
--

CREATE TABLE `glpi_certificates_items` (
  `id` int(10) unsigned NOT NULL AUTO_INCREMENT,
  `certificates_id` int(10) unsigned NOT NULL DEFAULT 0,
  `items_id` int(10) unsigned NOT NULL DEFAULT 0,
  `itemtype` varchar(100) NOT NULL COMMENT 'see .class.php file',
  `date_creation` timestamp NULL DEFAULT NULL,
  `date_mod` timestamp NULL DEFAULT NULL,
  PRIMARY KEY (`id`),
  UNIQUE KEY `unicity` (`certificates_id`,`itemtype`,`items_id`),
  KEY `item` (`itemtype`,`items_id`),
  KEY `date_creation` (`date_creation`),
  KEY `date_mod` (`date_mod`)
) ENGINE=InnoDB AUTO_INCREMENT=6 DEFAULT CHARSET=utf8mb4 COLLATE=utf8mb4_unicode_ci;

--
-- Dumping data for table `glpi_certificates_items`
--

INSERT INTO `glpi_certificates_items` VALUES
(1,1,9922,'Computer','2022-06-14 15:59:55','2022-06-14 15:59:55'),
(2,2,33696,'Computer','2023-03-30 17:40:37','2023-03-30 17:40:37'),
(3,3,4,'Appliance','2023-03-31 12:16:31','2023-03-31 12:16:31'),
(5,3,5,'Domain','2023-03-31 12:20:26','2023-03-31 12:20:26');

--
-- Table structure for table `glpi_certificatetypes`
--

CREATE TABLE `glpi_certificatetypes` (
  `id` int(10) unsigned NOT NULL AUTO_INCREMENT,
  `entities_id` int(10) unsigned NOT NULL DEFAULT 0,
  `is_recursive` tinyint(1) NOT NULL DEFAULT 0,
  `name` varchar(255) DEFAULT NULL,
  `comment` mediumtext DEFAULT NULL,
  `date_creation` timestamp NULL DEFAULT NULL,
  `date_mod` timestamp NULL DEFAULT NULL,
  PRIMARY KEY (`id`),
  KEY `entities_id` (`entities_id`),
  KEY `is_recursive` (`is_recursive`),
  KEY `name` (`name`),
  KEY `date_creation` (`date_creation`),
  KEY `date_mod` (`date_mod`)
) ENGINE=InnoDB AUTO_INCREMENT=4 DEFAULT CHARSET=utf8mb4 COLLATE=utf8mb4_unicode_ci;

--
-- Dumping data for table `glpi_certificatetypes`
--

INSERT INTO `glpi_certificatetypes` VALUES
(1,0,0,'Single-Domain','','2023-03-28 21:22:58','2023-03-28 21:22:58'),
(2,0,0,'Multi Domaines','','2023-03-28 21:23:18','2023-03-28 21:23:18'),
(3,0,0,'Wildcard','','2023-03-28 21:23:40','2023-03-28 21:23:40');

--
-- Table structure for table `glpi_changecosts`
--

CREATE TABLE `glpi_changecosts` (
  `id` int(10) unsigned NOT NULL AUTO_INCREMENT,
  `changes_id` int(10) unsigned NOT NULL DEFAULT 0,
  `name` varchar(255) DEFAULT NULL,
  `comment` mediumtext DEFAULT NULL,
  `begin_date` date DEFAULT NULL,
  `end_date` date DEFAULT NULL,
  `actiontime` int(11) NOT NULL DEFAULT 0,
  `cost_time` decimal(20,4) NOT NULL DEFAULT 0.0000,
  `cost_fixed` decimal(20,4) NOT NULL DEFAULT 0.0000,
  `cost_material` decimal(20,4) NOT NULL DEFAULT 0.0000,
  `budgets_id` int(10) unsigned NOT NULL DEFAULT 0,
  `entities_id` int(10) unsigned NOT NULL DEFAULT 0,
  `is_recursive` tinyint(1) NOT NULL DEFAULT 0,
  PRIMARY KEY (`id`),
  KEY `name` (`name`),
  KEY `changes_id` (`changes_id`),
  KEY `begin_date` (`begin_date`),
  KEY `end_date` (`end_date`),
  KEY `entities_id` (`entities_id`),
  KEY `is_recursive` (`is_recursive`),
  KEY `budgets_id` (`budgets_id`)
) ENGINE=InnoDB DEFAULT CHARSET=utf8mb4 COLLATE=utf8mb4_unicode_ci;

--
-- Dumping data for table `glpi_changecosts`
--


--
-- Table structure for table `glpi_changes`
--

CREATE TABLE `glpi_changes` (
  `id` int(10) unsigned NOT NULL AUTO_INCREMENT,
  `name` varchar(255) DEFAULT NULL,
  `entities_id` int(10) unsigned NOT NULL DEFAULT 0,
  `is_recursive` tinyint(1) NOT NULL DEFAULT 0,
  `is_deleted` tinyint(1) NOT NULL DEFAULT 0,
  `status` int(11) NOT NULL DEFAULT 1,
  `content` longtext DEFAULT NULL,
  `date_mod` timestamp NULL DEFAULT NULL,
  `date` timestamp NULL DEFAULT NULL,
  `solvedate` timestamp NULL DEFAULT NULL,
  `closedate` timestamp NULL DEFAULT NULL,
  `time_to_resolve` timestamp NULL DEFAULT NULL,
  `users_id_recipient` int(10) unsigned NOT NULL DEFAULT 0,
  `users_id_lastupdater` int(10) unsigned NOT NULL DEFAULT 0,
  `urgency` int(11) NOT NULL DEFAULT 1,
  `impact` int(11) NOT NULL DEFAULT 1,
  `priority` int(11) NOT NULL DEFAULT 1,
  `itilcategories_id` int(10) unsigned NOT NULL DEFAULT 0,
  `impactcontent` longtext DEFAULT NULL,
  `controlistcontent` longtext DEFAULT NULL,
  `rolloutplancontent` longtext DEFAULT NULL,
  `backoutplancontent` longtext DEFAULT NULL,
  `checklistcontent` longtext DEFAULT NULL,
  `global_validation` int(11) NOT NULL DEFAULT 1,
  `validation_percent` int(11) NOT NULL DEFAULT 0,
  `actiontime` int(11) NOT NULL DEFAULT 0,
  `begin_waiting_date` timestamp NULL DEFAULT NULL,
  `waiting_duration` int(11) NOT NULL DEFAULT 0,
  `close_delay_stat` int(11) NOT NULL DEFAULT 0,
  `solve_delay_stat` int(11) NOT NULL DEFAULT 0,
  `date_creation` timestamp NULL DEFAULT NULL,
  `locations_id` int(10) unsigned NOT NULL DEFAULT 0,
  PRIMARY KEY (`id`),
  KEY `name` (`name`),
  KEY `entities_id` (`entities_id`),
  KEY `is_recursive` (`is_recursive`),
  KEY `is_deleted` (`is_deleted`),
  KEY `date` (`date`),
  KEY `closedate` (`closedate`),
  KEY `status` (`status`),
  KEY `priority` (`priority`),
  KEY `date_mod` (`date_mod`),
  KEY `itilcategories_id` (`itilcategories_id`),
  KEY `users_id_recipient` (`users_id_recipient`),
  KEY `solvedate` (`solvedate`),
  KEY `urgency` (`urgency`),
  KEY `impact` (`impact`),
  KEY `time_to_resolve` (`time_to_resolve`),
  KEY `global_validation` (`global_validation`),
  KEY `users_id_lastupdater` (`users_id_lastupdater`),
  KEY `date_creation` (`date_creation`),
  KEY `locations_id` (`locations_id`)
) ENGINE=InnoDB AUTO_INCREMENT=11 DEFAULT CHARSET=utf8mb4 COLLATE=utf8mb4_unicode_ci;

--
-- Dumping data for table `glpi_changes`
--

INSERT INTO `glpi_changes` VALUES
(2,'Mise à jour de la version GLPI de 9.4.5 vers 9.5.1',0,0,0,9,'&lt;p&gt;Il est nécessaire de mettre à jour régulièrement GLPI pour bénéficier des correctifs de sécurité et des nouvelles fonctionnalités.&lt;/p&gt;','2024-11-27 15:19:03','2018-03-23 21:29:44',NULL,NULL,NULL,0,2,3,3,3,0,'L\'application est utilisé par l\'équipe Eolle et est accessible à nos clients dans le cadre du support.\r\nL\'application web sera indisponible pendant le temps du déploiement.\r\nLa criticité est donc élevée car après la mise à jour, il faut que l\'application soit fonctionnelle pour les activités de support.','- Validité des accès pour les 20 utilisateurs (environ)\r\n\r\n- Conservation des données : tickets, changements, problèmes, base de connaissance, comptes, certificats, données financières, etc\r\n\r\n- Accès aux fichiers de la table des documents','- Mise à jour GLPI 9.4.5 vers 9.5.1\r\n\r\nS\'assurer de disposer des identifiants root du serveur et de l\'application.\r\n\r\nPasser le site en mode maintenance.\r\n\r\nEffectuer une sauvegarde de la base de données (cgislog_glpi)\r\nEffectuer une sauvegarde des fichiers de l\'application contenus dans : /home/cgislog/public_html.\r\nMettre à jour la version de php (5.6 à 7.2)\r\n\r\nDéplacer l’ancien répertoire de votre GLPI en production dans un répertoire temporaire : « mv /home/cgislog/public_html /home/cgislog/public_ftp/backup ».\r\n\r\nTélécharger le paquet : « wget https://github.com/glpi-project/glpi/releases/download/9.5.1/glpi-9.5.1.tgz » et le décompresser « tar -xzvf glpi-9.5.1.tgz » dans public_ftp/incoming.\r\n\r\nDéposer les fichiers de la nouvelle version sur /public_html et écraser les fichiers existants.\r\n\r\nCopier le contenu du répertoire files de votre ancienne installation dans le nouveau dossier files de la nouvelle version\r\n\r\nAller à centregislog.com et suivre les instructions pour la mise à jour de la base de données et des fichiers.\r\n\r\nSortir le site du mode maintenance.\r\nhttps://glpis.com/index.php?skipMaintenance=1\r\n\r\nActiver les plugins.\r\n\r\n- Mettre à jour les plugins\r\nTélécharger les nouvelles versions des plugins compatibles 9.5.x (News, Web Applications, Database Inventory, Accounts, MyDashboard, Domains, Formcreator, Morereporting, DataInjection, Reports, Childticketmanager, Moreticket) et les déposer dans le dossier /public_html/plugins\r\nAller dans Configuration &gt; Plugins\r\nMettre à jour les plugins\r\nActiver les plugins','- Mise à jour GLPI 9.4.5 vers 9.5.1\r\nImport du dump de la base de données\r\nExtraction de l\'archive de sauvegarde vers /public_html\r\n\r\n- Plugins\r\nDésactiver les plugins\r\nNettoyer les plugins\r\nDésinstaller les plugins','Pouvoir utiliser l\'application GLPI 9.5.1 mise à jour\r\nPouvoir utiliser les plugins de gestion du parc (Application Web, Base de données, Comptes, Domaines, Childticketmanager, Formcreator), les plugins de gestion de rapport et les autres plugins\r\nPouvoir se connecter à la nouvelle instance avec les comptes utilisateurs existants \r\nS\'assurer que que tous les plugins installés et activés fonctionnent correctement.\r\nS\'assurer que que tous les modules sont fonctionnels\r\nVérification de la présence des budgets et de leurs données\r\nNaviguer dans les différents modules\r\nS\'assurer que les toutes les informations se trouvant dans l\'ancienne version 9.4.5 ont été importées\r\nRetrouver le même nombre d\'éléments\r\nVérifier que les données dans les attributs gérés sont présentes\r\nS\'assurer que les articles de connaissances apparaissent correctement pour les entités du groupe Air ou celles de nos clients\r\nVoir apparaître le logo de Eolle dans les pages de login, l\'écran d\'accueil et dans la barre d\'adresse\r\nPouvoir affecter un utilisateur à une ou plusieurs entités, à un ou plusieurs groupes\r\nNe voir que les éléments que peuvent voir les personnes des clients\r\nAccès au code contenu dans le compte',3,100,18000,NULL,0,0,0,'2018-03-23 21:30:16',0),
(3,'Juste un test sur les changements',0,0,0,6,'Juste un test sur les changements','2024-11-27 15:19:52','2018-12-18 19:53:20','2018-12-18 19:56:22','2018-12-18 19:56:22',NULL,27,2,3,3,3,0,NULL,NULL,NULL,NULL,NULL,1,0,0,NULL,0,182,182,'2018-12-18 19:54:07',0),
(4,'Test CS',0,0,0,5,'Test CS','2020-02-03 18:41:23','2019-01-07 19:19:45','2019-01-07 19:20:20',NULL,NULL,0,2,3,3,3,0,NULL,NULL,NULL,NULL,NULL,1,0,0,'2019-01-07 19:20:20',0,0,35,'2019-01-07 19:19:53',0),
(5,'Mise à jour du serveur',0,0,0,1,'Vestibulum ullamcorper quam in enim auctor, id tincidunt metus tincidunt. Cras sed rutrum augue. In vestibulum ante ut nisi pellentesque convallis. Nullam ullamcorper cursus mauris a commodo. ','2024-11-27 15:19:52','2020-02-04 16:50:50',NULL,NULL,NULL,60,2,3,3,3,0,NULL,NULL,NULL,NULL,NULL,1,0,0,NULL,0,0,0,'2020-02-04 16:51:23',0),
(6,'Changement de test',0,0,0,1,'&lt;p&gt;Ceci est un changement pour tester le cycle de vie.&lt;/p&gt;','2024-11-27 15:19:03','2021-11-25 14:27:41',NULL,NULL,NULL,0,2,3,3,3,0,NULL,NULL,NULL,NULL,NULL,3,100,0,NULL,28226584,0,0,'2021-11-25 14:28:24',0),
(10,'Activation du nouveau module de construction des horaires',0,1,0,9,'&#60;p&#62;Bonjour,&#60;/p&#62;\r\n&#60;p&#62;Le nouveau module est requis et doit être installé.&#60;/p&#62;','2024-02-07 00:40:15','2023-03-31 14:59:29',NULL,NULL,NULL,60,2,3,3,3,0,'&#60;p&#62;Les personnes qui ont des droits de gestionnaire dans l\'application auront accès au nouvel onglet.&#60;/p&#62;\r\n&#60;p&#62;En cas d\'anomalie, cela peut perturber cette opération qui est faite chaque semaine.&#60;/p&#62;','&#60;p&#62;Validation par l\'équipe projet&#60;/p&#62;\r\n&#60;p&#62;Validation par le comité des changements&#60;/p&#62;\r\n&#60;p&#62;Validation par le responsable d\'application&#60;/p&#62;','','','',1,50,0,NULL,0,0,0,'2023-03-31 14:59:29',0);

--
-- Table structure for table `glpi_changes_groups`
--

CREATE TABLE `glpi_changes_groups` (
  `id` int(10) unsigned NOT NULL AUTO_INCREMENT,
  `changes_id` int(10) unsigned NOT NULL DEFAULT 0,
  `groups_id` int(10) unsigned NOT NULL DEFAULT 0,
  `type` int(11) NOT NULL DEFAULT 1,
  PRIMARY KEY (`id`),
  UNIQUE KEY `unicity` (`changes_id`,`type`,`groups_id`),
  KEY `group` (`groups_id`,`type`)
) ENGINE=InnoDB AUTO_INCREMENT=3 DEFAULT CHARSET=utf8mb4 COLLATE=utf8mb4_unicode_ci;

--
-- Dumping data for table `glpi_changes_groups`
--


--
-- Table structure for table `glpi_changes_items`
--

CREATE TABLE `glpi_changes_items` (
  `id` int(10) unsigned NOT NULL AUTO_INCREMENT,
  `changes_id` int(10) unsigned NOT NULL DEFAULT 0,
  `itemtype` varchar(100) DEFAULT NULL,
  `items_id` int(10) unsigned NOT NULL DEFAULT 0,
  PRIMARY KEY (`id`),
  UNIQUE KEY `unicity` (`changes_id`,`itemtype`,`items_id`),
  KEY `item` (`itemtype`,`items_id`)
) ENGINE=InnoDB AUTO_INCREMENT=3 DEFAULT CHARSET=utf8mb4 COLLATE=utf8mb4_unicode_ci;

--
-- Dumping data for table `glpi_changes_items`
--

INSERT INTO `glpi_changes_items` VALUES
(1,2,'Computer',9922),
(2,10,'Appliance',4);

--
-- Table structure for table `glpi_changes_problems`
--

CREATE TABLE `glpi_changes_problems` (
  `id` int(10) unsigned NOT NULL AUTO_INCREMENT,
  `changes_id` int(10) unsigned NOT NULL DEFAULT 0,
  `problems_id` int(10) unsigned NOT NULL DEFAULT 0,
  PRIMARY KEY (`id`),
  UNIQUE KEY `unicity` (`changes_id`,`problems_id`),
  KEY `problems_id` (`problems_id`)
) ENGINE=InnoDB DEFAULT CHARSET=utf8mb4 COLLATE=utf8mb4_unicode_ci;

--
-- Dumping data for table `glpi_changes_problems`
--


--
-- Table structure for table `glpi_changes_suppliers`
--

CREATE TABLE `glpi_changes_suppliers` (
  `id` int(10) unsigned NOT NULL AUTO_INCREMENT,
  `changes_id` int(10) unsigned NOT NULL DEFAULT 0,
  `suppliers_id` int(10) unsigned NOT NULL DEFAULT 0,
  `type` int(11) NOT NULL DEFAULT 1,
  `use_notification` tinyint(1) NOT NULL DEFAULT 0,
  `alternative_email` varchar(255) DEFAULT NULL,
  PRIMARY KEY (`id`),
  UNIQUE KEY `unicity` (`changes_id`,`type`,`suppliers_id`),
  KEY `group` (`suppliers_id`,`type`)
) ENGINE=InnoDB DEFAULT CHARSET=utf8mb4 COLLATE=utf8mb4_unicode_ci;

--
-- Dumping data for table `glpi_changes_suppliers`
--


--
-- Table structure for table `glpi_changes_tickets`
--

CREATE TABLE `glpi_changes_tickets` (
  `id` int(10) unsigned NOT NULL AUTO_INCREMENT,
  `changes_id` int(10) unsigned NOT NULL DEFAULT 0,
  `tickets_id` int(10) unsigned NOT NULL DEFAULT 0,
  PRIMARY KEY (`id`),
  UNIQUE KEY `unicity` (`changes_id`,`tickets_id`),
  KEY `tickets_id` (`tickets_id`)
) ENGINE=InnoDB DEFAULT CHARSET=utf8mb4 COLLATE=utf8mb4_unicode_ci;

--
-- Dumping data for table `glpi_changes_tickets`
--


--
-- Table structure for table `glpi_changes_users`
--

CREATE TABLE `glpi_changes_users` (
  `id` int(10) unsigned NOT NULL AUTO_INCREMENT,
  `changes_id` int(10) unsigned NOT NULL DEFAULT 0,
  `users_id` int(10) unsigned NOT NULL DEFAULT 0,
  `type` int(11) NOT NULL DEFAULT 1,
  `use_notification` tinyint(1) NOT NULL DEFAULT 0,
  `alternative_email` varchar(255) DEFAULT NULL,
  PRIMARY KEY (`id`),
  UNIQUE KEY `unicity` (`changes_id`,`type`,`users_id`,`alternative_email`),
  KEY `user` (`users_id`,`type`)
) ENGINE=InnoDB AUTO_INCREMENT=14 DEFAULT CHARSET=utf8mb4 COLLATE=utf8mb4_unicode_ci;

--
-- Dumping data for table `glpi_changes_users`
--

INSERT INTO `glpi_changes_users` VALUES
(2,2,2,1,1,'glpi-support@addlys.com'),
(3,3,27,1,1,'ygilat@addlys.com'),
(4,3,27,2,1,''),
(6,5,60,1,0,''),
(7,2,27,2,1,'ygilat@addlys.com'),
(12,10,60,1,0,''),
(13,10,60,2,0,'');

--
-- Table structure for table `glpi_changetasks`
--

CREATE TABLE `glpi_changetasks` (
  `id` int(10) unsigned NOT NULL AUTO_INCREMENT,
  `uuid` varchar(255) DEFAULT NULL,
  `changes_id` int(10) unsigned NOT NULL DEFAULT 0,
  `taskcategories_id` int(10) unsigned NOT NULL DEFAULT 0,
  `state` int(11) NOT NULL DEFAULT 0,
  `date` timestamp NULL DEFAULT NULL,
  `begin` timestamp NULL DEFAULT NULL,
  `end` timestamp NULL DEFAULT NULL,
  `users_id` int(10) unsigned NOT NULL DEFAULT 0,
  `users_id_editor` int(10) unsigned NOT NULL DEFAULT 0,
  `users_id_tech` int(10) unsigned NOT NULL DEFAULT 0,
  `groups_id_tech` int(10) unsigned NOT NULL DEFAULT 0,
  `content` longtext DEFAULT NULL,
  `actiontime` int(11) NOT NULL DEFAULT 0,
  `date_mod` timestamp NULL DEFAULT NULL,
  `date_creation` timestamp NULL DEFAULT NULL,
  `tasktemplates_id` int(10) unsigned NOT NULL DEFAULT 0,
  `timeline_position` tinyint(1) NOT NULL DEFAULT 0,
  `is_private` tinyint(1) NOT NULL DEFAULT 0,
  PRIMARY KEY (`id`),
  UNIQUE KEY `uuid` (`uuid`),
  KEY `changes_id` (`changes_id`),
  KEY `state` (`state`),
  KEY `users_id` (`users_id`),
  KEY `users_id_editor` (`users_id_editor`),
  KEY `users_id_tech` (`users_id_tech`),
  KEY `groups_id_tech` (`groups_id_tech`),
  KEY `date` (`date`),
  KEY `date_mod` (`date_mod`),
  KEY `date_creation` (`date_creation`),
  KEY `begin` (`begin`),
  KEY `end` (`end`),
  KEY `taskcategories_id` (`taskcategories_id`),
  KEY `tasktemplates_id` (`tasktemplates_id`),
  KEY `is_private` (`is_private`)
) ENGINE=InnoDB AUTO_INCREMENT=4 DEFAULT CHARSET=utf8mb4 COLLATE=utf8mb4_unicode_ci;

--
-- Dumping data for table `glpi_changetasks`
--

INSERT INTO `glpi_changetasks` VALUES
(1,'65ae9a91-bb15-11ea-a06a-fa163ed3325c',2,0,2,'2019-03-19 13:35:00','2020-08-06 13:35:00','2020-08-06 17:35:00',2,2,27,0,'&lt;p&gt;Mise à jour de GLPI de 9.4.5 vers 9.5.1 dans l\'environnement de test&lt;/p&gt;',14400,'2020-08-04 19:54:06','2018-04-23 21:31:51',0,0,0),
(2,'1825019e-60d2-4d8c-b46e-590119908a92',2,0,1,'2020-08-04 19:55:23','2023-08-24 13:57:49','2023-08-24 14:57:49',2,2,27,0,'&#60;p&#62;Vérification du bon fonctionnement de l\'application en test&#60;/p&#62;',3600,'2024-11-27 15:17:39','2020-08-04 19:55:23',0,1,0),
(3,'3ef98774-8481-4eb2-869f-9627e87928a1',10,0,1,'2023-03-31 15:05:07',NULL,NULL,60,0,60,0,'&#60;p&#62;Analyse de la demande de changement&#60;/p&#62;',0,'2023-03-31 15:05:07','2023-03-31 15:05:07',0,1,0);

--
-- Table structure for table `glpi_changetemplatehiddenfields`
--

CREATE TABLE `glpi_changetemplatehiddenfields` (
  `id` int(10) unsigned NOT NULL AUTO_INCREMENT,
  `changetemplates_id` int(10) unsigned NOT NULL DEFAULT 0,
  `num` int(11) NOT NULL DEFAULT 0,
  PRIMARY KEY (`id`),
  UNIQUE KEY `unicity` (`changetemplates_id`,`num`)
) ENGINE=InnoDB DEFAULT CHARSET=utf8mb4 COLLATE=utf8mb4_unicode_ci;

--
-- Dumping data for table `glpi_changetemplatehiddenfields`
--


--
-- Table structure for table `glpi_changetemplatemandatoryfields`
--

CREATE TABLE `glpi_changetemplatemandatoryfields` (
  `id` int(10) unsigned NOT NULL AUTO_INCREMENT,
  `changetemplates_id` int(10) unsigned NOT NULL DEFAULT 0,
  `num` int(11) NOT NULL DEFAULT 0,
  PRIMARY KEY (`id`),
  UNIQUE KEY `unicity` (`changetemplates_id`,`num`)
) ENGINE=InnoDB AUTO_INCREMENT=2 DEFAULT CHARSET=utf8mb4 COLLATE=utf8mb4_unicode_ci;

--
-- Dumping data for table `glpi_changetemplatemandatoryfields`
--

INSERT INTO `glpi_changetemplatemandatoryfields` VALUES
(1,1,21);

--
-- Table structure for table `glpi_changetemplatepredefinedfields`
--

CREATE TABLE `glpi_changetemplatepredefinedfields` (
  `id` int(10) unsigned NOT NULL AUTO_INCREMENT,
  `changetemplates_id` int(10) unsigned NOT NULL DEFAULT 0,
  `num` int(11) NOT NULL DEFAULT 0,
  `value` mediumtext DEFAULT NULL,
  PRIMARY KEY (`id`),
  KEY `changetemplates_id` (`changetemplates_id`)
) ENGINE=InnoDB DEFAULT CHARSET=utf8mb4 COLLATE=utf8mb4_unicode_ci;

--
-- Dumping data for table `glpi_changetemplatepredefinedfields`
--


--
-- Table structure for table `glpi_changetemplates`
--

CREATE TABLE `glpi_changetemplates` (
  `id` int(10) unsigned NOT NULL AUTO_INCREMENT,
  `name` varchar(255) DEFAULT NULL,
  `entities_id` int(10) unsigned NOT NULL DEFAULT 0,
  `is_recursive` tinyint(1) NOT NULL DEFAULT 0,
  `comment` mediumtext DEFAULT NULL,
  PRIMARY KEY (`id`),
  KEY `name` (`name`),
  KEY `entities_id` (`entities_id`),
  KEY `is_recursive` (`is_recursive`)
) ENGINE=InnoDB AUTO_INCREMENT=2 DEFAULT CHARSET=utf8mb4 COLLATE=utf8mb4_unicode_ci;

--
-- Dumping data for table `glpi_changetemplates`
--

INSERT INTO `glpi_changetemplates` VALUES
(1,'Default',0,1,NULL);

--
-- Table structure for table `glpi_changevalidations`
--

CREATE TABLE `glpi_changevalidations` (
  `id` int(10) unsigned NOT NULL AUTO_INCREMENT,
  `entities_id` int(10) unsigned NOT NULL DEFAULT 0,
  `is_recursive` tinyint(1) NOT NULL DEFAULT 0,
  `users_id` int(10) unsigned NOT NULL DEFAULT 0,
  `changes_id` int(10) unsigned NOT NULL DEFAULT 0,
  `users_id_validate` int(10) unsigned NOT NULL DEFAULT 0,
  `comment_submission` mediumtext DEFAULT NULL,
  `comment_validation` mediumtext DEFAULT NULL,
  `status` int(11) NOT NULL DEFAULT 2,
  `submission_date` timestamp NULL DEFAULT NULL,
  `validation_date` timestamp NULL DEFAULT NULL,
  `timeline_position` tinyint(1) NOT NULL DEFAULT 0,
  PRIMARY KEY (`id`),
  KEY `entities_id` (`entities_id`),
  KEY `is_recursive` (`is_recursive`),
  KEY `users_id` (`users_id`),
  KEY `users_id_validate` (`users_id_validate`),
  KEY `changes_id` (`changes_id`),
  KEY `submission_date` (`submission_date`),
  KEY `validation_date` (`validation_date`),
  KEY `status` (`status`)
) ENGINE=InnoDB AUTO_INCREMENT=3 DEFAULT CHARSET=utf8mb4 COLLATE=utf8mb4_unicode_ci;

--
-- Dumping data for table `glpi_changevalidations`
--

INSERT INTO `glpi_changevalidations` VALUES
(1,0,0,2,2,2,'',NULL,3,'2018-03-23 21:31:04','2019-01-09 22:07:40',0),
(2,0,0,0,6,0,'',NULL,3,'2021-11-25 14:30:13','2021-11-25 14:30:28',1);

--
-- Table structure for table `glpi_clusters`
--

CREATE TABLE `glpi_clusters` (
  `id` int(10) unsigned NOT NULL AUTO_INCREMENT,
  `entities_id` int(10) unsigned NOT NULL DEFAULT 0,
  `is_recursive` tinyint(1) NOT NULL DEFAULT 0,
  `name` varchar(255) DEFAULT NULL,
  `uuid` varchar(255) DEFAULT NULL,
  `version` varchar(255) DEFAULT NULL,
  `users_id_tech` int(10) unsigned NOT NULL DEFAULT 0,
  `groups_id_tech` int(10) unsigned NOT NULL DEFAULT 0,
  `is_deleted` tinyint(1) NOT NULL DEFAULT 0,
  `states_id` int(10) unsigned NOT NULL DEFAULT 0,
  `comment` mediumtext DEFAULT NULL,
  `clustertypes_id` int(10) unsigned NOT NULL DEFAULT 0,
  `autoupdatesystems_id` int(10) unsigned NOT NULL DEFAULT 0,
  `date_mod` timestamp NULL DEFAULT NULL,
  `date_creation` timestamp NULL DEFAULT NULL,
  PRIMARY KEY (`id`),
  KEY `users_id_tech` (`users_id_tech`),
  KEY `group_id_tech` (`groups_id_tech`),
  KEY `is_deleted` (`is_deleted`),
  KEY `states_id` (`states_id`),
  KEY `clustertypes_id` (`clustertypes_id`),
  KEY `autoupdatesystems_id` (`autoupdatesystems_id`),
  KEY `entities_id` (`entities_id`),
  KEY `is_recursive` (`is_recursive`),
  KEY `date_creation` (`date_creation`),
  KEY `date_mod` (`date_mod`),
  KEY `name` (`name`)
) ENGINE=InnoDB DEFAULT CHARSET=utf8mb4 COLLATE=utf8mb4_unicode_ci;

--
-- Dumping data for table `glpi_clusters`
--


--
-- Table structure for table `glpi_clustertypes`
--

CREATE TABLE `glpi_clustertypes` (
  `id` int(10) unsigned NOT NULL AUTO_INCREMENT,
  `entities_id` int(10) unsigned NOT NULL DEFAULT 0,
  `is_recursive` tinyint(1) NOT NULL DEFAULT 0,
  `name` varchar(255) DEFAULT NULL,
  `comment` mediumtext DEFAULT NULL,
  `date_creation` timestamp NULL DEFAULT NULL,
  `date_mod` timestamp NULL DEFAULT NULL,
  PRIMARY KEY (`id`),
  KEY `name` (`name`),
  KEY `entities_id` (`entities_id`),
  KEY `is_recursive` (`is_recursive`),
  KEY `date_creation` (`date_creation`),
  KEY `date_mod` (`date_mod`)
) ENGINE=InnoDB DEFAULT CHARSET=utf8mb4 COLLATE=utf8mb4_unicode_ci;

--
-- Dumping data for table `glpi_clustertypes`
--


--
-- Table structure for table `glpi_computerantiviruses`
--

CREATE TABLE `glpi_computerantiviruses` (
  `id` int(10) unsigned NOT NULL AUTO_INCREMENT,
  `computers_id` int(10) unsigned NOT NULL DEFAULT 0,
  `name` varchar(255) DEFAULT NULL,
  `manufacturers_id` int(10) unsigned NOT NULL DEFAULT 0,
  `antivirus_version` varchar(255) DEFAULT NULL,
  `signature_version` varchar(255) DEFAULT NULL,
  `is_active` tinyint(1) NOT NULL DEFAULT 0,
  `is_deleted` tinyint(1) NOT NULL DEFAULT 0,
  `is_uptodate` tinyint(1) NOT NULL DEFAULT 0,
  `is_dynamic` tinyint(1) NOT NULL DEFAULT 0,
  `date_expiration` timestamp NULL DEFAULT NULL,
  `date_mod` timestamp NULL DEFAULT NULL,
  `date_creation` timestamp NULL DEFAULT NULL,
  PRIMARY KEY (`id`),
  KEY `name` (`name`),
  KEY `antivirus_version` (`antivirus_version`),
  KEY `signature_version` (`signature_version`),
  KEY `is_active` (`is_active`),
  KEY `is_uptodate` (`is_uptodate`),
  KEY `is_dynamic` (`is_dynamic`),
  KEY `is_deleted` (`is_deleted`),
  KEY `computers_id` (`computers_id`),
  KEY `date_expiration` (`date_expiration`),
  KEY `date_mod` (`date_mod`),
  KEY `date_creation` (`date_creation`),
  KEY `manufacturers_id` (`manufacturers_id`)
) ENGINE=InnoDB AUTO_INCREMENT=161 DEFAULT CHARSET=utf8mb4 COLLATE=utf8mb4_unicode_ci;

--
-- Dumping data for table `glpi_computerantiviruses`
--

INSERT INTO `glpi_computerantiviruses` VALUES
(8,10039,'FortiClient AntiVirus',0,'','',0,0,1,1,NULL,'2020-05-13 15:39:15','2020-05-13 15:39:15'),
(17,10039,'Windows Defender',0,'4.18.2103.7','1.339.42.0',1,0,1,1,NULL,'2023-02-02 19:00:42','2021-05-06 17:11:03'),
(18,7,'Windows Defender',0,'4.18.2103.7','1.339.115.0',1,0,1,1,NULL,'2023-02-02 19:00:42','2021-05-07 16:56:17'),
(19,7,'FortiClient AntiVirus',0,'','',0,0,1,1,NULL,'2021-05-07 16:56:17','2021-05-07 16:56:17'),
(45,33871,'Windows Defender',2852,'4.8.10240.17443','1.381.2114.0',1,0,1,1,NULL,'2023-04-19 18:42:32','2022-07-19 18:01:40');

--
-- Table structure for table `glpi_computermodels`
--

CREATE TABLE `glpi_computermodels` (
  `id` int(10) unsigned NOT NULL AUTO_INCREMENT,
  `name` varchar(255) DEFAULT NULL,
  `comment` mediumtext DEFAULT NULL,
  `product_number` varchar(255) DEFAULT NULL,
  `weight` int(11) NOT NULL DEFAULT 0,
  `required_units` int(11) NOT NULL DEFAULT 1,
  `depth` float NOT NULL DEFAULT 1,
  `power_connections` int(11) NOT NULL DEFAULT 0,
  `power_consumption` int(11) NOT NULL DEFAULT 0,
  `is_half_rack` tinyint(1) NOT NULL DEFAULT 0,
  `picture_front` mediumtext DEFAULT NULL,
  `picture_rear` mediumtext DEFAULT NULL,
  `pictures` text DEFAULT NULL,
  `date_mod` timestamp NULL DEFAULT NULL,
  `date_creation` timestamp NULL DEFAULT NULL,
  PRIMARY KEY (`id`),
  KEY `name` (`name`),
  KEY `date_mod` (`date_mod`),
  KEY `date_creation` (`date_creation`),
  KEY `product_number` (`product_number`)
) ENGINE=InnoDB AUTO_INCREMENT=376 DEFAULT CHARSET=utf8mb4 COLLATE=utf8mb4_unicode_ci;

--
-- Dumping data for table `glpi_computermodels`
--

INSERT INTO `glpi_computermodels` VALUES
(3,'ThinkPad T470','',NULL,0,1,1,0,0,0,NULL,NULL,NULL,'2018-03-09 13:56:53','2018-03-09 13:56:53'),
(4,'Windows','',NULL,0,1,1,0,0,0,NULL,NULL,NULL,'2018-06-26 16:25:45','2018-06-26 16:25:45'),
(5,'Q87M','',NULL,0,1,1,0,0,0,NULL,NULL,NULL,'2018-06-26 17:52:35','2018-06-26 17:52:35'),
(6,'DQ77MK','',NULL,0,1,1,0,0,0,NULL,NULL,NULL,'2018-06-26 17:52:35','2018-06-26 17:52:35'),
(7,'DISCOVERYC2D500DD','',NULL,0,1,1,0,0,0,NULL,NULL,NULL,'2018-06-26 17:52:35','2018-06-26 17:52:35'),
(8,'DQ67SW','',NULL,0,1,1,0,0,0,NULL,NULL,NULL,'2018-06-26 17:52:35','2018-06-26 17:52:35'),
(9,'GX280','',NULL,0,1,1,0,0,0,NULL,NULL,NULL,'2018-06-26 17:52:35','2018-06-26 17:52:35'),
(10,'ENTERD945','',NULL,0,1,1,0,0,0,NULL,NULL,NULL,'2018-06-26 17:52:35','2018-06-26 17:52:35'),
(11,'DUO2SFF','',NULL,0,1,1,0,0,0,NULL,NULL,NULL,'2018-06-26 17:52:35','2018-06-26 17:52:35'),
(12,'DQ965GFEKRTOUR','',NULL,0,1,1,0,0,0,NULL,NULL,NULL,'2018-06-26 17:52:35','2018-06-26 17:52:35'),
(13,'IMAC_QCOREi7','',NULL,0,1,1,0,0,0,NULL,NULL,NULL,'2018-06-26 17:52:35','2018-06-26 17:52:35'),
(14,'OPTI990','',NULL,0,1,1,0,0,0,NULL,NULL,NULL,'2018-06-26 17:52:35','2018-06-26 17:52:35'),
(15,'IMACCOREI5_8GB','',NULL,0,1,1,0,0,0,NULL,NULL,NULL,'2018-06-26 17:52:35','2018-06-26 17:52:35'),
(16,'IMACCOREI5_16GB','',NULL,0,1,1,0,0,0,NULL,NULL,NULL,'2018-06-26 17:52:35','2018-06-26 17:52:35'),
(17,'IMAC_I5_16GB_1TB','',NULL,0,1,1,0,0,0,NULL,NULL,NULL,'2018-06-26 17:52:35','2018-06-26 17:52:35'),
(18,'IMACCOREI5_16GB_1TB','',NULL,0,1,1,0,0,0,NULL,NULL,NULL,'2018-06-26 17:52:35','2018-06-26 17:52:35'),
(19,'IMAC_VESA_COREI5','',NULL,0,1,1,0,0,0,NULL,NULL,NULL,'2018-06-26 17:52:35','2018-06-26 17:52:35'),
(21,'DELL-Poweredge-Towerservers_T710','',NULL,6,1,1,2,20,0,'e7/613a18591f1c55.74666275613a186b6cae7.png','7b/613a18655d69a8.00600942613a186b6cc7b.png',NULL,'2022-03-02 19:23:33','2018-06-26 17:52:35'),
(22,'IMAC2DUO','',NULL,0,1,1,0,0,0,NULL,NULL,NULL,'2018-06-26 17:52:35','2018-06-26 17:52:35'),
(23,'MACMINISERV_i7','',NULL,0,1,1,0,0,0,NULL,NULL,NULL,'2018-06-26 17:52:35','2018-06-26 17:52:35'),
(24,'IMAC2DUO750GB','',NULL,0,1,1,0,0,0,NULL,NULL,NULL,'2018-06-26 17:52:35','2018-06-26 17:52:35'),
(25,'MACMINIBLUETOOTH','',NULL,0,1,1,0,0,0,NULL,NULL,NULL,'2018-06-26 17:52:35','2018-06-26 17:52:35'),
(26,'IMACCOREI3','',NULL,0,1,1,0,0,0,NULL,NULL,NULL,'2018-06-26 17:52:35','2018-06-26 17:52:35'),
(27,'MACMINISNOWLEOPARD','',NULL,0,1,1,0,0,0,NULL,NULL,NULL,'2018-06-26 17:52:35','2018-06-26 17:52:35'),
(28,'MACMINISERVEUR','',NULL,0,1,1,0,0,0,NULL,NULL,NULL,'2018-06-26 17:52:35','2018-06-26 17:52:35'),
(30,'MACMINISERVEUR_i7','',NULL,0,1,1,0,0,0,NULL,NULL,NULL,'2018-06-26 17:52:35','2018-06-26 17:52:35'),
(31,'IMAC2DUO1TB','',NULL,0,1,1,0,0,0,NULL,NULL,NULL,'2018-06-26 17:52:35','2018-06-26 17:52:35'),
(32,'MACPRO_XEON','',NULL,0,1,1,0,0,0,NULL,NULL,NULL,'2018-06-26 17:52:35','2018-06-26 17:52:35'),
(33,'T7500','',NULL,0,1,1,0,0,0,NULL,NULL,NULL,'2018-06-26 17:52:35','2018-06-26 17:52:35'),
(34,'MACPROQUAD','',NULL,0,1,1,0,0,0,NULL,NULL,NULL,'2018-06-26 17:52:35','2018-06-26 17:52:35'),
(35,'OPTI755COREDUO','',NULL,0,1,1,0,0,0,NULL,NULL,NULL,'2018-06-26 17:52:35','2018-06-26 17:52:35'),
(36,'OPTI760COREDUO','',NULL,0,1,1,0,0,0,NULL,NULL,NULL,'2018-06-26 17:52:35','2018-06-26 17:52:35'),
(37,'DISCOVD945','',NULL,0,1,1,0,0,0,NULL,NULL,NULL,'2018-06-26 17:52:35','2018-06-26 17:52:35'),
(38,'MACPRO_TOUR_XEON-E5','',NULL,0,1,1,0,0,0,NULL,NULL,NULL,'2018-06-26 17:52:35','2018-06-26 17:52:35'),
(39,'GX620MT','',NULL,0,1,1,0,0,0,NULL,NULL,NULL,'2018-06-26 17:52:35','2018-06-26 17:52:35'),
(41,'GX620SFF','',NULL,0,1,1,0,0,0,NULL,NULL,NULL,'2018-06-26 17:52:35','2018-06-26 17:52:35'),
(42,'OPTI9010MT','',NULL,0,1,1,0,0,0,NULL,NULL,NULL,'2018-06-26 17:52:35','2018-06-26 17:52:35'),
(43,'DISCOVERYC2D','',NULL,0,1,1,0,0,0,NULL,NULL,NULL,'2018-06-26 17:52:35','2018-06-26 17:52:35'),
(44,'T7500_2QC','',NULL,0,1,1,0,0,0,NULL,NULL,NULL,'2018-06-26 17:52:35','2018-06-26 17:52:35'),
(45,'OPTIPLEX_7040','',NULL,0,1,1,0,0,0,NULL,NULL,NULL,'2018-06-26 17:52:35','2018-06-26 17:52:35'),
(46,'D915GAG','',NULL,0,1,1,0,0,0,NULL,NULL,NULL,'2018-06-26 17:52:35','2018-06-26 17:52:35'),
(47,'OPTI755','',NULL,0,1,1,0,0,0,NULL,NULL,NULL,'2018-06-26 17:52:35','2018-06-26 17:52:35'),
(48,'ENTERPRISE_I7DQ77','',NULL,0,1,1,0,0,0,NULL,NULL,NULL,'2018-06-26 17:52:35','2018-06-26 17:52:35'),
(49,'8000ELCMT','',NULL,0,1,1,0,0,0,NULL,NULL,NULL,'2018-06-26 17:52:35','2018-06-26 17:52:35'),
(50,'MACMINICCOREDUO','',NULL,0,1,1,0,0,0,NULL,NULL,NULL,'2018-06-26 17:52:35','2018-06-26 17:52:35'),
(51,'RP5800','',NULL,0,1,1,0,0,0,NULL,NULL,NULL,'2018-06-26 17:52:35','2018-06-26 17:52:35'),
(52,'GETAC_T800_G2','',NULL,0,1,1,0,0,0,NULL,NULL,NULL,'2018-06-26 18:36:34','2018-06-26 18:36:34'),
(53,'TECRA_A50','',NULL,0,1,1,0,0,0,NULL,NULL,NULL,'2018-06-26 18:36:34','2018-06-26 18:36:34'),
(54,'NB_LATITUDEE6530','',NULL,0,1,1,0,0,0,NULL,NULL,NULL,'2018-06-26 18:36:34','2018-06-26 18:36:34'),
(55,'CF20C7099TC','',NULL,0,1,1,0,0,0,NULL,NULL,NULL,'2018-06-26 18:36:34','2018-06-26 18:36:34'),
(56,'HP6730B','',NULL,0,1,1,0,0,0,NULL,NULL,NULL,'2018-06-26 18:36:34','2018-06-26 18:36:34'),
(57,'ELITEBOOK_X360','',NULL,0,1,1,0,0,0,NULL,NULL,NULL,'2018-06-26 18:36:34','2018-06-26 18:36:34'),
(58,'TECRA_R850','',NULL,0,1,1,0,0,0,NULL,NULL,NULL,'2018-06-26 18:36:34','2018-06-26 18:36:34'),
(59,'LAT_5580_XCTO','',NULL,0,1,1,0,0,0,NULL,NULL,NULL,'2018-06-26 18:36:34','2018-06-26 18:36:34'),
(60,'MACBOOKPROQCi7_2,8GZ','',NULL,0,1,1,0,0,0,NULL,NULL,NULL,'2018-06-26 18:36:34','2018-06-26 18:36:34'),
(61,'NB_LATITUDE_E6540','',NULL,0,1,1,0,0,0,NULL,NULL,NULL,'2018-06-26 18:36:34','2018-06-26 18:36:34'),
(62,'TECRA_R950','',NULL,0,1,1,0,0,0,NULL,NULL,NULL,'2018-06-26 18:36:34','2018-06-26 18:36:34'),
(63,'CF20C7003TC','',NULL,0,1,1,0,0,0,NULL,NULL,NULL,'2018-06-26 18:36:34','2018-06-26 18:36:34'),
(64,'GETACV100','',NULL,0,1,1,0,0,0,NULL,NULL,NULL,'2018-06-26 18:36:34','2018-06-26 18:36:34'),
(65,'CF54FC002NC','',NULL,0,1,1,0,0,0,NULL,NULL,NULL,'2018-06-26 18:36:34','2018-06-26 18:36:34'),
(66,'IPAD_PRO_Space_Grey','',NULL,0,1,1,0,0,0,NULL,NULL,NULL,'2018-06-26 18:36:34','2018-06-26 18:36:34'),
(67,'LAT_5414_SR','',NULL,0,1,1,0,0,0,NULL,NULL,NULL,'2018-06-26 18:36:34','2018-06-26 18:36:34'),
(68,'LAT_5414_SR_PCMCIA','',NULL,0,1,1,0,0,0,NULL,NULL,NULL,'2018-06-26 18:36:34','2018-06-26 18:36:34'),
(69,'SURFPRO3','',NULL,0,1,1,0,0,0,NULL,NULL,NULL,'2018-06-26 18:36:34','2018-06-26 18:36:34'),
(71,'IPAD_MINI','',NULL,0,1,1,0,0,0,NULL,NULL,NULL,'2018-06-26 18:36:34','2018-06-26 18:36:34'),
(72,'GALAXY_TAB_E','',NULL,0,1,1,0,0,0,NULL,NULL,NULL,'2018-06-26 18:36:34','2018-06-26 18:36:34'),
(73,'MACBOOKPRO15_i5_2.9','',NULL,0,1,1,0,0,0,NULL,NULL,NULL,'2018-06-26 18:36:34','2018-06-26 18:36:34'),
(74,'THINKPAD_P50_XEON-E3','',NULL,0,1,1,0,0,0,NULL,NULL,NULL,'2018-06-26 18:36:34','2018-06-26 18:36:34'),
(75,'GALAXY_A80','',NULL,0,1,1,0,0,0,NULL,NULL,NULL,'2018-06-26 18:36:34','2018-06-26 18:36:34'),
(76,'SURFPRO4','',NULL,0,1,1,0,0,0,NULL,NULL,NULL,'2018-06-26 18:36:34','2018-06-26 18:36:34'),
(77,'FAW_I_E5-2650','',NULL,0,1,1,0,0,0,NULL,NULL,NULL,'2018-06-26 18:36:34','2018-06-26 18:36:34'),
(78,'MACBOOKPRO15QCOREI7','',NULL,0,1,1,0,0,0,NULL,NULL,NULL,'2018-06-26 18:36:34','2018-06-26 18:36:34'),
(79,'PREC_TOWER_3620','',NULL,0,1,1,0,0,0,NULL,NULL,NULL,'2018-06-26 18:36:34','2018-06-26 18:36:34'),
(80,'Z640_E2630','',NULL,0,1,1,0,0,0,NULL,NULL,NULL,'2018-06-26 18:36:34','2018-06-26 18:36:34'),
(82,'ASUSG752VSQ72SCB','',NULL,0,1,1,0,0,0,NULL,NULL,NULL,'2018-06-26 18:36:34','2018-06-26 18:36:34'),
(83,'THINKPAD_P50','',NULL,0,1,1,0,0,0,NULL,NULL,NULL,'2018-06-26 18:36:34','2018-06-26 18:36:34'),
(84,'Z640','',NULL,0,1,1,0,0,0,NULL,NULL,NULL,'2018-06-26 18:36:34','2018-06-26 18:36:34'),
(85,'IPAD_MINI_SPACEGRAY','',NULL,0,1,1,0,0,0,NULL,NULL,NULL,'2018-06-26 18:36:34','2018-06-26 18:36:34'),
(86,'MACBOOKPROQCi7_28GHZ','',NULL,0,1,1,0,0,0,NULL,NULL,NULL,'2018-06-26 18:36:34','2018-06-26 18:36:34'),
(87,'TS_D30','',NULL,0,1,1,0,0,0,NULL,NULL,NULL,'2018-06-26 18:36:34','2018-06-26 18:36:34'),
(88,'PROBOOK650G1','',NULL,0,1,1,0,0,0,NULL,NULL,NULL,'2018-06-26 18:36:34','2018-06-26 18:36:34'),
(89,'IPAD_AIR2','',NULL,0,1,1,0,0,0,NULL,NULL,NULL,'2018-06-26 18:36:34','2018-06-26 18:36:34'),
(90,'Z800','',NULL,0,1,1,0,0,0,NULL,NULL,NULL,'2018-06-26 18:36:34','2018-06-26 18:36:34'),
(91,'TECRAA8','',NULL,0,1,1,0,0,0,NULL,NULL,NULL,'2018-06-26 18:36:34','2018-06-26 18:36:34'),
(92,'IPAD2','',NULL,0,1,1,0,0,0,NULL,NULL,NULL,'2018-06-26 18:36:34','2018-06-26 18:36:34'),
(93,'GALAXY_S84','',NULL,0,1,1,0,0,0,NULL,NULL,NULL,'2018-06-26 18:36:34','2018-06-26 18:36:34'),
(94,'FAW_I_E5-2620','',NULL,0,1,1,0,0,0,NULL,NULL,NULL,'2018-06-26 18:36:34','2018-06-26 18:36:34'),
(95,'D30_E5-2650','',NULL,0,1,1,0,0,0,NULL,NULL,NULL,'2018-06-26 18:36:34','2018-06-26 18:36:34'),
(96,'MACBOOKPROQCi5RD','',NULL,0,1,1,0,0,0,NULL,NULL,NULL,'2018-06-26 18:36:34','2018-06-26 18:36:34'),
(97,'MACBOOKPRO15QCi7','',NULL,0,1,1,0,0,0,NULL,NULL,NULL,'2018-06-26 18:36:34','2018-06-26 18:36:34'),
(98,'IPAD_MINI_SILVER','',NULL,0,1,1,0,0,0,NULL,NULL,NULL,'2018-06-26 18:36:34','2018-06-26 18:36:34'),
(99,'NOTEBOOKXPS15','',NULL,0,1,1,0,0,0,NULL,NULL,NULL,'2018-06-26 18:36:34','2018-06-26 18:36:34'),
(100,'GETACB300I5','',NULL,0,1,1,0,0,0,NULL,NULL,NULL,'2018-06-26 18:36:34','2018-06-26 18:36:34'),
(101,'NB_PRECISIONM6600','',NULL,0,1,1,0,0,0,NULL,NULL,NULL,'2018-06-26 18:36:34','2018-06-26 18:36:34'),
(102,'IPAD_PRO','',NULL,0,1,1,0,0,0,NULL,NULL,NULL,'2018-06-26 18:36:34','2018-06-26 18:36:34'),
(103,'HP6300P','',NULL,0,1,1,0,0,0,NULL,NULL,NULL,'2018-06-26 18:36:34','2018-06-26 18:36:34'),
(104,'Z210','',NULL,0,1,1,0,0,0,NULL,NULL,NULL,'2018-06-26 18:36:34','2018-06-26 18:36:34'),
(105,'THINK_STATION_D30','',NULL,0,1,1,0,0,0,NULL,NULL,NULL,'2018-06-26 18:36:34','2018-06-26 18:36:34'),
(106,'HPZ800AVID','',NULL,0,1,1,0,0,0,NULL,NULL,NULL,'2018-06-26 18:36:34','2018-06-26 18:36:34'),
(107,'FTIIIDXQUAD','',NULL,0,1,1,0,0,0,NULL,NULL,NULL,'2018-06-26 18:36:34','2018-06-26 18:36:34'),
(108,'GETACV200','',NULL,0,1,1,0,0,0,NULL,NULL,NULL,'2018-06-26 18:36:34','2018-06-26 18:36:34'),
(109,'FTIIIDX2XQUAD','',NULL,0,1,1,0,0,0,NULL,NULL,NULL,'2018-06-26 18:36:34','2018-06-26 18:36:34'),
(110,'SYS6025B','',NULL,0,1,1,0,0,0,NULL,NULL,NULL,'2018-06-26 18:36:34','2018-06-26 18:36:34'),
(111,'MACBOOKPROQCOREi7_2','',NULL,0,1,1,0,0,0,NULL,NULL,NULL,'2018-06-26 18:36:34','2018-06-26 18:36:34'),
(112,'GETACV200_3520M','',NULL,0,1,1,0,0,0,NULL,NULL,NULL,'2018-06-26 18:36:34','2018-06-26 18:36:34'),
(113,'TECRAA9','',NULL,0,1,1,0,0,0,NULL,NULL,NULL,'2018-06-26 18:36:34','2018-06-26 18:36:34'),
(114,'TOSHR830I5','',NULL,0,1,1,0,0,0,NULL,NULL,NULL,'2018-06-26 18:36:34','2018-06-26 18:36:34'),
(115,'IPAD4','',NULL,0,1,1,0,0,0,NULL,NULL,NULL,'2018-06-26 18:36:34','2018-06-26 18:36:34'),
(117,'Z220','',NULL,0,1,1,0,0,0,NULL,NULL,NULL,'2018-06-26 18:36:34','2018-06-26 18:36:34'),
(118,'MACBOOKPRO15','',NULL,0,1,1,0,0,0,NULL,NULL,NULL,'2018-06-26 18:36:34','2018-06-26 18:36:34'),
(119,'STUDIOXPS16','',NULL,0,1,1,0,0,0,NULL,NULL,NULL,'2018-06-26 18:36:34','2018-06-26 18:36:34'),
(120,'MACBOOKPRO','',NULL,0,1,1,0,0,0,NULL,NULL,NULL,'2018-06-26 18:36:34','2018-06-26 18:36:34'),
(121,'TECRAA9B','',NULL,0,1,1,0,0,0,NULL,NULL,NULL,'2018-06-26 18:36:34','2018-06-26 18:36:34'),
(122,'CIARAC2QWS9300','',NULL,0,1,1,0,0,0,NULL,NULL,NULL,'2018-06-26 18:36:34','2018-06-26 18:36:34'),
(123,'GETACB300i7','',NULL,0,1,1,0,0,0,NULL,NULL,NULL,'2018-06-26 18:36:34','2018-06-26 18:36:34'),
(124,'MACBOOKPRO15293GZ','',NULL,0,1,1,0,0,0,NULL,NULL,NULL,'2018-06-26 18:36:34','2018-06-26 18:36:34'),
(126,'HPXW8600','',NULL,0,1,1,0,0,0,NULL,NULL,NULL,'2018-06-26 18:36:34','2018-06-26 18:36:34'),
(127,'MACBOOKPRO15COREi5','',NULL,0,1,1,0,0,0,NULL,NULL,NULL,'2018-06-26 18:36:34','2018-06-26 18:36:34'),
(128,'MACBOOKPROALUM15C2D','',NULL,0,1,1,0,0,0,NULL,NULL,NULL,'2018-06-26 18:36:34','2018-06-26 18:36:34'),
(130,'SLATE500','',NULL,0,1,1,0,0,0,NULL,NULL,NULL,'2018-06-26 18:36:34','2018-06-26 18:36:34'),
(131,'SYS6026T','',NULL,0,1,1,0,0,0,NULL,NULL,NULL,'2018-06-26 18:36:34','2018-06-26 18:36:34'),
(132,'PRECISIONM6600','',NULL,0,1,1,0,0,0,NULL,NULL,NULL,'2018-06-26 18:36:34','2018-06-26 18:36:34'),
(133,'CF3112210NQ','',NULL,0,1,1,0,0,0,NULL,NULL,NULL,'2018-06-26 18:36:34','2018-06-26 18:36:34'),
(134,'TOSHR830I7','',NULL,0,1,1,0,0,0,NULL,NULL,NULL,'2018-06-26 18:36:34','2018-06-26 18:36:34'),
(135,'RM41416','',NULL,0,1,1,0,0,0,NULL,NULL,NULL,'2018-06-26 18:36:34','2018-06-26 18:36:34'),
(136,'ThinkPad E450','',NULL,0,1,1,0,0,0,NULL,NULL,NULL,'2018-07-04 18:21:52','2018-07-04 18:21:52'),
(137,'ThinkPad x230','',NULL,0,1,1,0,0,0,NULL,NULL,NULL,'2018-07-04 18:21:52','2018-07-04 18:21:52'),
(138,'ThinkPad T410','',NULL,0,1,1,0,0,0,NULL,NULL,NULL,'2018-07-04 18:21:52','2018-07-04 18:21:52'),
(139,'ThinkPad SL400','',NULL,0,1,1,0,0,0,NULL,NULL,NULL,'2018-07-04 18:21:52','2018-07-04 18:21:52'),
(140,'Thinkpad T470S','',NULL,0,1,1,0,0,0,NULL,NULL,NULL,'2018-07-04 18:21:52','2018-07-04 18:21:52'),
(141,'Thinkpad T450','',NULL,0,1,1,0,0,0,NULL,NULL,NULL,'2018-07-04 18:21:52','2018-07-04 18:21:52'),
(142,'Thinkpad E480','',NULL,0,1,1,0,0,0,NULL,NULL,NULL,'2018-07-04 18:21:52','2018-07-04 18:21:52'),
(143,'ThinkPad A475','',NULL,0,1,1,0,0,0,NULL,NULL,NULL,'2018-07-04 18:21:52','2018-07-04 18:21:52'),
(144,'Compaq nc8000','',NULL,0,1,1,0,0,0,NULL,NULL,NULL,'2018-07-04 18:21:52','2018-07-04 18:21:52'),
(145,'IdeaPad Miix 310','',NULL,0,1,1,0,0,0,NULL,NULL,NULL,'2018-07-04 18:21:52','2018-07-04 18:21:52'),
(146,'ThinkPad E431','',NULL,0,1,1,0,0,0,NULL,NULL,NULL,'2018-07-04 18:21:52','2018-07-04 18:21:52'),
(147,'Thinkpad E470','',NULL,0,1,1,0,0,0,NULL,NULL,NULL,'2018-07-04 18:21:52','2018-07-04 18:21:52'),
(148,'ThinkPad E420','',NULL,0,1,1,0,0,0,NULL,NULL,NULL,'2018-07-04 18:21:52','2018-07-04 18:21:52'),
(149,'Lenovo Z40-70','',NULL,0,1,1,0,0,0,NULL,NULL,NULL,'2018-07-04 18:21:52','2018-07-04 18:21:52'),
(150,'Thinkpad T540p','',NULL,0,1,1,0,0,0,NULL,NULL,NULL,'2018-07-04 18:21:52','2018-07-04 18:21:52'),
(151,'ThinkPad T60','',NULL,0,1,1,0,0,0,NULL,NULL,NULL,'2018-07-04 18:21:52','2018-07-04 18:21:52'),
(152,'Thinkpad E570','',NULL,0,1,1,0,0,0,NULL,NULL,NULL,'2018-07-04 18:21:52','2018-07-04 18:21:52'),
(153,'Precision M4400','',NULL,0,1,1,0,0,0,NULL,NULL,NULL,'2018-07-04 18:21:52','2018-07-04 18:21:52'),
(154,'ThinkPad W541','',NULL,0,1,1,0,0,0,NULL,NULL,NULL,'2018-07-04 18:21:52','2018-07-04 18:21:52'),
(155,'ThinkCentre M78','',NULL,0,1,1,0,0,0,NULL,NULL,NULL,'2018-07-04 18:21:52','2018-07-04 18:21:52'),
(156,'ThinkPad L440','',NULL,0,1,1,0,0,0,NULL,NULL,NULL,'2018-07-04 18:21:52','2018-07-04 18:21:52'),
(157,'Latitude D820','',NULL,0,1,1,0,0,0,NULL,NULL,NULL,'2018-07-04 18:21:52','2018-07-04 18:21:52'),
(158,'EliteBook 8560w','',NULL,0,1,1,0,0,0,NULL,NULL,NULL,'2018-07-04 18:21:52','2018-07-04 18:21:52'),
(159,'ThinkPad X61','',NULL,0,1,1,0,0,0,NULL,NULL,NULL,'2018-07-04 18:21:52','2018-07-04 18:21:52'),
(161,'X1 Carbon','',NULL,0,1,1,0,0,0,NULL,NULL,NULL,'2018-07-04 18:21:52','2018-07-04 18:21:52'),
(162,'IdeaPad Yoga 11S','',NULL,0,1,1,0,0,0,NULL,NULL,NULL,'2018-07-04 18:21:52','2018-07-04 18:21:52'),
(163,'Thinkpad P50s','',NULL,0,1,1,0,0,0,NULL,NULL,NULL,'2018-07-04 18:21:52','2018-07-04 18:21:52'),
(164,'Serveur virtuel Windows','',NULL,0,1,1,0,0,0,NULL,NULL,NULL,'2018-07-04 18:21:52','2018-07-04 18:21:52'),
(165,'T480S','','T480S',1,1,1,2,0,0,'lenovo-laptop-thinkpad-t480s-hero.png','',NULL,'2020-02-04 16:43:05','2020-02-04 16:43:05'),
(166,'LATITUDE D410','',NULL,0,1,1,0,0,0,NULL,NULL,NULL,'2020-02-04 21:36:10','2020-02-04 21:36:10'),
(167,'LATITUDE D420','',NULL,0,1,1,0,0,0,NULL,NULL,NULL,'2020-02-04 21:36:10','2020-02-04 21:36:10'),
(169,'VOSTRO 3500','',NULL,0,1,1,0,0,0,NULL,NULL,NULL,'2020-02-04 21:36:10','2020-02-04 21:36:10'),
(170,'VOSTRO 3300','',NULL,0,1,1,0,0,0,NULL,NULL,NULL,'2020-02-04 21:36:10','2020-02-04 21:36:10'),
(171,'LATITUDE E6320','',NULL,0,1,1,0,0,0,NULL,NULL,NULL,'2020-02-04 21:36:10','2020-02-04 21:36:10'),
(172,'VOSTRO 3350','',NULL,0,1,1,0,0,0,NULL,NULL,NULL,'2020-02-04 21:36:10','2020-02-04 21:36:10'),
(173,'VOSTRO V131','',NULL,0,1,1,0,0,0,NULL,NULL,NULL,'2020-02-04 21:36:10','2020-02-04 21:36:10'),
(174,'LATITUDE E6220','',NULL,0,1,1,0,0,0,NULL,NULL,NULL,'2020-02-04 21:36:10','2020-02-04 21:36:10'),
(175,'VOSTRO 3560','',NULL,0,1,1,0,0,0,NULL,NULL,NULL,'2020-02-04 21:36:10','2020-02-04 21:36:10'),
(176,'VOSTRO 3360','',NULL,0,1,1,0,0,0,NULL,NULL,NULL,'2020-02-04 21:36:10','2020-02-04 21:36:10'),
(177,'LATITUDE E6330','',NULL,0,1,1,0,0,0,NULL,NULL,NULL,'2020-02-04 21:36:10','2020-02-04 21:36:10'),
(178,'LATITUDE 3330','',NULL,0,1,1,0,0,0,NULL,NULL,NULL,'2020-02-04 21:36:10','2020-02-04 21:36:10'),
(179,'LATITUDE E6540','',NULL,0,1,1,0,0,0,NULL,NULL,NULL,'2020-02-04 21:36:10','2020-02-04 21:36:10'),
(180,'LATITUDE 3340','',NULL,0,1,1,0,0,0,NULL,NULL,NULL,'2020-02-04 21:36:10','2020-02-04 21:36:10'),
(181,'SURFACE PRO 3','',NULL,0,1,1,0,0,0,NULL,NULL,NULL,'2020-02-04 21:36:10','2020-02-04 21:36:10'),
(182,'Mac Book Air','',NULL,0,1,1,0,0,0,NULL,NULL,NULL,'2020-02-04 21:36:10','2020-02-04 21:36:10'),
(183,'OPTIPLEX 3020','',NULL,0,1,1,0,0,0,NULL,NULL,NULL,'2020-02-04 21:36:10','2020-02-04 21:36:10'),
(184,'20HRCTO1WW','',NULL,0,1,1,0,0,0,NULL,NULL,NULL,'2020-02-05 21:10:16','2020-02-05 21:10:16'),
(185,'20Q7CTO1WW','',NULL,0,1,1,0,0,0,NULL,NULL,NULL,'2020-02-05 21:10:24','2020-02-05 21:10:24'),
(186,'20DCCTO1WW','',NULL,0,1,1,0,0,0,NULL,NULL,NULL,'2020-02-05 21:10:32','2020-02-05 21:10:32'),
(187,'20BECTO1WW','',NULL,0,1,1,0,0,0,NULL,NULL,NULL,'2020-02-05 21:10:40','2020-02-05 21:10:40'),
(188,'2306CTO','',NULL,0,1,1,0,0,0,NULL,NULL,NULL,'2020-02-05 21:10:46','2020-02-05 21:10:46'),
(189,'VirtualBox','',NULL,0,2,1,0,0,0,NULL,NULL,NULL,'2025-06-10 20:32:09','2020-02-05 21:11:06'),
(190,'20KLCTO1WW','',NULL,0,1,1,0,0,0,NULL,NULL,NULL,'2020-02-05 21:11:30','2020-02-05 21:11:30'),
(191,'20HDCTO1WW','',NULL,0,1,1,0,0,0,'b7/626f6d10d38cfc.518332966737836e905b7.jpg',NULL,NULL,'2024-11-15 17:22:54','2020-02-05 21:11:35'),
(192,'20LFCTO1WW','',NULL,0,1,1,0,0,0,NULL,NULL,NULL,'2020-02-05 21:11:40','2020-02-05 21:11:40'),
(193,'20KNCTO1WW','',NULL,0,1,1,0,0,0,NULL,NULL,NULL,'2020-02-05 21:11:43','2020-02-05 21:11:43'),
(194,'20H1CTO1WW','',NULL,0,1,1,0,0,0,NULL,NULL,NULL,'2020-02-05 21:11:52','2020-02-05 21:11:52'),
(195,'20FLCTO1WW','',NULL,0,1,1,0,0,0,NULL,NULL,NULL,'2020-02-05 21:11:58','2020-02-05 21:11:58'),
(196,'20H5CTO1WW','',NULL,0,1,1,0,0,0,NULL,NULL,NULL,'2020-02-05 21:12:04','2020-02-05 21:12:04'),
(197,'20HFCTO1WW','',NULL,0,1,1,0,0,0,NULL,NULL,NULL,'2020-02-05 21:12:08','2020-02-05 21:12:08'),
(199,'OpenStack Nova','',NULL,0,1,1,0,0,0,NULL,NULL,NULL,'2020-02-05 21:12:21','2020-02-05 21:12:21'),
(201,'ZenBook UX333FA_UX333FA','',NULL,0,1,1,0,0,0,NULL,NULL,NULL,'2021-04-23 21:07:10','2021-04-23 21:07:10'),
(202,'Inspiron 15-3567','',NULL,0,1,1,0,0,0,NULL,NULL,NULL,'2021-04-23 21:07:10','2021-04-23 21:07:10'),
(203,'Inspiron 15-5578','',NULL,0,1,1,0,0,0,NULL,NULL,NULL,'2021-04-23 21:07:10','2021-04-23 21:07:10'),
(204,'Inspiron 5379','',NULL,0,1,1,0,0,0,NULL,NULL,NULL,'2021-04-23 21:07:10','2021-04-23 21:07:10'),
(205,'Inspiron 7577','',NULL,0,1,1,0,0,0,NULL,NULL,NULL,'2021-04-23 21:07:10','2021-04-23 21:07:10'),
(206,'Latitude 3410','',NULL,0,1,1,0,0,0,NULL,NULL,NULL,'2021-04-23 21:07:10','2021-04-23 21:07:10'),
(207,'Latitude 3480','',NULL,0,1,1,0,0,0,NULL,NULL,NULL,'2021-04-23 21:07:10','2021-04-23 21:07:10'),
(208,'Latitude 3560','',NULL,0,1,1,0,0,0,NULL,NULL,NULL,'2021-04-23 21:07:10','2021-04-23 21:07:10'),
(209,'Latitude 3590','',NULL,0,1,1,0,0,0,NULL,NULL,NULL,'2021-04-23 21:07:10','2021-04-23 21:07:10'),
(210,'Latitude 5300','',NULL,0,1,1,0,0,0,NULL,NULL,NULL,'2021-04-23 21:07:10','2021-04-23 21:07:10'),
(211,'Latitude 5300 2-in-1','',NULL,0,1,1,0,0,0,NULL,NULL,NULL,'2021-04-23 21:07:10','2021-04-23 21:07:10'),
(212,'Latitude 5310','',NULL,0,1,1,0,0,0,NULL,NULL,NULL,'2021-04-23 21:07:10','2021-04-23 21:07:10'),
(213,'Latitude 5310 2-in-1','',NULL,0,1,1,0,0,0,NULL,NULL,NULL,'2021-04-23 21:07:10','2021-04-23 21:07:10'),
(214,'Latitude 5400','',NULL,0,1,1,0,0,0,NULL,NULL,NULL,'2021-04-23 21:07:10','2021-04-23 21:07:10'),
(215,'Latitude 5410','',NULL,0,1,1,0,0,0,NULL,NULL,NULL,'2021-04-23 21:07:10','2021-04-23 21:07:10'),
(216,'Latitude 5420','',NULL,0,1,1,0,0,0,NULL,NULL,NULL,'2021-04-23 21:07:10','2021-04-23 21:07:10'),
(217,'Latitude 5480','',NULL,0,1,1,0,0,0,NULL,NULL,NULL,'2021-04-23 21:07:10','2021-04-23 21:07:10'),
(218,'Latitude 5490','',NULL,0,1,1,0,0,0,NULL,NULL,NULL,'2021-04-23 21:07:10','2021-04-23 21:07:10'),
(219,'Latitude 5500','',NULL,0,1,1,0,0,0,NULL,NULL,NULL,'2021-04-23 21:07:10','2021-04-23 21:07:10'),
(220,'Latitude 5510','',NULL,0,1,1,0,0,0,NULL,NULL,NULL,'2021-04-23 21:07:10','2021-04-23 21:07:10'),
(221,'Latitude 5580','',NULL,0,1,1,0,0,0,NULL,NULL,NULL,'2021-04-23 21:07:10','2021-04-23 21:07:10'),
(222,'Latitude 5590','',NULL,0,1,1,0,0,0,NULL,NULL,NULL,'2021-04-23 21:07:10','2021-04-23 21:07:10'),
(223,'Latitude 5591','',NULL,0,1,1,0,0,0,NULL,NULL,NULL,'2021-04-23 21:07:10','2021-04-23 21:07:10'),
(224,'Latitude 7280','',NULL,0,1,1,0,0,0,NULL,NULL,NULL,'2021-04-23 21:07:10','2021-04-23 21:07:10'),
(225,'Latitude 7290','',NULL,0,1,1,0,0,0,NULL,NULL,NULL,'2021-04-23 21:07:10','2021-04-23 21:07:10'),
(226,'Latitude 7300','',NULL,0,1,1,0,0,0,NULL,NULL,NULL,'2021-04-23 21:07:10','2021-04-23 21:07:10'),
(227,'Latitude 7390','',NULL,0,1,1,0,0,0,NULL,NULL,NULL,'2021-04-23 21:07:10','2021-04-23 21:07:10'),
(228,'Latitude 7390 2-in-1','',NULL,0,1,1,0,0,0,NULL,NULL,NULL,'2021-04-23 21:07:10','2021-04-23 21:07:10'),
(229,'Latitude 7400 2-in-1','',NULL,0,1,1,0,0,0,NULL,NULL,NULL,'2021-04-23 21:07:10','2021-04-23 21:07:10'),
(230,'Latitude 7480','',NULL,0,1,1,0,0,0,NULL,NULL,NULL,'2021-04-23 21:07:10','2021-04-23 21:07:10'),
(231,'Latitude E5470','',NULL,0,1,1,0,0,0,NULL,NULL,NULL,'2021-04-23 21:07:10','2021-04-23 21:07:10'),
(232,'Latitude E5570','',NULL,0,1,1,0,0,0,NULL,NULL,NULL,'2021-04-23 21:07:10','2021-04-23 21:07:10'),
(233,'Latitude E7270','',NULL,0,1,1,0,0,0,NULL,NULL,NULL,'2021-04-23 21:07:10','2021-04-23 21:07:10'),
(234,'Latitude E7470','',NULL,0,1,1,0,0,0,NULL,NULL,NULL,'2021-04-23 21:07:10','2021-04-23 21:07:10'),
(235,'OptiPlex 3020M','',NULL,0,1,1,0,0,0,NULL,NULL,NULL,'2021-04-23 21:07:10','2021-04-23 21:07:10'),
(236,'OptiPlex 3030 AIO','',NULL,0,1,1,0,0,0,NULL,NULL,NULL,'2021-04-23 21:07:10','2021-04-23 21:07:10'),
(237,'OptiPlex 3040','',NULL,0,1,1,0,0,0,NULL,NULL,NULL,'2021-04-23 21:07:10','2021-04-23 21:07:10'),
(238,'OptiPlex 3046','',NULL,0,1,1,0,0,0,NULL,NULL,NULL,'2021-04-23 21:07:10','2021-04-23 21:07:10'),
(239,'OptiPlex 3050','',NULL,0,1,1,0,0,0,NULL,NULL,NULL,'2021-04-23 21:07:10','2021-04-23 21:07:10'),
(240,'OptiPlex 3050 AIO','',NULL,0,1,1,0,0,0,NULL,NULL,NULL,'2021-04-23 21:07:10','2021-04-23 21:07:10'),
(241,'OptiPlex 3060','',NULL,0,1,1,0,0,0,NULL,NULL,NULL,'2021-04-23 21:07:10','2021-04-23 21:07:10'),
(242,'OptiPlex 3070','',NULL,0,1,1,0,0,0,NULL,NULL,NULL,'2021-04-23 21:07:10','2021-04-23 21:07:10'),
(243,'OptiPlex 3080','',NULL,0,1,1,0,0,0,NULL,NULL,NULL,'2021-04-23 21:07:10','2021-04-23 21:07:10'),
(244,'OptiPlex 3240 AIO','',NULL,0,1,1,0,0,0,NULL,NULL,NULL,'2021-04-23 21:07:10','2021-04-23 21:07:10'),
(245,'OptiPlex 3280 AIO','',NULL,0,1,1,0,0,0,NULL,NULL,NULL,'2021-04-23 21:07:10','2021-04-23 21:07:10'),
(246,'OptiPlex 5040','',NULL,0,1,1,0,0,0,NULL,NULL,NULL,'2021-04-23 21:07:10','2021-04-23 21:07:10'),
(247,'OptiPlex 5060','',NULL,0,1,1,0,0,0,NULL,NULL,NULL,'2021-04-23 21:07:10','2021-04-23 21:07:10'),
(248,'OptiPlex 5250 AIO','',NULL,0,1,1,0,0,0,NULL,NULL,NULL,'2021-04-23 21:07:10','2021-04-23 21:07:10'),
(249,'OptiPlex 5260 AIO','',NULL,0,1,1,0,0,0,NULL,NULL,NULL,'2021-04-23 21:07:10','2021-04-23 21:07:10'),
(250,'OptiPlex 5270 AIO','',NULL,0,1,1,0,0,0,NULL,NULL,NULL,'2021-04-23 21:07:10','2021-04-23 21:07:10'),
(251,'OptiPlex 5480 AIO','',NULL,0,1,1,0,0,0,NULL,NULL,NULL,'2021-04-23 21:07:10','2021-04-23 21:07:10'),
(252,'OptiPlex 7010','',NULL,0,1,1,0,0,0,NULL,NULL,NULL,'2021-04-23 21:07:10','2021-04-23 21:07:10'),
(253,'OptiPlex 7040','',NULL,0,1,1,0,0,0,NULL,NULL,NULL,'2021-04-23 21:07:10','2021-04-23 21:07:10'),
(254,'OptiPlex 7050','',NULL,0,1,1,0,0,0,NULL,NULL,NULL,'2021-04-23 21:07:10','2021-04-23 21:07:10'),
(255,'OptiPlex 7060','',NULL,0,1,1,0,0,0,NULL,NULL,NULL,'2021-04-23 21:07:10','2021-04-23 21:07:10'),
(256,'OptiPlex 7440 AIO','',NULL,0,1,1,0,0,0,NULL,NULL,NULL,'2021-04-23 21:07:10','2021-04-23 21:07:10'),
(257,'OptiPlex 7760 AIO','',NULL,0,1,1,0,0,0,NULL,NULL,NULL,'2021-04-23 21:07:10','2021-04-23 21:07:10'),
(258,'OptiPlex 9020','',NULL,0,1,1,0,0,0,NULL,NULL,NULL,'2021-04-23 21:07:10','2021-04-23 21:07:10'),
(259,'OptiPlex 9020 AIO','',NULL,0,1,1,0,0,0,NULL,NULL,NULL,'2021-04-23 21:07:10','2021-04-23 21:07:10'),
(260,'OptiPlex 9030 AIO','',NULL,0,1,1,0,0,0,NULL,NULL,NULL,'2021-04-23 21:07:10','2021-04-23 21:07:10'),
(261,'Precision 3510','',NULL,0,1,1,0,0,0,NULL,NULL,NULL,'2021-04-23 21:07:10','2021-04-23 21:07:10'),
(262,'Precision 3520','',NULL,0,1,1,0,0,0,NULL,NULL,NULL,'2021-04-23 21:07:10','2021-04-23 21:07:10'),
(263,'Precision 3540','',NULL,0,1,1,0,0,0,NULL,NULL,NULL,'2021-04-23 21:07:10','2021-04-23 21:07:10'),
(264,'Precision 3550','',NULL,0,1,1,0,0,0,NULL,NULL,NULL,'2021-04-23 21:07:10','2021-04-23 21:07:10'),
(265,'Precision 3630 Tower','',NULL,0,1,1,0,0,0,NULL,NULL,NULL,'2021-04-23 21:07:10','2021-04-23 21:07:10'),
(266,'Precision 3640 Tower','',NULL,0,1,1,0,0,0,NULL,NULL,NULL,'2021-04-23 21:07:10','2021-04-23 21:07:10'),
(267,'Precision 7540','',NULL,0,1,1,0,0,0,NULL,NULL,NULL,'2021-04-23 21:07:10','2021-04-23 21:07:10'),
(268,'Precision T1700','',NULL,0,1,1,0,0,0,NULL,NULL,NULL,'2021-04-23 21:07:10','2021-04-23 21:07:10'),
(269,'Precision Tower 3620','',NULL,0,1,1,0,0,0,NULL,NULL,NULL,'2021-04-23 21:07:10','2021-04-23 21:07:10'),
(270,'Vostro 15-3568','',NULL,0,1,1,0,0,0,NULL,NULL,NULL,'2021-04-23 21:07:10','2021-04-23 21:07:10'),
(271,'XPS 13 9365','',NULL,0,1,1,0,0,0,NULL,NULL,NULL,'2021-04-23 21:07:10','2021-04-23 21:07:10'),
(272,'XPS 13 9370','',NULL,0,1,1,0,0,0,NULL,NULL,NULL,'2021-04-23 21:07:10','2021-04-23 21:07:10'),
(273,'XPS 13 9380','',NULL,0,1,1,0,0,0,NULL,NULL,NULL,'2021-04-23 21:07:10','2021-04-23 21:07:10'),
(274,'XPS 15 9560','',NULL,0,1,1,0,0,0,NULL,NULL,NULL,'2021-04-23 21:07:10','2021-04-23 21:07:10'),
(275,'XPS 15 9570','',NULL,0,1,1,0,0,0,NULL,NULL,NULL,'2021-04-23 21:07:10','2021-04-23 21:07:10'),
(276,'XPS 15 9575','',NULL,0,1,1,0,0,0,NULL,NULL,NULL,'2021-04-23 21:07:10','2021-04-23 21:07:10'),
(277,'H81M-DS2','',NULL,0,1,1,0,0,0,NULL,NULL,NULL,'2021-04-23 21:07:10','2021-04-23 21:07:10'),
(278,'To be filled by O.E.M.','',NULL,0,1,1,0,0,0,NULL,NULL,NULL,'2021-04-23 21:07:10','2021-04-23 21:07:10'),
(279,'HP Elite 7500 Series MT','',NULL,0,1,1,0,0,0,NULL,NULL,NULL,'2021-04-23 21:07:10','2021-04-23 21:07:10'),
(280,'HP EliteDesk 800 G1 USDT','',NULL,0,1,1,0,0,0,NULL,NULL,NULL,'2021-04-23 21:07:10','2021-04-23 21:07:10'),
(281,'HP ProDesk 490 G2 MT','',NULL,0,1,1,0,0,0,NULL,NULL,NULL,'2021-04-23 21:07:10','2021-04-23 21:07:10'),
(282,'HP ProDesk 600 G1 DM','',NULL,0,1,1,0,0,0,NULL,NULL,NULL,'2021-04-23 21:07:10','2021-04-23 21:07:10'),
(283,'HP ProDesk 600 G1 TWR','',NULL,0,1,1,0,0,0,NULL,NULL,NULL,'2021-04-23 21:07:10','2021-04-23 21:07:10'),
(284,'HP ProOne 400 G1 AiO','',NULL,0,1,1,0,0,0,NULL,NULL,NULL,'2021-04-23 21:07:10','2021-04-23 21:07:10'),
(285,'HP ProOne 600 G1 AiO','',NULL,0,1,1,0,0,0,NULL,NULL,NULL,'2021-04-23 21:07:10','2021-04-23 21:07:10'),
(286,'HP EliteBook 850 G3','',NULL,0,1,1,0,0,0,NULL,NULL,NULL,'2021-04-23 21:07:10','2021-04-23 21:07:10'),
(287,'HP EliteOne 800 G3 23.8-in Touch','',NULL,0,1,1,0,0,0,NULL,NULL,NULL,'2021-04-23 21:07:10','2021-04-23 21:07:10'),
(288,'HP EliteOne 800 G4 23.8-in Non-T','',NULL,0,1,1,0,0,0,NULL,NULL,NULL,'2021-04-23 21:07:10','2021-04-23 21:07:10'),
(289,'HP ProBook 430 G7','',NULL,0,1,1,0,0,0,NULL,NULL,NULL,'2021-04-23 21:07:10','2021-04-23 21:07:10'),
(290,'HP ProBook 440 G5','',NULL,0,1,1,0,0,0,NULL,NULL,NULL,'2021-04-23 21:07:10','2021-04-23 21:07:10'),
(291,'HP ProBook 640 G2','',NULL,0,1,1,0,0,0,NULL,NULL,NULL,'2021-04-23 21:07:10','2021-04-23 21:07:10'),
(292,'HP ProDesk 400 G2.5 SFF','',NULL,0,1,1,0,0,0,NULL,NULL,NULL,'2021-04-23 21:07:10','2021-04-23 21:07:10'),
(293,'HP ProDesk 400 G3 DM','',NULL,0,1,1,0,0,0,NULL,NULL,NULL,'2021-04-23 21:07:10','2021-04-23 21:07:10'),
(294,'HP ProDesk 400 G3 MT','',NULL,0,1,1,0,0,0,NULL,NULL,NULL,'2021-04-23 21:07:10','2021-04-23 21:07:10'),
(295,'HP ProDesk 490 G3 MT Business PC','',NULL,0,1,1,0,0,0,NULL,NULL,NULL,'2021-04-23 21:07:10','2021-04-23 21:07:10'),
(296,'HP ProOne 600 G3 21.5-in Non-Tou','',NULL,0,1,1,0,0,0,NULL,NULL,NULL,'2021-04-23 21:07:10','2021-04-23 21:07:10'),
(297,'HP Z240 Tower Workstation','',NULL,0,1,1,0,0,0,NULL,NULL,NULL,'2021-04-23 21:07:10','2021-04-23 21:07:10'),
(298,'HP ZBook Studio G3 Mobile Workst','',NULL,0,1,1,0,0,0,NULL,NULL,NULL,'2021-04-23 21:07:10','2021-04-23 21:07:10'),
(300,'10BC000KFR','',NULL,0,1,1,0,0,0,NULL,NULL,NULL,'2021-04-23 21:07:10','2021-04-23 21:07:10'),
(301,'10DR0011FR','',NULL,0,1,1,0,0,0,NULL,NULL,NULL,'2021-04-23 21:07:10','2021-04-23 21:07:10'),
(302,'10T700A8FR','',NULL,0,1,1,0,0,0,NULL,NULL,NULL,'2021-04-23 21:07:10','2021-04-23 21:07:10'),
(303,'10T700A9FR','',NULL,0,1,1,0,0,0,NULL,NULL,NULL,'2021-04-23 21:07:10','2021-04-23 21:07:10'),
(304,'10T700BTFR','',NULL,0,1,1,0,0,0,NULL,NULL,NULL,'2021-04-23 21:07:10','2021-04-23 21:07:10'),
(305,'10TL000YFR','',NULL,0,1,1,0,0,0,NULL,NULL,NULL,'2021-04-23 21:07:10','2021-04-23 21:07:10'),
(306,'20HD0001FR','',NULL,0,1,1,0,0,0,NULL,NULL,NULL,'2021-04-23 21:07:10','2021-04-23 21:07:10'),
(307,'20RD001EFR','',NULL,0,1,1,0,0,0,NULL,NULL,NULL,'2021-04-23 21:07:10','2021-04-23 21:07:10'),
(308,'20RD001FFR','',NULL,0,1,1,0,0,0,NULL,NULL,NULL,'2021-04-23 21:07:10','2021-04-23 21:07:10'),
(314,'20T8000VFR','',NULL,0,1,1,0,0,0,NULL,NULL,NULL,'2021-04-23 21:07:10','2021-04-23 21:07:10'),
(317,'F0AY003KFR','',NULL,0,1,1,0,0,0,NULL,NULL,NULL,'2021-04-23 21:07:10','2021-04-23 21:07:10'),
(318,'Surface Pro','',NULL,0,1,1,0,0,0,NULL,NULL,NULL,'2021-04-23 21:07:10','2021-04-23 21:07:10'),
(319,'Surface Pro 4','',NULL,0,1,1,0,0,0,NULL,NULL,NULL,'2021-04-23 21:07:10','2021-04-23 21:07:10'),
(321,'Thinkpad L13 Yoga','',NULL,0,1,1,0,0,0,NULL,NULL,NULL,'2021-05-17 13:41:05','2021-05-17 13:41:05'),
(322,'Thinkpad L15 Gen 1','',NULL,0,1,1,0,0,0,NULL,NULL,NULL,'2021-05-17 13:41:05','2021-05-17 13:41:05'),
(323,'Latitude 5520','',NULL,0,1,1,0,0,0,NULL,NULL,NULL,'2021-06-14 20:53:06','2021-06-14 20:53:06'),
(324,'Precision 7550','',NULL,0,1,1,0,0,0,NULL,NULL,NULL,'2021-06-14 20:53:06','2021-06-14 20:53:06'),
(325,'Thinkpad T480s','','L480s',0,1,1,0,0,0,NULL,NULL,NULL,'2021-07-19 21:22:11','2021-07-19 21:20:39'),
(326,'Latitude E7450','',NULL,0,1,1,0,0,0,NULL,NULL,NULL,'2021-08-06 16:10:37','2021-08-06 16:10:37'),
(327,'XPS 13 9360','',NULL,0,1,1,0,0,0,NULL,NULL,NULL,'2021-08-06 16:10:37','2021-08-06 16:10:37'),
(328,'Latitude E5430','',NULL,0,1,1,0,0,0,NULL,NULL,NULL,'2021-08-06 16:10:37','2021-08-06 16:10:37'),
(329,'Latitude E6440','',NULL,0,1,1,0,0,0,NULL,NULL,NULL,'2021-08-06 16:10:37','2021-08-06 16:10:37'),
(330,'Latitude 6430','',NULL,0,1,1,0,0,0,NULL,NULL,NULL,'2021-08-06 16:10:37','2021-08-06 16:10:37'),
(331,'OptiPlex 790','',NULL,0,1,1,0,0,0,NULL,NULL,NULL,'2021-08-06 16:10:37','2021-08-06 16:10:37'),
(332,'XPS13 9333','',NULL,0,1,1,0,0,0,NULL,NULL,NULL,'2021-08-06 16:10:37','2021-08-06 16:10:37'),
(333,'Latitude 6440','',NULL,0,1,1,0,0,0,NULL,NULL,NULL,'2021-08-06 16:10:37','2021-08-06 16:10:37'),
(334,'XPS 13 9350','',NULL,0,1,1,0,0,0,NULL,NULL,NULL,'2021-08-06 16:10:37','2021-08-06 16:10:37'),
(335,'Latitude 13','',NULL,0,1,1,0,0,0,NULL,NULL,NULL,'2021-08-06 16:10:37','2021-08-06 16:10:37'),
(336,'Precision M6800','',NULL,0,1,1,0,0,0,NULL,NULL,NULL,'2021-08-06 16:10:37','2021-08-06 16:10:37'),
(337,'Latitude 5289','',NULL,0,1,1,0,0,0,NULL,NULL,NULL,'2021-08-06 16:10:37','2021-08-06 16:10:37'),
(338,'Latitude 5289 2-in-1','',NULL,0,1,1,0,0,0,NULL,NULL,NULL,'2021-08-06 16:10:37','2021-08-06 16:10:37'),
(339,'Latitude 7490','',NULL,0,1,1,0,0,0,NULL,NULL,NULL,'2021-08-06 16:10:37','2021-08-06 16:10:37'),
(340,'Precision 5520','',NULL,0,1,1,0,0,0,NULL,NULL,NULL,'2021-08-06 16:10:37','2021-08-06 16:10:37'),
(341,'Macbook Pro','',NULL,0,1,1,0,0,0,NULL,NULL,NULL,'2021-08-06 16:10:37','2021-08-06 16:10:37'),
(342,'Precision 5530','',NULL,0,1,1,0,0,0,NULL,NULL,NULL,'2021-08-06 16:10:37','2021-08-06 16:10:37'),
(343,'Latitude 3301','',NULL,0,1,1,0,0,0,NULL,NULL,NULL,'2021-08-06 16:10:37','2021-08-06 16:10:37'),
(344,'Latitude 3390 2-in-1','',NULL,0,1,1,0,0,0,NULL,NULL,NULL,'2021-08-06 16:10:37','2021-08-06 16:10:37'),
(345,'Macbook Air','',NULL,0,1,1,0,0,0,NULL,NULL,NULL,'2021-08-06 16:10:37','2021-08-06 16:10:37'),
(346,'XPS 13 7390 2-in-1','',NULL,0,1,1,0,0,0,NULL,NULL,NULL,'2021-08-06 16:10:37','2021-08-06 16:10:37'),
(347,'Precision 3551','',NULL,0,1,1,0,0,0,NULL,NULL,NULL,'2021-08-06 16:10:37','2021-08-06 16:10:37'),
(348,'XPS 13','',NULL,0,1,1,0,0,0,NULL,NULL,NULL,'2021-08-06 16:10:37','2021-08-06 16:10:37'),
(349,'PRECISION 5510','',NULL,0,1,1,0,0,0,NULL,NULL,NULL,'2021-08-06 16:10:37','2021-08-06 16:10:37'),
(350,'OPTILEX 7040','',NULL,0,1,1,0,0,0,NULL,NULL,NULL,'2021-08-06 16:10:37','2021-08-06 16:10:37'),
(351,'PRECISION M5520','',NULL,0,1,1,0,0,0,NULL,NULL,NULL,'2021-08-06 16:10:37','2021-08-06 16:10:37'),
(352,'LATITUDE 7400','',NULL,0,1,1,0,0,0,NULL,NULL,NULL,'2021-08-06 16:10:37','2021-08-06 16:10:37'),
(353,'PowerEdge R530','','',0,1,1,0,0,0,'d6/621f8ef4a51626.68640791621f8f1e826d6.png','d2/621f8f00ac0c92.41537127621f8f1e82bd2.png',NULL,'2022-03-02 15:37:02','2022-03-02 15:37:02'),
(354,'don crasic 2021','',NULL,0,1,1,0,0,0,NULL,NULL,NULL,'2022-06-16 14:02:38','2022-06-16 14:02:38'),
(355,'don Crasic 2021 ?','',NULL,0,1,1,0,0,0,NULL,NULL,NULL,'2022-06-16 14:02:38','2022-06-16 14:02:38'),
(357,'20U1000XFR','',NULL,0,1,1,0,0,0,NULL,NULL,NULL,'2022-06-29 12:29:42','2022-06-29 12:29:42'),
(358,'20QF0014US','',NULL,0,1,1,0,0,0,NULL,NULL,NULL,'2023-05-05 20:11:42','2023-05-05 20:11:42'),
(359,'HP EliteBook 8560w','',NULL,0,1,1,0,0,0,NULL,NULL,NULL,'2023-05-05 20:11:50','2023-05-05 20:11:50'),
(360,'20U3CTO1WW','',NULL,0,1,1,0,0,0,NULL,NULL,NULL,'2023-05-05 20:11:57','2023-05-05 20:11:57'),
(361,'20TA002CUS','',NULL,0,1,1,0,0,0,NULL,NULL,NULL,'2023-05-05 20:12:00','2023-05-05 20:12:00'),
(362,'20R5CTO1WW','',NULL,0,1,1,0,0,0,NULL,NULL,NULL,'2023-05-05 20:12:01','2023-05-05 20:12:01'),
(363,'21A0003SUS','',NULL,0,1,1,0,0,0,NULL,NULL,NULL,'2023-05-05 20:12:03','2023-05-05 20:12:03'),
(364,'20Y30065US','',NULL,0,1,1,0,0,0,NULL,NULL,NULL,'2023-05-05 20:12:11','2023-05-05 20:12:11'),
(365,'20STCTO1WW','',NULL,0,1,1,0,0,0,NULL,NULL,NULL,'2023-05-05 20:12:13','2023-05-05 20:12:13'),
(366,'20EFCTO1WW','',NULL,0,1,1,0,0,0,NULL,NULL,NULL,'2023-05-05 20:12:15','2023-05-05 20:12:15'),
(367,'20TDCT01WW','',NULL,0,1,1,0,0,0,NULL,NULL,NULL,'2023-05-05 20:12:18','2023-05-05 20:12:18'),
(368,'20BVCTO1WW','',NULL,0,1,1,0,0,0,NULL,NULL,NULL,'2023-05-05 20:12:20','2023-05-05 20:12:20'),
(369,'20Q1S41X00','',NULL,0,1,1,0,0,0,NULL,NULL,NULL,'2023-05-05 20:12:27','2023-05-05 20:12:27'),
(370,'20TD0002FR','',NULL,0,1,1,0,0,0,NULL,NULL,NULL,'2023-05-05 20:12:28','2023-05-05 20:12:28'),
(371,'20LW0012FR','',NULL,0,1,1,0,0,0,NULL,NULL,NULL,'2023-05-05 20:12:30','2023-05-05 20:12:30'),
(372,'20BE0041FR','',NULL,0,1,1,0,0,0,NULL,NULL,NULL,'2023-05-05 20:12:32','2023-05-05 20:12:32'),
(373,'ThinkPad X1 Carbon 5th','',NULL,0,1,1,0,0,0,NULL,NULL,NULL,'2023-07-12 13:44:00','2023-07-12 13:44:00'),
(375,'20N8CTO1WW','',NULL,0,1,1,0,0,0,NULL,NULL,NULL,'2023-11-01 15:58:14','2023-11-01 15:58:14');

--
-- Table structure for table `glpi_computers`
--

CREATE TABLE `glpi_computers` (
  `id` int(10) unsigned NOT NULL AUTO_INCREMENT,
  `entities_id` int(10) unsigned NOT NULL DEFAULT 0,
  `name` varchar(255) DEFAULT NULL,
  `serial` varchar(255) DEFAULT NULL,
  `otherserial` varchar(255) DEFAULT NULL,
  `contact` varchar(255) DEFAULT NULL,
  `contact_num` varchar(255) DEFAULT NULL,
  `users_id_tech` int(10) unsigned NOT NULL DEFAULT 0,
  `groups_id_tech` int(10) unsigned NOT NULL DEFAULT 0,
  `comment` mediumtext DEFAULT NULL,
  `date_mod` timestamp NULL DEFAULT NULL,
  `autoupdatesystems_id` int(10) unsigned NOT NULL DEFAULT 0,
  `locations_id` int(10) unsigned NOT NULL DEFAULT 0,
  `networks_id` int(10) unsigned NOT NULL DEFAULT 0,
  `computermodels_id` int(10) unsigned NOT NULL DEFAULT 0,
  `computertypes_id` int(10) unsigned NOT NULL DEFAULT 0,
  `is_template` tinyint(1) NOT NULL DEFAULT 0,
  `template_name` varchar(255) DEFAULT NULL,
  `manufacturers_id` int(10) unsigned NOT NULL DEFAULT 0,
  `is_deleted` tinyint(1) NOT NULL DEFAULT 0,
  `is_dynamic` tinyint(1) NOT NULL DEFAULT 0,
  `users_id` int(10) unsigned NOT NULL DEFAULT 0,
  `groups_id` int(10) unsigned NOT NULL DEFAULT 0,
  `states_id` int(10) unsigned NOT NULL DEFAULT 0,
  `ticket_tco` decimal(20,4) DEFAULT 0.0000,
  `uuid` varchar(255) DEFAULT NULL,
  `date_creation` timestamp NULL DEFAULT NULL,
  `is_recursive` tinyint(1) NOT NULL DEFAULT 0,
  `last_inventory_update` timestamp NULL DEFAULT NULL,
  `last_boot` timestamp NULL DEFAULT NULL,
  PRIMARY KEY (`id`),
  KEY `date_mod` (`date_mod`),
  KEY `name` (`name`),
  KEY `is_template` (`is_template`),
  KEY `autoupdatesystems_id` (`autoupdatesystems_id`),
  KEY `entities_id` (`entities_id`),
  KEY `manufacturers_id` (`manufacturers_id`),
  KEY `groups_id` (`groups_id`),
  KEY `users_id` (`users_id`),
  KEY `locations_id` (`locations_id`),
  KEY `computermodels_id` (`computermodels_id`),
  KEY `networks_id` (`networks_id`),
  KEY `states_id` (`states_id`),
  KEY `users_id_tech` (`users_id_tech`),
  KEY `computertypes_id` (`computertypes_id`),
  KEY `is_deleted` (`is_deleted`),
  KEY `groups_id_tech` (`groups_id_tech`),
  KEY `is_dynamic` (`is_dynamic`),
  KEY `serial` (`serial`),
  KEY `otherserial` (`otherserial`),
  KEY `uuid` (`uuid`),
  KEY `date_creation` (`date_creation`),
  KEY `is_recursive` (`is_recursive`)
) ENGINE=InnoDB AUTO_INCREMENT=34114 DEFAULT CHARSET=utf8mb4 COLLATE=utf8mb4_unicode_ci;

--
-- Dumping data for table `glpi_computers`
--

INSERT INTO `glpi_computers` VALUES
(1,0,'','','20210614-555-1234-1','','',0,0,'','2023-02-02 19:01:40',0,0,0,0,0,1,'Modèle générique',0,0,0,0,0,0,0.0000,'','2021-04-02 09:47:24',0,NULL,NULL),
(9922,5,'DELL_PowerEdgeT710_01','SERIAL9922','123456789',NULL,NULL,0,0,NULL,'2026-03-10 16:23:45',0,131,0,21,10,0,'Gabarit Ordinateur',0,0,0,0,0,22,0.0000,'4a50b7d3-1247-4032-ac90-33f2270e380f','2018-09-25 16:22:30',1,NULL,NULL),
(32458,0,'','','20210614-555-1234-32458','','',0,0,'','2024-02-07 00:39:47',0,91,0,325,30,1,'Portable PC Lenovo',0,0,0,0,0,20,0.0000,'','2021-07-19 14:15:47',1,NULL,NULL),
(33696,0,'DELL_RackServers_R530','SERIAL33696','20210614-555-1234-33696','STOCK 16',NULL,0,0,NULL,'2025-06-10 20:36:27',0,113,0,353,10,0,NULL,0,0,0,0,0,26,0.0000,NULL,'2021-08-06 20:04:51',1,NULL,NULL),
(33825,5,'Fougère','RT45GF','20220415-555-1234-23732','','',0,0,'','2026-02-25 13:37:53',0,136,0,325,30,0,NULL,2785,0,0,16,0,26,0.0000,'','2022-04-15 12:46:18',1,NULL,NULL),
(33871,0,'Win10','3211de65-7be5-7a47-82c5-d7b6d64cffa4',NULL,'Administrator@ADDLYS',NULL,0,0,NULL,'2025-06-10 20:36:05',6,89,0,189,33,0,NULL,2861,0,1,16,0,22,0.0000,'3211DE65-7BE5-7A47-82C5-D7B6D64CFFA4','2022-07-19 18:01:40',1,'2023-03-29 15:27:25','2023-03-29 12:22:50'),
(34108,0,'ORDI-10','','','','',0,0,'','2026-03-05 20:22:49',0,0,0,0,0,0,NULL,0,0,0,18,0,0,0.0000,'','2026-03-05 16:58:54',1,NULL,NULL),
(34109,0,'ORDI-30','','','','',0,0,'','2026-03-05 16:59:18',0,0,0,0,0,0,NULL,0,0,0,0,0,0,0.0000,'','2026-03-05 16:59:18',1,NULL,NULL),
(34110,0,'ORDI-110','','','','',0,0,'','2026-03-05 20:35:32',0,0,0,0,0,0,NULL,0,0,0,0,255,0,0.0000,'','2026-03-05 16:59:38',1,NULL,NULL),
(34111,0,'ORDI-130','','','','',0,0,'','2026-03-05 16:59:59',0,0,0,0,0,0,NULL,0,0,0,0,0,0,0.0000,'','2026-03-05 16:59:59',1,NULL,NULL),
(34112,0,'ORDI-140','','','','',0,0,'','2026-03-05 17:00:18',0,0,0,0,0,0,NULL,0,0,0,0,0,0,0.0000,'','2026-03-05 17:00:18',1,NULL,NULL),
(34113,0,'ORDI-120','','','','',0,0,'','2026-03-05 17:00:39',0,0,0,0,0,0,NULL,0,0,0,0,0,0,0.0000,'','2026-03-05 17:00:39',1,NULL,NULL);

--
-- Table structure for table `glpi_computers_items`
--

CREATE TABLE `glpi_computers_items` (
  `id` int(10) unsigned NOT NULL AUTO_INCREMENT,
  `items_id` int(10) unsigned NOT NULL DEFAULT 0,
  `computers_id` int(10) unsigned NOT NULL DEFAULT 0,
  `itemtype` varchar(100) NOT NULL,
  `is_deleted` tinyint(1) NOT NULL DEFAULT 0,
  `is_dynamic` tinyint(1) NOT NULL DEFAULT 0,
  PRIMARY KEY (`id`),
  KEY `computers_id` (`computers_id`),
  KEY `item` (`itemtype`,`items_id`),
  KEY `is_deleted` (`is_deleted`),
  KEY `is_dynamic` (`is_dynamic`)
) ENGINE=InnoDB AUTO_INCREMENT=5697 DEFAULT CHARSET=utf8mb4 COLLATE=utf8mb4_unicode_ci;

--
-- Dumping data for table `glpi_computers_items`
--

INSERT INTO `glpi_computers_items` VALUES
(1846,240,10044,'Printer',0,1),
(1848,241,10044,'Printer',0,1),
(1854,386,10044,'Peripheral',1,1),
(1870,240,10046,'Printer',0,1),
(1873,241,10046,'Printer',0,1),
(1878,386,10046,'Peripheral',1,1),
(1922,285,9922,'Printer',0,0);

--
-- Table structure for table `glpi_computertypes`
--

CREATE TABLE `glpi_computertypes` (
  `id` int(10) unsigned NOT NULL AUTO_INCREMENT,
  `name` varchar(255) DEFAULT NULL,
  `comment` mediumtext DEFAULT NULL,
  `date_mod` timestamp NULL DEFAULT NULL,
  `date_creation` timestamp NULL DEFAULT NULL,
  PRIMARY KEY (`id`),
  KEY `name` (`name`),
  KEY `date_mod` (`date_mod`),
  KEY `date_creation` (`date_creation`)
) ENGINE=InnoDB AUTO_INCREMENT=38 DEFAULT CHARSET=utf8mb4 COLLATE=utf8mb4_unicode_ci;

--
-- Dumping data for table `glpi_computertypes`
--

INSERT INTO `glpi_computertypes` VALUES
(5,'Tablette PC','','2018-06-26 18:36:34','2018-06-26 18:36:34'),
(8,'Tablette iPad','','2018-06-26 18:36:34','2018-06-26 18:36:34'),
(10,'Serveur','','2018-06-26 18:36:34','2018-06-26 18:36:34'),
(13,'Tablette','','2018-07-04 18:21:52','2018-07-04 18:21:52'),
(30,'Ordinateur portable','','2023-04-19 14:05:44','2023-04-19 14:05:44'),
(31,'Autre','','2023-04-19 18:47:39','2023-04-19 18:47:39'),
(32,'Ordinateur fixe','','2023-04-19 18:47:39','2023-04-19 18:47:39'),
(33,'Machine virtuelle','','2023-04-19 18:47:39','2023-04-19 18:47:39'),
(34,'Notebook','','2023-04-20 21:02:45','2023-04-20 21:02:45'),
(35,'Convertible','','2023-05-05 20:11:42','2023-05-05 20:11:42'),
(36,'Other','','2023-11-01 15:58:14','2023-11-01 15:58:14'),
(37,'QEMU','','2024-06-04 14:57:46','2024-06-04 14:57:46');

--
-- Table structure for table `glpi_computervirtualmachines`
--

CREATE TABLE `glpi_computervirtualmachines` (
  `id` int(10) unsigned NOT NULL AUTO_INCREMENT,
  `entities_id` int(10) unsigned NOT NULL DEFAULT 0,
  `computers_id` int(10) unsigned NOT NULL DEFAULT 0,
  `name` varchar(255) NOT NULL DEFAULT '',
  `virtualmachinestates_id` int(10) unsigned NOT NULL DEFAULT 0,
  `virtualmachinesystems_id` int(10) unsigned NOT NULL DEFAULT 0,
  `virtualmachinetypes_id` int(10) unsigned NOT NULL DEFAULT 0,
  `uuid` varchar(255) NOT NULL DEFAULT '',
  `vcpu` int(11) NOT NULL DEFAULT 0,
  `ram` int(10) unsigned DEFAULT NULL,
  `is_deleted` tinyint(1) NOT NULL DEFAULT 0,
  `is_dynamic` tinyint(1) NOT NULL DEFAULT 0,
  `comment` mediumtext DEFAULT NULL,
  `date_mod` timestamp NULL DEFAULT NULL,
  `date_creation` timestamp NULL DEFAULT NULL,
  PRIMARY KEY (`id`),
  KEY `computers_id` (`computers_id`),
  KEY `entities_id` (`entities_id`),
  KEY `name` (`name`),
  KEY `virtualmachinestates_id` (`virtualmachinestates_id`),
  KEY `virtualmachinesystems_id` (`virtualmachinesystems_id`),
  KEY `vcpu` (`vcpu`),
  KEY `ram` (`ram`),
  KEY `is_deleted` (`is_deleted`),
  KEY `is_dynamic` (`is_dynamic`),
  KEY `uuid` (`uuid`),
  KEY `date_mod` (`date_mod`),
  KEY `date_creation` (`date_creation`),
  KEY `virtualmachinetypes_id` (`virtualmachinetypes_id`)
) ENGINE=InnoDB DEFAULT CHARSET=utf8mb4 COLLATE=utf8mb4_unicode_ci;

--
-- Dumping data for table `glpi_computervirtualmachines`
--


--
-- Table structure for table `glpi_configs`
--

CREATE TABLE `glpi_configs` (
  `id` int(10) unsigned NOT NULL AUTO_INCREMENT,
  `context` varchar(150) DEFAULT NULL,
  `name` varchar(150) DEFAULT NULL,
  `value` mediumtext DEFAULT NULL,
  PRIMARY KEY (`id`),
  UNIQUE KEY `unicity` (`context`,`name`),
  KEY `name` (`name`)
) ENGINE=InnoDB AUTO_INCREMENT=493 DEFAULT CHARSET=utf8mb4 COLLATE=utf8mb4_unicode_ci;

--
-- Dumping data for table `glpi_configs`
--



--
-- Table structure for table `glpi_consumableitems`
--

CREATE TABLE `glpi_consumableitems` (
  `id` int(10) unsigned NOT NULL AUTO_INCREMENT,
  `entities_id` int(10) unsigned NOT NULL DEFAULT 0,
  `is_recursive` tinyint(1) NOT NULL DEFAULT 0,
  `name` varchar(255) DEFAULT NULL,
  `ref` varchar(255) DEFAULT NULL,
  `locations_id` int(10) unsigned NOT NULL DEFAULT 0,
  `consumableitemtypes_id` int(10) unsigned NOT NULL DEFAULT 0,
  `manufacturers_id` int(10) unsigned NOT NULL DEFAULT 0,
  `users_id_tech` int(10) unsigned NOT NULL DEFAULT 0,
  `groups_id_tech` int(10) unsigned NOT NULL DEFAULT 0,
  `is_deleted` tinyint(1) NOT NULL DEFAULT 0,
  `comment` mediumtext DEFAULT NULL,
  `alarm_threshold` int(11) NOT NULL DEFAULT 10,
  `stock_target` int(11) NOT NULL DEFAULT 0,
  `date_mod` timestamp NULL DEFAULT NULL,
  `date_creation` timestamp NULL DEFAULT NULL,
  `otherserial` varchar(255) DEFAULT NULL,
  `pictures` text DEFAULT NULL,
  PRIMARY KEY (`id`),
  KEY `name` (`name`),
  KEY `entities_id` (`entities_id`),
  KEY `manufacturers_id` (`manufacturers_id`),
  KEY `locations_id` (`locations_id`),
  KEY `users_id_tech` (`users_id_tech`),
  KEY `consumableitemtypes_id` (`consumableitemtypes_id`),
  KEY `is_deleted` (`is_deleted`),
  KEY `alarm_threshold` (`alarm_threshold`),
  KEY `groups_id_tech` (`groups_id_tech`),
  KEY `date_mod` (`date_mod`),
  KEY `date_creation` (`date_creation`),
  KEY `otherserial` (`otherserial`),
  KEY `is_recursive` (`is_recursive`)
) ENGINE=InnoDB AUTO_INCREMENT=4 DEFAULT CHARSET=utf8mb4 COLLATE=utf8mb4_unicode_ci;

--
-- Dumping data for table `glpi_consumableitems`
--

INSERT INTO `glpi_consumableitems` VALUES
(1,0,0,'Stylos bic','',0,1,0,0,0,0,'',10,0,'2020-02-14 17:26:35','2020-02-13 22:02:52','',NULL),
(2,0,1,'25x75x1mm transparent slides','2950602811T',84,2,0,0,0,0,'Fisherbrand™ Economy Plain Glass Microscope Slides \r\nCost-effective slide for general-purpose applications',10,100,'2024-11-27 15:19:03','2022-05-05 14:30:23','MS-25751-FB',NULL),
(3,0,1,'Eisco™ Plain Glass Microscope Slide, 75 x 25 mm, 50/Pk.','BI0082',0,2,0,0,0,0,'',5,20,'2024-11-27 15:19:03','2022-05-05 14:48:12','MS-TG25751-E',NULL);

--
-- Table structure for table `glpi_consumableitemtypes`
--

CREATE TABLE `glpi_consumableitemtypes` (
  `id` int(10) unsigned NOT NULL AUTO_INCREMENT,
  `name` varchar(255) DEFAULT NULL,
  `comment` mediumtext DEFAULT NULL,
  `date_mod` timestamp NULL DEFAULT NULL,
  `date_creation` timestamp NULL DEFAULT NULL,
  PRIMARY KEY (`id`),
  KEY `name` (`name`),
  KEY `date_mod` (`date_mod`),
  KEY `date_creation` (`date_creation`)
) ENGINE=InnoDB AUTO_INCREMENT=3 DEFAULT CHARSET=utf8mb4 COLLATE=utf8mb4_unicode_ci;

--
-- Dumping data for table `glpi_consumableitemtypes`
--

INSERT INTO `glpi_consumableitemtypes` VALUES
(1,'Stylos','','2020-02-13 22:02:43','2020-02-13 22:02:43'),
(2,'Microscope Slides','','2022-05-05 14:24:41','2022-05-05 14:24:41');

--
-- Table structure for table `glpi_consumables`
--

CREATE TABLE `glpi_consumables` (
  `id` int(10) unsigned NOT NULL AUTO_INCREMENT,
  `entities_id` int(10) unsigned NOT NULL DEFAULT 0,
  `consumableitems_id` int(10) unsigned NOT NULL DEFAULT 0,
  `date_in` date DEFAULT NULL,
  `date_out` date DEFAULT NULL,
  `itemtype` varchar(100) DEFAULT NULL,
  `items_id` int(10) unsigned NOT NULL DEFAULT 0,
  `date_mod` timestamp NULL DEFAULT NULL,
  `date_creation` timestamp NULL DEFAULT NULL,
  PRIMARY KEY (`id`),
  KEY `date_in` (`date_in`),
  KEY `date_out` (`date_out`),
  KEY `consumableitems_id` (`consumableitems_id`),
  KEY `entities_id` (`entities_id`),
  KEY `item` (`itemtype`,`items_id`),
  KEY `date_mod` (`date_mod`),
  KEY `date_creation` (`date_creation`)
) ENGINE=InnoDB AUTO_INCREMENT=131 DEFAULT CHARSET=utf8mb4 COLLATE=utf8mb4_unicode_ci;

--
-- Dumping data for table `glpi_consumables`
--

INSERT INTO `glpi_consumables` VALUES
(1,0,1,'2020-02-13','2020-02-14','User',16,'2020-02-13 22:03:04','2020-02-13 22:03:04'),
(2,0,1,'2020-02-13','2020-02-14','User',16,'2020-02-13 22:03:04','2020-02-13 22:03:04'),
(3,0,1,'2020-02-13',NULL,NULL,0,'2020-02-13 22:03:04','2020-02-13 22:03:04'),
(4,0,1,'2020-02-13',NULL,NULL,0,'2020-02-13 22:03:04','2020-02-13 22:03:04'),
(5,0,1,'2020-02-13',NULL,NULL,0,'2020-02-13 22:03:04','2020-02-13 22:03:04'),
(6,0,1,'2022-04-26',NULL,NULL,0,'2022-04-26 15:07:55','2022-04-26 15:07:55'),
(109,0,3,'2022-05-05','2022-05-05','User',16,'2022-05-05 14:48:47','2022-05-05 14:48:47'),
(110,0,3,'2022-05-05','2023-04-26','User',27,'2022-05-05 14:48:57','2022-05-05 14:48:57'),
(111,0,3,'2022-05-05',NULL,NULL,0,'2022-05-05 14:48:57','2022-05-05 14:48:57'),
(112,0,3,'2022-05-05',NULL,NULL,0,'2022-05-05 14:48:57','2022-05-05 14:48:57'),
(113,0,3,'2022-05-05',NULL,NULL,0,'2022-05-05 14:48:57','2022-05-05 14:48:57'),
(114,0,3,'2022-05-05',NULL,NULL,0,'2022-05-05 14:48:57','2022-05-05 14:48:57'),
(115,0,3,'2022-05-05',NULL,NULL,0,'2022-05-05 14:48:57','2022-05-05 14:48:57'),
(116,0,2,'2023-04-26',NULL,NULL,0,'2023-04-26 15:18:12','2023-04-26 15:18:12'),
(117,0,2,'2023-04-26',NULL,NULL,0,'2023-04-26 15:18:12','2023-04-26 15:18:12'),
(119,0,2,'2023-04-26',NULL,NULL,0,'2023-04-26 15:18:12','2023-04-26 15:18:12'),
(120,0,2,'2023-04-26',NULL,NULL,0,'2023-04-26 15:18:12','2023-04-26 15:18:12'),
(121,0,2,'2023-04-26','2024-09-27','User',22,'2023-04-26 15:18:12','2023-04-26 15:18:12'),
(122,0,2,'2023-04-26',NULL,NULL,0,'2023-04-26 15:18:12','2023-04-26 15:18:12'),
(123,0,2,'2023-04-26',NULL,NULL,0,'2023-04-26 15:18:12','2023-04-26 15:18:12'),
(124,0,2,'2023-04-26',NULL,NULL,0,'2023-04-26 15:18:12','2023-04-26 15:18:12'),
(125,0,2,'2023-04-26',NULL,NULL,0,'2023-04-26 15:18:12','2023-04-26 15:18:12'),
(126,0,2,'2023-04-26',NULL,NULL,0,'2023-04-26 15:18:12','2023-04-26 15:18:12'),
(127,0,2,'2023-04-26',NULL,NULL,0,'2023-04-26 15:18:12','2023-04-26 15:18:12'),
(128,0,2,'2023-04-26',NULL,NULL,0,'2023-04-26 15:18:12','2023-04-26 15:18:12'),
(129,0,2,'2023-04-26',NULL,NULL,0,'2023-04-26 15:18:12','2023-04-26 15:18:12'),
(130,0,2,'2023-04-26',NULL,NULL,0,'2023-04-26 15:18:12','2023-04-26 15:18:12');

--
-- Table structure for table `glpi_contacts`
--

CREATE TABLE `glpi_contacts` (
  `id` int(10) unsigned NOT NULL AUTO_INCREMENT,
  `entities_id` int(10) unsigned NOT NULL DEFAULT 0,
  `is_recursive` tinyint(1) NOT NULL DEFAULT 0,
  `name` varchar(255) DEFAULT NULL,
  `firstname` varchar(255) DEFAULT NULL,
  `registration_number` varchar(255) DEFAULT NULL,
  `phone` varchar(255) DEFAULT NULL,
  `phone2` varchar(255) DEFAULT NULL,
  `mobile` varchar(255) DEFAULT NULL,
  `fax` varchar(255) DEFAULT NULL,
  `email` varchar(255) DEFAULT NULL,
  `contacttypes_id` int(10) unsigned NOT NULL DEFAULT 0,
  `comment` mediumtext DEFAULT NULL,
  `is_deleted` tinyint(1) NOT NULL DEFAULT 0,
  `usertitles_id` int(10) unsigned NOT NULL DEFAULT 0,
  `address` mediumtext DEFAULT NULL,
  `postcode` varchar(255) DEFAULT NULL,
  `town` varchar(255) DEFAULT NULL,
  `state` varchar(255) DEFAULT NULL,
  `country` varchar(255) DEFAULT NULL,
  `date_mod` timestamp NULL DEFAULT NULL,
  `date_creation` timestamp NULL DEFAULT NULL,
  `pictures` text DEFAULT NULL,
  PRIMARY KEY (`id`),
  KEY `name` (`name`),
  KEY `entities_id` (`entities_id`),
  KEY `contacttypes_id` (`contacttypes_id`),
  KEY `is_deleted` (`is_deleted`),
  KEY `usertitles_id` (`usertitles_id`),
  KEY `date_mod` (`date_mod`),
  KEY `date_creation` (`date_creation`),
  KEY `is_recursive` (`is_recursive`)
) ENGINE=InnoDB AUTO_INCREMENT=3 DEFAULT CHARSET=utf8mb4 COLLATE=utf8mb4_unicode_ci;

--
-- Dumping data for table `glpi_contacts`
--

INSERT INTO `glpi_contacts` VALUES
(1,0,1,'Paul','Tremblay',NULL,'','','','','l.simard@addlys.com',0,'',0,0,'','','','','','2026-01-29 16:06:39','2018-05-15 21:39:22',NULL),
(2,0,0,'Perler','Thomas','','','','','','',0,'',0,0,'','','','','','2022-08-31 20:46:28','2022-08-31 20:46:28',NULL);

--
-- Table structure for table `glpi_contacts_suppliers`
--

CREATE TABLE `glpi_contacts_suppliers` (
  `id` int(10) unsigned NOT NULL AUTO_INCREMENT,
  `suppliers_id` int(10) unsigned NOT NULL DEFAULT 0,
  `contacts_id` int(10) unsigned NOT NULL DEFAULT 0,
  PRIMARY KEY (`id`),
  UNIQUE KEY `unicity` (`suppliers_id`,`contacts_id`),
  KEY `contacts_id` (`contacts_id`)
) ENGINE=InnoDB AUTO_INCREMENT=5 DEFAULT CHARSET=utf8mb4 COLLATE=utf8mb4_unicode_ci;

--
-- Dumping data for table `glpi_contacts_suppliers`
--

INSERT INTO `glpi_contacts_suppliers` VALUES
(1,1,1),
(2,4,1),
(3,6,2),
(4,8,1);

--
-- Table structure for table `glpi_contacttypes`
--

CREATE TABLE `glpi_contacttypes` (
  `id` int(10) unsigned NOT NULL AUTO_INCREMENT,
  `name` varchar(255) DEFAULT NULL,
  `comment` mediumtext DEFAULT NULL,
  `date_mod` timestamp NULL DEFAULT NULL,
  `date_creation` timestamp NULL DEFAULT NULL,
  PRIMARY KEY (`id`),
  KEY `name` (`name`),
  KEY `date_mod` (`date_mod`),
  KEY `date_creation` (`date_creation`)
) ENGINE=InnoDB DEFAULT CHARSET=utf8mb4 COLLATE=utf8mb4_unicode_ci;

--
-- Dumping data for table `glpi_contacttypes`
--


--
-- Table structure for table `glpi_contractcosts`
--

CREATE TABLE `glpi_contractcosts` (
  `id` int(10) unsigned NOT NULL AUTO_INCREMENT,
  `contracts_id` int(10) unsigned NOT NULL DEFAULT 0,
  `name` varchar(255) DEFAULT NULL,
  `comment` mediumtext DEFAULT NULL,
  `begin_date` date DEFAULT NULL,
  `end_date` date DEFAULT NULL,
  `cost` decimal(20,4) NOT NULL DEFAULT 0.0000,
  `budgets_id` int(10) unsigned NOT NULL DEFAULT 0,
  `entities_id` int(10) unsigned NOT NULL DEFAULT 0,
  `is_recursive` tinyint(1) NOT NULL DEFAULT 0,
  PRIMARY KEY (`id`),
  KEY `name` (`name`),
  KEY `contracts_id` (`contracts_id`),
  KEY `begin_date` (`begin_date`),
  KEY `end_date` (`end_date`),
  KEY `entities_id` (`entities_id`),
  KEY `is_recursive` (`is_recursive`),
  KEY `budgets_id` (`budgets_id`)
) ENGINE=InnoDB AUTO_INCREMENT=17 DEFAULT CHARSET=utf8mb4 COLLATE=utf8mb4_unicode_ci;

--
-- Dumping data for table `glpi_contractcosts`
--

INSERT INTO `glpi_contractcosts` VALUES
(1,1,'Cout 1','','2018-08-14','2018-08-31',10000.0000,0,0,0),
(2,1,'Cout 2','','2018-08-14','2018-09-01',20000.0000,0,0,0),
(3,44,'Versement initial','','2021-03-01','2021-03-01',5000.0000,1,0,1),
(4,44,'Loyer avril','','2021-04-01','2021-04-30',5000.0000,0,0,1),
(5,45,'Loyer 1','',NULL,NULL,0.0000,1,5,1),
(6,45,'Loyer 2','',NULL,NULL,0.0000,1,5,1),
(7,45,'Loyer 3','',NULL,NULL,0.0000,1,5,1),
(8,46,'Loyer avril','','2021-04-01','2021-04-30',300.0000,1,0,1),
(9,46,'Loyer 2','',NULL,NULL,0.0000,1,0,1),
(10,46,'Loyer 3','',NULL,NULL,0.0000,1,0,1),
(11,47,'Loyer 1','',NULL,NULL,0.0000,1,0,1),
(12,47,'Loyer 2','',NULL,NULL,0.0000,1,0,1),
(13,47,'Loyer 3','',NULL,NULL,0.0000,1,0,1),
(14,48,'Cout 2','','2023-01-02','2023-08-24',5000.0000,0,12,1),
(15,48,'Cout 1','','2022-08-25','2022-12-31',10000.0000,0,12,1),
(16,51,'Abonnement kalendho 2023','','2023-01-01','2023-12-31',270.0000,3,0,0);

--
-- Table structure for table `glpi_contracts`
--

CREATE TABLE `glpi_contracts` (
  `id` int(10) unsigned NOT NULL AUTO_INCREMENT,
  `entities_id` int(10) unsigned NOT NULL DEFAULT 0,
  `is_recursive` tinyint(1) NOT NULL DEFAULT 0,
  `name` varchar(255) DEFAULT NULL,
  `num` varchar(255) DEFAULT NULL,
  `contracttypes_id` int(10) unsigned NOT NULL DEFAULT 0,
  `locations_id` int(10) unsigned NOT NULL DEFAULT 0,
  `begin_date` date DEFAULT NULL,
  `duration` int(11) NOT NULL DEFAULT 0,
  `notice` int(11) NOT NULL DEFAULT 0,
  `periodicity` int(11) NOT NULL DEFAULT 0,
  `billing` int(11) NOT NULL DEFAULT 0,
  `comment` mediumtext DEFAULT NULL,
  `accounting_number` varchar(255) DEFAULT NULL,
  `is_deleted` tinyint(1) NOT NULL DEFAULT 0,
  `week_begin_hour` time NOT NULL DEFAULT '00:00:00',
  `week_end_hour` time NOT NULL DEFAULT '00:00:00',
  `saturday_begin_hour` time NOT NULL DEFAULT '00:00:00',
  `saturday_end_hour` time NOT NULL DEFAULT '00:00:00',
  `use_saturday` tinyint(1) NOT NULL DEFAULT 0,
  `sunday_begin_hour` time NOT NULL DEFAULT '00:00:00',
  `sunday_end_hour` time NOT NULL DEFAULT '00:00:00',
  `use_sunday` tinyint(4) NOT NULL DEFAULT 0,
  `max_links_allowed` int(11) NOT NULL DEFAULT 0,
  `alert` int(11) NOT NULL DEFAULT 0,
  `renewal` int(11) NOT NULL DEFAULT 0,
  `template_name` varchar(255) DEFAULT NULL,
  `is_template` tinyint(1) NOT NULL DEFAULT 0,
  `states_id` int(10) unsigned NOT NULL DEFAULT 0,
  `date_mod` timestamp NULL DEFAULT NULL,
  `date_creation` timestamp NULL DEFAULT NULL,
  PRIMARY KEY (`id`),
  KEY `begin_date` (`begin_date`),
  KEY `name` (`name`),
  KEY `contracttypes_id` (`contracttypes_id`),
  KEY `entities_id` (`entities_id`),
  KEY `is_deleted` (`is_deleted`),
  KEY `use_saturday` (`use_saturday`),
  KEY `alert` (`alert`),
  KEY `date_mod` (`date_mod`),
  KEY `date_creation` (`date_creation`),
  KEY `states_id` (`states_id`),
  KEY `use_sunday` (`use_sunday`),
  KEY `is_recursive` (`is_recursive`),
  KEY `is_template` (`is_template`),
  KEY `locations_id` (`locations_id`)
) ENGINE=InnoDB AUTO_INCREMENT=53 DEFAULT CHARSET=utf8mb4 COLLATE=utf8mb4_unicode_ci;

--
-- Dumping data for table `glpi_contracts`
--

INSERT INTO `glpi_contracts` VALUES
(1,0,0,'Conbtrat de support October','12gh9-DF',3,0,'2019-08-14',48,1,12,12,'Maecenas facilisis ante vitae mi tempor, ut consequat dui viverra. Duis tortor felis, dictum vitae libero et, ornare pellentesque enim. Praesent ac finibus est. ','',0,'00:00:00','00:00:00','00:00:00','00:00:00',0,'00:00:00','00:00:00',0,4,0,0,NULL,0,22,'2023-04-13 15:05:36','2018-05-28 20:36:39'),
(30,0,0,'Compte Google AIR','',1,0,'2015-11-29',24,0,0,0,NULL,NULL,1,'00:00:00','00:00:00','00:00:00','00:00:00',0,'00:00:00','00:00:00',0,0,0,0,NULL,0,0,'2019-03-26 15:38:10','2018-08-14 21:36:21'),
(31,0,0,'Contrat d\'abonement 1 an au service VPunch','SYN-SG-VP07001-01092015',1,0,'2015-09-01',26,2,0,0,NULL,NULL,1,'00:00:00','00:00:00','00:00:00','00:00:00',0,'00:00:00','00:00:00',0,0,0,0,NULL,0,0,'2019-03-26 15:38:10','2018-08-14 21:36:21'),
(32,0,0,'Contrat d\'abonement 12 mois au service VPunch','CT-VPunch-20171101-001',1,0,'2017-11-01',12,2,0,0,NULL,NULL,1,'00:00:00','00:00:00','00:00:00','00:00:00',0,'00:00:00','00:00:00',0,0,0,0,NULL,0,0,'2019-03-26 15:38:10','2018-08-14 21:36:21'),
(33,0,0,'Contrat d\'abonement 7 mois au service VPunch','CT-VPunch-20141101-004',1,0,'2014-11-01',10,0,0,0,NULL,NULL,1,'00:00:00','00:00:00','00:00:00','00:00:00',0,'00:00:00','00:00:00',0,0,0,0,NULL,0,0,'2019-03-26 15:38:10','2018-08-14 21:36:21'),
(34,0,0,'Contrat d\'abonnement 24 mois au service VPunch','CT-VPunch-20141101-003',1,0,'2017-11-01',24,2,0,0,NULL,NULL,1,'00:00:00','00:00:00','00:00:00','00:00:00',0,'00:00:00','00:00:00',0,0,0,0,NULL,0,0,'2019-03-26 15:38:10','2018-08-14 21:36:21'),
(35,0,0,'Contrat d\'abonnement 24 mois au service VPunch','CT-VPunch-20171101-002',1,0,'2017-11-01',24,2,0,0,NULL,NULL,1,'00:00:00','00:00:00','00:00:00','00:00:00',0,'00:00:00','00:00:00',0,0,0,0,NULL,0,0,'2019-03-26 15:38:10','2018-08-14 21:36:21'),
(36,0,0,'Contrat d\'abonnement 24 mois au service Vpunch','CT-VPunch-20170801-004',1,0,'2017-08-01',24,2,0,0,NULL,NULL,1,'00:00:00','00:00:00','00:00:00','00:00:00',0,'00:00:00','00:00:00',0,0,0,0,NULL,0,0,'2019-03-26 15:38:10','2018-08-14 21:36:21'),
(37,0,0,'Contrat d\'abonnement 24 mois service VPunch','CT-VPunch-20141101-005',1,0,'2017-11-01',24,2,0,0,NULL,NULL,1,'00:00:00','00:00:00','00:00:00','00:00:00',0,'00:00:00','00:00:00',0,0,0,0,NULL,0,0,'2019-03-26 15:38:10','2018-08-14 21:36:21'),
(38,0,0,'Contrat d\'abonnement 36 mois au service Vpunch','',1,0,'2015-08-01',36,0,0,0,NULL,NULL,1,'00:00:00','00:00:00','00:00:00','00:00:00',0,'00:00:00','00:00:00',0,0,0,0,NULL,0,0,'2019-03-26 15:38:10','2018-08-14 21:36:21'),
(39,0,0,'Contrat d\'abonnement 36 mois au service VPunch','CT-VPunch-AAAAMMJJ-NNN',1,0,'2015-08-01',36,0,0,0,NULL,NULL,1,'00:00:00','00:00:00','00:00:00','00:00:00',0,'00:00:00','00:00:00',0,0,0,0,NULL,0,0,'2019-03-26 15:38:10','2018-08-14 21:36:21'),
(40,0,0,'Contrat d\'abonnement Lucichart pour SG','',1,0,'2017-02-28',4,1,0,0,NULL,NULL,1,'00:00:00','00:00:00','00:00:00','00:00:00',0,'00:00:00','00:00:00',0,0,0,0,NULL,0,0,'2019-03-26 15:38:10','2018-08-14 21:36:21'),
(41,0,0,'Contrat d\'abonnement ouvert au service VPunch','CT-VPunch-AAAAMMJJ-NNN',1,0,'2015-09-01',36,0,0,0,NULL,NULL,1,'00:00:00','00:00:00','00:00:00','00:00:00',0,'00:00:00','00:00:00',0,0,0,0,NULL,0,0,'2019-03-26 15:38:10','2018-08-14 21:36:21'),
(42,0,0,'Contrat d\'abonnement Services WebEx','',1,0,'2015-03-01',1,0,0,0,NULL,NULL,1,'00:00:00','00:00:00','00:00:00','00:00:00',0,'00:00:00','00:00:00',0,0,0,0,NULL,0,0,'2019-03-26 15:38:10','2018-08-14 21:36:21'),
(43,0,0,'Contrat d\'hébergement Feng pour le CEUM','CEUM-WEB-01',2,0,'2014-08-01',25,1,0,0,NULL,NULL,1,'00:00:00','00:00:00','00:00:00','00:00:00',0,'00:00:00','00:00:00',0,0,0,0,NULL,0,0,'2019-03-26 15:38:10','2018-08-14 21:36:21'),
(44,0,1,'Contrat de location Dupont & Cie','LW0620065-00',4,0,'2021-03-01',12,2,12,12,'Lorem ipsum dolor sit amet, consectetur adipiscing elit. Nulla mattis leo id tincidunt sollicitudin. Ut interdum venenatis nunc non semper. Duis libero nunc, rutrum ut dolor et, scelerisque ullamcorper lacus. Aliquam vel vulputate diam. Nunc sollicitudin leo justo, non dapibus velit ullamcorper sed. Nunc ac dictum risus. Curabitur id faucibus arcu. Duis a sapien vestibulum leo lobortis euismod placerat quis diam. Etiam nec augue libero. Fusce auctor neque vehicula, bibendum turpis lobortis, molestie nisi. Fusce eget orci efficitur, maximus sapien eu, fringilla magna. ','',0,'00:00:00','00:00:00','00:00:00','00:00:00',0,'00:00:00','00:00:00',0,100,0,1,NULL,0,0,'2021-08-06 19:49:50','2021-04-02 07:13:57'),
(45,5,1,'Contrat de location standard 3 mois','',4,0,NULL,1,0,12,12,'In lacus nisl, porta placerat ultrices in, viverra in orci. Class aptent taciti sociosqu ad litora torquent per conubia nostra, per inceptos himenaeos. Sed turpis nulla, tempus et interdum at, rhoncus nec purus. Duis scelerisque sit amet justo vel congue. ','',0,'00:00:00','00:00:00','00:00:00','00:00:00',0,'00:00:00','00:00:00',0,1,0,0,'Contrat de location standard',1,20,'2021-04-02 07:40:57','2021-04-02 07:39:40'),
(46,0,1,'Contrat de location standard 3 mois - Martin SARL','',4,0,NULL,1,0,12,12,'In lacus nisl, porta placerat ultrices in, viverra in orci. Class aptent taciti sociosqu ad litora torquent per conubia nostra, per inceptos himenaeos. Sed turpis nulla, tempus et interdum at, rhoncus nec purus. Duis scelerisque sit amet justo vel congue. ','',1,'00:00:00','00:00:00','00:00:00','00:00:00',0,'00:00:00','00:00:00',0,1,0,0,NULL,0,20,'2024-11-27 15:19:52','2021-04-02 07:44:59'),
(47,0,1,'Contrat véhicule','202109MP001',4,0,'2021-05-03',24,1,12,1,'In lacus nisl, porta placerat ultrices in, viverra in orci. Class aptent taciti sociosqu ad litora torquent per conubia nostra, per inceptos himenaeos. Sed turpis nulla, tempus et interdum at, rhoncus nec purus. Duis scelerisque sit amet justo vel congue. ','',0,'00:00:00','00:00:00','00:00:00','00:00:00',0,'00:00:00','00:00:00',0,0,0,0,NULL,0,20,'2022-10-04 12:43:54','2021-12-09 20:54:53'),
(48,12,1,'Contrat de support MutualIT','12gh9-DF',3,0,'2022-08-25',12,1,12,12,'Maecenas facilisis ante vitae mi tempor, ut consequat dui viverra. Duis tortor felis, dictum vitae libero et, ornare pellentesque enim. Praesent ac finibus est. ','MUT000101',0,'08:00:00','17:00:00','00:00:00','00:00:00',0,'00:00:00','00:00:00',0,0,0,0,NULL,0,22,'2022-08-31 21:27:17','2022-08-25 19:25:34'),
(49,0,0,'GLPI Network Cloud','',1,0,NULL,12,1,12,12,'','',0,'00:00:00','00:00:00','00:00:00','00:00:00',0,'00:00:00','00:00:00',0,0,12,0,NULL,0,34,'2023-03-28 20:09:21','2023-03-28 20:08:46'),
(50,0,0,'GLPI Network - Advanced','',3,0,NULL,12,1,12,12,'','',0,'00:00:00','00:00:00','00:00:00','00:00:00',0,'00:00:00','00:00:00',0,0,12,0,NULL,0,34,'2023-03-28 20:10:21','2023-03-28 20:09:57'),
(51,0,0,'Contrat d\'abonnement Kalendho','KHO-SYN-2023-233',5,0,'2023-01-02',12,2,12,12,'Contrat d\'abonnement au service logiciel en ligne Kalendho dont l\'éditeur est Synairgis. ','',0,'09:00:00','18:00:00','00:00:00','00:00:00',0,'00:00:00','00:00:00',0,0,12,1,NULL,0,34,'2023-03-31 09:46:53','2023-03-31 09:46:53'),
(52,0,1,'Abonnement mobile Orange – Flotte 2026','1234567890',6,0,'2026-01-14',12,3,24,12,'','',0,'00:00:00','00:00:00','00:00:00','00:00:00',0,'00:00:00','00:00:00',0,12,12,1,NULL,0,34,'2026-02-10 22:24:27','2026-02-10 22:21:33');

--
-- Table structure for table `glpi_contracts_items`
--

CREATE TABLE `glpi_contracts_items` (
  `id` int(10) unsigned NOT NULL AUTO_INCREMENT,
  `contracts_id` int(10) unsigned NOT NULL DEFAULT 0,
  `items_id` int(10) unsigned NOT NULL DEFAULT 0,
  `itemtype` varchar(100) NOT NULL,
  PRIMARY KEY (`id`),
  UNIQUE KEY `unicity` (`contracts_id`,`itemtype`,`items_id`),
  KEY `item` (`itemtype`,`items_id`)
) ENGINE=InnoDB AUTO_INCREMENT=1850 DEFAULT CHARSET=utf8mb4 COLLATE=utf8mb4_unicode_ci;

--
-- Dumping data for table `glpi_contracts_items`
--

INSERT INTO `glpi_contracts_items` VALUES
(1845,1,1,'Certificate'),
(1846,1,3,'Certificate'),
(1621,44,33696,'Computer'),
(1847,44,33825,'Computer'),
(1749,44,2,'NetworkEquipment'),
(1750,44,3,'NetworkEquipment'),
(1751,44,4,'NetworkEquipment'),
(1752,44,5,'NetworkEquipment'),
(1753,44,6,'NetworkEquipment'),
(1754,44,7,'NetworkEquipment'),
(1755,44,8,'NetworkEquipment'),
(1756,44,9,'NetworkEquipment'),
(1757,44,10,'NetworkEquipment'),
(1758,44,11,'NetworkEquipment'),
(1759,44,12,'NetworkEquipment'),
(1760,44,13,'NetworkEquipment'),
(1761,44,14,'NetworkEquipment'),
(1762,44,15,'NetworkEquipment'),
(1763,44,16,'NetworkEquipment'),
(1764,44,17,'NetworkEquipment'),
(1765,44,18,'NetworkEquipment'),
(1766,44,19,'NetworkEquipment'),
(1767,44,20,'NetworkEquipment'),
(1768,44,21,'NetworkEquipment'),
(1769,44,22,'NetworkEquipment'),
(1770,44,23,'NetworkEquipment'),
(1771,44,24,'NetworkEquipment'),
(1772,44,25,'NetworkEquipment'),
(1773,44,26,'NetworkEquipment'),
(1844,51,4,'Appliance'),
(1843,51,13,'SoftwareLicense'),
(1849,52,1,'Item_DeviceSimcard'),
(1848,52,1,'PluginSimcardSimcard');

--
-- Table structure for table `glpi_contracts_suppliers`
--

CREATE TABLE `glpi_contracts_suppliers` (
  `id` int(10) unsigned NOT NULL AUTO_INCREMENT,
  `suppliers_id` int(10) unsigned NOT NULL DEFAULT 0,
  `contracts_id` int(10) unsigned NOT NULL DEFAULT 0,
  PRIMARY KEY (`id`),
  UNIQUE KEY `unicity` (`suppliers_id`,`contracts_id`),
  KEY `contracts_id` (`contracts_id`)
) ENGINE=InnoDB AUTO_INCREMENT=7 DEFAULT CHARSET=utf8mb4 COLLATE=utf8mb4_unicode_ci;

--
-- Dumping data for table `glpi_contracts_suppliers`
--

INSERT INTO `glpi_contracts_suppliers` VALUES
(5,1,50),
(1,3,1),
(4,4,48),
(3,6,48),
(6,10,52);

--
-- Table structure for table `glpi_contracttypes`
--

CREATE TABLE `glpi_contracttypes` (
  `id` int(10) unsigned NOT NULL AUTO_INCREMENT,
  `name` varchar(255) DEFAULT NULL,
  `comment` mediumtext DEFAULT NULL,
  `date_mod` timestamp NULL DEFAULT NULL,
  `date_creation` timestamp NULL DEFAULT NULL,
  PRIMARY KEY (`id`),
  KEY `name` (`name`),
  KEY `date_mod` (`date_mod`),
  KEY `date_creation` (`date_creation`)
) ENGINE=InnoDB AUTO_INCREMENT=7 DEFAULT CHARSET=utf8mb4 COLLATE=utf8mb4_unicode_ci;

--
-- Dumping data for table `glpi_contracttypes`
--

INSERT INTO `glpi_contracttypes` VALUES
(1,'Abonnement de service SAAS','','2018-08-14 21:21:01','2018-08-14 21:21:01'),
(2,'Contrat Hébergement','','2018-08-14 21:21:01','2018-08-14 21:21:01'),
(3,'Support et maintenance','','2020-02-04 16:23:10','2020-02-04 16:23:10'),
(4,'Location','','2021-04-02 07:12:36','2021-04-02 07:12:36'),
(5,'Service logiciel infonuagique (SaaS)','','2023-03-31 09:44:56','2023-03-31 09:44:56'),
(6,'Abonnement mobile','','2026-02-10 22:19:52','2026-02-10 22:19:52');

--
-- Table structure for table `glpi_crontasklogs`
--

CREATE TABLE `glpi_crontasklogs` (
  `id` int(10) unsigned NOT NULL AUTO_INCREMENT,
  `crontasks_id` int(10) unsigned NOT NULL,
  `crontasklogs_id` int(10) unsigned NOT NULL,
  `date` timestamp NOT NULL DEFAULT current_timestamp(),
  `state` int(11) NOT NULL COMMENT '0:start, 1:run, 2:stop',
  `elapsed` float NOT NULL COMMENT 'time elapsed since start',
  `volume` int(11) NOT NULL COMMENT 'for statistics',
  `content` varchar(255) DEFAULT NULL COMMENT 'message',
  PRIMARY KEY (`id`),
  KEY `date` (`date`),
  KEY `crontasks_id` (`crontasks_id`),
  KEY `crontasklogs_id_state` (`crontasklogs_id`,`state`)
) ENGINE=InnoDB AUTO_INCREMENT=7838172 DEFAULT CHARSET=utf8mb4 COLLATE=utf8mb4_unicode_ci;

--
-- Dumping data for table `glpi_crontasklogs`
--

INSERT INTO `glpi_crontasklogs` VALUES
(6503764,120,0,'2024-06-09 12:42:01',0,0,0,'Run mode: CLI'),
(6503765,120,6503764,'2024-06-09 12:42:01',2,18.954,1000,'Action completed, fully processed'),
(6784809,120,0,'2024-07-09 12:42:01',0,0,0,'Run mode: CLI'),
(6784810,120,6784809,'2024-07-09 12:42:01',2,8.30978,1000,'Action completed, fully processed'),
(7091065,120,0,'2024-08-08 12:42:01',0,0,0,'Run mode: CLI'),
(7091066,120,7091065,'2024-08-08 12:42:01',2,2.45939,952,'Action completed, fully processed'),
(7397301,120,0,'2024-09-07 12:42:02',0,0,0,'Run mode: CLI'),
(7397302,120,7397301,'2024-09-07 12:42:02',2,0.032814,0,'Action completed, fully processed'),
(7568652,119,0,'2024-09-26 16:47:01',0,0,0,'Run mode: CLI'),
(7568653,119,7568652,'2024-09-26 16:47:01',2,0.0411239,0,'Action completed, fully processed'),
(7568776,119,0,'2024-09-26 17:17:01',0,0,0,'Run mode: CLI'),
(7568777,119,7568776,'2024-09-26 17:17:01',2,0.052644,0,'Action completed, fully processed'),
(7568864,119,0,'2024-09-26 17:47:01',0,0,0,'Run mode: CLI'),
(7568865,119,7568864,'2024-09-26 17:47:01',2,0.0515609,0,'Action completed, fully processed'),
(7568949,119,0,'2024-09-26 18:17:02',0,0,0,'Run mode: CLI'),
(7568950,119,7568949,'2024-09-26 18:17:02',2,0.053669,0,'Action completed, fully processed'),
(7569035,119,0,'2024-09-26 18:47:01',0,0,0,'Run mode: CLI'),
(7569036,119,7569035,'2024-09-26 18:47:01',2,0.0368629,0,'Action completed, fully processed'),
(7569120,119,0,'2024-09-26 19:17:01',0,0,0,'Run mode: CLI'),
(7569121,119,7569120,'2024-09-26 19:17:01',2,0.048203,0,'Action completed, fully processed'),
(7569210,119,0,'2024-09-26 19:47:01',0,0,0,'Run mode: CLI'),
(7569211,119,7569210,'2024-09-26 19:47:01',2,0.0505779,0,'Action completed, fully processed'),
(7569295,119,0,'2024-09-26 20:17:02',0,0,0,'Run mode: CLI'),
(7569296,119,7569295,'2024-09-26 20:17:02',2,0.032002,0,'Action completed, fully processed'),
(7569383,119,0,'2024-09-26 20:47:01',0,0,0,'Run mode: CLI'),
(7569384,119,7569383,'2024-09-26 20:47:01',2,0.034234,0,'Action completed, fully processed'),
(7569468,119,0,'2024-09-26 21:17:02',0,0,0,'Run mode: CLI'),
(7569469,119,7569468,'2024-09-26 21:17:02',2,0.054054,0,'Action completed, fully processed'),
(7569554,119,0,'2024-09-26 21:47:01',0,0,0,'Run mode: CLI'),
(7569555,119,7569554,'2024-09-26 21:47:01',2,0.0367451,0,'Action completed, fully processed'),
(7569639,119,0,'2024-09-26 22:17:01',0,0,0,'Run mode: CLI'),
(7569640,119,7569639,'2024-09-26 22:17:01',2,0.056968,0,'Action completed, fully processed'),
(7569729,119,0,'2024-09-26 22:47:01',0,0,0,'Run mode: CLI'),
(7569730,119,7569729,'2024-09-26 22:47:01',2,0.0336559,0,'Action completed, fully processed'),
(7569814,119,0,'2024-09-26 23:17:01',0,0,0,'Run mode: CLI'),
(7569815,119,7569814,'2024-09-26 23:17:01',2,0.0384598,0,'Action completed, fully processed'),
(7569900,119,0,'2024-09-26 23:47:01',0,0,0,'Run mode: CLI'),
(7569901,119,7569900,'2024-09-26 23:47:01',2,0.047574,0,'Action completed, fully processed'),
(7569985,119,0,'2024-09-27 00:17:02',0,0,0,'Run mode: CLI'),
(7569986,119,7569985,'2024-09-27 00:17:02',2,0.05091,0,'Action completed, fully processed'),
(7570071,119,0,'2024-09-27 00:47:01',0,0,0,'Run mode: CLI'),
(7570072,119,7570071,'2024-09-27 00:47:01',2,0.0359302,0,'Action completed, fully processed'),
(7570156,119,0,'2024-09-27 01:17:01',0,0,0,'Run mode: CLI'),
(7570157,119,7570156,'2024-09-27 01:17:01',2,0.0413802,0,'Action completed, fully processed'),
(7570242,119,0,'2024-09-27 01:47:02',0,0,0,'Run mode: CLI'),
(7570243,119,7570242,'2024-09-27 01:47:02',2,0.035866,0,'Action completed, fully processed'),
(7570327,119,0,'2024-09-27 02:17:01',0,0,0,'Run mode: CLI'),
(7570328,119,7570327,'2024-09-27 02:17:01',2,0.0566308,0,'Action completed, fully processed'),
(7570413,119,0,'2024-09-27 02:47:01',0,0,0,'Run mode: CLI'),
(7570414,119,7570413,'2024-09-27 02:47:01',2,0.0566862,0,'Action completed, fully processed'),
(7570498,119,0,'2024-09-27 03:17:01',0,0,0,'Run mode: CLI'),
(7570499,119,7570498,'2024-09-27 03:17:01',2,0.0569699,0,'Action completed, fully processed'),
(7570584,119,0,'2024-09-27 03:47:01',0,0,0,'Run mode: CLI'),
(7570585,119,7570584,'2024-09-27 03:47:01',2,0.047756,0,'Action completed, fully processed'),
(7570669,119,0,'2024-09-27 04:17:01',0,0,0,'Run mode: CLI'),
(7570670,119,7570669,'2024-09-27 04:17:01',2,0.038878,0,'Action completed, fully processed'),
(7570755,119,0,'2024-09-27 04:47:02',0,0,0,'Run mode: CLI'),
(7570756,119,7570755,'2024-09-27 04:47:02',2,0.0483119,0,'Action completed, fully processed'),
(7570840,119,0,'2024-09-27 05:17:02',0,0,0,'Run mode: CLI'),
(7570841,119,7570840,'2024-09-27 05:17:02',2,0.0415881,0,'Action completed, fully processed'),
(7570926,119,0,'2024-09-27 05:47:01',0,0,0,'Run mode: CLI'),
(7570927,119,7570926,'2024-09-27 05:47:01',2,0.0436001,0,'Action completed, fully processed'),
(7571011,119,0,'2024-09-27 06:17:01',0,0,0,'Run mode: CLI'),
(7571012,119,7571011,'2024-09-27 06:17:01',2,0.058815,0,'Action completed, fully processed'),
(7571097,119,0,'2024-09-27 06:47:02',0,0,0,'Run mode: CLI'),
(7571098,119,7571097,'2024-09-27 06:47:02',2,0.0340631,0,'Action completed, fully processed'),
(7571182,119,0,'2024-09-27 07:17:01',0,0,0,'Run mode: CLI'),
(7571183,119,7571182,'2024-09-27 07:17:01',2,0.055429,0,'Action completed, fully processed'),
(7571272,119,0,'2024-09-27 07:47:01',0,0,0,'Run mode: CLI'),
(7571273,119,7571272,'2024-09-27 07:47:01',2,0.031646,0,'Action completed, fully processed'),
(7571357,119,0,'2024-09-27 08:17:02',0,0,0,'Run mode: CLI'),
(7571358,119,7571357,'2024-09-27 08:17:02',2,0.055181,0,'Action completed, fully processed'),
(7571443,119,0,'2024-09-27 08:47:01',0,0,0,'Run mode: CLI'),
(7571444,119,7571443,'2024-09-27 08:47:01',2,0.0514591,0,'Action completed, fully processed'),
(7571528,119,0,'2024-09-27 09:17:01',0,0,0,'Run mode: CLI'),
(7571529,119,7571528,'2024-09-27 09:17:01',2,0.0309081,0,'Action completed, fully processed'),
(7571614,119,0,'2024-09-27 09:47:02',0,0,0,'Run mode: CLI'),
(7571615,119,7571614,'2024-09-27 09:47:02',2,0.0512981,0,'Action completed, fully processed'),
(7571699,119,0,'2024-09-27 10:17:01',0,0,0,'Run mode: CLI'),
(7571700,119,7571699,'2024-09-27 10:17:01',2,0.053926,0,'Action completed, fully processed'),
(7571785,119,0,'2024-09-27 10:47:01',0,0,0,'Run mode: CLI'),
(7571786,119,7571785,'2024-09-27 10:47:01',2,0.031929,0,'Action completed, fully processed'),
(7571870,119,0,'2024-09-27 11:17:01',0,0,0,'Run mode: CLI'),
(7571871,119,7571870,'2024-09-27 11:17:01',2,0.056952,0,'Action completed, fully processed'),
(7571956,119,0,'2024-09-27 11:47:01',0,0,0,'Run mode: CLI'),
(7571957,119,7571956,'2024-09-27 11:47:01',2,0.033437,0,'Action completed, fully processed'),
(7572041,119,0,'2024-09-27 12:17:02',0,0,0,'Run mode: CLI'),
(7572042,119,7572041,'2024-09-27 12:17:02',2,0.0339839,0,'Action completed, fully processed'),
(7572127,119,0,'2024-09-27 12:47:01',0,0,0,'Run mode: CLI'),
(7572128,119,7572127,'2024-09-27 12:47:01',2,0.0365071,0,'Action completed, fully processed'),
(7572212,119,0,'2024-09-27 13:17:02',0,0,0,'Run mode: CLI'),
(7572213,119,7572212,'2024-09-27 13:17:02',2,0.0408781,0,'Action completed, fully processed'),
(7572298,119,0,'2024-09-27 13:47:01',0,0,0,'Run mode: CLI'),
(7572299,119,7572298,'2024-09-27 13:47:01',2,0.0352061,0,'Action completed, fully processed'),
(7572383,119,0,'2024-09-27 14:17:01',0,0,0,'Run mode: CLI'),
(7572384,119,7572383,'2024-09-27 14:17:01',2,0.0392599,0,'Action completed, fully processed'),
(7572469,119,0,'2024-09-27 14:47:01',0,0,0,'Run mode: CLI'),
(7572470,119,7572469,'2024-09-27 14:47:01',2,0.0542121,0,'Action completed, fully processed'),
(7572554,119,0,'2024-09-27 15:17:01',0,0,0,'Run mode: CLI'),
(7572555,119,7572554,'2024-09-27 15:17:01',2,0.0571001,0,'Action completed, fully processed'),
(7572640,119,0,'2024-09-27 15:47:01',0,0,0,'Run mode: CLI'),
(7572641,119,7572640,'2024-09-27 15:47:01',2,0.0525219,0,'Action completed, fully processed'),
(7572725,119,0,'2024-09-27 16:17:02',0,0,0,'Run mode: CLI'),
(7572726,119,7572725,'2024-09-27 16:17:02',2,0.050802,0,'Action completed, fully processed'),
(7572818,119,0,'2024-09-27 16:47:01',0,0,0,'Run mode: CLI'),
(7572819,119,7572818,'2024-09-27 16:47:01',2,0.0389431,0,'Action completed, fully processed'),
(7572940,119,0,'2024-09-27 17:17:01',0,0,0,'Run mode: CLI'),
(7572941,119,7572940,'2024-09-27 17:17:01',2,0.032902,0,'Action completed, fully processed'),
(7573028,119,0,'2024-09-27 17:47:01',0,0,0,'Run mode: CLI'),
(7573029,119,7573028,'2024-09-27 17:47:01',2,0.053535,0,'Action completed, fully processed'),
(7573113,119,0,'2024-09-27 18:17:01',0,0,0,'Run mode: CLI'),
(7573114,119,7573113,'2024-09-27 18:17:01',2,0.0363541,0,'Action completed, fully processed'),
(7573199,119,0,'2024-09-27 18:47:01',0,0,0,'Run mode: CLI'),
(7573200,119,7573199,'2024-09-27 18:47:01',2,0.0314898,0,'Action completed, fully processed'),
(7573284,119,0,'2024-09-27 19:17:01',0,0,0,'Run mode: CLI'),
(7573285,119,7573284,'2024-09-27 19:17:01',2,0.0380819,0,'Action completed, fully processed'),
(7573375,119,0,'2024-09-27 19:47:02',0,0,0,'Run mode: CLI'),
(7573376,119,7573375,'2024-09-27 19:47:02',2,0.03005,0,'Action completed, fully processed'),
(7573462,119,0,'2024-09-27 20:17:01',0,0,0,'Run mode: CLI'),
(7573463,119,7573462,'2024-09-27 20:17:01',2,0.035409,0,'Action completed, fully processed'),
(7573548,119,0,'2024-09-27 20:47:02',0,0,0,'Run mode: CLI'),
(7573549,119,7573548,'2024-09-27 20:47:02',2,0.032028,0,'Action completed, fully processed'),
(7573633,119,0,'2024-09-27 21:17:01',0,0,0,'Run mode: CLI'),
(7573634,119,7573633,'2024-09-27 21:17:01',2,0.0313761,0,'Action completed, fully processed'),
(7573719,119,0,'2024-09-27 21:47:02',0,0,0,'Run mode: CLI'),
(7573720,119,7573719,'2024-09-27 21:47:02',2,0.0293531,0,'Action completed, fully processed'),
(7573804,119,0,'2024-09-27 22:17:01',0,0,0,'Run mode: CLI'),
(7573805,119,7573804,'2024-09-27 22:17:01',2,0.043869,0,'Action completed, fully processed'),
(7573894,119,0,'2024-09-27 22:47:02',0,0,0,'Run mode: CLI'),
(7573895,119,7573894,'2024-09-27 22:47:02',2,0.0376871,0,'Action completed, fully processed'),
(7573979,119,0,'2024-09-27 23:17:01',0,0,0,'Run mode: CLI'),
(7573980,119,7573979,'2024-09-27 23:17:01',2,0.0446129,0,'Action completed, fully processed'),
(7574065,119,0,'2024-09-27 23:47:01',0,0,0,'Run mode: CLI'),
(7574066,119,7574065,'2024-09-27 23:47:01',2,0.03303,0,'Action completed, fully processed'),
(7574150,119,0,'2024-09-28 00:17:01',0,0,0,'Run mode: CLI'),
(7574151,119,7574150,'2024-09-28 00:17:01',2,0.0305309,0,'Action completed, fully processed'),
(7574236,119,0,'2024-09-28 00:47:02',0,0,0,'Run mode: CLI'),
(7574237,119,7574236,'2024-09-28 00:47:02',2,0.035656,0,'Action completed, fully processed'),
(7574321,119,0,'2024-09-28 01:17:01',0,0,0,'Run mode: CLI'),
(7574322,119,7574321,'2024-09-28 01:17:01',2,0.0517139,0,'Action completed, fully processed'),
(7574407,119,0,'2024-09-28 01:47:01',0,0,0,'Run mode: CLI'),
(7574408,119,7574407,'2024-09-28 01:47:01',2,0.0350761,0,'Action completed, fully processed'),
(7574492,119,0,'2024-09-28 02:17:01',0,0,0,'Run mode: CLI'),
(7574493,119,7574492,'2024-09-28 02:17:01',2,0.0544209,0,'Action completed, fully processed'),
(7574578,119,0,'2024-09-28 02:47:01',0,0,0,'Run mode: CLI'),
(7574579,119,7574578,'2024-09-28 02:47:01',2,0.0323548,0,'Action completed, fully processed'),
(7574663,119,0,'2024-09-28 03:17:02',0,0,0,'Run mode: CLI'),
(7574664,119,7574663,'2024-09-28 03:17:02',2,0.0380368,0,'Action completed, fully processed'),
(7574749,119,0,'2024-09-28 03:47:01',0,0,0,'Run mode: CLI'),
(7574750,119,7574749,'2024-09-28 03:47:01',2,0.0357671,0,'Action completed, fully processed'),
(7574834,119,0,'2024-09-28 04:17:02',0,0,0,'Run mode: CLI'),
(7574835,119,7574834,'2024-09-28 04:17:02',2,0.050051,0,'Action completed, fully processed'),
(7574920,119,0,'2024-09-28 04:47:01',0,0,0,'Run mode: CLI'),
(7574921,119,7574920,'2024-09-28 04:47:01',2,0.039639,0,'Action completed, fully processed'),
(7575005,119,0,'2024-09-28 05:17:01',0,0,0,'Run mode: CLI'),
(7575006,119,7575005,'2024-09-28 05:17:01',2,0.053705,0,'Action completed, fully processed'),
(7575091,119,0,'2024-09-28 05:47:01',0,0,0,'Run mode: CLI'),
(7575092,119,7575091,'2024-09-28 05:47:01',2,0.0541739,0,'Action completed, fully processed'),
(7575176,119,0,'2024-09-28 06:17:02',0,0,0,'Run mode: CLI'),
(7575177,119,7575176,'2024-09-28 06:17:02',2,0.045774,0,'Action completed, fully processed'),
(7575262,119,0,'2024-09-28 06:47:01',0,0,0,'Run mode: CLI'),
(7575263,119,7575262,'2024-09-28 06:47:01',2,0.035712,0,'Action completed, fully processed'),
(7575347,119,0,'2024-09-28 07:17:01',0,0,0,'Run mode: CLI'),
(7575348,119,7575347,'2024-09-28 07:17:01',2,0.049649,0,'Action completed, fully processed'),
(7575437,119,0,'2024-09-28 07:47:02',0,0,0,'Run mode: CLI'),
(7575438,119,7575437,'2024-09-28 07:47:02',2,0.0531731,0,'Action completed, fully processed'),
(7575522,119,0,'2024-09-28 08:17:01',0,0,0,'Run mode: CLI'),
(7575523,119,7575522,'2024-09-28 08:17:01',2,0.0324609,0,'Action completed, fully processed'),
(7575608,119,0,'2024-09-28 08:47:01',0,0,0,'Run mode: CLI'),
(7575609,119,7575608,'2024-09-28 08:47:01',2,0.046345,0,'Action completed, fully processed'),
(7575693,119,0,'2024-09-28 09:17:02',0,0,0,'Run mode: CLI'),
(7575694,119,7575693,'2024-09-28 09:17:02',2,0.0370891,0,'Action completed, fully processed'),
(7575779,119,0,'2024-09-28 09:47:01',0,0,0,'Run mode: CLI'),
(7575780,119,7575779,'2024-09-28 09:47:01',2,0.0337341,0,'Action completed, fully processed'),
(7575864,119,0,'2024-09-28 10:17:01',0,0,0,'Run mode: CLI'),
(7575865,119,7575864,'2024-09-28 10:17:01',2,0.0323448,0,'Action completed, fully processed'),
(7575950,119,0,'2024-09-28 10:47:01',0,0,0,'Run mode: CLI'),
(7575951,119,7575950,'2024-09-28 10:47:01',2,0.0556569,0,'Action completed, fully processed'),
(7576035,119,0,'2024-09-28 11:17:01',0,0,0,'Run mode: CLI'),
(7576036,119,7576035,'2024-09-28 11:17:01',2,0.0577409,0,'Action completed, fully processed'),
(7576121,119,0,'2024-09-28 11:47:02',0,0,0,'Run mode: CLI'),
(7576122,119,7576121,'2024-09-28 11:47:02',2,0.0525601,0,'Action completed, fully processed'),
(7576206,119,0,'2024-09-28 12:17:01',0,0,0,'Run mode: CLI'),
(7576207,119,7576206,'2024-09-28 12:17:01',2,0.0363479,0,'Action completed, fully processed'),
(7576292,119,0,'2024-09-28 12:47:02',0,0,0,'Run mode: CLI'),
(7576293,119,7576292,'2024-09-28 12:47:02',2,0.0352819,0,'Action completed, fully processed'),
(7576377,119,0,'2024-09-28 13:17:01',0,0,0,'Run mode: CLI'),
(7576378,119,7576377,'2024-09-28 13:17:01',2,0.0542951,0,'Action completed, fully processed'),
(7576463,119,0,'2024-09-28 13:47:01',0,0,0,'Run mode: CLI'),
(7576464,119,7576463,'2024-09-28 13:47:01',2,0.0476382,0,'Action completed, fully processed'),
(7576548,119,0,'2024-09-28 14:17:02',0,0,0,'Run mode: CLI'),
(7576549,119,7576548,'2024-09-28 14:17:02',2,0.034857,0,'Action completed, fully processed'),
(7576634,119,0,'2024-09-28 14:47:01',0,0,0,'Run mode: CLI'),
(7576635,119,7576634,'2024-09-28 14:47:01',2,0.0517511,0,'Action completed, fully processed'),
(7576719,119,0,'2024-09-28 15:17:01',0,0,0,'Run mode: CLI'),
(7576720,119,7576719,'2024-09-28 15:17:01',2,0.052845,0,'Action completed, fully processed'),
(7576805,119,0,'2024-09-28 15:47:01',0,0,0,'Run mode: CLI'),
(7576806,119,7576805,'2024-09-28 15:47:01',2,0.0355489,0,'Action completed, fully processed'),
(7576890,119,0,'2024-09-28 16:17:02',0,0,0,'Run mode: CLI'),
(7576891,119,7576890,'2024-09-28 16:17:02',2,0.0387499,0,'Action completed, fully processed'),
(7576983,119,0,'2024-09-28 16:47:01',0,0,0,'Run mode: CLI'),
(7576984,119,7576983,'2024-09-28 16:47:01',2,0.0413029,0,'Action completed, fully processed'),
(7577108,119,0,'2024-09-28 17:17:01',0,0,0,'Run mode: CLI'),
(7577109,119,7577108,'2024-09-28 17:17:01',2,0.0430279,0,'Action completed, fully processed'),
(7577196,119,0,'2024-09-28 17:47:02',0,0,0,'Run mode: CLI'),
(7577197,119,7577196,'2024-09-28 17:47:02',2,0.0347209,0,'Action completed, fully processed'),
(7577281,119,0,'2024-09-28 18:17:01',0,0,0,'Run mode: CLI'),
(7577282,119,7577281,'2024-09-28 18:17:01',2,0.0410931,0,'Action completed, fully processed'),
(7577367,119,0,'2024-09-28 18:47:01',0,0,0,'Run mode: CLI'),
(7577368,119,7577367,'2024-09-28 18:47:01',2,0.0287921,0,'Action completed, fully processed'),
(7577452,119,0,'2024-09-28 19:17:01',0,0,0,'Run mode: CLI'),
(7577453,119,7577452,'2024-09-28 19:17:01',2,0.0486951,0,'Action completed, fully processed'),
(7577542,119,0,'2024-09-28 19:47:01',0,0,0,'Run mode: CLI'),
(7577543,119,7577542,'2024-09-28 19:47:01',2,0.0374761,0,'Action completed, fully processed'),
(7577627,119,0,'2024-09-28 20:17:02',0,0,0,'Run mode: CLI'),
(7577628,119,7577627,'2024-09-28 20:17:02',2,0.0491891,0,'Action completed, fully processed'),
(7577713,119,0,'2024-09-28 20:47:01',0,0,0,'Run mode: CLI'),
(7577714,119,7577713,'2024-09-28 20:47:01',2,0.032403,0,'Action completed, fully processed'),
(7577798,119,0,'2024-09-28 21:17:01',0,0,0,'Run mode: CLI'),
(7577799,119,7577798,'2024-09-28 21:17:01',2,0.0415049,0,'Action completed, fully processed'),
(7577884,119,0,'2024-09-28 21:47:02',0,0,0,'Run mode: CLI'),
(7577885,119,7577884,'2024-09-28 21:47:02',2,0.0339918,0,'Action completed, fully processed'),
(7577969,119,0,'2024-09-28 22:17:01',0,0,0,'Run mode: CLI'),
(7577970,119,7577969,'2024-09-28 22:17:01',2,0.0380311,0,'Action completed, fully processed'),
(7578059,119,0,'2024-09-28 22:47:01',0,0,0,'Run mode: CLI'),
(7578060,119,7578059,'2024-09-28 22:47:01',2,0.041378,0,'Action completed, fully processed'),
(7578144,119,0,'2024-09-28 23:17:01',0,0,0,'Run mode: CLI'),
(7578145,119,7578144,'2024-09-28 23:17:01',2,0.053931,0,'Action completed, fully processed'),
(7578230,119,0,'2024-09-28 23:47:02',0,0,0,'Run mode: CLI'),
(7578231,119,7578230,'2024-09-28 23:47:02',2,0.038327,0,'Action completed, fully processed'),
(7578315,119,0,'2024-09-29 00:17:01',0,0,0,'Run mode: CLI'),
(7578316,119,7578315,'2024-09-29 00:17:01',2,0.0365,0,'Action completed, fully processed'),
(7578401,119,0,'2024-09-29 00:47:02',0,0,0,'Run mode: CLI'),
(7578402,119,7578401,'2024-09-29 00:47:02',2,0.0367181,0,'Action completed, fully processed'),
(7578486,119,0,'2024-09-29 01:17:01',0,0,0,'Run mode: CLI'),
(7578487,119,7578486,'2024-09-29 01:17:01',2,0.0421112,0,'Action completed, fully processed'),
(7578572,119,0,'2024-09-29 01:47:01',0,0,0,'Run mode: CLI'),
(7578573,119,7578572,'2024-09-29 01:47:01',2,0.0574081,0,'Action completed, fully processed'),
(7578657,119,0,'2024-09-29 02:17:02',0,0,0,'Run mode: CLI'),
(7578658,119,7578657,'2024-09-29 02:17:02',2,0.0421379,0,'Action completed, fully processed'),
(7578743,119,0,'2024-09-29 02:47:02',0,0,0,'Run mode: CLI'),
(7578744,119,7578743,'2024-09-29 02:47:02',2,0.0362508,0,'Action completed, fully processed'),
(7578828,119,0,'2024-09-29 03:17:01',0,0,0,'Run mode: CLI'),
(7578829,119,7578828,'2024-09-29 03:17:01',2,0.0536509,0,'Action completed, fully processed'),
(7578914,119,0,'2024-09-29 03:47:01',0,0,0,'Run mode: CLI'),
(7578915,119,7578914,'2024-09-29 03:47:01',2,0.0422719,0,'Action completed, fully processed'),
(7578999,119,0,'2024-09-29 04:17:02',0,0,0,'Run mode: CLI'),
(7579000,119,7578999,'2024-09-29 04:17:02',2,0.048806,0,'Action completed, fully processed'),
(7579085,119,0,'2024-09-29 04:47:01',0,0,0,'Run mode: CLI'),
(7579086,119,7579085,'2024-09-29 04:47:01',2,0.0493639,0,'Action completed, fully processed'),
(7579170,119,0,'2024-09-29 05:17:02',0,0,0,'Run mode: CLI'),
(7579171,119,7579170,'2024-09-29 05:17:02',2,0.0427849,0,'Action completed, fully processed'),
(7579256,119,0,'2024-09-29 05:47:01',0,0,0,'Run mode: CLI'),
(7579257,119,7579256,'2024-09-29 05:47:01',2,0.030513,0,'Action completed, fully processed'),
(7579341,119,0,'2024-09-29 06:17:02',0,0,0,'Run mode: CLI'),
(7579342,119,7579341,'2024-09-29 06:17:02',2,0.0411909,0,'Action completed, fully processed'),
(7579427,119,0,'2024-09-29 06:47:02',0,0,0,'Run mode: CLI'),
(7579428,119,7579427,'2024-09-29 06:47:02',2,0.0508139,0,'Action completed, fully processed'),
(7579512,119,0,'2024-09-29 07:17:01',0,0,0,'Run mode: CLI'),
(7579513,119,7579512,'2024-09-29 07:17:01',2,0.0519741,0,'Action completed, fully processed'),
(7579602,119,0,'2024-09-29 07:47:02',0,0,0,'Run mode: CLI'),
(7579603,119,7579602,'2024-09-29 07:47:02',2,0.0407491,0,'Action completed, fully processed'),
(7579687,119,0,'2024-09-29 08:17:01',0,0,0,'Run mode: CLI'),
(7579688,119,7579687,'2024-09-29 08:17:01',2,0.0377848,0,'Action completed, fully processed'),
(7579773,119,0,'2024-09-29 08:47:01',0,0,0,'Run mode: CLI'),
(7579774,119,7579773,'2024-09-29 08:47:01',2,0.0457819,0,'Action completed, fully processed'),
(7579858,119,0,'2024-09-29 09:17:02',0,0,0,'Run mode: CLI'),
(7579859,119,7579858,'2024-09-29 09:17:02',2,0.051918,0,'Action completed, fully processed'),
(7579944,119,0,'2024-09-29 09:47:01',0,0,0,'Run mode: CLI'),
(7579945,119,7579944,'2024-09-29 09:47:01',2,0.0336552,0,'Action completed, fully processed'),
(7580029,119,0,'2024-09-29 10:17:01',0,0,0,'Run mode: CLI'),
(7580030,119,7580029,'2024-09-29 10:17:01',2,0.0424249,0,'Action completed, fully processed'),
(7580115,119,0,'2024-09-29 10:47:02',0,0,0,'Run mode: CLI'),
(7580116,119,7580115,'2024-09-29 10:47:02',2,0.048696,0,'Action completed, fully processed'),
(7580200,119,0,'2024-09-29 11:17:01',0,0,0,'Run mode: CLI'),
(7580201,119,7580200,'2024-09-29 11:17:01',2,0.066678,0,'Action completed, fully processed'),
(7580286,119,0,'2024-09-29 11:47:02',0,0,0,'Run mode: CLI'),
(7580287,119,7580286,'2024-09-29 11:47:02',2,0.051183,0,'Action completed, fully processed'),
(7580371,119,0,'2024-09-29 12:17:01',0,0,0,'Run mode: CLI'),
(7580372,119,7580371,'2024-09-29 12:17:01',2,0.0541379,0,'Action completed, fully processed'),
(7580457,119,0,'2024-09-29 12:47:01',0,0,0,'Run mode: CLI'),
(7580458,119,7580457,'2024-09-29 12:47:01',2,0.0571089,0,'Action completed, fully processed'),
(7580542,119,0,'2024-09-29 13:17:02',0,0,0,'Run mode: CLI'),
(7580543,119,7580542,'2024-09-29 13:17:02',2,0.0519211,0,'Action completed, fully processed'),
(7580628,119,0,'2024-09-29 13:47:01',0,0,0,'Run mode: CLI'),
(7580629,119,7580628,'2024-09-29 13:47:01',2,0.0520022,0,'Action completed, fully processed'),
(7580713,119,0,'2024-09-29 14:17:01',0,0,0,'Run mode: CLI'),
(7580714,119,7580713,'2024-09-29 14:17:01',2,0.0591829,0,'Action completed, fully processed'),
(7580799,119,0,'2024-09-29 14:47:02',0,0,0,'Run mode: CLI'),
(7580800,119,7580799,'2024-09-29 14:47:02',2,0.03721,0,'Action completed, fully processed'),
(7580884,119,0,'2024-09-29 15:17:01',0,0,0,'Run mode: CLI'),
(7580885,119,7580884,'2024-09-29 15:17:01',2,0.0461659,0,'Action completed, fully processed'),
(7580970,119,0,'2024-09-29 15:47:01',0,0,0,'Run mode: CLI'),
(7580971,119,7580970,'2024-09-29 15:47:01',2,0.0337119,0,'Action completed, fully processed'),
(7581055,119,0,'2024-09-29 16:17:02',0,0,0,'Run mode: CLI'),
(7581056,119,7581055,'2024-09-29 16:17:02',2,0.0407238,0,'Action completed, fully processed'),
(7581148,119,0,'2024-09-29 16:47:01',0,0,0,'Run mode: CLI'),
(7581149,119,7581148,'2024-09-29 16:47:01',2,0.034822,0,'Action completed, fully processed'),
(7581271,119,0,'2024-09-29 17:17:01',0,0,0,'Run mode: CLI'),
(7581272,119,7581271,'2024-09-29 17:17:01',2,0.040699,0,'Action completed, fully processed'),
(7581359,119,0,'2024-09-29 17:47:02',0,0,0,'Run mode: CLI'),
(7581360,119,7581359,'2024-09-29 17:47:02',2,0.0317979,0,'Action completed, fully processed'),
(7581444,119,0,'2024-09-29 18:17:01',0,0,0,'Run mode: CLI'),
(7581445,119,7581444,'2024-09-29 18:17:01',2,0.0340719,0,'Action completed, fully processed'),
(7581530,119,0,'2024-09-29 18:47:01',0,0,0,'Run mode: CLI'),
(7581531,119,7581530,'2024-09-29 18:47:01',2,0.0482149,0,'Action completed, fully processed'),
(7581615,119,0,'2024-09-29 19:17:01',0,0,0,'Run mode: CLI'),
(7581616,119,7581615,'2024-09-29 19:17:01',2,0.043648,0,'Action completed, fully processed'),
(7581705,119,0,'2024-09-29 19:47:01',0,0,0,'Run mode: CLI'),
(7581706,119,7581705,'2024-09-29 19:47:01',2,0.0296419,0,'Action completed, fully processed'),
(7581790,119,0,'2024-09-29 20:17:02',0,0,0,'Run mode: CLI'),
(7581791,119,7581790,'2024-09-29 20:17:02',2,0.049545,0,'Action completed, fully processed'),
(7581876,119,0,'2024-09-29 20:47:01',0,0,0,'Run mode: CLI'),
(7581877,119,7581876,'2024-09-29 20:47:01',2,0.039242,0,'Action completed, fully processed'),
(7581961,119,0,'2024-09-29 21:17:01',0,0,0,'Run mode: CLI'),
(7581962,119,7581961,'2024-09-29 21:17:01',2,0.036885,0,'Action completed, fully processed'),
(7582047,119,0,'2024-09-29 21:47:01',0,0,0,'Run mode: CLI'),
(7582048,119,7582047,'2024-09-29 21:47:01',2,0.035779,0,'Action completed, fully processed'),
(7582132,119,0,'2024-09-29 22:17:01',0,0,0,'Run mode: CLI'),
(7582133,119,7582132,'2024-09-29 22:17:01',2,0.0328679,0,'Action completed, fully processed'),
(7582222,119,0,'2024-09-29 22:47:02',0,0,0,'Run mode: CLI'),
(7582223,119,7582222,'2024-09-29 22:47:02',2,0.0338669,0,'Action completed, fully processed'),
(7582307,119,0,'2024-09-29 23:17:01',0,0,0,'Run mode: CLI'),
(7582308,119,7582307,'2024-09-29 23:17:01',2,0.050061,0,'Action completed, fully processed'),
(7582393,119,0,'2024-09-29 23:47:01',0,0,0,'Run mode: CLI'),
(7582394,119,7582393,'2024-09-29 23:47:01',2,0.0356951,0,'Action completed, fully processed'),
(7582478,119,0,'2024-09-30 00:17:02',0,0,0,'Run mode: CLI'),
(7582479,119,7582478,'2024-09-30 00:17:02',2,0.058558,0,'Action completed, fully processed'),
(7582564,119,0,'2024-09-30 00:47:01',0,0,0,'Run mode: CLI'),
(7582565,119,7582564,'2024-09-30 00:47:01',2,0.064229,0,'Action completed, fully processed'),
(7582649,119,0,'2024-09-30 01:17:02',0,0,0,'Run mode: CLI'),
(7582650,119,7582649,'2024-09-30 01:17:02',2,0.0331819,0,'Action completed, fully processed'),
(7582735,119,0,'2024-09-30 01:47:01',0,0,0,'Run mode: CLI'),
(7582736,119,7582735,'2024-09-30 01:47:01',2,0.048492,0,'Action completed, fully processed'),
(7582820,119,0,'2024-09-30 02:17:01',0,0,0,'Run mode: CLI'),
(7582821,119,7582820,'2024-09-30 02:17:01',2,0.048743,0,'Action completed, fully processed'),
(7582906,119,0,'2024-09-30 02:47:02',0,0,0,'Run mode: CLI'),
(7582907,119,7582906,'2024-09-30 02:47:02',2,0.037359,0,'Action completed, fully processed'),
(7582991,119,0,'2024-09-30 03:17:01',0,0,0,'Run mode: CLI'),
(7582992,119,7582991,'2024-09-30 03:17:01',2,0.0419469,0,'Action completed, fully processed'),
(7583077,119,0,'2024-09-30 03:47:01',0,0,0,'Run mode: CLI'),
(7583078,119,7583077,'2024-09-30 03:47:01',2,0.0492511,0,'Action completed, fully processed'),
(7583162,119,0,'2024-09-30 04:17:01',0,0,0,'Run mode: CLI'),
(7583163,119,7583162,'2024-09-30 04:17:01',2,0.0405869,0,'Action completed, fully processed'),
(7583248,119,0,'2024-09-30 04:47:01',0,0,0,'Run mode: CLI'),
(7583249,119,7583248,'2024-09-30 04:47:01',2,0.047883,0,'Action completed, fully processed'),
(7583333,119,0,'2024-09-30 05:17:02',0,0,0,'Run mode: CLI'),
(7583334,119,7583333,'2024-09-30 05:17:02',2,0.0429261,0,'Action completed, fully processed'),
(7583419,119,0,'2024-09-30 05:47:01',0,0,0,'Run mode: CLI'),
(7583420,119,7583419,'2024-09-30 05:47:01',2,0.059999,0,'Action completed, fully processed'),
(7583504,119,0,'2024-09-30 06:17:01',0,0,0,'Run mode: CLI'),
(7583505,119,7583504,'2024-09-30 06:17:01',2,0.050318,0,'Action completed, fully processed'),
(7583590,119,0,'2024-09-30 06:47:02',0,0,0,'Run mode: CLI'),
(7583591,119,7583590,'2024-09-30 06:47:02',2,0.030385,0,'Action completed, fully processed'),
(7583675,119,0,'2024-09-30 07:17:01',0,0,0,'Run mode: CLI'),
(7583676,119,7583675,'2024-09-30 07:17:01',2,0.0374248,0,'Action completed, fully processed'),
(7583765,119,0,'2024-09-30 07:47:01',0,0,0,'Run mode: CLI'),
(7583766,119,7583765,'2024-09-30 07:47:01',2,0.0466421,0,'Action completed, fully processed'),
(7583850,119,0,'2024-09-30 08:17:02',0,0,0,'Run mode: CLI'),
(7583851,119,7583850,'2024-09-30 08:17:02',2,0.0394309,0,'Action completed, fully processed'),
(7583936,119,0,'2024-09-30 08:47:01',0,0,0,'Run mode: CLI'),
(7583937,119,7583936,'2024-09-30 08:47:01',2,0.050467,0,'Action completed, fully processed'),
(7584021,119,0,'2024-09-30 09:17:01',0,0,0,'Run mode: CLI'),
(7584022,119,7584021,'2024-09-30 09:17:01',2,0.0337079,0,'Action completed, fully processed'),
(7584107,119,0,'2024-09-30 09:47:02',0,0,0,'Run mode: CLI'),
(7584108,119,7584107,'2024-09-30 09:47:02',2,0.0340419,0,'Action completed, fully processed'),
(7584192,119,0,'2024-09-30 10:17:01',0,0,0,'Run mode: CLI'),
(7584193,119,7584192,'2024-09-30 10:17:01',2,0.040343,0,'Action completed, fully processed'),
(7584278,119,0,'2024-09-30 10:47:02',0,0,0,'Run mode: CLI'),
(7584279,119,7584278,'2024-09-30 10:47:02',2,0.0409682,0,'Action completed, fully processed'),
(7584363,119,0,'2024-09-30 11:17:01',0,0,0,'Run mode: CLI'),
(7584364,119,7584363,'2024-09-30 11:17:01',2,0.055721,0,'Action completed, fully processed'),
(7584449,119,0,'2024-09-30 11:47:01',0,0,0,'Run mode: CLI'),
(7584450,119,7584449,'2024-09-30 11:47:01',2,0.0334141,0,'Action completed, fully processed'),
(7584534,119,0,'2024-09-30 12:17:01',0,0,0,'Run mode: CLI'),
(7584535,119,7584534,'2024-09-30 12:17:01',2,0.0345919,0,'Action completed, fully processed'),
(7584620,119,0,'2024-09-30 12:47:01',0,0,0,'Run mode: CLI'),
(7584621,119,7584620,'2024-09-30 12:47:01',2,0.03548,0,'Action completed, fully processed'),
(7584705,119,0,'2024-09-30 13:17:02',0,0,0,'Run mode: CLI'),
(7584706,119,7584705,'2024-09-30 13:17:02',2,0.0483069,0,'Action completed, fully processed'),
(7584791,119,0,'2024-09-30 13:47:01',0,0,0,'Run mode: CLI'),
(7584792,119,7584791,'2024-09-30 13:47:01',2,0.030684,0,'Action completed, fully processed'),
(7584876,119,0,'2024-09-30 14:17:01',0,0,0,'Run mode: CLI'),
(7584877,119,7584876,'2024-09-30 14:17:01',2,0.0586829,0,'Action completed, fully processed'),
(7584962,119,0,'2024-09-30 14:47:01',0,0,0,'Run mode: CLI'),
(7584963,119,7584962,'2024-09-30 14:47:01',2,0.02952,0,'Action completed, fully processed'),
(7585047,119,0,'2024-09-30 15:17:01',0,0,0,'Run mode: CLI'),
(7585048,119,7585047,'2024-09-30 15:17:01',2,0.032171,0,'Action completed, fully processed'),
(7585133,119,0,'2024-09-30 15:47:02',0,0,0,'Run mode: CLI'),
(7585134,119,7585133,'2024-09-30 15:47:02',2,0.0337441,0,'Action completed, fully processed'),
(7585218,119,0,'2024-09-30 16:17:01',0,0,0,'Run mode: CLI'),
(7585219,119,7585218,'2024-09-30 16:17:01',2,0.0412819,0,'Action completed, fully processed'),
(7585313,119,0,'2024-09-30 16:48:01',0,0,0,'Run mode: CLI'),
(7585314,119,7585313,'2024-09-30 16:48:01',2,0.0493009,0,'Action completed, fully processed'),
(7585440,119,0,'2024-09-30 17:18:02',0,0,0,'Run mode: CLI'),
(7585441,119,7585440,'2024-09-30 17:18:02',2,0.0519178,0,'Action completed, fully processed'),
(7585528,119,0,'2024-09-30 17:48:01',0,0,0,'Run mode: CLI'),
(7585529,119,7585528,'2024-09-30 17:48:01',2,0.0435581,0,'Action completed, fully processed'),
(7585613,119,0,'2024-09-30 18:18:01',0,0,0,'Run mode: CLI'),
(7585614,119,7585613,'2024-09-30 18:18:01',2,0.053458,0,'Action completed, fully processed'),
(7585699,119,0,'2024-09-30 18:48:01',0,0,0,'Run mode: CLI'),
(7585700,119,7585699,'2024-09-30 18:48:01',2,0.0447628,0,'Action completed, fully processed'),
(7585784,119,0,'2024-09-30 19:18:01',0,0,0,'Run mode: CLI'),
(7585785,119,7585784,'2024-09-30 19:18:01',2,0.043973,0,'Action completed, fully processed'),
(7585874,119,0,'2024-09-30 19:48:02',0,0,0,'Run mode: CLI'),
(7585875,119,7585874,'2024-09-30 19:48:02',2,0.044806,0,'Action completed, fully processed'),
(7585959,119,0,'2024-09-30 20:18:01',0,0,0,'Run mode: CLI'),
(7585960,119,7585959,'2024-09-30 20:18:01',2,0.0465138,0,'Action completed, fully processed'),
(7586045,119,0,'2024-09-30 20:48:01',0,0,0,'Run mode: CLI'),
(7586046,119,7586045,'2024-09-30 20:48:01',2,0.0413191,0,'Action completed, fully processed'),
(7586130,119,0,'2024-09-30 21:18:01',0,0,0,'Run mode: CLI'),
(7586131,119,7586130,'2024-09-30 21:18:01',2,0.069627,0,'Action completed, fully processed'),
(7586216,119,0,'2024-09-30 21:48:01',0,0,0,'Run mode: CLI'),
(7586217,119,7586216,'2024-09-30 21:48:01',2,0.0791259,0,'Action completed, fully processed'),
(7586303,119,0,'2024-09-30 22:18:02',0,0,0,'Run mode: CLI'),
(7586304,119,7586303,'2024-09-30 22:18:02',2,0.041615,0,'Action completed, fully processed'),
(7586393,119,0,'2024-09-30 22:48:01',0,0,0,'Run mode: CLI'),
(7586394,119,7586393,'2024-09-30 22:48:01',2,0.0648921,0,'Action completed, fully processed'),
(7586478,119,0,'2024-09-30 23:18:01',0,0,0,'Run mode: CLI'),
(7586479,119,7586478,'2024-09-30 23:18:01',2,0.0650361,0,'Action completed, fully processed'),
(7586564,119,0,'2024-09-30 23:48:01',0,0,0,'Run mode: CLI'),
(7586565,119,7586564,'2024-09-30 23:48:01',2,0.0717361,0,'Action completed, fully processed'),
(7586649,119,0,'2024-10-01 00:18:01',0,0,0,'Run mode: CLI'),
(7586650,119,7586649,'2024-10-01 00:18:01',2,0.043627,0,'Action completed, fully processed'),
(7586735,119,0,'2024-10-01 00:48:01',0,0,0,'Run mode: CLI'),
(7586736,119,7586735,'2024-10-01 00:48:01',2,0.0440888,0,'Action completed, fully processed'),
(7586820,119,0,'2024-10-01 01:18:01',0,0,0,'Run mode: CLI'),
(7586821,119,7586820,'2024-10-01 01:18:01',2,0.0660639,0,'Action completed, fully processed'),
(7586906,119,0,'2024-10-01 01:48:01',0,0,0,'Run mode: CLI'),
(7586907,119,7586906,'2024-10-01 01:48:01',2,0.0674889,0,'Action completed, fully processed'),
(7586991,119,0,'2024-10-01 02:18:01',0,0,0,'Run mode: CLI'),
(7586992,119,7586991,'2024-10-01 02:18:01',2,0.0477531,0,'Action completed, fully processed'),
(7587077,119,0,'2024-10-01 02:48:02',0,0,0,'Run mode: CLI'),
(7587078,119,7587077,'2024-10-01 02:48:02',2,0.0493309,0,'Action completed, fully processed'),
(7587162,119,0,'2024-10-01 03:18:01',0,0,0,'Run mode: CLI'),
(7587163,119,7587162,'2024-10-01 03:18:01',2,0.0702829,0,'Action completed, fully processed'),
(7587248,119,0,'2024-10-01 03:48:01',0,0,0,'Run mode: CLI'),
(7587249,119,7587248,'2024-10-01 03:48:01',2,0.0721829,0,'Action completed, fully processed'),
(7587333,119,0,'2024-10-01 04:18:01',0,0,0,'Run mode: CLI'),
(7587334,119,7587333,'2024-10-01 04:18:01',2,0.0537879,0,'Action completed, fully processed'),
(7587419,119,0,'2024-10-01 04:48:01',0,0,0,'Run mode: CLI'),
(7587420,119,7587419,'2024-10-01 04:48:01',2,0.0509779,0,'Action completed, fully processed'),
(7587504,119,0,'2024-10-01 05:18:01',0,0,0,'Run mode: CLI'),
(7587505,119,7587504,'2024-10-01 05:18:01',2,0.068541,0,'Action completed, fully processed'),
(7587590,119,0,'2024-10-01 05:48:02',0,0,0,'Run mode: CLI'),
(7587591,119,7587590,'2024-10-01 05:48:02',2,0.042263,0,'Action completed, fully processed'),
(7587675,119,0,'2024-10-01 06:18:01',0,0,0,'Run mode: CLI'),
(7587676,119,7587675,'2024-10-01 06:18:01',2,0.052062,0,'Action completed, fully processed'),
(7587761,119,0,'2024-10-01 06:48:01',0,0,0,'Run mode: CLI'),
(7587762,119,7587761,'2024-10-01 06:48:01',2,0.040261,0,'Action completed, fully processed'),
(7587846,119,0,'2024-10-01 07:18:02',0,0,0,'Run mode: CLI'),
(7587847,119,7587846,'2024-10-01 07:18:02',2,0.049191,0,'Action completed, fully processed'),
(7587936,119,0,'2024-10-01 07:48:01',0,0,0,'Run mode: CLI'),
(7587937,119,7587936,'2024-10-01 07:48:01',2,0.0513651,0,'Action completed, fully processed'),
(7588021,119,0,'2024-10-01 08:18:01',0,0,0,'Run mode: CLI'),
(7588022,119,7588021,'2024-10-01 08:18:01',2,0.0414779,0,'Action completed, fully processed'),
(7588107,119,0,'2024-10-01 08:48:01',0,0,0,'Run mode: CLI'),
(7588108,119,7588107,'2024-10-01 08:48:01',2,0.043798,0,'Action completed, fully processed'),
(7588192,119,0,'2024-10-01 09:18:01',0,0,0,'Run mode: CLI'),
(7588193,119,7588192,'2024-10-01 09:18:01',2,0.0421369,0,'Action completed, fully processed'),
(7588278,119,0,'2024-10-01 09:48:02',0,0,0,'Run mode: CLI'),
(7588279,119,7588278,'2024-10-01 09:48:02',2,0.0486991,0,'Action completed, fully processed'),
(7588363,119,0,'2024-10-01 10:18:01',0,0,0,'Run mode: CLI'),
(7588364,119,7588363,'2024-10-01 10:18:01',2,0.0626109,0,'Action completed, fully processed'),
(7588449,119,0,'2024-10-01 10:48:01',0,0,0,'Run mode: CLI'),
(7588450,119,7588449,'2024-10-01 10:48:01',2,0.051476,0,'Action completed, fully processed'),
(7588534,119,0,'2024-10-01 11:18:02',0,0,0,'Run mode: CLI'),
(7588535,119,7588534,'2024-10-01 11:18:02',2,0.0421281,0,'Action completed, fully processed'),
(7588620,119,0,'2024-10-01 11:48:01',0,0,0,'Run mode: CLI'),
(7588621,119,7588620,'2024-10-01 11:48:01',2,0.049484,0,'Action completed, fully processed'),
(7588705,119,0,'2024-10-01 12:18:02',0,0,0,'Run mode: CLI'),
(7588706,119,7588705,'2024-10-01 12:18:02',2,0.0493171,0,'Action completed, fully processed'),
(7588791,119,0,'2024-10-01 12:48:01',0,0,0,'Run mode: CLI'),
(7588792,119,7588791,'2024-10-01 12:48:01',2,0.073302,0,'Action completed, fully processed'),
(7588876,119,0,'2024-10-01 13:18:01',0,0,0,'Run mode: CLI'),
(7588877,119,7588876,'2024-10-01 13:18:01',2,0.059639,0,'Action completed, fully processed'),
(7588962,119,0,'2024-10-01 13:48:02',0,0,0,'Run mode: CLI'),
(7588963,119,7588962,'2024-10-01 13:48:02',2,0.0454121,0,'Action completed, fully processed'),
(7589047,119,0,'2024-10-01 14:18:01',0,0,0,'Run mode: CLI'),
(7589048,119,7589047,'2024-10-01 14:18:01',2,0.041975,0,'Action completed, fully processed'),
(7589133,119,0,'2024-10-01 14:48:02',0,0,0,'Run mode: CLI'),
(7589134,119,7589133,'2024-10-01 14:48:02',2,0.0450132,0,'Action completed, fully processed'),
(7589218,119,0,'2024-10-01 15:18:01',0,0,0,'Run mode: CLI'),
(7589219,119,7589218,'2024-10-01 15:18:01',2,0.0472391,0,'Action completed, fully processed'),
(7589304,119,0,'2024-10-01 15:48:01',0,0,0,'Run mode: CLI'),
(7589305,119,7589304,'2024-10-01 15:48:01',2,0.0670249,0,'Action completed, fully processed'),
(7589389,119,0,'2024-10-01 16:18:02',0,0,0,'Run mode: CLI'),
(7589390,119,7589389,'2024-10-01 16:18:02',2,0.0425429,0,'Action completed, fully processed'),
(7589493,119,0,'2024-10-01 16:48:01',0,0,0,'Run mode: CLI'),
(7589494,119,7589493,'2024-10-01 16:48:01',2,0.0512969,0,'Action completed, fully processed'),
(7589607,119,0,'2024-10-01 17:18:02',0,0,0,'Run mode: CLI'),
(7589608,119,7589607,'2024-10-01 17:18:02',2,0.0711451,0,'Action completed, fully processed'),
(7589695,119,0,'2024-10-01 17:48:01',0,0,0,'Run mode: CLI'),
(7589696,119,7589695,'2024-10-01 17:48:01',2,0.041523,0,'Action completed, fully processed'),
(7589780,119,0,'2024-10-01 18:18:01',0,0,0,'Run mode: CLI'),
(7589781,119,7589780,'2024-10-01 18:18:01',2,0.0429029,0,'Action completed, fully processed'),
(7589866,119,0,'2024-10-01 18:48:01',0,0,0,'Run mode: CLI'),
(7589867,119,7589866,'2024-10-01 18:48:01',2,0.0663199,0,'Action completed, fully processed'),
(7589951,119,0,'2024-10-01 19:18:01',0,0,0,'Run mode: CLI'),
(7589952,119,7589951,'2024-10-01 19:18:01',2,0.0445011,0,'Action completed, fully processed'),
(7590041,119,0,'2024-10-01 19:48:02',0,0,0,'Run mode: CLI'),
(7590042,119,7590041,'2024-10-01 19:48:02',2,0.0552418,0,'Action completed, fully processed'),
(7590126,119,0,'2024-10-01 20:18:01',0,0,0,'Run mode: CLI'),
(7590127,119,7590126,'2024-10-01 20:18:01',2,0.052042,0,'Action completed, fully processed'),
(7590212,119,0,'2024-10-01 20:48:01',0,0,0,'Run mode: CLI'),
(7590213,119,7590212,'2024-10-01 20:48:01',2,0.0460689,0,'Action completed, fully processed'),
(7590297,119,0,'2024-10-01 21:18:01',0,0,0,'Run mode: CLI'),
(7590298,119,7590297,'2024-10-01 21:18:01',2,0.0478189,0,'Action completed, fully processed'),
(7590383,119,0,'2024-10-01 21:48:01',0,0,0,'Run mode: CLI'),
(7590384,119,7590383,'2024-10-01 21:48:01',2,0.0703528,0,'Action completed, fully processed'),
(7590468,119,0,'2024-10-01 22:18:02',0,0,0,'Run mode: CLI'),
(7590469,119,7590468,'2024-10-01 22:18:02',2,0.0449681,0,'Action completed, fully processed'),
(7590558,119,0,'2024-10-01 22:48:01',0,0,0,'Run mode: CLI'),
(7590559,119,7590558,'2024-10-01 22:48:01',2,0.071207,0,'Action completed, fully processed'),
(7590643,119,0,'2024-10-01 23:18:01',0,0,0,'Run mode: CLI'),
(7590644,119,7590643,'2024-10-01 23:18:01',2,0.072454,0,'Action completed, fully processed'),
(7590729,119,0,'2024-10-01 23:48:01',0,0,0,'Run mode: CLI'),
(7590730,119,7590729,'2024-10-01 23:48:01',2,0.0767782,0,'Action completed, fully processed'),
(7590814,119,0,'2024-10-02 00:18:01',0,0,0,'Run mode: CLI'),
(7590815,119,7590814,'2024-10-02 00:18:01',2,0.057934,0,'Action completed, fully processed'),
(7590900,119,0,'2024-10-02 00:48:01',0,0,0,'Run mode: CLI'),
(7590901,119,7590900,'2024-10-02 00:48:01',2,0.0538669,0,'Action completed, fully processed'),
(7590985,119,0,'2024-10-02 01:18:01',0,0,0,'Run mode: CLI'),
(7590986,119,7590985,'2024-10-02 01:18:01',2,0.0770969,0,'Action completed, fully processed'),
(7591071,119,0,'2024-10-02 01:48:02',0,0,0,'Run mode: CLI'),
(7591072,119,7591071,'2024-10-02 01:48:02',2,0.0573721,0,'Action completed, fully processed'),
(7591156,119,0,'2024-10-02 02:18:01',0,0,0,'Run mode: CLI'),
(7591157,119,7591156,'2024-10-02 02:18:01',2,0.052403,0,'Action completed, fully processed'),
(7591242,119,0,'2024-10-02 02:48:01',0,0,0,'Run mode: CLI'),
(7591243,119,7591242,'2024-10-02 02:48:01',2,0.0685179,0,'Action completed, fully processed'),
(7591327,119,0,'2024-10-02 03:18:01',0,0,0,'Run mode: CLI'),
(7591328,119,7591327,'2024-10-02 03:18:01',2,0.064723,0,'Action completed, fully processed'),
(7591413,119,0,'2024-10-02 03:48:01',0,0,0,'Run mode: CLI'),
(7591414,119,7591413,'2024-10-02 03:48:01',2,0.06388,0,'Action completed, fully processed'),
(7591498,119,0,'2024-10-02 04:18:02',0,0,0,'Run mode: CLI'),
(7591499,119,7591498,'2024-10-02 04:18:02',2,0.0446129,0,'Action completed, fully processed'),
(7591584,119,0,'2024-10-02 04:48:01',0,0,0,'Run mode: CLI'),
(7591585,119,7591584,'2024-10-02 04:48:01',2,0.0636771,0,'Action completed, fully processed'),
(7591669,119,0,'2024-10-02 05:18:01',0,0,0,'Run mode: CLI'),
(7591670,119,7591669,'2024-10-02 05:18:01',2,0.0787199,0,'Action completed, fully processed'),
(7591755,119,0,'2024-10-02 05:48:01',0,0,0,'Run mode: CLI'),
(7591756,119,7591755,'2024-10-02 05:48:01',2,0.0441639,0,'Action completed, fully processed'),
(7591840,119,0,'2024-10-02 06:18:02',0,0,0,'Run mode: CLI'),
(7591841,119,7591840,'2024-10-02 06:18:02',2,0.0485129,0,'Action completed, fully processed'),
(7591926,119,0,'2024-10-02 06:48:01',0,0,0,'Run mode: CLI'),
(7591927,119,7591926,'2024-10-02 06:48:01',2,0.052108,0,'Action completed, fully processed'),
(7592011,119,0,'2024-10-02 07:18:01',0,0,0,'Run mode: CLI'),
(7592012,119,7592011,'2024-10-02 07:18:01',2,0.0696628,0,'Action completed, fully processed'),
(7592101,119,0,'2024-10-02 07:48:02',0,0,0,'Run mode: CLI'),
(7592102,119,7592101,'2024-10-02 07:48:02',2,0.0558801,0,'Action completed, fully processed'),
(7592186,119,0,'2024-10-02 08:18:01',0,0,0,'Run mode: CLI'),
(7592187,119,7592186,'2024-10-02 08:18:01',2,0.048481,0,'Action completed, fully processed'),
(7592272,119,0,'2024-10-02 08:48:01',0,0,0,'Run mode: CLI'),
(7592273,119,7592272,'2024-10-02 08:48:01',2,0.0456321,0,'Action completed, fully processed'),
(7592357,119,0,'2024-10-02 09:18:01',0,0,0,'Run mode: CLI'),
(7592358,119,7592357,'2024-10-02 09:18:01',2,0.067997,0,'Action completed, fully processed'),
(7592443,119,0,'2024-10-02 09:48:01',0,0,0,'Run mode: CLI'),
(7592444,119,7592443,'2024-10-02 09:48:01',2,0.045275,0,'Action completed, fully processed'),
(7592528,119,0,'2024-10-02 10:18:02',0,0,0,'Run mode: CLI'),
(7592529,119,7592528,'2024-10-02 10:18:02',2,0.0454521,0,'Action completed, fully processed'),
(7592614,119,0,'2024-10-02 10:48:01',0,0,0,'Run mode: CLI'),
(7592615,119,7592614,'2024-10-02 10:48:01',2,0.039891,0,'Action completed, fully processed'),
(7592699,119,0,'2024-10-02 11:18:01',0,0,0,'Run mode: CLI'),
(7592700,119,7592699,'2024-10-02 11:18:01',2,0.0430472,0,'Action completed, fully processed'),
(7592785,119,0,'2024-10-02 11:48:02',0,0,0,'Run mode: CLI'),
(7592786,119,7592785,'2024-10-02 11:48:02',2,0.0409582,0,'Action completed, fully processed'),
(7592870,119,0,'2024-10-02 12:18:01',0,0,0,'Run mode: CLI'),
(7592871,119,7592870,'2024-10-02 12:18:01',2,0.0443959,0,'Action completed, fully processed'),
(7592956,119,0,'2024-10-02 12:48:02',0,0,0,'Run mode: CLI'),
(7592957,119,7592956,'2024-10-02 12:48:02',2,0.0410171,0,'Action completed, fully processed'),
(7593041,119,0,'2024-10-02 13:18:01',0,0,0,'Run mode: CLI'),
(7593042,119,7593041,'2024-10-02 13:18:01',2,0.0511909,0,'Action completed, fully processed'),
(7593127,119,0,'2024-10-02 13:48:02',0,0,0,'Run mode: CLI'),
(7593128,119,7593127,'2024-10-02 13:48:02',2,0.054666,0,'Action completed, fully processed'),
(7593212,119,0,'2024-10-02 14:18:01',0,0,0,'Run mode: CLI'),
(7593213,119,7593212,'2024-10-02 14:18:01',2,0.0439601,0,'Action completed, fully processed'),
(7593298,119,0,'2024-10-02 14:48:01',0,0,0,'Run mode: CLI'),
(7593299,119,7593298,'2024-10-02 14:48:01',2,0.0396881,0,'Action completed, fully processed'),
(7593383,119,0,'2024-10-02 15:18:01',0,0,0,'Run mode: CLI'),
(7593384,119,7593383,'2024-10-02 15:18:01',2,0.052362,0,'Action completed, fully processed'),
(7593471,119,0,'2024-10-02 15:48:01',0,0,0,'Run mode: CLI'),
(7593472,119,7593471,'2024-10-02 15:48:01',2,0.045542,0,'Action completed, fully processed'),
(7593562,119,0,'2024-10-02 16:18:01',0,0,0,'Run mode: CLI'),
(7593563,119,7593562,'2024-10-02 16:18:01',2,0.0718539,0,'Action completed, fully processed'),
(7593667,119,0,'2024-10-02 16:48:01',0,0,0,'Run mode: CLI'),
(7593668,119,7593667,'2024-10-02 16:48:01',2,0.052531,0,'Action completed, fully processed'),
(7593781,119,0,'2024-10-02 17:18:01',0,0,0,'Run mode: CLI'),
(7593782,119,7593781,'2024-10-02 17:18:01',2,0.0676129,0,'Action completed, fully processed'),
(7593869,119,0,'2024-10-02 17:48:01',0,0,0,'Run mode: CLI'),
(7593870,119,7593869,'2024-10-02 17:48:01',2,0.043926,0,'Action completed, fully processed'),
(7593954,119,0,'2024-10-02 18:18:02',0,0,0,'Run mode: CLI'),
(7593955,119,7593954,'2024-10-02 18:18:02',2,0.0524879,0,'Action completed, fully processed'),
(7594041,119,0,'2024-10-02 18:48:01',0,0,0,'Run mode: CLI'),
(7594042,119,7594041,'2024-10-02 18:48:01',2,0.073386,0,'Action completed, fully processed'),
(7594126,119,0,'2024-10-02 19:18:01',0,0,0,'Run mode: CLI'),
(7594127,119,7594126,'2024-10-02 19:18:01',2,0.0515001,0,'Action completed, fully processed'),
(7594217,119,0,'2024-10-02 19:48:01',0,0,0,'Run mode: CLI'),
(7594218,119,7594217,'2024-10-02 19:48:01',2,0.0472689,0,'Action completed, fully processed'),
(7594303,119,0,'2024-10-02 20:18:01',0,0,0,'Run mode: CLI'),
(7594304,119,7594303,'2024-10-02 20:18:01',2,0.0546961,0,'Action completed, fully processed'),
(7594389,119,0,'2024-10-02 20:48:01',0,0,0,'Run mode: CLI'),
(7594390,119,7594389,'2024-10-02 20:48:01',2,0.0665729,0,'Action completed, fully processed'),
(7594474,119,0,'2024-10-02 21:18:02',0,0,0,'Run mode: CLI'),
(7594475,119,7594474,'2024-10-02 21:18:02',2,0.050992,0,'Action completed, fully processed'),
(7594560,119,0,'2024-10-02 21:48:01',0,0,0,'Run mode: CLI'),
(7594561,119,7594560,'2024-10-02 21:48:01',2,0.0534749,0,'Action completed, fully processed'),
(7594645,119,0,'2024-10-02 22:18:01',0,0,0,'Run mode: CLI'),
(7594646,119,7594645,'2024-10-02 22:18:01',2,0.0449061,0,'Action completed, fully processed'),
(7594735,119,0,'2024-10-02 22:48:02',0,0,0,'Run mode: CLI'),
(7594736,119,7594735,'2024-10-02 22:48:02',2,0.0472951,0,'Action completed, fully processed'),
(7594820,119,0,'2024-10-02 23:18:02',0,0,0,'Run mode: CLI'),
(7594821,119,7594820,'2024-10-02 23:18:02',2,0.046201,0,'Action completed, fully processed'),
(7594906,119,0,'2024-10-02 23:48:01',0,0,0,'Run mode: CLI'),
(7594907,119,7594906,'2024-10-02 23:48:01',2,0.0526669,0,'Action completed, fully processed'),
(7594991,119,0,'2024-10-03 00:18:01',0,0,0,'Run mode: CLI'),
(7594992,119,7594991,'2024-10-03 00:18:01',2,0.049984,0,'Action completed, fully processed'),
(7595077,119,0,'2024-10-03 00:48:02',0,0,0,'Run mode: CLI'),
(7595078,119,7595077,'2024-10-03 00:48:02',2,0.0484681,0,'Action completed, fully processed'),
(7595162,119,0,'2024-10-03 01:18:01',0,0,0,'Run mode: CLI'),
(7595163,119,7595162,'2024-10-03 01:18:01',2,0.068953,0,'Action completed, fully processed'),
(7595248,119,0,'2024-10-03 01:48:01',0,0,0,'Run mode: CLI'),
(7595249,119,7595248,'2024-10-03 01:48:01',2,0.0608811,0,'Action completed, fully processed'),
(7595333,119,0,'2024-10-03 02:18:02',0,0,0,'Run mode: CLI'),
(7595334,119,7595333,'2024-10-03 02:18:02',2,0.073966,0,'Action completed, fully processed'),
(7595419,119,0,'2024-10-03 02:48:01',0,0,0,'Run mode: CLI'),
(7595420,119,7595419,'2024-10-03 02:48:01',2,0.0600829,0,'Action completed, fully processed'),
(7595504,119,0,'2024-10-03 03:18:01',0,0,0,'Run mode: CLI'),
(7595505,119,7595504,'2024-10-03 03:18:01',2,0.07653,0,'Action completed, fully processed'),
(7595590,119,0,'2024-10-03 03:48:02',0,0,0,'Run mode: CLI'),
(7595591,119,7595590,'2024-10-03 03:48:02',2,0.052264,0,'Action completed, fully processed'),
(7595675,119,0,'2024-10-03 04:18:02',0,0,0,'Run mode: CLI'),
(7595676,119,7595675,'2024-10-03 04:18:02',2,0.048403,0,'Action completed, fully processed'),
(7595761,119,0,'2024-10-03 04:48:01',0,0,0,'Run mode: CLI'),
(7595762,119,7595761,'2024-10-03 04:48:01',2,0.0526049,0,'Action completed, fully processed'),
(7595846,119,0,'2024-10-03 05:18:01',0,0,0,'Run mode: CLI'),
(7595847,119,7595846,'2024-10-03 05:18:01',2,0.058532,0,'Action completed, fully processed'),
(7595932,119,0,'2024-10-03 05:48:01',0,0,0,'Run mode: CLI'),
(7595933,119,7595932,'2024-10-03 05:48:01',2,0.0623012,0,'Action completed, fully processed'),
(7596017,119,0,'2024-10-03 06:18:02',0,0,0,'Run mode: CLI'),
(7596018,119,7596017,'2024-10-03 06:18:02',2,0.046972,0,'Action completed, fully processed'),
(7596103,119,0,'2024-10-03 06:48:01',0,0,0,'Run mode: CLI'),
(7596104,119,7596103,'2024-10-03 06:48:01',2,0.051805,0,'Action completed, fully processed'),
(7596188,119,0,'2024-10-03 07:18:01',0,0,0,'Run mode: CLI'),
(7596189,119,7596188,'2024-10-03 07:18:01',2,0.059777,0,'Action completed, fully processed'),
(7596278,119,0,'2024-10-03 07:48:02',0,0,0,'Run mode: CLI'),
(7596279,119,7596278,'2024-10-03 07:48:02',2,0.0638862,0,'Action completed, fully processed'),
(7596363,119,0,'2024-10-03 08:18:01',0,0,0,'Run mode: CLI'),
(7596364,119,7596363,'2024-10-03 08:18:01',2,0.044215,0,'Action completed, fully processed'),
(7596449,119,0,'2024-10-03 08:48:01',0,0,0,'Run mode: CLI'),
(7596450,119,7596449,'2024-10-03 08:48:01',2,0.047847,0,'Action completed, fully processed'),
(7596534,119,0,'2024-10-03 09:18:02',0,0,0,'Run mode: CLI'),
(7596535,119,7596534,'2024-10-03 09:18:02',2,0.0704038,0,'Action completed, fully processed'),
(7596620,119,0,'2024-10-03 09:48:01',0,0,0,'Run mode: CLI'),
(7596621,119,7596620,'2024-10-03 09:48:01',2,0.051888,0,'Action completed, fully processed'),
(7596705,119,0,'2024-10-03 10:18:01',0,0,0,'Run mode: CLI'),
(7596706,119,7596705,'2024-10-03 10:18:01',2,0.049413,0,'Action completed, fully processed'),
(7596791,119,0,'2024-10-03 10:48:02',0,0,0,'Run mode: CLI'),
(7596792,119,7596791,'2024-10-03 10:48:02',2,0.051415,0,'Action completed, fully processed'),
(7596876,119,0,'2024-10-03 11:18:01',0,0,0,'Run mode: CLI'),
(7596877,119,7596876,'2024-10-03 11:18:01',2,0.062325,0,'Action completed, fully processed'),
(7596962,119,0,'2024-10-03 11:48:01',0,0,0,'Run mode: CLI'),
(7596963,119,7596962,'2024-10-03 11:48:01',2,0.042129,0,'Action completed, fully processed'),
(7597047,119,0,'2024-10-03 12:18:01',0,0,0,'Run mode: CLI'),
(7597048,119,7597047,'2024-10-03 12:18:01',2,0.059756,0,'Action completed, fully processed'),
(7597133,119,0,'2024-10-03 12:48:01',0,0,0,'Run mode: CLI'),
(7597134,119,7597133,'2024-10-03 12:48:01',2,0.0477481,0,'Action completed, fully processed'),
(7597218,119,0,'2024-10-03 13:18:01',0,0,0,'Run mode: CLI'),
(7597219,119,7597218,'2024-10-03 13:18:01',2,0.0744982,0,'Action completed, fully processed'),
(7597304,119,0,'2024-10-03 13:48:01',0,0,0,'Run mode: CLI'),
(7597305,119,7597304,'2024-10-03 13:48:01',2,0.0739951,0,'Action completed, fully processed'),
(7597389,119,0,'2024-10-03 14:18:02',0,0,0,'Run mode: CLI'),
(7597390,119,7597389,'2024-10-03 14:18:02',2,0.069957,0,'Action completed, fully processed'),
(7597475,119,0,'2024-10-03 14:48:01',0,0,0,'Run mode: CLI'),
(7597476,119,7597475,'2024-10-03 14:48:01',2,0.074163,0,'Action completed, fully processed'),
(7597560,119,0,'2024-10-03 15:18:01',0,0,0,'Run mode: CLI'),
(7597561,119,7597560,'2024-10-03 15:18:01',2,0.071106,0,'Action completed, fully processed'),
(7597646,119,0,'2024-10-03 15:48:02',0,0,0,'Run mode: CLI'),
(7597647,119,7597646,'2024-10-03 15:48:02',2,0.072922,0,'Action completed, fully processed'),
(7597731,119,0,'2024-10-03 16:18:01',0,0,0,'Run mode: CLI'),
(7597732,119,7597731,'2024-10-03 16:18:01',2,0.0435359,0,'Action completed, fully processed'),
(7597838,119,0,'2024-10-03 16:48:01',0,0,0,'Run mode: CLI'),
(7597839,119,7597838,'2024-10-03 16:48:01',2,0.051404,0,'Action completed, fully processed'),
(7597952,119,0,'2024-10-03 17:18:02',0,0,0,'Run mode: CLI'),
(7597953,119,7597952,'2024-10-03 17:18:02',2,0.0506849,0,'Action completed, fully processed'),
(7598040,119,0,'2024-10-03 17:48:01',0,0,0,'Run mode: CLI'),
(7598041,119,7598040,'2024-10-03 17:48:01',2,0.052999,0,'Action completed, fully processed'),
(7598125,119,0,'2024-10-03 18:18:01',0,0,0,'Run mode: CLI'),
(7598126,119,7598125,'2024-10-03 18:18:01',2,0.0590601,0,'Action completed, fully processed'),
(7598213,119,0,'2024-10-03 18:48:01',0,0,0,'Run mode: CLI'),
(7598214,119,7598213,'2024-10-03 18:48:01',2,0.054641,0,'Action completed, fully processed'),
(7598298,119,0,'2024-10-03 19:18:01',0,0,0,'Run mode: CLI'),
(7598299,119,7598298,'2024-10-03 19:18:01',2,0.051343,0,'Action completed, fully processed'),
(7598388,119,0,'2024-10-03 19:48:01',0,0,0,'Run mode: CLI'),
(7598389,119,7598388,'2024-10-03 19:48:01',2,0.048882,0,'Action completed, fully processed'),
(7598473,119,0,'2024-10-03 20:18:01',0,0,0,'Run mode: CLI'),
(7598474,119,7598473,'2024-10-03 20:18:01',2,0.0561988,0,'Action completed, fully processed'),
(7598559,119,0,'2024-10-03 20:48:02',0,0,0,'Run mode: CLI'),
(7598560,119,7598559,'2024-10-03 20:48:02',2,0.0622282,0,'Action completed, fully processed'),
(7598644,119,0,'2024-10-03 21:18:01',0,0,0,'Run mode: CLI'),
(7598645,119,7598644,'2024-10-03 21:18:01',2,0.0647261,0,'Action completed, fully processed'),
(7598730,119,0,'2024-10-03 21:48:01',0,0,0,'Run mode: CLI'),
(7598731,119,7598730,'2024-10-03 21:48:01',2,0.043937,0,'Action completed, fully processed'),
(7598815,119,0,'2024-10-03 22:18:01',0,0,0,'Run mode: CLI'),
(7598816,119,7598815,'2024-10-03 22:18:01',2,0.0681682,0,'Action completed, fully processed'),
(7598905,119,0,'2024-10-03 22:48:01',0,0,0,'Run mode: CLI'),
(7598906,119,7598905,'2024-10-03 22:48:01',2,0.0434451,0,'Action completed, fully processed'),
(7598990,119,0,'2024-10-03 23:18:01',0,0,0,'Run mode: CLI'),
(7598991,119,7598990,'2024-10-03 23:18:01',2,0.0472572,0,'Action completed, fully processed'),
(7599076,119,0,'2024-10-03 23:48:02',0,0,0,'Run mode: CLI'),
(7599077,119,7599076,'2024-10-03 23:48:02',2,0.0446029,0,'Action completed, fully processed'),
(7599161,119,0,'2024-10-04 00:18:01',0,0,0,'Run mode: CLI'),
(7599162,119,7599161,'2024-10-04 00:18:01',2,0.0660701,0,'Action completed, fully processed'),
(7599247,119,0,'2024-10-04 00:48:01',0,0,0,'Run mode: CLI'),
(7599248,119,7599247,'2024-10-04 00:48:01',2,0.0694931,0,'Action completed, fully processed'),
(7599332,119,0,'2024-10-04 01:18:02',0,0,0,'Run mode: CLI'),
(7599333,119,7599332,'2024-10-04 01:18:02',2,0.0584669,0,'Action completed, fully processed'),
(7599418,119,0,'2024-10-04 01:48:01',0,0,0,'Run mode: CLI'),
(7599419,119,7599418,'2024-10-04 01:48:01',2,0.074192,0,'Action completed, fully processed'),
(7599503,119,0,'2024-10-04 02:18:01',0,0,0,'Run mode: CLI'),
(7599504,119,7599503,'2024-10-04 02:18:01',2,0.051229,0,'Action completed, fully processed'),
(7599589,119,0,'2024-10-04 02:48:02',0,0,0,'Run mode: CLI'),
(7599590,119,7599589,'2024-10-04 02:48:02',2,0.04373,0,'Action completed, fully processed'),
(7599674,119,0,'2024-10-04 03:18:01',0,0,0,'Run mode: CLI'),
(7599675,119,7599674,'2024-10-04 03:18:01',2,0.0478311,0,'Action completed, fully processed'),
(7599760,119,0,'2024-10-04 03:48:01',0,0,0,'Run mode: CLI'),
(7599761,119,7599760,'2024-10-04 03:48:01',2,0.0505261,0,'Action completed, fully processed'),
(7599845,119,0,'2024-10-04 04:18:02',0,0,0,'Run mode: CLI'),
(7599846,119,7599845,'2024-10-04 04:18:02',2,0.0706921,0,'Action completed, fully processed'),
(7599931,119,0,'2024-10-04 04:48:01',0,0,0,'Run mode: CLI'),
(7599932,119,7599931,'2024-10-04 04:48:01',2,0.072403,0,'Action completed, fully processed'),
(7600016,119,0,'2024-10-04 05:18:01',0,0,0,'Run mode: CLI'),
(7600017,119,7600016,'2024-10-04 05:18:01',2,0.0497391,0,'Action completed, fully processed'),
(7600102,119,0,'2024-10-04 05:48:02',0,0,0,'Run mode: CLI'),
(7600103,119,7600102,'2024-10-04 05:48:02',2,0.045001,0,'Action completed, fully processed'),
(7600187,119,0,'2024-10-04 06:18:01',0,0,0,'Run mode: CLI'),
(7600188,119,7600187,'2024-10-04 06:18:01',2,0.0663018,0,'Action completed, fully processed'),
(7600273,119,0,'2024-10-04 06:48:01',0,0,0,'Run mode: CLI'),
(7600274,119,7600273,'2024-10-04 06:48:01',2,0.0642712,0,'Action completed, fully processed'),
(7600358,119,0,'2024-10-04 07:18:01',0,0,0,'Run mode: CLI'),
(7600359,119,7600358,'2024-10-04 07:18:01',2,0.0543339,0,'Action completed, fully processed'),
(7600448,119,0,'2024-10-04 07:48:02',0,0,0,'Run mode: CLI'),
(7600449,119,7600448,'2024-10-04 07:48:02',2,0.0777712,0,'Action completed, fully processed'),
(7600533,119,0,'2024-10-04 08:18:01',0,0,0,'Run mode: CLI'),
(7600534,119,7600533,'2024-10-04 08:18:01',2,0.047797,0,'Action completed, fully processed'),
(7600619,119,0,'2024-10-04 08:48:02',0,0,0,'Run mode: CLI'),
(7600620,119,7600619,'2024-10-04 08:48:02',2,0.0547869,0,'Action completed, fully processed'),
(7600704,119,0,'2024-10-04 09:18:01',0,0,0,'Run mode: CLI'),
(7600705,119,7600704,'2024-10-04 09:18:01',2,0.065496,0,'Action completed, fully processed'),
(7600790,119,0,'2024-10-04 09:48:01',0,0,0,'Run mode: CLI'),
(7600791,119,7600790,'2024-10-04 09:48:01',2,0.048177,0,'Action completed, fully processed'),
(7600875,119,0,'2024-10-04 10:18:01',0,0,0,'Run mode: CLI'),
(7600876,119,7600875,'2024-10-04 10:18:01',2,0.0583241,0,'Action completed, fully processed'),
(7600961,119,0,'2024-10-04 10:48:02',0,0,0,'Run mode: CLI'),
(7600962,119,7600961,'2024-10-04 10:48:02',2,0.046833,0,'Action completed, fully processed'),
(7601046,119,0,'2024-10-04 11:18:01',0,0,0,'Run mode: CLI'),
(7601047,119,7601046,'2024-10-04 11:18:01',2,0.046591,0,'Action completed, fully processed'),
(7601132,119,0,'2024-10-04 11:48:01',0,0,0,'Run mode: CLI'),
(7601133,119,7601132,'2024-10-04 11:48:01',2,0.047368,0,'Action completed, fully processed'),
(7601217,119,0,'2024-10-04 12:18:01',0,0,0,'Run mode: CLI'),
(7601218,119,7601217,'2024-10-04 12:18:01',2,0.048322,0,'Action completed, fully processed'),
(7601303,119,0,'2024-10-04 12:48:01',0,0,0,'Run mode: CLI'),
(7601304,119,7601303,'2024-10-04 12:48:01',2,0.074918,0,'Action completed, fully processed'),
(7601388,119,0,'2024-10-04 13:18:01',0,0,0,'Run mode: CLI'),
(7601389,119,7601388,'2024-10-04 13:18:01',2,0.049705,0,'Action completed, fully processed'),
(7601474,119,0,'2024-10-04 13:48:02',0,0,0,'Run mode: CLI'),
(7601475,119,7601474,'2024-10-04 13:48:02',2,0.0743799,0,'Action completed, fully processed'),
(7601559,119,0,'2024-10-04 14:18:01',0,0,0,'Run mode: CLI'),
(7601560,119,7601559,'2024-10-04 14:18:01',2,0.0697908,0,'Action completed, fully processed'),
(7601645,119,0,'2024-10-04 14:48:01',0,0,0,'Run mode: CLI'),
(7601646,119,7601645,'2024-10-04 14:48:01',2,0.0431259,0,'Action completed, fully processed'),
(7601730,119,0,'2024-10-04 15:18:02',0,0,0,'Run mode: CLI'),
(7601731,119,7601730,'2024-10-04 15:18:02',2,0.0511901,0,'Action completed, fully processed'),
(7601816,119,0,'2024-10-04 15:48:01',0,0,0,'Run mode: CLI'),
(7601817,119,7601816,'2024-10-04 15:48:01',2,0.074986,0,'Action completed, fully processed'),
(7601901,119,0,'2024-10-04 16:18:01',0,0,0,'Run mode: CLI'),
(7601902,119,7601901,'2024-10-04 16:18:01',2,0.0575142,0,'Action completed, fully processed'),
(7602003,119,0,'2024-10-04 16:48:01',0,0,0,'Run mode: CLI'),
(7602004,119,7602003,'2024-10-04 16:48:01',2,0.035588,0,'Action completed, fully processed'),
(7602117,119,0,'2024-10-04 17:18:01',0,0,0,'Run mode: CLI'),
(7602118,119,7602117,'2024-10-04 17:18:01',2,0.0691471,0,'Action completed, fully processed'),
(7602205,119,0,'2024-10-04 17:48:02',0,0,0,'Run mode: CLI'),
(7602206,119,7602205,'2024-10-04 17:48:02',2,0.0449939,0,'Action completed, fully processed'),
(7602290,119,0,'2024-10-04 18:18:01',0,0,0,'Run mode: CLI'),
(7602291,119,7602290,'2024-10-04 18:18:01',2,0.0721729,0,'Action completed, fully processed'),
(7602376,119,0,'2024-10-04 18:48:01',0,0,0,'Run mode: CLI'),
(7602377,119,7602376,'2024-10-04 18:48:01',2,0.065378,0,'Action completed, fully processed'),
(7602463,119,0,'2024-10-04 19:18:02',0,0,0,'Run mode: CLI'),
(7602464,119,7602463,'2024-10-04 19:18:02',2,0.053035,0,'Action completed, fully processed'),
(7602555,119,0,'2024-10-04 19:48:01',0,0,0,'Run mode: CLI'),
(7602556,119,7602555,'2024-10-04 19:48:01',2,0.0810452,0,'Action completed, fully processed'),
(7602640,119,0,'2024-10-04 20:18:01',0,0,0,'Run mode: CLI'),
(7602641,119,7602640,'2024-10-04 20:18:01',2,0.063025,0,'Action completed, fully processed'),
(7602726,119,0,'2024-10-04 20:48:01',0,0,0,'Run mode: CLI'),
(7602727,119,7602726,'2024-10-04 20:48:01',2,0.0488269,0,'Action completed, fully processed'),
(7602811,119,0,'2024-10-04 21:18:01',0,0,0,'Run mode: CLI'),
(7602812,119,7602811,'2024-10-04 21:18:01',2,0.0626299,0,'Action completed, fully processed'),
(7602897,119,0,'2024-10-04 21:48:01',0,0,0,'Run mode: CLI'),
(7602898,119,7602897,'2024-10-04 21:48:01',2,0.038892,0,'Action completed, fully processed'),
(7602982,119,0,'2024-10-04 22:18:01',0,0,0,'Run mode: CLI'),
(7602983,119,7602982,'2024-10-04 22:18:01',2,0.0559812,0,'Action completed, fully processed'),
(7603072,119,0,'2024-10-04 22:48:01',0,0,0,'Run mode: CLI'),
(7603073,119,7603072,'2024-10-04 22:48:01',2,0.0604999,0,'Action completed, fully processed'),
(7603157,119,0,'2024-10-04 23:18:02',0,0,0,'Run mode: CLI'),
(7603158,119,7603157,'2024-10-04 23:18:02',2,0.064919,0,'Action completed, fully processed'),
(7603243,119,0,'2024-10-04 23:48:01',0,0,0,'Run mode: CLI'),
(7603244,119,7603243,'2024-10-04 23:48:01',2,0.0638931,0,'Action completed, fully processed'),
(7603328,119,0,'2024-10-05 00:18:01',0,0,0,'Run mode: CLI'),
(7603329,119,7603328,'2024-10-05 00:18:01',2,0.0436039,0,'Action completed, fully processed'),
(7603414,119,0,'2024-10-05 00:48:01',0,0,0,'Run mode: CLI'),
(7603415,119,7603414,'2024-10-05 00:48:01',2,0.0670629,0,'Action completed, fully processed'),
(7603499,119,0,'2024-10-05 01:18:02',0,0,0,'Run mode: CLI'),
(7603500,119,7603499,'2024-10-05 01:18:02',2,0.053035,0,'Action completed, fully processed'),
(7603585,119,0,'2024-10-05 01:48:01',0,0,0,'Run mode: CLI'),
(7603586,119,7603585,'2024-10-05 01:48:01',2,0.0554199,0,'Action completed, fully processed'),
(7603670,119,0,'2024-10-05 02:18:01',0,0,0,'Run mode: CLI'),
(7603671,119,7603670,'2024-10-05 02:18:01',2,0.0575659,0,'Action completed, fully processed'),
(7603756,119,0,'2024-10-05 02:48:02',0,0,0,'Run mode: CLI'),
(7603757,119,7603756,'2024-10-05 02:48:02',2,0.074434,0,'Action completed, fully processed'),
(7603841,119,0,'2024-10-05 03:18:01',0,0,0,'Run mode: CLI'),
(7603842,119,7603841,'2024-10-05 03:18:01',2,0.044733,0,'Action completed, fully processed'),
(7603927,119,0,'2024-10-05 03:48:01',0,0,0,'Run mode: CLI'),
(7603928,119,7603927,'2024-10-05 03:48:01',2,0.0558219,0,'Action completed, fully processed'),
(7604012,119,0,'2024-10-05 04:18:02',0,0,0,'Run mode: CLI'),
(7604013,119,7604012,'2024-10-05 04:18:02',2,0.0476811,0,'Action completed, fully processed'),
(7604098,119,0,'2024-10-05 04:48:01',0,0,0,'Run mode: CLI'),
(7604099,119,7604098,'2024-10-05 04:48:01',2,0.042876,0,'Action completed, fully processed'),
(7604183,119,0,'2024-10-05 05:18:01',0,0,0,'Run mode: CLI'),
(7604184,119,7604183,'2024-10-05 05:18:01',2,0.0589211,0,'Action completed, fully processed'),
(7604269,119,0,'2024-10-05 05:48:02',0,0,0,'Run mode: CLI'),
(7604270,119,7604269,'2024-10-05 05:48:02',2,0.0418379,0,'Action completed, fully processed'),
(7604354,119,0,'2024-10-05 06:18:01',0,0,0,'Run mode: CLI'),
(7604355,119,7604354,'2024-10-05 06:18:01',2,0.0650511,0,'Action completed, fully processed'),
(7604440,119,0,'2024-10-05 06:48:01',0,0,0,'Run mode: CLI'),
(7604441,119,7604440,'2024-10-05 06:48:01',2,0.0591149,0,'Action completed, fully processed'),
(7604525,119,0,'2024-10-05 07:18:01',0,0,0,'Run mode: CLI'),
(7604526,119,7604525,'2024-10-05 07:18:01',2,0.039474,0,'Action completed, fully processed'),
(7604615,119,0,'2024-10-05 07:48:01',0,0,0,'Run mode: CLI'),
(7604616,119,7604615,'2024-10-05 07:48:01',2,0.0615399,0,'Action completed, fully processed'),
(7604700,119,0,'2024-10-05 08:18:01',0,0,0,'Run mode: CLI'),
(7604701,119,7604700,'2024-10-05 08:18:01',2,0.0663769,0,'Action completed, fully processed'),
(7604786,119,0,'2024-10-05 08:48:01',0,0,0,'Run mode: CLI'),
(7604787,119,7604786,'2024-10-05 08:48:01',2,0.041733,0,'Action completed, fully processed'),
(7604871,119,0,'2024-10-05 09:18:02',0,0,0,'Run mode: CLI'),
(7604872,119,7604871,'2024-10-05 09:18:02',2,0.0490761,0,'Action completed, fully processed'),
(7604957,119,0,'2024-10-05 09:48:01',0,0,0,'Run mode: CLI'),
(7604958,119,7604957,'2024-10-05 09:48:01',2,0.064784,0,'Action completed, fully processed'),
(7605042,119,0,'2024-10-05 10:18:02',0,0,0,'Run mode: CLI'),
(7605043,119,7605042,'2024-10-05 10:18:02',2,0.05004,0,'Action completed, fully processed'),
(7605128,119,0,'2024-10-05 10:48:01',0,0,0,'Run mode: CLI'),
(7605129,119,7605128,'2024-10-05 10:48:01',2,0.057632,0,'Action completed, fully processed'),
(7605213,119,0,'2024-10-05 11:18:01',0,0,0,'Run mode: CLI'),
(7605214,119,7605213,'2024-10-05 11:18:01',2,0.0596159,0,'Action completed, fully processed'),
(7605299,119,0,'2024-10-05 11:48:02',0,0,0,'Run mode: CLI'),
(7605300,119,7605299,'2024-10-05 11:48:02',2,0.0407069,0,'Action completed, fully processed'),
(7605384,119,0,'2024-10-05 12:18:01',0,0,0,'Run mode: CLI'),
(7605385,119,7605384,'2024-10-05 12:18:01',2,0.057554,0,'Action completed, fully processed'),
(7605470,119,0,'2024-10-05 12:48:01',0,0,0,'Run mode: CLI'),
(7605471,119,7605470,'2024-10-05 12:48:01',2,0.069097,0,'Action completed, fully processed'),
(7605555,119,0,'2024-10-05 13:18:01',0,0,0,'Run mode: CLI'),
(7605556,119,7605555,'2024-10-05 13:18:01',2,0.0710559,0,'Action completed, fully processed'),
(7605641,119,0,'2024-10-05 13:48:01',0,0,0,'Run mode: CLI'),
(7605642,119,7605641,'2024-10-05 13:48:01',2,0.0547371,0,'Action completed, fully processed'),
(7605726,119,0,'2024-10-05 14:18:02',0,0,0,'Run mode: CLI'),
(7605727,119,7605726,'2024-10-05 14:18:02',2,0.045007,0,'Action completed, fully processed'),
(7605812,119,0,'2024-10-05 14:48:01',0,0,0,'Run mode: CLI'),
(7605813,119,7605812,'2024-10-05 14:48:01',2,0.0558882,0,'Action completed, fully processed'),
(7605897,119,0,'2024-10-05 15:18:01',0,0,0,'Run mode: CLI'),
(7605898,119,7605897,'2024-10-05 15:18:01',2,0.0579839,0,'Action completed, fully processed'),
(7605983,119,0,'2024-10-05 15:48:01',0,0,0,'Run mode: CLI'),
(7605984,119,7605983,'2024-10-05 15:48:01',2,0.0696712,0,'Action completed, fully processed'),
(7606068,119,0,'2024-10-05 16:18:01',0,0,0,'Run mode: CLI'),
(7606069,119,7606068,'2024-10-05 16:18:01',2,0.0727181,0,'Action completed, fully processed'),
(7606170,119,0,'2024-10-05 16:48:01',0,0,0,'Run mode: CLI'),
(7606171,119,7606170,'2024-10-05 16:48:01',2,0.0321801,0,'Action completed, fully processed'),
(7606284,119,0,'2024-10-05 17:18:02',0,0,0,'Run mode: CLI'),
(7606285,119,7606284,'2024-10-05 17:18:02',2,0.044724,0,'Action completed, fully processed'),
(7606372,119,0,'2024-10-05 17:48:01',0,0,0,'Run mode: CLI'),
(7606373,119,7606372,'2024-10-05 17:48:01',2,0.045562,0,'Action completed, fully processed'),
(7606457,119,0,'2024-10-05 18:18:01',0,0,0,'Run mode: CLI'),
(7606458,119,7606457,'2024-10-05 18:18:01',2,0.05388,0,'Action completed, fully processed'),
(7606543,119,0,'2024-10-05 18:48:01',0,0,0,'Run mode: CLI'),
(7606544,119,7606543,'2024-10-05 18:48:01',2,0.043061,0,'Action completed, fully processed'),
(7606628,119,0,'2024-10-05 19:18:01',0,0,0,'Run mode: CLI'),
(7606629,119,7606628,'2024-10-05 19:18:01',2,0.07232,0,'Action completed, fully processed'),
(7606718,119,0,'2024-10-05 19:48:01',0,0,0,'Run mode: CLI'),
(7606719,119,7606718,'2024-10-05 19:48:01',2,0.0672081,0,'Action completed, fully processed'),
(7606803,119,0,'2024-10-05 20:18:02',0,0,0,'Run mode: CLI'),
(7606804,119,7606803,'2024-10-05 20:18:02',2,0.07165,0,'Action completed, fully processed'),
(7606889,119,0,'2024-10-05 20:48:01',0,0,0,'Run mode: CLI'),
(7606890,119,7606889,'2024-10-05 20:48:01',2,0.0442789,0,'Action completed, fully processed'),
(7606974,119,0,'2024-10-05 21:18:01',0,0,0,'Run mode: CLI'),
(7606975,119,7606974,'2024-10-05 21:18:01',2,0.0491869,0,'Action completed, fully processed'),
(7607060,119,0,'2024-10-05 21:48:02',0,0,0,'Run mode: CLI'),
(7607061,119,7607060,'2024-10-05 21:48:02',2,0.078573,0,'Action completed, fully processed'),
(7607145,119,0,'2024-10-05 22:18:01',0,0,0,'Run mode: CLI'),
(7607146,119,7607145,'2024-10-05 22:18:01',2,0.068511,0,'Action completed, fully processed'),
(7607235,119,0,'2024-10-05 22:48:01',0,0,0,'Run mode: CLI'),
(7607236,119,7607235,'2024-10-05 22:48:01',2,0.055176,0,'Action completed, fully processed'),
(7607320,119,0,'2024-10-05 23:18:02',0,0,0,'Run mode: CLI'),
(7607321,119,7607320,'2024-10-05 23:18:02',2,0.071173,0,'Action completed, fully processed'),
(7607406,119,0,'2024-10-05 23:48:01',0,0,0,'Run mode: CLI'),
(7607407,119,7607406,'2024-10-05 23:48:01',2,0.07285,0,'Action completed, fully processed'),
(7607491,119,0,'2024-10-06 00:18:02',0,0,0,'Run mode: CLI'),
(7607492,119,7607491,'2024-10-06 00:18:02',2,0.042063,0,'Action completed, fully processed'),
(7607577,119,0,'2024-10-06 00:48:01',0,0,0,'Run mode: CLI'),
(7607578,119,7607577,'2024-10-06 00:48:01',2,0.0651832,0,'Action completed, fully processed'),
(7607662,119,0,'2024-10-06 01:18:01',0,0,0,'Run mode: CLI'),
(7607663,119,7607662,'2024-10-06 01:18:01',2,0.063421,0,'Action completed, fully processed'),
(7607748,119,0,'2024-10-06 01:48:02',0,0,0,'Run mode: CLI'),
(7607749,119,7607748,'2024-10-06 01:48:02',2,0.0517979,0,'Action completed, fully processed'),
(7607833,119,0,'2024-10-06 02:18:02',0,0,0,'Run mode: CLI'),
(7607834,119,7607833,'2024-10-06 02:18:02',2,0.048327,0,'Action completed, fully processed'),
(7607919,119,0,'2024-10-06 02:48:01',0,0,0,'Run mode: CLI'),
(7607920,119,7607919,'2024-10-06 02:48:01',2,0.0606711,0,'Action completed, fully processed'),
(7608004,119,0,'2024-10-06 03:18:01',0,0,0,'Run mode: CLI'),
(7608005,119,7608004,'2024-10-06 03:18:01',2,0.058043,0,'Action completed, fully processed'),
(7608090,119,0,'2024-10-06 03:48:02',0,0,0,'Run mode: CLI'),
(7608091,119,7608090,'2024-10-06 03:48:02',2,0.0584259,0,'Action completed, fully processed'),
(7608175,119,0,'2024-10-06 04:18:01',0,0,0,'Run mode: CLI'),
(7608176,119,7608175,'2024-10-06 04:18:01',2,0.053741,0,'Action completed, fully processed'),
(7608261,119,0,'2024-10-06 04:48:01',0,0,0,'Run mode: CLI'),
(7608262,119,7608261,'2024-10-06 04:48:01',2,0.0667,0,'Action completed, fully processed'),
(7608346,119,0,'2024-10-06 05:18:01',0,0,0,'Run mode: CLI'),
(7608347,119,7608346,'2024-10-06 05:18:01',2,0.049576,0,'Action completed, fully processed'),
(7608432,119,0,'2024-10-06 05:48:02',0,0,0,'Run mode: CLI'),
(7608433,119,7608432,'2024-10-06 05:48:02',2,0.0739481,0,'Action completed, fully processed'),
(7608517,119,0,'2024-10-06 06:18:01',0,0,0,'Run mode: CLI'),
(7608518,119,7608517,'2024-10-06 06:18:01',2,0.0571661,0,'Action completed, fully processed'),
(7608603,119,0,'2024-10-06 06:48:01',0,0,0,'Run mode: CLI'),
(7608604,119,7608603,'2024-10-06 06:48:01',2,0.0462329,0,'Action completed, fully processed'),
(7608688,119,0,'2024-10-06 07:18:02',0,0,0,'Run mode: CLI'),
(7608689,119,7608688,'2024-10-06 07:18:02',2,0.0465081,0,'Action completed, fully processed'),
(7608778,119,0,'2024-10-06 07:48:01',0,0,0,'Run mode: CLI'),
(7608779,119,7608778,'2024-10-06 07:48:01',2,0.069313,0,'Action completed, fully processed'),
(7608863,119,0,'2024-10-06 08:18:02',0,0,0,'Run mode: CLI'),
(7608864,119,7608863,'2024-10-06 08:18:02',2,0.043946,0,'Action completed, fully processed'),
(7608949,119,0,'2024-10-06 08:48:01',0,0,0,'Run mode: CLI'),
(7608950,119,7608949,'2024-10-06 08:48:01',2,0.0659289,0,'Action completed, fully processed'),
(7609034,119,0,'2024-10-06 09:18:01',0,0,0,'Run mode: CLI'),
(7609035,119,7609034,'2024-10-06 09:18:01',2,0.0693882,0,'Action completed, fully processed'),
(7609120,119,0,'2024-10-06 09:48:02',0,0,0,'Run mode: CLI'),
(7609121,119,7609120,'2024-10-06 09:48:02',2,0.0712292,0,'Action completed, fully processed'),
(7609205,119,0,'2024-10-06 10:18:01',0,0,0,'Run mode: CLI'),
(7609206,119,7609205,'2024-10-06 10:18:01',2,0.0658581,0,'Action completed, fully processed'),
(7609291,119,0,'2024-10-06 10:48:01',0,0,0,'Run mode: CLI'),
(7609292,119,7609291,'2024-10-06 10:48:01',2,0.0444071,0,'Action completed, fully processed'),
(7609376,119,0,'2024-10-06 11:18:02',0,0,0,'Run mode: CLI'),
(7609377,119,7609376,'2024-10-06 11:18:02',2,0.0485761,0,'Action completed, fully processed'),
(7609462,119,0,'2024-10-06 11:48:01',0,0,0,'Run mode: CLI'),
(7609463,119,7609462,'2024-10-06 11:48:01',2,0.0503471,0,'Action completed, fully processed'),
(7609547,119,0,'2024-10-06 12:18:01',0,0,0,'Run mode: CLI'),
(7609548,119,7609547,'2024-10-06 12:18:01',2,0.0512249,0,'Action completed, fully processed'),
(7609633,119,0,'2024-10-06 12:48:02',0,0,0,'Run mode: CLI'),
(7609634,119,7609633,'2024-10-06 12:48:02',2,0.0590351,0,'Action completed, fully processed'),
(7609718,119,0,'2024-10-06 13:18:02',0,0,0,'Run mode: CLI'),
(7609719,119,7609718,'2024-10-06 13:18:02',2,0.0449481,0,'Action completed, fully processed'),
(7609804,119,0,'2024-10-06 13:48:01',0,0,0,'Run mode: CLI'),
(7609805,119,7609804,'2024-10-06 13:48:01',2,0.0488491,0,'Action completed, fully processed'),
(7609889,119,0,'2024-10-06 14:18:01',0,0,0,'Run mode: CLI'),
(7609890,119,7609889,'2024-10-06 14:18:01',2,0.076159,0,'Action completed, fully processed'),
(7609975,119,0,'2024-10-06 14:48:02',0,0,0,'Run mode: CLI'),
(7609976,119,7609975,'2024-10-06 14:48:02',2,0.0498309,0,'Action completed, fully processed'),
(7610060,119,0,'2024-10-06 15:18:01',0,0,0,'Run mode: CLI'),
(7610061,119,7610060,'2024-10-06 15:18:01',2,0.049418,0,'Action completed, fully processed'),
(7610146,119,0,'2024-10-06 15:48:01',0,0,0,'Run mode: CLI'),
(7610147,119,7610146,'2024-10-06 15:48:01',2,0.0608461,0,'Action completed, fully processed'),
(7610231,119,0,'2024-10-06 16:18:01',0,0,0,'Run mode: CLI'),
(7610232,119,7610231,'2024-10-06 16:18:01',2,0.0580111,0,'Action completed, fully processed'),
(7610333,119,0,'2024-10-06 16:48:01',0,0,0,'Run mode: CLI'),
(7610334,119,7610333,'2024-10-06 16:48:01',2,0.05264,0,'Action completed, fully processed'),
(7610447,119,0,'2024-10-06 17:18:02',0,0,0,'Run mode: CLI'),
(7610448,119,7610447,'2024-10-06 17:18:02',2,0.0476379,0,'Action completed, fully processed'),
(7610535,119,0,'2024-10-06 17:48:02',0,0,0,'Run mode: CLI'),
(7610536,119,7610535,'2024-10-06 17:48:02',2,0.043509,0,'Action completed, fully processed'),
(7610620,119,0,'2024-10-06 18:18:01',0,0,0,'Run mode: CLI'),
(7610621,119,7610620,'2024-10-06 18:18:01',2,0.054359,0,'Action completed, fully processed'),
(7610706,119,0,'2024-10-06 18:48:02',0,0,0,'Run mode: CLI'),
(7610707,119,7610706,'2024-10-06 18:48:02',2,0.0706768,0,'Action completed, fully processed'),
(7610791,119,0,'2024-10-06 19:18:01',0,0,0,'Run mode: CLI'),
(7610792,119,7610791,'2024-10-06 19:18:01',2,0.0603089,0,'Action completed, fully processed'),
(7610881,119,0,'2024-10-06 19:48:01',0,0,0,'Run mode: CLI'),
(7610882,119,7610881,'2024-10-06 19:48:01',2,0.0485361,0,'Action completed, fully processed'),
(7610966,119,0,'2024-10-06 20:18:01',0,0,0,'Run mode: CLI'),
(7610967,119,7610966,'2024-10-06 20:18:01',2,0.067225,0,'Action completed, fully processed'),
(7611052,119,0,'2024-10-06 20:48:01',0,0,0,'Run mode: CLI'),
(7611053,119,7611052,'2024-10-06 20:48:01',2,0.0510721,0,'Action completed, fully processed'),
(7611137,119,0,'2024-10-06 21:18:02',0,0,0,'Run mode: CLI'),
(7611138,119,7611137,'2024-10-06 21:18:02',2,0.0453818,0,'Action completed, fully processed'),
(7611223,119,0,'2024-10-06 21:48:01',0,0,0,'Run mode: CLI'),
(7611224,119,7611223,'2024-10-06 21:48:01',2,0.0576282,0,'Action completed, fully processed'),
(7611308,119,0,'2024-10-06 22:18:01',0,0,0,'Run mode: CLI'),
(7611309,119,7611308,'2024-10-06 22:18:01',2,0.048481,0,'Action completed, fully processed'),
(7611398,119,0,'2024-10-06 22:48:01',0,0,0,'Run mode: CLI'),
(7611399,119,7611398,'2024-10-06 22:48:01',2,0.046407,0,'Action completed, fully processed'),
(7611483,119,0,'2024-10-06 23:18:01',0,0,0,'Run mode: CLI'),
(7611484,119,7611483,'2024-10-06 23:18:01',2,0.0718389,0,'Action completed, fully processed'),
(7611569,119,0,'2024-10-06 23:48:02',0,0,0,'Run mode: CLI'),
(7611570,119,7611569,'2024-10-06 23:48:02',2,0.058708,0,'Action completed, fully processed'),
(7611654,119,0,'2024-10-07 00:18:01',0,0,0,'Run mode: CLI'),
(7611655,119,7611654,'2024-10-07 00:18:01',2,0.067431,0,'Action completed, fully processed'),
(7611740,119,0,'2024-10-07 00:48:02',0,0,0,'Run mode: CLI'),
(7611741,119,7611740,'2024-10-07 00:48:02',2,0.0454819,0,'Action completed, fully processed'),
(7611825,119,0,'2024-10-07 01:18:01',0,0,0,'Run mode: CLI'),
(7611826,119,7611825,'2024-10-07 01:18:01',2,0.049684,0,'Action completed, fully processed'),
(7611911,119,0,'2024-10-07 01:48:01',0,0,0,'Run mode: CLI'),
(7611912,119,7611911,'2024-10-07 01:48:01',2,0.0705261,0,'Action completed, fully processed'),
(7611996,119,0,'2024-10-07 02:18:02',0,0,0,'Run mode: CLI'),
(7611997,119,7611996,'2024-10-07 02:18:02',2,0.0581288,0,'Action completed, fully processed'),
(7612082,119,0,'2024-10-07 02:48:01',0,0,0,'Run mode: CLI'),
(7612083,119,7612082,'2024-10-07 02:48:01',2,0.0492911,0,'Action completed, fully processed'),
(7612167,119,0,'2024-10-07 03:18:01',0,0,0,'Run mode: CLI'),
(7612168,119,7612167,'2024-10-07 03:18:01',2,0.0432739,0,'Action completed, fully processed'),
(7612253,119,0,'2024-10-07 03:48:01',0,0,0,'Run mode: CLI'),
(7612254,119,7612253,'2024-10-07 03:48:01',2,0.0677321,0,'Action completed, fully processed'),
(7612338,119,0,'2024-10-07 04:18:01',0,0,0,'Run mode: CLI'),
(7612339,119,7612338,'2024-10-07 04:18:01',2,0.071337,0,'Action completed, fully processed'),
(7612424,119,0,'2024-10-07 04:48:01',0,0,0,'Run mode: CLI'),
(7612425,119,7612424,'2024-10-07 04:48:01',2,0.0474298,0,'Action completed, fully processed'),
(7612509,119,0,'2024-10-07 05:18:01',0,0,0,'Run mode: CLI'),
(7612510,119,7612509,'2024-10-07 05:18:01',2,0.0516191,0,'Action completed, fully processed'),
(7612595,119,0,'2024-10-07 05:48:02',0,0,0,'Run mode: CLI'),
(7612596,119,7612595,'2024-10-07 05:48:02',2,0.0475671,0,'Action completed, fully processed'),
(7612680,119,0,'2024-10-07 06:18:01',0,0,0,'Run mode: CLI'),
(7612681,119,7612680,'2024-10-07 06:18:01',2,0.0428061,0,'Action completed, fully processed'),
(7612766,119,0,'2024-10-07 06:48:01',0,0,0,'Run mode: CLI'),
(7612767,119,7612766,'2024-10-07 06:48:01',2,0.0646029,0,'Action completed, fully processed'),
(7612851,119,0,'2024-10-07 07:18:02',0,0,0,'Run mode: CLI'),
(7612852,119,7612851,'2024-10-07 07:18:02',2,0.0689371,0,'Action completed, fully processed'),
(7612941,119,0,'2024-10-07 07:48:01',0,0,0,'Run mode: CLI'),
(7612942,119,7612941,'2024-10-07 07:48:01',2,0.0467789,0,'Action completed, fully processed'),
(7613026,119,0,'2024-10-07 08:18:02',0,0,0,'Run mode: CLI'),
(7613027,119,7613026,'2024-10-07 08:18:02',2,0.0662138,0,'Action completed, fully processed'),
(7613112,119,0,'2024-10-07 08:48:01',0,0,0,'Run mode: CLI'),
(7613113,119,7613112,'2024-10-07 08:48:01',2,0.0575261,0,'Action completed, fully processed'),
(7613197,119,0,'2024-10-07 09:18:01',0,0,0,'Run mode: CLI'),
(7613198,119,7613197,'2024-10-07 09:18:01',2,0.067059,0,'Action completed, fully processed'),
(7613283,119,0,'2024-10-07 09:48:01',0,0,0,'Run mode: CLI'),
(7613284,119,7613283,'2024-10-07 09:48:01',2,0.0587671,0,'Action completed, fully processed'),
(7613368,119,0,'2024-10-07 10:18:01',0,0,0,'Run mode: CLI'),
(7613369,119,7613368,'2024-10-07 10:18:01',2,0.0424609,0,'Action completed, fully processed'),
(7613454,119,0,'2024-10-07 10:48:02',0,0,0,'Run mode: CLI'),
(7613455,119,7613454,'2024-10-07 10:48:02',2,0.039367,0,'Action completed, fully processed'),
(7613539,119,0,'2024-10-07 11:18:01',0,0,0,'Run mode: CLI'),
(7613540,119,7613539,'2024-10-07 11:18:01',2,0.049619,0,'Action completed, fully processed'),
(7613625,119,0,'2024-10-07 11:48:01',0,0,0,'Run mode: CLI'),
(7613626,119,7613625,'2024-10-07 11:48:01',2,0.0503969,0,'Action completed, fully processed'),
(7613710,119,0,'2024-10-07 12:18:02',0,0,0,'Run mode: CLI'),
(7613711,119,7613710,'2024-10-07 12:18:02',2,0.0608029,0,'Action completed, fully processed'),
(7613776,120,0,'2024-10-07 12:42:01',0,0,0,'Run mode: CLI'),
(7613777,120,7613776,'2024-10-07 12:42:01',2,0.0302989,0,'Action completed, fully processed'),
(7613798,119,0,'2024-10-07 12:48:01',0,0,0,'Run mode: CLI'),
(7613799,119,7613798,'2024-10-07 12:48:01',2,0.0627491,0,'Action completed, fully processed'),
(7613883,119,0,'2024-10-07 13:18:02',0,0,0,'Run mode: CLI'),
(7613884,119,7613883,'2024-10-07 13:18:02',2,0.045835,0,'Action completed, fully processed'),
(7613969,119,0,'2024-10-07 13:48:01',0,0,0,'Run mode: CLI'),
(7613970,119,7613969,'2024-10-07 13:48:01',2,0.0522349,0,'Action completed, fully processed'),
(7614054,119,0,'2024-10-07 14:18:01',0,0,0,'Run mode: CLI'),
(7614055,119,7614054,'2024-10-07 14:18:01',2,0.043885,0,'Action completed, fully processed'),
(7614140,119,0,'2024-10-07 14:48:01',0,0,0,'Run mode: CLI'),
(7614141,119,7614140,'2024-10-07 14:48:01',2,0.069741,0,'Action completed, fully processed'),
(7614225,119,0,'2024-10-07 15:18:01',0,0,0,'Run mode: CLI'),
(7614226,119,7614225,'2024-10-07 15:18:01',2,0.042362,0,'Action completed, fully processed'),
(7614311,119,0,'2024-10-07 15:48:01',0,0,0,'Run mode: CLI'),
(7614312,119,7614311,'2024-10-07 15:48:01',2,0.061574,0,'Action completed, fully processed'),
(7614396,119,0,'2024-10-07 16:18:01',0,0,0,'Run mode: CLI'),
(7614397,119,7614396,'2024-10-07 16:18:01',2,0.0642369,0,'Action completed, fully processed'),
(7614500,119,0,'2024-10-07 16:48:02',0,0,0,'Run mode: CLI'),
(7614501,119,7614500,'2024-10-07 16:48:02',2,0.0358069,0,'Action completed, fully processed'),
(7614618,119,0,'2024-10-07 17:18:02',0,0,0,'Run mode: CLI'),
(7614619,119,7614618,'2024-10-07 17:18:02',2,0.0716748,0,'Action completed, fully processed'),
(7614706,119,0,'2024-10-07 17:48:01',0,0,0,'Run mode: CLI'),
(7614707,119,7614706,'2024-10-07 17:48:01',2,0.0805459,0,'Action completed, fully processed'),
(7614791,119,0,'2024-10-07 18:18:01',0,0,0,'Run mode: CLI'),
(7614792,119,7614791,'2024-10-07 18:18:01',2,0.0534601,0,'Action completed, fully processed'),
(7614877,119,0,'2024-10-07 18:48:02',0,0,0,'Run mode: CLI'),
(7614878,119,7614877,'2024-10-07 18:48:02',2,0.0472238,0,'Action completed, fully processed'),
(7614962,119,0,'2024-10-07 19:18:01',0,0,0,'Run mode: CLI'),
(7614963,119,7614962,'2024-10-07 19:18:01',2,0.0682211,0,'Action completed, fully processed'),
(7615052,119,0,'2024-10-07 19:48:01',0,0,0,'Run mode: CLI'),
(7615053,119,7615052,'2024-10-07 19:48:01',2,0.0544362,0,'Action completed, fully processed'),
(7615137,119,0,'2024-10-07 20:18:01',0,0,0,'Run mode: CLI'),
(7615138,119,7615137,'2024-10-07 20:18:01',2,0.0813079,0,'Action completed, fully processed'),
(7615223,119,0,'2024-10-07 20:48:01',0,0,0,'Run mode: CLI'),
(7615224,119,7615223,'2024-10-07 20:48:01',2,0.0544269,0,'Action completed, fully processed'),
(7615310,119,0,'2024-10-07 21:18:02',0,0,0,'Run mode: CLI'),
(7615311,119,7615310,'2024-10-07 21:18:02',2,0.054193,0,'Action completed, fully processed'),
(7615396,119,0,'2024-10-07 21:48:02',0,0,0,'Run mode: CLI'),
(7615397,119,7615396,'2024-10-07 21:48:02',2,0.0482631,0,'Action completed, fully processed'),
(7615481,119,0,'2024-10-07 22:18:02',0,0,0,'Run mode: CLI'),
(7615482,119,7615481,'2024-10-07 22:18:02',2,0.062309,0,'Action completed, fully processed'),
(7615571,119,0,'2024-10-07 22:48:01',0,0,0,'Run mode: CLI'),
(7615572,119,7615571,'2024-10-07 22:48:01',2,0.074461,0,'Action completed, fully processed'),
(7615656,119,0,'2024-10-07 23:18:01',0,0,0,'Run mode: CLI'),
(7615657,119,7615656,'2024-10-07 23:18:01',2,0.0506361,0,'Action completed, fully processed'),
(7615742,119,0,'2024-10-07 23:48:02',0,0,0,'Run mode: CLI'),
(7615743,119,7615742,'2024-10-07 23:48:02',2,0.0485821,0,'Action completed, fully processed'),
(7615827,119,0,'2024-10-08 00:18:01',0,0,0,'Run mode: CLI'),
(7615828,119,7615827,'2024-10-08 00:18:01',2,0.0679989,0,'Action completed, fully processed'),
(7615913,119,0,'2024-10-08 00:48:01',0,0,0,'Run mode: CLI'),
(7615914,119,7615913,'2024-10-08 00:48:01',2,0.0452158,0,'Action completed, fully processed'),
(7615998,119,0,'2024-10-08 01:18:01',0,0,0,'Run mode: CLI'),
(7615999,119,7615998,'2024-10-08 01:18:01',2,0.0486271,0,'Action completed, fully processed'),
(7616084,119,0,'2024-10-08 01:48:01',0,0,0,'Run mode: CLI'),
(7616085,119,7616084,'2024-10-08 01:48:01',2,0.0438859,0,'Action completed, fully processed'),
(7616169,119,0,'2024-10-08 02:18:01',0,0,0,'Run mode: CLI'),
(7616170,119,7616169,'2024-10-08 02:18:01',2,0.0491371,0,'Action completed, fully processed'),
(7616255,119,0,'2024-10-08 02:48:01',0,0,0,'Run mode: CLI'),
(7616256,119,7616255,'2024-10-08 02:48:01',2,0.0565221,0,'Action completed, fully processed'),
(7616340,119,0,'2024-10-08 03:18:01',0,0,0,'Run mode: CLI'),
(7616341,119,7616340,'2024-10-08 03:18:01',2,0.050168,0,'Action completed, fully processed'),
(7616426,119,0,'2024-10-08 03:48:02',0,0,0,'Run mode: CLI'),
(7616427,119,7616426,'2024-10-08 03:48:02',2,0.0409272,0,'Action completed, fully processed'),
(7616511,119,0,'2024-10-08 04:18:01',0,0,0,'Run mode: CLI'),
(7616512,119,7616511,'2024-10-08 04:18:01',2,0.043432,0,'Action completed, fully processed'),
(7616597,119,0,'2024-10-08 04:48:02',0,0,0,'Run mode: CLI'),
(7616598,119,7616597,'2024-10-08 04:48:02',2,0.0537999,0,'Action completed, fully processed'),
(7616682,119,0,'2024-10-08 05:18:01',0,0,0,'Run mode: CLI'),
(7616683,119,7616682,'2024-10-08 05:18:01',2,0.044858,0,'Action completed, fully processed'),
(7616768,119,0,'2024-10-08 05:48:02',0,0,0,'Run mode: CLI'),
(7616769,119,7616768,'2024-10-08 05:48:02',2,0.0363541,0,'Action completed, fully processed'),
(7616853,119,0,'2024-10-08 06:18:01',0,0,0,'Run mode: CLI'),
(7616854,119,7616853,'2024-10-08 06:18:01',2,0.0503309,0,'Action completed, fully processed'),
(7616939,119,0,'2024-10-08 06:48:01',0,0,0,'Run mode: CLI'),
(7616940,119,7616939,'2024-10-08 06:48:01',2,0.040364,0,'Action completed, fully processed'),
(7617024,119,0,'2024-10-08 07:18:02',0,0,0,'Run mode: CLI'),
(7617025,119,7617024,'2024-10-08 07:18:02',2,0.050885,0,'Action completed, fully processed'),
(7617114,119,0,'2024-10-08 07:48:01',0,0,0,'Run mode: CLI'),
(7617115,119,7617114,'2024-10-08 07:48:01',2,0.040612,0,'Action completed, fully processed'),
(7617199,119,0,'2024-10-08 08:18:02',0,0,0,'Run mode: CLI'),
(7617200,119,7617199,'2024-10-08 08:18:02',2,0.0381479,0,'Action completed, fully processed'),
(7617285,119,0,'2024-10-08 08:48:01',0,0,0,'Run mode: CLI'),
(7617286,119,7617285,'2024-10-08 08:48:01',2,0.056514,0,'Action completed, fully processed'),
(7617370,119,0,'2024-10-08 09:18:02',0,0,0,'Run mode: CLI'),
(7617371,119,7617370,'2024-10-08 09:18:02',2,0.0374269,0,'Action completed, fully processed'),
(7617456,119,0,'2024-10-08 09:48:01',0,0,0,'Run mode: CLI'),
(7617457,119,7617456,'2024-10-08 09:48:01',2,0.0396969,0,'Action completed, fully processed'),
(7617541,119,0,'2024-10-08 10:18:01',0,0,0,'Run mode: CLI'),
(7617542,119,7617541,'2024-10-08 10:18:01',2,0.0387151,0,'Action completed, fully processed'),
(7617627,119,0,'2024-10-08 10:48:01',0,0,0,'Run mode: CLI'),
(7617628,119,7617627,'2024-10-08 10:48:01',2,0.040642,0,'Action completed, fully processed'),
(7617712,119,0,'2024-10-08 11:18:02',0,0,0,'Run mode: CLI'),
(7617713,119,7617712,'2024-10-08 11:18:02',2,0.0367119,0,'Action completed, fully processed'),
(7617798,119,0,'2024-10-08 11:48:01',0,0,0,'Run mode: CLI'),
(7617799,119,7617798,'2024-10-08 11:48:01',2,0.0383279,0,'Action completed, fully processed'),
(7617883,119,0,'2024-10-08 12:18:02',0,0,0,'Run mode: CLI'),
(7617884,119,7617883,'2024-10-08 12:18:02',2,0.0401721,0,'Action completed, fully processed'),
(7617969,119,0,'2024-10-08 12:48:01',0,0,0,'Run mode: CLI'),
(7617970,119,7617969,'2024-10-08 12:48:01',2,0.038552,0,'Action completed, fully processed'),
(7618054,119,0,'2024-10-08 13:18:02',0,0,0,'Run mode: CLI'),
(7618055,119,7618054,'2024-10-08 13:18:02',2,0.0412982,0,'Action completed, fully processed'),
(7618140,119,0,'2024-10-08 13:48:01',0,0,0,'Run mode: CLI'),
(7618141,119,7618140,'2024-10-08 13:48:01',2,0.044909,0,'Action completed, fully processed'),
(7618225,119,0,'2024-10-08 14:18:02',0,0,0,'Run mode: CLI'),
(7618226,119,7618225,'2024-10-08 14:18:02',2,0.0589149,0,'Action completed, fully processed'),
(7618311,119,0,'2024-10-08 14:48:01',0,0,0,'Run mode: CLI'),
(7618312,119,7618311,'2024-10-08 14:48:01',2,0.0405741,0,'Action completed, fully processed'),
(7618396,119,0,'2024-10-08 15:18:01',0,0,0,'Run mode: CLI'),
(7618397,119,7618396,'2024-10-08 15:18:01',2,0.0362039,0,'Action completed, fully processed'),
(7618482,119,0,'2024-10-08 15:48:01',0,0,0,'Run mode: CLI'),
(7618483,119,7618482,'2024-10-08 15:48:01',2,0.0581131,0,'Action completed, fully processed'),
(7618567,119,0,'2024-10-08 16:18:01',0,0,0,'Run mode: CLI'),
(7618568,119,7618567,'2024-10-08 16:18:01',2,0.053231,0,'Action completed, fully processed'),
(7618672,119,0,'2024-10-08 16:48:01',0,0,0,'Run mode: CLI'),
(7618673,119,7618672,'2024-10-08 16:48:01',2,0.038599,0,'Action completed, fully processed'),
(7618786,119,0,'2024-10-08 17:18:01',0,0,0,'Run mode: CLI'),
(7618787,119,7618786,'2024-10-08 17:18:01',2,0.040628,0,'Action completed, fully processed'),
(7618874,119,0,'2024-10-08 17:48:01',0,0,0,'Run mode: CLI'),
(7618875,119,7618874,'2024-10-08 17:48:01',2,0.0455101,0,'Action completed, fully processed'),
(7618959,119,0,'2024-10-08 18:18:02',0,0,0,'Run mode: CLI'),
(7618960,119,7618959,'2024-10-08 18:18:02',2,0.0443439,0,'Action completed, fully processed'),
(7619045,119,0,'2024-10-08 18:48:01',0,0,0,'Run mode: CLI'),
(7619046,119,7619045,'2024-10-08 18:48:01',2,0.0540421,0,'Action completed, fully processed'),
(7619130,119,0,'2024-10-08 19:18:02',0,0,0,'Run mode: CLI'),
(7619131,119,7619130,'2024-10-08 19:18:02',2,0.037653,0,'Action completed, fully processed'),
(7619220,119,0,'2024-10-08 19:48:01',0,0,0,'Run mode: CLI'),
(7619221,119,7619220,'2024-10-08 19:48:01',2,0.041404,0,'Action completed, fully processed'),
(7619305,119,0,'2024-10-08 20:18:01',0,0,0,'Run mode: CLI'),
(7619306,119,7619305,'2024-10-08 20:18:01',2,0.0580621,0,'Action completed, fully processed'),
(7619391,119,0,'2024-10-08 20:48:01',0,0,0,'Run mode: CLI'),
(7619392,119,7619391,'2024-10-08 20:48:01',2,0.039686,0,'Action completed, fully processed'),
(7619476,119,0,'2024-10-08 21:18:01',0,0,0,'Run mode: CLI'),
(7619477,119,7619476,'2024-10-08 21:18:01',2,0.0397592,0,'Action completed, fully processed'),
(7619562,119,0,'2024-10-08 21:48:02',0,0,0,'Run mode: CLI'),
(7619563,119,7619562,'2024-10-08 21:48:02',2,0.0422511,0,'Action completed, fully processed'),
(7619647,119,0,'2024-10-08 22:18:01',0,0,0,'Run mode: CLI'),
(7619648,119,7619647,'2024-10-08 22:18:01',2,0.0552979,0,'Action completed, fully processed'),
(7619737,119,0,'2024-10-08 22:48:02',0,0,0,'Run mode: CLI'),
(7619738,119,7619737,'2024-10-08 22:48:02',2,0.040782,0,'Action completed, fully processed'),
(7619822,119,0,'2024-10-08 23:18:01',0,0,0,'Run mode: CLI'),
(7619823,119,7619822,'2024-10-08 23:18:01',2,0.0409601,0,'Action completed, fully processed'),
(7619908,119,0,'2024-10-08 23:48:01',0,0,0,'Run mode: CLI'),
(7619909,119,7619908,'2024-10-08 23:48:01',2,0.048259,0,'Action completed, fully processed'),
(7619993,119,0,'2024-10-09 00:18:01',0,0,0,'Run mode: CLI'),
(7619994,119,7619993,'2024-10-09 00:18:01',2,0.041204,0,'Action completed, fully processed'),
(7620079,119,0,'2024-10-09 00:48:02',0,0,0,'Run mode: CLI'),
(7620080,119,7620079,'2024-10-09 00:48:02',2,0.038482,0,'Action completed, fully processed'),
(7620164,119,0,'2024-10-09 01:18:01',0,0,0,'Run mode: CLI'),
(7620165,119,7620164,'2024-10-09 01:18:01',2,0.0399692,0,'Action completed, fully processed'),
(7620250,119,0,'2024-10-09 01:48:01',0,0,0,'Run mode: CLI'),
(7620251,119,7620250,'2024-10-09 01:48:01',2,0.0432601,0,'Action completed, fully processed'),
(7620335,119,0,'2024-10-09 02:18:02',0,0,0,'Run mode: CLI'),
(7620336,119,7620335,'2024-10-09 02:18:02',2,0.0434961,0,'Action completed, fully processed'),
(7620421,119,0,'2024-10-09 02:48:01',0,0,0,'Run mode: CLI'),
(7620422,119,7620421,'2024-10-09 02:48:01',2,0.043319,0,'Action completed, fully processed'),
(7620506,119,0,'2024-10-09 03:18:02',0,0,0,'Run mode: CLI'),
(7620507,119,7620506,'2024-10-09 03:18:02',2,0.0422318,0,'Action completed, fully processed'),
(7620592,119,0,'2024-10-09 03:48:01',0,0,0,'Run mode: CLI'),
(7620593,119,7620592,'2024-10-09 03:48:01',2,0.0545659,0,'Action completed, fully processed'),
(7620677,119,0,'2024-10-09 04:18:01',0,0,0,'Run mode: CLI'),
(7620678,119,7620677,'2024-10-09 04:18:01',2,0.0445011,0,'Action completed, fully processed'),
(7620763,119,0,'2024-10-09 04:48:01',0,0,0,'Run mode: CLI'),
(7620764,119,7620763,'2024-10-09 04:48:01',2,0.0434949,0,'Action completed, fully processed'),
(7620848,119,0,'2024-10-09 05:18:01',0,0,0,'Run mode: CLI'),
(7620849,119,7620848,'2024-10-09 05:18:01',2,0.0477929,0,'Action completed, fully processed'),
(7620934,119,0,'2024-10-09 05:48:02',0,0,0,'Run mode: CLI'),
(7620935,119,7620934,'2024-10-09 05:48:02',2,0.041451,0,'Action completed, fully processed'),
(7621019,119,0,'2024-10-09 06:18:01',0,0,0,'Run mode: CLI'),
(7621020,119,7621019,'2024-10-09 06:18:01',2,0.0633891,0,'Action completed, fully processed'),
(7621105,119,0,'2024-10-09 06:48:02',0,0,0,'Run mode: CLI'),
(7621106,119,7621105,'2024-10-09 06:48:02',2,0.0404999,0,'Action completed, fully processed'),
(7621190,119,0,'2024-10-09 07:18:01',0,0,0,'Run mode: CLI'),
(7621191,119,7621190,'2024-10-09 07:18:01',2,0.0701079,0,'Action completed, fully processed'),
(7621280,119,0,'2024-10-09 07:48:01',0,0,0,'Run mode: CLI'),
(7621281,119,7621280,'2024-10-09 07:48:01',2,0.057019,0,'Action completed, fully processed'),
(7621365,119,0,'2024-10-09 08:18:02',0,0,0,'Run mode: CLI'),
(7621366,119,7621365,'2024-10-09 08:18:02',2,0.0480971,0,'Action completed, fully processed'),
(7621451,119,0,'2024-10-09 08:48:01',0,0,0,'Run mode: CLI'),
(7621452,119,7621451,'2024-10-09 08:48:01',2,0.0651431,0,'Action completed, fully processed'),
(7621536,119,0,'2024-10-09 09:18:02',0,0,0,'Run mode: CLI'),
(7621537,119,7621536,'2024-10-09 09:18:02',2,0.043767,0,'Action completed, fully processed'),
(7621622,119,0,'2024-10-09 09:48:01',0,0,0,'Run mode: CLI'),
(7621623,119,7621622,'2024-10-09 09:48:01',2,0.0518448,0,'Action completed, fully processed'),
(7621707,119,0,'2024-10-09 10:18:01',0,0,0,'Run mode: CLI'),
(7621708,119,7621707,'2024-10-09 10:18:01',2,0.039269,0,'Action completed, fully processed'),
(7621793,119,0,'2024-10-09 10:48:02',0,0,0,'Run mode: CLI'),
(7621794,119,7621793,'2024-10-09 10:48:02',2,0.0484681,0,'Action completed, fully processed'),
(7621878,119,0,'2024-10-09 11:18:01',0,0,0,'Run mode: CLI'),
(7621879,119,7621878,'2024-10-09 11:18:01',2,0.0432529,0,'Action completed, fully processed'),
(7621964,119,0,'2024-10-09 11:48:01',0,0,0,'Run mode: CLI'),
(7621965,119,7621964,'2024-10-09 11:48:01',2,0.0367868,0,'Action completed, fully processed'),
(7622049,119,0,'2024-10-09 12:18:01',0,0,0,'Run mode: CLI'),
(7622050,119,7622049,'2024-10-09 12:18:01',2,0.0445728,0,'Action completed, fully processed'),
(7622135,119,0,'2024-10-09 12:48:01',0,0,0,'Run mode: CLI'),
(7622136,119,7622135,'2024-10-09 12:48:01',2,0.0397952,0,'Action completed, fully processed'),
(7622222,119,0,'2024-10-09 13:18:01',0,0,0,'Run mode: CLI'),
(7622223,119,7622222,'2024-10-09 13:18:01',2,0.0410008,0,'Action completed, fully processed'),
(7622308,119,0,'2024-10-09 13:48:01',0,0,0,'Run mode: CLI'),
(7622309,119,7622308,'2024-10-09 13:48:01',2,0.0384781,0,'Action completed, fully processed'),
(7622393,119,0,'2024-10-09 14:18:01',0,0,0,'Run mode: CLI'),
(7622394,119,7622393,'2024-10-09 14:18:01',2,0.0424609,0,'Action completed, fully processed'),
(7622479,119,0,'2024-10-09 14:48:01',0,0,0,'Run mode: CLI'),
(7622480,119,7622479,'2024-10-09 14:48:01',2,0.037801,0,'Action completed, fully processed'),
(7622564,119,0,'2024-10-09 15:18:01',0,0,0,'Run mode: CLI'),
(7622565,119,7622564,'2024-10-09 15:18:01',2,0.046186,0,'Action completed, fully processed'),
(7622650,119,0,'2024-10-09 15:48:01',0,0,0,'Run mode: CLI'),
(7622651,119,7622650,'2024-10-09 15:48:01',2,0.0458691,0,'Action completed, fully processed'),
(7622741,119,0,'2024-10-09 16:18:01',0,0,0,'Run mode: CLI'),
(7622742,119,7622741,'2024-10-09 16:18:01',2,0.0420442,0,'Action completed, fully processed'),
(7622845,119,0,'2024-10-09 16:48:01',0,0,0,'Run mode: CLI'),
(7622846,119,7622845,'2024-10-09 16:48:01',2,0.045886,0,'Action completed, fully processed'),
(7622959,119,0,'2024-10-09 17:18:02',0,0,0,'Run mode: CLI'),
(7622960,119,7622959,'2024-10-09 17:18:02',2,0.0437939,0,'Action completed, fully processed'),
(7623047,119,0,'2024-10-09 17:48:01',0,0,0,'Run mode: CLI'),
(7623048,119,7623047,'2024-10-09 17:48:01',2,0.040457,0,'Action completed, fully processed'),
(7623132,119,0,'2024-10-09 18:18:02',0,0,0,'Run mode: CLI'),
(7623133,119,7623132,'2024-10-09 18:18:02',2,0.039465,0,'Action completed, fully processed'),
(7623218,119,0,'2024-10-09 18:48:01',0,0,0,'Run mode: CLI'),
(7623219,119,7623218,'2024-10-09 18:48:01',2,0.0450289,0,'Action completed, fully processed'),
(7623303,119,0,'2024-10-09 19:18:01',0,0,0,'Run mode: CLI'),
(7623304,119,7623303,'2024-10-09 19:18:01',2,0.0712299,0,'Action completed, fully processed'),
(7623393,119,0,'2024-10-09 19:48:01',0,0,0,'Run mode: CLI'),
(7623394,119,7623393,'2024-10-09 19:48:01',2,0.0660379,0,'Action completed, fully processed'),
(7623478,119,0,'2024-10-09 20:18:02',0,0,0,'Run mode: CLI'),
(7623479,119,7623478,'2024-10-09 20:18:02',2,0.0608079,0,'Action completed, fully processed'),
(7623564,119,0,'2024-10-09 20:48:01',0,0,0,'Run mode: CLI'),
(7623565,119,7623564,'2024-10-09 20:48:01',2,0.0415559,0,'Action completed, fully processed'),
(7623649,119,0,'2024-10-09 21:18:01',0,0,0,'Run mode: CLI'),
(7623650,119,7623649,'2024-10-09 21:18:01',2,0.039124,0,'Action completed, fully processed'),
(7623735,119,0,'2024-10-09 21:48:02',0,0,0,'Run mode: CLI'),
(7623736,119,7623735,'2024-10-09 21:48:02',2,0.0607879,0,'Action completed, fully processed'),
(7623820,119,0,'2024-10-09 22:18:01',0,0,0,'Run mode: CLI'),
(7623821,119,7623820,'2024-10-09 22:18:01',2,0.070775,0,'Action completed, fully processed'),
(7623910,119,0,'2024-10-09 22:48:01',0,0,0,'Run mode: CLI'),
(7623911,119,7623910,'2024-10-09 22:48:01',2,0.0595701,0,'Action completed, fully processed'),
(7623995,119,0,'2024-10-09 23:18:02',0,0,0,'Run mode: CLI'),
(7623996,119,7623995,'2024-10-09 23:18:02',2,0.039994,0,'Action completed, fully processed'),
(7624081,119,0,'2024-10-09 23:48:01',0,0,0,'Run mode: CLI'),
(7624082,119,7624081,'2024-10-09 23:48:01',2,0.0410411,0,'Action completed, fully processed'),
(7624166,119,0,'2024-10-10 00:18:01',0,0,0,'Run mode: CLI'),
(7624167,119,7624166,'2024-10-10 00:18:01',2,0.0507259,0,'Action completed, fully processed'),
(7624252,119,0,'2024-10-10 00:48:01',0,0,0,'Run mode: CLI'),
(7624253,119,7624252,'2024-10-10 00:48:01',2,0.0409489,0,'Action completed, fully processed'),
(7624337,119,0,'2024-10-10 01:18:01',0,0,0,'Run mode: CLI'),
(7624338,119,7624337,'2024-10-10 01:18:01',2,0.0513511,0,'Action completed, fully processed'),
(7624423,119,0,'2024-10-10 01:48:01',0,0,0,'Run mode: CLI'),
(7624424,119,7624423,'2024-10-10 01:48:01',2,0.0528009,0,'Action completed, fully processed'),
(7624508,119,0,'2024-10-10 02:18:01',0,0,0,'Run mode: CLI'),
(7624509,119,7624508,'2024-10-10 02:18:01',2,0.0432122,0,'Action completed, fully processed'),
(7624594,119,0,'2024-10-10 02:48:01',0,0,0,'Run mode: CLI'),
(7624595,119,7624594,'2024-10-10 02:48:01',2,0.0465069,0,'Action completed, fully processed'),
(7624679,119,0,'2024-10-10 03:18:01',0,0,0,'Run mode: CLI'),
(7624680,119,7624679,'2024-10-10 03:18:01',2,0.0598741,0,'Action completed, fully processed'),
(7624765,119,0,'2024-10-10 03:48:02',0,0,0,'Run mode: CLI'),
(7624766,119,7624765,'2024-10-10 03:48:02',2,0.0453901,0,'Action completed, fully processed'),
(7624850,119,0,'2024-10-10 04:18:02',0,0,0,'Run mode: CLI'),
(7624851,119,7624850,'2024-10-10 04:18:02',2,0.0505869,0,'Action completed, fully processed'),
(7624936,119,0,'2024-10-10 04:48:01',0,0,0,'Run mode: CLI'),
(7624937,119,7624936,'2024-10-10 04:48:01',2,0.050163,0,'Action completed, fully processed'),
(7624981,119,0,'2024-10-10 20:10:02',0,0,0,'Run mode: CLI'),
(7624982,119,7624981,'2024-10-10 20:10:02',2,0.0589499,0,'Action completed, fully processed'),
(7625122,119,0,'2024-10-10 20:40:02',0,0,0,'Run mode: CLI'),
(7625123,119,7625122,'2024-10-10 20:40:02',2,0.0563331,0,'Action completed, fully processed'),
(7625204,119,0,'2024-10-10 21:10:02',0,0,0,'Run mode: CLI'),
(7625205,119,7625204,'2024-10-10 21:10:02',2,0.0552721,0,'Action completed, fully processed'),
(7625293,119,0,'2024-10-10 21:40:02',0,0,0,'Run mode: CLI'),
(7625294,119,7625293,'2024-10-10 21:40:02',2,0.0628359,0,'Action completed, fully processed'),
(7625376,119,0,'2024-10-10 22:10:02',0,0,0,'Run mode: CLI'),
(7625377,119,7625376,'2024-10-10 22:10:02',2,0.0479751,0,'Action completed, fully processed'),
(7625469,119,0,'2024-10-10 22:40:01',0,0,0,'Run mode: CLI'),
(7625470,119,7625469,'2024-10-10 22:40:01',2,0.0507791,0,'Action completed, fully processed'),
(7625551,119,0,'2024-10-10 23:10:02',0,0,0,'Run mode: CLI'),
(7625552,119,7625551,'2024-10-10 23:10:02',2,0.0624261,0,'Action completed, fully processed'),
(7625640,119,0,'2024-10-10 23:40:02',0,0,0,'Run mode: CLI'),
(7625641,119,7625640,'2024-10-10 23:40:02',2,0.0526161,0,'Action completed, fully processed'),
(7625722,119,0,'2024-10-11 00:10:02',0,0,0,'Run mode: CLI'),
(7625723,119,7625722,'2024-10-11 00:10:02',2,0.0557871,0,'Action completed, fully processed'),
(7625811,119,0,'2024-10-11 00:40:01',0,0,0,'Run mode: CLI'),
(7625812,119,7625811,'2024-10-11 00:40:01',2,0.062083,0,'Action completed, fully processed'),
(7625893,119,0,'2024-10-11 01:10:02',0,0,0,'Run mode: CLI'),
(7625894,119,7625893,'2024-10-11 01:10:02',2,0.0640099,0,'Action completed, fully processed'),
(7625982,119,0,'2024-10-11 01:40:01',0,0,0,'Run mode: CLI'),
(7625983,119,7625982,'2024-10-11 01:40:01',2,0.0560319,0,'Action completed, fully processed'),
(7626064,119,0,'2024-10-11 02:10:01',0,0,0,'Run mode: CLI'),
(7626065,119,7626064,'2024-10-11 02:10:01',2,0.0616031,0,'Action completed, fully processed'),
(7626153,119,0,'2024-10-11 02:40:02',0,0,0,'Run mode: CLI'),
(7626154,119,7626153,'2024-10-11 02:40:02',2,0.060039,0,'Action completed, fully processed'),
(7626235,119,0,'2024-10-11 03:10:01',0,0,0,'Run mode: CLI'),
(7626236,119,7626235,'2024-10-11 03:10:01',2,0.0713589,0,'Action completed, fully processed'),
(7626324,119,0,'2024-10-11 03:40:01',0,0,0,'Run mode: CLI'),
(7626325,119,7626324,'2024-10-11 03:40:01',2,0.060226,0,'Action completed, fully processed'),
(7626406,119,0,'2024-10-11 04:10:01',0,0,0,'Run mode: CLI'),
(7626407,119,7626406,'2024-10-11 04:10:01',2,0.0719788,0,'Action completed, fully processed'),
(7626495,119,0,'2024-10-11 04:40:02',0,0,0,'Run mode: CLI'),
(7626496,119,7626495,'2024-10-11 04:40:02',2,0.051599,0,'Action completed, fully processed'),
(7626577,119,0,'2024-10-11 05:10:01',0,0,0,'Run mode: CLI'),
(7626578,119,7626577,'2024-10-11 05:10:01',2,0.054045,0,'Action completed, fully processed'),
(7626666,119,0,'2024-10-11 05:40:01',0,0,0,'Run mode: CLI'),
(7626667,119,7626666,'2024-10-11 05:40:01',2,0.0544002,0,'Action completed, fully processed'),
(7626748,119,0,'2024-10-11 06:10:01',0,0,0,'Run mode: CLI'),
(7626749,119,7626748,'2024-10-11 06:10:01',2,0.059392,0,'Action completed, fully processed'),
(7626837,119,0,'2024-10-11 06:40:01',0,0,0,'Run mode: CLI'),
(7626838,119,7626837,'2024-10-11 06:40:01',2,0.0532558,0,'Action completed, fully processed'),
(7626919,119,0,'2024-10-11 07:10:01',0,0,0,'Run mode: CLI'),
(7626920,119,7626919,'2024-10-11 07:10:01',2,0.0673878,0,'Action completed, fully processed'),
(7627008,119,0,'2024-10-11 07:40:01',0,0,0,'Run mode: CLI'),
(7627009,119,7627008,'2024-10-11 07:40:01',2,0.0491021,0,'Action completed, fully processed'),
(7627090,119,0,'2024-10-11 08:10:01',0,0,0,'Run mode: CLI'),
(7627091,119,7627090,'2024-10-11 08:10:01',2,0.059123,0,'Action completed, fully processed'),
(7627183,119,0,'2024-10-11 08:40:01',0,0,0,'Run mode: CLI'),
(7627184,119,7627183,'2024-10-11 08:40:01',2,0.076072,0,'Action completed, fully processed'),
(7627265,119,0,'2024-10-11 09:10:01',0,0,0,'Run mode: CLI'),
(7627266,119,7627265,'2024-10-11 09:10:01',2,0.068006,0,'Action completed, fully processed'),
(7627354,119,0,'2024-10-11 09:40:01',0,0,0,'Run mode: CLI'),
(7627355,119,7627354,'2024-10-11 09:40:01',2,0.0575271,0,'Action completed, fully processed'),
(7627436,119,0,'2024-10-11 10:10:01',0,0,0,'Run mode: CLI'),
(7627437,119,7627436,'2024-10-11 10:10:01',2,0.0533891,0,'Action completed, fully processed'),
(7627525,119,0,'2024-10-11 10:40:02',0,0,0,'Run mode: CLI'),
(7627526,119,7627525,'2024-10-11 10:40:02',2,0.0525141,0,'Action completed, fully processed'),
(7627607,119,0,'2024-10-11 11:10:02',0,0,0,'Run mode: CLI'),
(7627608,119,7627607,'2024-10-11 11:10:02',2,0.0590801,0,'Action completed, fully processed'),
(7627696,119,0,'2024-10-11 11:40:01',0,0,0,'Run mode: CLI'),
(7627697,119,7627696,'2024-10-11 11:40:01',2,0.054625,0,'Action completed, fully processed'),
(7627778,119,0,'2024-10-11 12:10:02',0,0,0,'Run mode: CLI'),
(7627779,119,7627778,'2024-10-11 12:10:02',2,0.060745,0,'Action completed, fully processed'),
(7627867,119,0,'2024-10-11 12:40:01',0,0,0,'Run mode: CLI'),
(7627868,119,7627867,'2024-10-11 12:40:01',2,0.059351,0,'Action completed, fully processed'),
(7627949,119,0,'2024-10-11 13:10:01',0,0,0,'Run mode: CLI'),
(7627950,119,7627949,'2024-10-11 13:10:01',2,0.0623019,0,'Action completed, fully processed'),
(7628038,119,0,'2024-10-11 13:40:01',0,0,0,'Run mode: CLI'),
(7628039,119,7628038,'2024-10-11 13:40:01',2,0.071218,0,'Action completed, fully processed'),
(7628120,119,0,'2024-10-11 14:10:01',0,0,0,'Run mode: CLI'),
(7628121,119,7628120,'2024-10-11 14:10:01',2,0.0719039,0,'Action completed, fully processed'),
(7628209,119,0,'2024-10-11 14:40:01',0,0,0,'Run mode: CLI'),
(7628210,119,7628209,'2024-10-11 14:40:01',2,0.05671,0,'Action completed, fully processed'),
(7628291,119,0,'2024-10-11 15:10:01',0,0,0,'Run mode: CLI'),
(7628292,119,7628291,'2024-10-11 15:10:01',2,0.0565391,0,'Action completed, fully processed'),
(7628380,119,0,'2024-10-11 15:40:01',0,0,0,'Run mode: CLI'),
(7628381,119,7628380,'2024-10-11 15:40:01',2,0.0611651,0,'Action completed, fully processed'),
(7628462,119,0,'2024-10-11 16:10:02',0,0,0,'Run mode: CLI'),
(7628463,119,7628462,'2024-10-11 16:10:02',2,0.057864,0,'Action completed, fully processed'),
(7628551,119,0,'2024-10-11 16:40:03',0,0,0,'Run mode: CLI'),
(7628552,119,7628551,'2024-10-11 16:40:03',2,0.0559249,0,'Action completed, fully processed'),
(7628633,119,0,'2024-10-11 17:10:02',0,0,0,'Run mode: CLI'),
(7628634,119,7628633,'2024-10-11 17:10:02',2,0.0779431,0,'Action completed, fully processed'),
(7628722,119,0,'2024-10-11 17:40:03',0,0,0,'Run mode: CLI'),
(7628723,119,7628722,'2024-10-11 17:40:03',2,0.059217,0,'Action completed, fully processed'),
(7628804,119,0,'2024-10-11 18:10:02',0,0,0,'Run mode: CLI'),
(7628805,119,7628804,'2024-10-11 18:10:02',2,0.0386221,0,'Action completed, fully processed'),
(7628885,119,0,'2024-10-11 18:40:01',0,0,0,'Run mode: CLI'),
(7628886,119,7628885,'2024-10-11 18:40:01',2,0.115873,0,'Action completed, fully processed'),
(7628967,119,0,'2024-10-11 19:10:01',0,0,0,'Run mode: CLI'),
(7628968,119,7628967,'2024-10-11 19:10:01',2,0.051676,0,'Action completed, fully processed'),
(7629056,119,0,'2024-10-11 19:40:01',0,0,0,'Run mode: CLI'),
(7629057,119,7629056,'2024-10-11 19:40:01',2,0.076838,0,'Action completed, fully processed'),
(7629138,119,0,'2024-10-11 20:10:01',0,0,0,'Run mode: CLI'),
(7629139,119,7629138,'2024-10-11 20:10:01',2,0.0725958,0,'Action completed, fully processed'),
(7629277,119,0,'2024-10-11 20:40:01',0,0,0,'Run mode: CLI'),
(7629278,119,7629277,'2024-10-11 20:40:01',2,0.0659859,0,'Action completed, fully processed'),
(7629359,119,0,'2024-10-11 21:10:01',0,0,0,'Run mode: CLI'),
(7629360,119,7629359,'2024-10-11 21:10:01',2,0.0552042,0,'Action completed, fully processed'),
(7629448,119,0,'2024-10-11 21:40:01',0,0,0,'Run mode: CLI'),
(7629449,119,7629448,'2024-10-11 21:40:01',2,0.0832419,0,'Action completed, fully processed'),
(7629530,119,0,'2024-10-11 22:10:02',0,0,0,'Run mode: CLI'),
(7629531,119,7629530,'2024-10-11 22:10:02',2,0.0500169,0,'Action completed, fully processed'),
(7629623,119,0,'2024-10-11 22:40:02',0,0,0,'Run mode: CLI'),
(7629624,119,7629623,'2024-10-11 22:40:02',2,0.0564618,0,'Action completed, fully processed'),
(7629705,119,0,'2024-10-11 23:10:02',0,0,0,'Run mode: CLI'),
(7629706,119,7629705,'2024-10-11 23:10:02',2,0.0679529,0,'Action completed, fully processed'),
(7629794,119,0,'2024-10-11 23:40:01',0,0,0,'Run mode: CLI'),
(7629795,119,7629794,'2024-10-11 23:40:01',2,0.048305,0,'Action completed, fully processed'),
(7629876,119,0,'2024-10-12 00:10:02',0,0,0,'Run mode: CLI'),
(7629877,119,7629876,'2024-10-12 00:10:02',2,0.050272,0,'Action completed, fully processed'),
(7629965,119,0,'2024-10-12 00:40:02',0,0,0,'Run mode: CLI'),
(7629966,119,7629965,'2024-10-12 00:40:02',2,0.076853,0,'Action completed, fully processed'),
(7630047,119,0,'2024-10-12 01:10:02',0,0,0,'Run mode: CLI'),
(7630048,119,7630047,'2024-10-12 01:10:02',2,0.049901,0,'Action completed, fully processed'),
(7630136,119,0,'2024-10-12 01:40:01',0,0,0,'Run mode: CLI'),
(7630137,119,7630136,'2024-10-12 01:40:01',2,0.092066,0,'Action completed, fully processed'),
(7630218,119,0,'2024-10-12 02:10:01',0,0,0,'Run mode: CLI'),
(7630219,119,7630218,'2024-10-12 02:10:01',2,0.036936,0,'Action completed, fully processed'),
(7630307,119,0,'2024-10-12 02:40:01',0,0,0,'Run mode: CLI'),
(7630308,119,7630307,'2024-10-12 02:40:01',2,0.0743022,0,'Action completed, fully processed'),
(7630389,119,0,'2024-10-12 03:10:01',0,0,0,'Run mode: CLI'),
(7630390,119,7630389,'2024-10-12 03:10:01',2,0.0777462,0,'Action completed, fully processed'),
(7630478,119,0,'2024-10-12 03:40:02',0,0,0,'Run mode: CLI'),
(7630479,119,7630478,'2024-10-12 03:40:02',2,0.0641301,0,'Action completed, fully processed'),
(7630560,119,0,'2024-10-12 04:10:02',0,0,0,'Run mode: CLI'),
(7630561,119,7630560,'2024-10-12 04:10:02',2,0.0381138,0,'Action completed, fully processed'),
(7630649,119,0,'2024-10-12 04:40:02',0,0,0,'Run mode: CLI'),
(7630650,119,7630649,'2024-10-12 04:40:02',2,0.0684171,0,'Action completed, fully processed'),
(7630731,119,0,'2024-10-12 05:10:02',0,0,0,'Run mode: CLI'),
(7630732,119,7630731,'2024-10-12 05:10:02',2,0.069581,0,'Action completed, fully processed'),
(7630820,119,0,'2024-10-12 05:40:02',0,0,0,'Run mode: CLI'),
(7630821,119,7630820,'2024-10-12 05:40:02',2,0.0505559,0,'Action completed, fully processed'),
(7630902,119,0,'2024-10-12 06:10:02',0,0,0,'Run mode: CLI'),
(7630903,119,7630902,'2024-10-12 06:10:02',2,0.053524,0,'Action completed, fully processed'),
(7630991,119,0,'2024-10-12 06:40:02',0,0,0,'Run mode: CLI'),
(7630992,119,7630991,'2024-10-12 06:40:02',2,0.0738108,0,'Action completed, fully processed'),
(7631073,119,0,'2024-10-12 07:10:02',0,0,0,'Run mode: CLI'),
(7631074,119,7631073,'2024-10-12 07:10:02',2,0.0349302,0,'Action completed, fully processed'),
(7631162,119,0,'2024-10-12 07:40:01',0,0,0,'Run mode: CLI'),
(7631163,119,7631162,'2024-10-12 07:40:01',2,0.094681,0,'Action completed, fully processed'),
(7631244,119,0,'2024-10-12 08:10:02',0,0,0,'Run mode: CLI'),
(7631245,119,7631244,'2024-10-12 08:10:02',2,0.051019,0,'Action completed, fully processed'),
(7631337,119,0,'2024-10-12 08:40:02',0,0,0,'Run mode: CLI'),
(7631338,119,7631337,'2024-10-12 08:40:02',2,0.0779901,0,'Action completed, fully processed'),
(7631419,119,0,'2024-10-12 09:10:01',0,0,0,'Run mode: CLI'),
(7631420,119,7631419,'2024-10-12 09:10:01',2,0.0503411,0,'Action completed, fully processed'),
(7631508,119,0,'2024-10-12 09:40:01',0,0,0,'Run mode: CLI'),
(7631509,119,7631508,'2024-10-12 09:40:01',2,0.0911481,0,'Action completed, fully processed'),
(7631590,119,0,'2024-10-12 10:10:01',0,0,0,'Run mode: CLI'),
(7631591,119,7631590,'2024-10-12 10:10:01',2,0.054821,0,'Action completed, fully processed'),
(7631679,119,0,'2024-10-12 10:40:01',0,0,0,'Run mode: CLI'),
(7631680,119,7631679,'2024-10-12 10:40:01',2,0.05299,0,'Action completed, fully processed'),
(7631761,119,0,'2024-10-12 11:10:01',0,0,0,'Run mode: CLI'),
(7631762,119,7631761,'2024-10-12 11:10:01',2,0.038604,0,'Action completed, fully processed'),
(7631850,119,0,'2024-10-12 11:40:02',0,0,0,'Run mode: CLI'),
(7631851,119,7631850,'2024-10-12 11:40:02',2,0.075671,0,'Action completed, fully processed'),
(7631932,119,0,'2024-10-12 12:10:02',0,0,0,'Run mode: CLI'),
(7631933,119,7631932,'2024-10-12 12:10:02',2,0.0538609,0,'Action completed, fully processed'),
(7632021,119,0,'2024-10-12 12:40:02',0,0,0,'Run mode: CLI'),
(7632022,119,7632021,'2024-10-12 12:40:02',2,0.0597219,0,'Action completed, fully processed'),
(7632103,119,0,'2024-10-12 13:10:02',0,0,0,'Run mode: CLI'),
(7632104,119,7632103,'2024-10-12 13:10:02',2,0.0504401,0,'Action completed, fully processed'),
(7632192,119,0,'2024-10-12 13:40:02',0,0,0,'Run mode: CLI'),
(7632193,119,7632192,'2024-10-12 13:40:02',2,0.0667942,0,'Action completed, fully processed'),
(7632274,119,0,'2024-10-12 14:10:01',0,0,0,'Run mode: CLI'),
(7632275,119,7632274,'2024-10-12 14:10:01',2,0.0583239,0,'Action completed, fully processed'),
(7632363,119,0,'2024-10-12 14:40:01',0,0,0,'Run mode: CLI'),
(7632364,119,7632363,'2024-10-12 14:40:01',2,0.0720038,0,'Action completed, fully processed'),
(7632445,119,0,'2024-10-12 15:10:01',0,0,0,'Run mode: CLI'),
(7632446,119,7632445,'2024-10-12 15:10:01',2,0.056922,0,'Action completed, fully processed'),
(7632534,119,0,'2024-10-12 15:40:01',0,0,0,'Run mode: CLI'),
(7632535,119,7632534,'2024-10-12 15:40:01',2,0.07723,0,'Action completed, fully processed'),
(7632616,119,0,'2024-10-12 16:10:02',0,0,0,'Run mode: CLI'),
(7632617,119,7632616,'2024-10-12 16:10:02',2,0.0600049,0,'Action completed, fully processed'),
(7632705,119,0,'2024-10-12 16:40:02',0,0,0,'Run mode: CLI'),
(7632706,119,7632705,'2024-10-12 16:40:02',2,0.072325,0,'Action completed, fully processed'),
(7632787,119,0,'2024-10-12 17:10:01',0,0,0,'Run mode: CLI'),
(7632788,119,7632787,'2024-10-12 17:10:01',2,0.069207,0,'Action completed, fully processed'),
(7632876,119,0,'2024-10-12 17:40:02',0,0,0,'Run mode: CLI'),
(7632877,119,7632876,'2024-10-12 17:40:02',2,0.075495,0,'Action completed, fully processed'),
(7632958,119,0,'2024-10-12 18:10:02',0,0,0,'Run mode: CLI'),
(7632959,119,7632958,'2024-10-12 18:10:02',2,0.0546739,0,'Action completed, fully processed'),
(7633047,119,0,'2024-10-12 18:40:01',0,0,0,'Run mode: CLI'),
(7633048,119,7633047,'2024-10-12 18:40:01',2,0.06777,0,'Action completed, fully processed'),
(7633129,119,0,'2024-10-12 19:10:01',0,0,0,'Run mode: CLI'),
(7633130,119,7633129,'2024-10-12 19:10:01',2,0.0530388,0,'Action completed, fully processed'),
(7633218,119,0,'2024-10-12 19:40:01',0,0,0,'Run mode: CLI'),
(7633219,119,7633218,'2024-10-12 19:40:01',2,0.0524261,0,'Action completed, fully processed'),
(7633300,119,0,'2024-10-12 20:10:01',0,0,0,'Run mode: CLI'),
(7633301,119,7633300,'2024-10-12 20:10:01',2,0.075042,0,'Action completed, fully processed'),
(7633438,119,0,'2024-10-12 20:40:02',0,0,0,'Run mode: CLI'),
(7633439,119,7633438,'2024-10-12 20:40:02',2,0.088165,0,'Action completed, fully processed'),
(7633520,119,0,'2024-10-12 21:10:02',0,0,0,'Run mode: CLI'),
(7633521,119,7633520,'2024-10-12 21:10:02',2,0.0651951,0,'Action completed, fully processed'),
(7633609,119,0,'2024-10-12 21:40:02',0,0,0,'Run mode: CLI'),
(7633610,119,7633609,'2024-10-12 21:40:02',2,0.0719161,0,'Action completed, fully processed'),
(7633691,119,0,'2024-10-12 22:10:02',0,0,0,'Run mode: CLI'),
(7633692,119,7633691,'2024-10-12 22:10:02',2,0.073674,0,'Action completed, fully processed'),
(7633772,119,0,'2024-10-12 22:40:02',0,0,0,'Run mode: CLI'),
(7633773,119,7633772,'2024-10-12 22:40:02',2,0.0859489,0,'Action completed, fully processed'),
(7633854,119,0,'2024-10-12 23:10:01',0,0,0,'Run mode: CLI'),
(7633855,119,7633854,'2024-10-12 23:10:01',2,0.0684681,0,'Action completed, fully processed'),
(7633943,119,0,'2024-10-12 23:40:02',0,0,0,'Run mode: CLI'),
(7633944,119,7633943,'2024-10-12 23:40:02',2,0.0769279,0,'Action completed, fully processed'),
(7634025,119,0,'2024-10-13 00:10:01',0,0,0,'Run mode: CLI'),
(7634026,119,7634025,'2024-10-13 00:10:01',2,0.0558989,0,'Action completed, fully processed'),
(7634114,119,0,'2024-10-13 00:40:01',0,0,0,'Run mode: CLI'),
(7634115,119,7634114,'2024-10-13 00:40:01',2,0.0507879,0,'Action completed, fully processed'),
(7634196,119,0,'2024-10-13 01:10:01',0,0,0,'Run mode: CLI'),
(7634197,119,7634196,'2024-10-13 01:10:01',2,0.0463421,0,'Action completed, fully processed'),
(7634285,119,0,'2024-10-13 01:40:02',0,0,0,'Run mode: CLI'),
(7634286,119,7634285,'2024-10-13 01:40:02',2,0.12567,0,'Action completed, fully processed'),
(7634367,119,0,'2024-10-13 02:10:01',0,0,0,'Run mode: CLI'),
(7634368,119,7634367,'2024-10-13 02:10:01',2,0.054848,0,'Action completed, fully processed'),
(7634456,119,0,'2024-10-13 02:40:02',0,0,0,'Run mode: CLI'),
(7634457,119,7634456,'2024-10-13 02:40:02',2,0.0748501,0,'Action completed, fully processed'),
(7634538,119,0,'2024-10-13 03:10:02',0,0,0,'Run mode: CLI'),
(7634539,119,7634538,'2024-10-13 03:10:02',2,0.06021,0,'Action completed, fully processed'),
(7634627,119,0,'2024-10-13 03:40:02',0,0,0,'Run mode: CLI'),
(7634628,119,7634627,'2024-10-13 03:40:02',2,0.0726161,0,'Action completed, fully processed'),
(7634709,119,0,'2024-10-13 04:10:02',0,0,0,'Run mode: CLI'),
(7634710,119,7634709,'2024-10-13 04:10:02',2,0.0559809,0,'Action completed, fully processed'),
(7634798,119,0,'2024-10-13 04:40:02',0,0,0,'Run mode: CLI'),
(7634799,119,7634798,'2024-10-13 04:40:02',2,0.0495038,0,'Action completed, fully processed'),
(7634880,119,0,'2024-10-13 05:10:01',0,0,0,'Run mode: CLI'),
(7634881,119,7634880,'2024-10-13 05:10:01',2,0.066359,0,'Action completed, fully processed'),
(7634969,119,0,'2024-10-13 05:40:01',0,0,0,'Run mode: CLI'),
(7634970,119,7634969,'2024-10-13 05:40:01',2,0.0616701,0,'Action completed, fully processed'),
(7635051,119,0,'2024-10-13 06:10:01',0,0,0,'Run mode: CLI'),
(7635052,119,7635051,'2024-10-13 06:10:01',2,0.05481,0,'Action completed, fully processed'),
(7635140,119,0,'2024-10-13 06:40:02',0,0,0,'Run mode: CLI'),
(7635141,119,7635140,'2024-10-13 06:40:02',2,0.0727088,0,'Action completed, fully processed'),
(7635222,119,0,'2024-10-13 07:10:01',0,0,0,'Run mode: CLI'),
(7635223,119,7635222,'2024-10-13 07:10:01',2,0.042485,0,'Action completed, fully processed'),
(7635311,119,0,'2024-10-13 07:40:01',0,0,0,'Run mode: CLI'),
(7635312,119,7635311,'2024-10-13 07:40:01',2,0.082901,0,'Action completed, fully processed'),
(7635393,119,0,'2024-10-13 08:10:01',0,0,0,'Run mode: CLI'),
(7635394,119,7635393,'2024-10-13 08:10:01',2,0.0695782,0,'Action completed, fully processed'),
(7635486,119,0,'2024-10-13 08:40:01',0,0,0,'Run mode: CLI'),
(7635487,119,7635486,'2024-10-13 08:40:01',2,0.0688519,0,'Action completed, fully processed'),
(7635568,119,0,'2024-10-13 09:10:01',0,0,0,'Run mode: CLI'),
(7635569,119,7635568,'2024-10-13 09:10:01',2,0.055161,0,'Action completed, fully processed'),
(7635657,119,0,'2024-10-13 09:40:01',0,0,0,'Run mode: CLI'),
(7635658,119,7635657,'2024-10-13 09:40:01',2,0.054445,0,'Action completed, fully processed'),
(7635739,119,0,'2024-10-13 10:10:01',0,0,0,'Run mode: CLI'),
(7635740,119,7635739,'2024-10-13 10:10:01',2,0.0552258,0,'Action completed, fully processed'),
(7635828,119,0,'2024-10-13 10:40:01',0,0,0,'Run mode: CLI'),
(7635829,119,7635828,'2024-10-13 10:40:01',2,0.101132,0,'Action completed, fully processed'),
(7635910,119,0,'2024-10-13 11:10:01',0,0,0,'Run mode: CLI'),
(7635911,119,7635910,'2024-10-13 11:10:01',2,0.0456011,0,'Action completed, fully processed'),
(7635999,119,0,'2024-10-13 11:40:01',0,0,0,'Run mode: CLI'),
(7636000,119,7635999,'2024-10-13 11:40:01',2,0.088577,0,'Action completed, fully processed'),
(7636081,119,0,'2024-10-13 12:10:01',0,0,0,'Run mode: CLI'),
(7636082,119,7636081,'2024-10-13 12:10:01',2,0.0484591,0,'Action completed, fully processed'),
(7636170,119,0,'2024-10-13 12:40:01',0,0,0,'Run mode: CLI'),
(7636171,119,7636170,'2024-10-13 12:40:01',2,0.064162,0,'Action completed, fully processed'),
(7636252,119,0,'2024-10-13 13:10:01',0,0,0,'Run mode: CLI'),
(7636253,119,7636252,'2024-10-13 13:10:01',2,0.0541251,0,'Action completed, fully processed'),
(7636341,119,0,'2024-10-13 13:40:01',0,0,0,'Run mode: CLI'),
(7636342,119,7636341,'2024-10-13 13:40:01',2,0.101585,0,'Action completed, fully processed'),
(7636423,119,0,'2024-10-13 14:10:02',0,0,0,'Run mode: CLI'),
(7636424,119,7636423,'2024-10-13 14:10:02',2,0.0373578,0,'Action completed, fully processed'),
(7636512,119,0,'2024-10-13 14:40:01',0,0,0,'Run mode: CLI'),
(7636513,119,7636512,'2024-10-13 14:40:01',2,0.088084,0,'Action completed, fully processed'),
(7636594,119,0,'2024-10-13 15:10:01',0,0,0,'Run mode: CLI'),
(7636595,119,7636594,'2024-10-13 15:10:01',2,0.058476,0,'Action completed, fully processed'),
(7636683,119,0,'2024-10-13 15:40:01',0,0,0,'Run mode: CLI'),
(7636684,119,7636683,'2024-10-13 15:40:01',2,0.0988429,0,'Action completed, fully processed'),
(7636765,119,0,'2024-10-13 16:10:01',0,0,0,'Run mode: CLI'),
(7636766,119,7636765,'2024-10-13 16:10:01',2,0.0556359,0,'Action completed, fully processed'),
(7636854,119,0,'2024-10-13 16:40:01',0,0,0,'Run mode: CLI'),
(7636855,119,7636854,'2024-10-13 16:40:01',2,0.101235,0,'Action completed, fully processed'),
(7636936,119,0,'2024-10-13 17:10:01',0,0,0,'Run mode: CLI'),
(7636937,119,7636936,'2024-10-13 17:10:01',2,0.05983,0,'Action completed, fully processed'),
(7637025,119,0,'2024-10-13 17:40:01',0,0,0,'Run mode: CLI'),
(7637026,119,7637025,'2024-10-13 17:40:01',2,0.0645881,0,'Action completed, fully processed'),
(7637107,119,0,'2024-10-13 18:10:02',0,0,0,'Run mode: CLI'),
(7637108,119,7637107,'2024-10-13 18:10:02',2,0.0569541,0,'Action completed, fully processed'),
(7637196,119,0,'2024-10-13 18:40:02',0,0,0,'Run mode: CLI'),
(7637197,119,7637196,'2024-10-13 18:40:02',2,0.076448,0,'Action completed, fully processed'),
(7637278,119,0,'2024-10-13 19:10:02',0,0,0,'Run mode: CLI'),
(7637279,119,7637278,'2024-10-13 19:10:02',2,0.0449009,0,'Action completed, fully processed'),
(7637367,119,0,'2024-10-13 19:40:02',0,0,0,'Run mode: CLI'),
(7637368,119,7637367,'2024-10-13 19:40:02',2,0.067348,0,'Action completed, fully processed'),
(7637449,119,0,'2024-10-13 20:10:01',0,0,0,'Run mode: CLI'),
(7637450,119,7637449,'2024-10-13 20:10:01',2,0.055187,0,'Action completed, fully processed'),
(7637590,119,0,'2024-10-13 20:40:01',0,0,0,'Run mode: CLI'),
(7637591,119,7637590,'2024-10-13 20:40:01',2,0.0825109,0,'Action completed, fully processed'),
(7637672,119,0,'2024-10-13 21:10:01',0,0,0,'Run mode: CLI'),
(7637673,119,7637672,'2024-10-13 21:10:01',2,0.0553658,0,'Action completed, fully processed'),
(7637761,119,0,'2024-10-13 21:40:02',0,0,0,'Run mode: CLI'),
(7637762,119,7637761,'2024-10-13 21:40:02',2,0.0573051,0,'Action completed, fully processed'),
(7637843,119,0,'2024-10-13 22:10:02',0,0,0,'Run mode: CLI'),
(7637844,119,7637843,'2024-10-13 22:10:02',2,0.0717928,0,'Action completed, fully processed'),
(7637936,119,0,'2024-10-13 22:40:02',0,0,0,'Run mode: CLI'),
(7637937,119,7637936,'2024-10-13 22:40:02',2,0.0945761,0,'Action completed, fully processed'),
(7638018,119,0,'2024-10-13 23:10:02',0,0,0,'Run mode: CLI'),
(7638019,119,7638018,'2024-10-13 23:10:02',2,0.0572388,0,'Action completed, fully processed'),
(7638107,119,0,'2024-10-13 23:40:01',0,0,0,'Run mode: CLI'),
(7638108,119,7638107,'2024-10-13 23:40:01',2,0.059993,0,'Action completed, fully processed'),
(7638189,119,0,'2024-10-14 00:10:01',0,0,0,'Run mode: CLI'),
(7638190,119,7638189,'2024-10-14 00:10:01',2,0.057312,0,'Action completed, fully processed'),
(7638278,119,0,'2024-10-14 00:40:02',0,0,0,'Run mode: CLI'),
(7638279,119,7638278,'2024-10-14 00:40:02',2,0.101686,0,'Action completed, fully processed'),
(7638360,119,0,'2024-10-14 01:10:01',0,0,0,'Run mode: CLI'),
(7638361,119,7638360,'2024-10-14 01:10:01',2,0.0435181,0,'Action completed, fully processed'),
(7638449,119,0,'2024-10-14 01:40:03',0,0,0,'Run mode: CLI'),
(7638450,119,7638449,'2024-10-14 01:40:03',2,0.0629299,0,'Action completed, fully processed'),
(7638531,119,0,'2024-10-14 02:10:01',0,0,0,'Run mode: CLI'),
(7638532,119,7638531,'2024-10-14 02:10:01',2,0.0536861,0,'Action completed, fully processed'),
(7638620,119,0,'2024-10-14 02:40:01',0,0,0,'Run mode: CLI'),
(7638621,119,7638620,'2024-10-14 02:40:01',2,0.074672,0,'Action completed, fully processed'),
(7638702,119,0,'2024-10-14 03:10:02',0,0,0,'Run mode: CLI'),
(7638703,119,7638702,'2024-10-14 03:10:02',2,0.061573,0,'Action completed, fully processed'),
(7638791,119,0,'2024-10-14 03:40:01',0,0,0,'Run mode: CLI'),
(7638792,119,7638791,'2024-10-14 03:40:01',2,0.094847,0,'Action completed, fully processed'),
(7638873,119,0,'2024-10-14 04:10:01',0,0,0,'Run mode: CLI'),
(7638874,119,7638873,'2024-10-14 04:10:01',2,0.0575511,0,'Action completed, fully processed'),
(7638962,119,0,'2024-10-14 04:40:01',0,0,0,'Run mode: CLI'),
(7638963,119,7638962,'2024-10-14 04:40:01',2,0.0977089,0,'Action completed, fully processed'),
(7639044,119,0,'2024-10-14 05:10:02',0,0,0,'Run mode: CLI'),
(7639045,119,7639044,'2024-10-14 05:10:02',2,0.054888,0,'Action completed, fully processed'),
(7639133,119,0,'2024-10-14 05:40:02',0,0,0,'Run mode: CLI'),
(7639134,119,7639133,'2024-10-14 05:40:02',2,0.0756321,0,'Action completed, fully processed'),
(7639215,119,0,'2024-10-14 06:10:02',0,0,0,'Run mode: CLI'),
(7639216,119,7639215,'2024-10-14 06:10:02',2,0.050427,0,'Action completed, fully processed'),
(7639304,119,0,'2024-10-14 06:40:01',0,0,0,'Run mode: CLI'),
(7639305,119,7639304,'2024-10-14 06:40:01',2,0.0585101,0,'Action completed, fully processed'),
(7639386,119,0,'2024-10-14 07:10:02',0,0,0,'Run mode: CLI'),
(7639387,119,7639386,'2024-10-14 07:10:02',2,0.0667942,0,'Action completed, fully processed'),
(7639475,119,0,'2024-10-14 07:40:01',0,0,0,'Run mode: CLI'),
(7639476,119,7639475,'2024-10-14 07:40:01',2,0.057313,0,'Action completed, fully processed'),
(7639557,119,0,'2024-10-14 08:10:01',0,0,0,'Run mode: CLI'),
(7639558,119,7639557,'2024-10-14 08:10:01',2,0.0421851,0,'Action completed, fully processed'),
(7639650,119,0,'2024-10-14 08:40:02',0,0,0,'Run mode: CLI'),
(7639651,119,7639650,'2024-10-14 08:40:02',2,0.080142,0,'Action completed, fully processed'),
(7639732,119,0,'2024-10-14 09:10:02',0,0,0,'Run mode: CLI'),
(7639733,119,7639732,'2024-10-14 09:10:02',2,0.0380859,0,'Action completed, fully processed'),
(7639821,119,0,'2024-10-14 09:40:02',0,0,0,'Run mode: CLI'),
(7639822,119,7639821,'2024-10-14 09:40:02',2,0.073822,0,'Action completed, fully processed'),
(7639903,119,0,'2024-10-14 10:10:02',0,0,0,'Run mode: CLI'),
(7639904,119,7639903,'2024-10-14 10:10:02',2,0.0538421,0,'Action completed, fully processed'),
(7639992,119,0,'2024-10-14 10:40:01',0,0,0,'Run mode: CLI'),
(7639993,119,7639992,'2024-10-14 10:40:01',2,0.103105,0,'Action completed, fully processed'),
(7640074,119,0,'2024-10-14 11:10:01',0,0,0,'Run mode: CLI'),
(7640075,119,7640074,'2024-10-14 11:10:01',2,0.061347,0,'Action completed, fully processed'),
(7640163,119,0,'2024-10-14 11:40:01',0,0,0,'Run mode: CLI'),
(7640164,119,7640163,'2024-10-14 11:40:01',2,0.056005,0,'Action completed, fully processed'),
(7640245,119,0,'2024-10-14 12:10:01',0,0,0,'Run mode: CLI'),
(7640246,119,7640245,'2024-10-14 12:10:01',2,0.04866,0,'Action completed, fully processed'),
(7640334,119,0,'2024-10-14 12:40:01',0,0,0,'Run mode: CLI'),
(7640335,119,7640334,'2024-10-14 12:40:01',2,0.0817881,0,'Action completed, fully processed'),
(7640416,119,0,'2024-10-14 13:10:01',0,0,0,'Run mode: CLI'),
(7640417,119,7640416,'2024-10-14 13:10:01',2,0.0626419,0,'Action completed, fully processed'),
(7640505,119,0,'2024-10-14 13:40:01',0,0,0,'Run mode: CLI'),
(7640506,119,7640505,'2024-10-14 13:40:01',2,0.0788012,0,'Action completed, fully processed'),
(7640587,119,0,'2024-10-14 14:10:02',0,0,0,'Run mode: CLI'),
(7640588,119,7640587,'2024-10-14 14:10:02',2,0.0544112,0,'Action completed, fully processed'),
(7640676,119,0,'2024-10-14 14:40:02',0,0,0,'Run mode: CLI'),
(7640677,119,7640676,'2024-10-14 14:40:02',2,0.0683811,0,'Action completed, fully processed'),
(7640758,119,0,'2024-10-14 15:10:01',0,0,0,'Run mode: CLI'),
(7640759,119,7640758,'2024-10-14 15:10:01',2,0.0505941,0,'Action completed, fully processed'),
(7640847,119,0,'2024-10-14 15:40:01',0,0,0,'Run mode: CLI'),
(7640848,119,7640847,'2024-10-14 15:40:01',2,0.075695,0,'Action completed, fully processed'),
(7640929,119,0,'2024-10-14 16:10:01',0,0,0,'Run mode: CLI'),
(7640930,119,7640929,'2024-10-14 16:10:01',2,0.0524151,0,'Action completed, fully processed'),
(7641018,119,0,'2024-10-14 16:40:01',0,0,0,'Run mode: CLI'),
(7641019,119,7641018,'2024-10-14 16:40:01',2,0.079051,0,'Action completed, fully processed'),
(7641106,119,0,'2024-10-14 17:10:01',0,0,0,'Run mode: CLI'),
(7641107,119,7641106,'2024-10-14 17:10:01',2,0.083719,0,'Action completed, fully processed'),
(7641195,119,0,'2024-10-14 17:40:01',0,0,0,'Run mode: CLI'),
(7641196,119,7641195,'2024-10-14 17:40:01',2,0.0645399,0,'Action completed, fully processed'),
(7641277,119,0,'2024-10-14 18:10:02',0,0,0,'Run mode: CLI'),
(7641278,119,7641277,'2024-10-14 18:10:02',2,0.058434,0,'Action completed, fully processed'),
(7641366,119,0,'2024-10-14 18:40:02',0,0,0,'Run mode: CLI'),
(7641367,119,7641366,'2024-10-14 18:40:02',2,0.097661,0,'Action completed, fully processed'),
(7641448,119,0,'2024-10-14 19:10:02',0,0,0,'Run mode: CLI'),
(7641449,119,7641448,'2024-10-14 19:10:02',2,0.0407648,0,'Action completed, fully processed'),
(7641537,119,0,'2024-10-14 19:40:01',0,0,0,'Run mode: CLI'),
(7641538,119,7641537,'2024-10-14 19:40:01',2,0.0823331,0,'Action completed, fully processed'),
(7641619,119,0,'2024-10-14 20:10:01',0,0,0,'Run mode: CLI'),
(7641620,119,7641619,'2024-10-14 20:10:01',2,0.0772519,0,'Action completed, fully processed'),
(7641759,119,0,'2024-10-14 20:40:02',0,0,0,'Run mode: CLI'),
(7641760,119,7641759,'2024-10-14 20:40:02',2,0.122542,0,'Action completed, fully processed'),
(7641841,119,0,'2024-10-14 21:10:02',0,0,0,'Run mode: CLI'),
(7641842,119,7641841,'2024-10-14 21:10:02',2,0.069289,0,'Action completed, fully processed'),
(7641930,119,0,'2024-10-14 21:40:02',0,0,0,'Run mode: CLI'),
(7641931,119,7641930,'2024-10-14 21:40:02',2,0.115494,0,'Action completed, fully processed'),
(7642012,119,0,'2024-10-14 22:10:02',0,0,0,'Run mode: CLI'),
(7642013,119,7642012,'2024-10-14 22:10:02',2,0.0837901,0,'Action completed, fully processed'),
(7642105,119,0,'2024-10-14 22:40:03',0,0,0,'Run mode: CLI'),
(7642106,119,7642105,'2024-10-14 22:40:03',2,0.0897939,0,'Action completed, fully processed'),
(7642187,119,0,'2024-10-14 23:10:02',0,0,0,'Run mode: CLI'),
(7642188,119,7642187,'2024-10-14 23:10:02',2,0.0828321,0,'Action completed, fully processed'),
(7642276,119,0,'2024-10-14 23:40:02',0,0,0,'Run mode: CLI'),
(7642277,119,7642276,'2024-10-14 23:40:02',2,0.0697889,0,'Action completed, fully processed'),
(7642358,119,0,'2024-10-15 00:10:02',0,0,0,'Run mode: CLI'),
(7642359,119,7642358,'2024-10-15 00:10:02',2,0.0658419,0,'Action completed, fully processed'),
(7642447,119,0,'2024-10-15 00:40:02',0,0,0,'Run mode: CLI'),
(7642448,119,7642447,'2024-10-15 00:40:02',2,0.104025,0,'Action completed, fully processed'),
(7642529,119,0,'2024-10-15 01:10:02',0,0,0,'Run mode: CLI'),
(7642530,119,7642529,'2024-10-15 01:10:02',2,0.059238,0,'Action completed, fully processed'),
(7642618,119,0,'2024-10-15 01:40:02',0,0,0,'Run mode: CLI'),
(7642619,119,7642618,'2024-10-15 01:40:02',2,0.0888748,0,'Action completed, fully processed'),
(7642700,119,0,'2024-10-15 02:10:01',0,0,0,'Run mode: CLI'),
(7642701,119,7642700,'2024-10-15 02:10:01',2,0.0647352,0,'Action completed, fully processed'),
(7642789,119,0,'2024-10-15 02:40:02',0,0,0,'Run mode: CLI'),
(7642790,119,7642789,'2024-10-15 02:40:02',2,0.0931261,0,'Action completed, fully processed'),
(7642871,119,0,'2024-10-15 03:10:02',0,0,0,'Run mode: CLI'),
(7642872,119,7642871,'2024-10-15 03:10:02',2,0.0598199,0,'Action completed, fully processed'),
(7642960,119,0,'2024-10-15 03:40:02',0,0,0,'Run mode: CLI'),
(7642961,119,7642960,'2024-10-15 03:40:02',2,0.0840499,0,'Action completed, fully processed'),
(7643042,119,0,'2024-10-15 04:10:01',0,0,0,'Run mode: CLI'),
(7643043,119,7643042,'2024-10-15 04:10:01',2,0.064631,0,'Action completed, fully processed'),
(7643131,119,0,'2024-10-15 04:40:01',0,0,0,'Run mode: CLI'),
(7643132,119,7643131,'2024-10-15 04:40:01',2,0.0933788,0,'Action completed, fully processed'),
(7643213,119,0,'2024-10-15 05:10:01',0,0,0,'Run mode: CLI'),
(7643214,119,7643213,'2024-10-15 05:10:01',2,0.0659029,0,'Action completed, fully processed'),
(7643302,119,0,'2024-10-15 05:40:02',0,0,0,'Run mode: CLI'),
(7643303,119,7643302,'2024-10-15 05:40:02',2,0.0874581,0,'Action completed, fully processed'),
(7643384,119,0,'2024-10-15 06:10:02',0,0,0,'Run mode: CLI'),
(7643385,119,7643384,'2024-10-15 06:10:02',2,0.0538511,0,'Action completed, fully processed'),
(7643473,119,0,'2024-10-15 06:40:03',0,0,0,'Run mode: CLI'),
(7643474,119,7643473,'2024-10-15 06:40:03',2,0.0918059,0,'Action completed, fully processed'),
(7643555,119,0,'2024-10-15 07:10:02',0,0,0,'Run mode: CLI'),
(7643556,119,7643555,'2024-10-15 07:10:02',2,0.068059,0,'Action completed, fully processed'),
(7643644,119,0,'2024-10-15 07:40:02',0,0,0,'Run mode: CLI'),
(7643645,119,7643644,'2024-10-15 07:40:02',2,0.0876431,0,'Action completed, fully processed'),
(7643726,119,0,'2024-10-15 08:10:02',0,0,0,'Run mode: CLI'),
(7643727,119,7643726,'2024-10-15 08:10:02',2,0.046253,0,'Action completed, fully processed'),
(7643819,119,0,'2024-10-15 08:40:01',0,0,0,'Run mode: CLI'),
(7643820,119,7643819,'2024-10-15 08:40:01',2,0.082459,0,'Action completed, fully processed'),
(7643901,119,0,'2024-10-15 09:10:02',0,0,0,'Run mode: CLI'),
(7643902,119,7643901,'2024-10-15 09:10:02',2,0.0546131,0,'Action completed, fully processed'),
(7643990,119,0,'2024-10-15 09:40:02',0,0,0,'Run mode: CLI'),
(7643991,119,7643990,'2024-10-15 09:40:02',2,0.05937,0,'Action completed, fully processed'),
(7644072,119,0,'2024-10-15 10:10:02',0,0,0,'Run mode: CLI'),
(7644073,119,7644072,'2024-10-15 10:10:02',2,0.0497019,0,'Action completed, fully processed'),
(7644161,119,0,'2024-10-15 10:40:02',0,0,0,'Run mode: CLI'),
(7644162,119,7644161,'2024-10-15 10:40:02',2,0.061625,0,'Action completed, fully processed'),
(7644243,119,0,'2024-10-15 11:10:02',0,0,0,'Run mode: CLI'),
(7644244,119,7644243,'2024-10-15 11:10:02',2,0.0431149,0,'Action completed, fully processed'),
(7644332,119,0,'2024-10-15 11:40:02',0,0,0,'Run mode: CLI'),
(7644333,119,7644332,'2024-10-15 11:40:02',2,0.0849931,0,'Action completed, fully processed'),
(7644412,119,0,'2024-10-15 12:10:02',0,0,0,'Run mode: CLI'),
(7644413,119,7644412,'2024-10-15 12:10:02',2,0.059216,0,'Action completed, fully processed'),
(7644501,119,0,'2024-10-15 12:40:02',0,0,0,'Run mode: CLI'),
(7644502,119,7644501,'2024-10-15 12:40:02',2,0.0707021,0,'Action completed, fully processed'),
(7644583,119,0,'2024-10-15 13:10:02',0,0,0,'Run mode: CLI'),
(7644584,119,7644583,'2024-10-15 13:10:02',2,0.055198,0,'Action completed, fully processed'),
(7644672,119,0,'2024-10-15 13:40:02',0,0,0,'Run mode: CLI'),
(7644673,119,7644672,'2024-10-15 13:40:02',2,0.059845,0,'Action completed, fully processed'),
(7644756,119,0,'2024-10-15 14:10:02',0,0,0,'Run mode: CLI'),
(7644757,119,7644756,'2024-10-15 14:10:02',2,0.0587392,0,'Action completed, fully processed'),
(7644845,119,0,'2024-10-15 14:40:01',0,0,0,'Run mode: CLI'),
(7644846,119,7644845,'2024-10-15 14:40:01',2,0.115197,0,'Action completed, fully processed'),
(7644927,119,0,'2024-10-15 15:10:01',0,0,0,'Run mode: CLI'),
(7644928,119,7644927,'2024-10-15 15:10:01',2,0.0411761,0,'Action completed, fully processed'),
(7645016,119,0,'2024-10-15 15:40:01',0,0,0,'Run mode: CLI'),
(7645017,119,7645016,'2024-10-15 15:40:01',2,0.078243,0,'Action completed, fully processed'),
(7645098,119,0,'2024-10-15 16:10:01',0,0,0,'Run mode: CLI'),
(7645099,119,7645098,'2024-10-15 16:10:01',2,0.063838,0,'Action completed, fully processed'),
(7645187,119,0,'2024-10-15 16:40:01',0,0,0,'Run mode: CLI'),
(7645188,119,7645187,'2024-10-15 16:40:01',2,0.0516679,0,'Action completed, fully processed'),
(7645269,119,0,'2024-10-15 17:10:01',0,0,0,'Run mode: CLI'),
(7645270,119,7645269,'2024-10-15 17:10:01',2,0.0194058,0,'Action completed, fully processed'),
(7645358,119,0,'2024-10-15 17:40:01',0,0,0,'Run mode: CLI'),
(7645359,119,7645358,'2024-10-15 17:40:01',2,0.028944,0,'Action completed, fully processed'),
(7645440,119,0,'2024-10-15 18:10:01',0,0,0,'Run mode: CLI'),
(7645441,119,7645440,'2024-10-15 18:10:01',2,0.025532,0,'Action completed, fully processed'),
(7645529,119,0,'2024-10-15 18:40:01',0,0,0,'Run mode: CLI'),
(7645530,119,7645529,'2024-10-15 18:40:01',2,0.0299759,0,'Action completed, fully processed'),
(7645611,119,0,'2024-10-15 19:10:02',0,0,0,'Run mode: CLI'),
(7645612,119,7645611,'2024-10-15 19:10:02',2,0.0238769,0,'Action completed, fully processed'),
(7645700,119,0,'2024-10-15 19:40:02',0,0,0,'Run mode: CLI'),
(7645701,119,7645700,'2024-10-15 19:40:02',2,0.0349908,0,'Action completed, fully processed'),
(7645782,119,0,'2024-10-15 20:10:02',0,0,0,'Run mode: CLI'),
(7645783,119,7645782,'2024-10-15 20:10:02',2,0.0257869,0,'Action completed, fully processed'),
(7645922,119,0,'2024-10-15 20:40:02',0,0,0,'Run mode: CLI'),
(7645923,119,7645922,'2024-10-15 20:40:02',2,0.0445681,0,'Action completed, fully processed'),
(7646004,119,0,'2024-10-15 21:10:02',0,0,0,'Run mode: CLI'),
(7646005,119,7646004,'2024-10-15 21:10:02',2,0.025609,0,'Action completed, fully processed'),
(7646093,119,0,'2024-10-15 21:40:01',0,0,0,'Run mode: CLI'),
(7646094,119,7646093,'2024-10-15 21:40:01',2,0.078979,0,'Action completed, fully processed'),
(7646175,119,0,'2024-10-15 22:10:01',0,0,0,'Run mode: CLI'),
(7646176,119,7646175,'2024-10-15 22:10:01',2,0.0284569,0,'Action completed, fully processed'),
(7646268,119,0,'2024-10-15 22:40:01',0,0,0,'Run mode: CLI'),
(7646269,119,7646268,'2024-10-15 22:40:01',2,0.0430841,0,'Action completed, fully processed'),
(7646350,119,0,'2024-10-15 23:10:02',0,0,0,'Run mode: CLI'),
(7646351,119,7646350,'2024-10-15 23:10:02',2,0.021395,0,'Action completed, fully processed'),
(7646439,119,0,'2024-10-15 23:40:02',0,0,0,'Run mode: CLI'),
(7646440,119,7646439,'2024-10-15 23:40:02',2,0.045707,0,'Action completed, fully processed'),
(7646521,119,0,'2024-10-16 00:10:02',0,0,0,'Run mode: CLI'),
(7646522,119,7646521,'2024-10-16 00:10:02',2,0.0243621,0,'Action completed, fully processed'),
(7646610,119,0,'2024-10-16 00:40:01',0,0,0,'Run mode: CLI'),
(7646611,119,7646610,'2024-10-16 00:40:01',2,0.039506,0,'Action completed, fully processed'),
(7646692,119,0,'2024-10-16 01:10:02',0,0,0,'Run mode: CLI'),
(7646693,119,7646692,'2024-10-16 01:10:02',2,0.0275331,0,'Action completed, fully processed'),
(7646781,119,0,'2024-10-16 01:40:02',0,0,0,'Run mode: CLI'),
(7646782,119,7646781,'2024-10-16 01:40:02',2,0.0352049,0,'Action completed, fully processed'),
(7646863,119,0,'2024-10-16 02:10:02',0,0,0,'Run mode: CLI'),
(7646864,119,7646863,'2024-10-16 02:10:02',2,0.0219541,0,'Action completed, fully processed'),
(7646952,119,0,'2024-10-16 02:40:01',0,0,0,'Run mode: CLI'),
(7646953,119,7646952,'2024-10-16 02:40:01',2,0.050034,0,'Action completed, fully processed'),
(7647034,119,0,'2024-10-16 03:10:01',0,0,0,'Run mode: CLI'),
(7647035,119,7647034,'2024-10-16 03:10:01',2,0.023011,0,'Action completed, fully processed'),
(7647123,119,0,'2024-10-16 03:40:01',0,0,0,'Run mode: CLI'),
(7647124,119,7647123,'2024-10-16 03:40:01',2,0.0490191,0,'Action completed, fully processed'),
(7647205,119,0,'2024-10-16 04:10:01',0,0,0,'Run mode: CLI'),
(7647206,119,7647205,'2024-10-16 04:10:01',2,0.0344701,0,'Action completed, fully processed'),
(7647294,119,0,'2024-10-16 04:40:01',0,0,0,'Run mode: CLI'),
(7647295,119,7647294,'2024-10-16 04:40:01',2,0.0430419,0,'Action completed, fully processed'),
(7647376,119,0,'2024-10-16 05:10:02',0,0,0,'Run mode: CLI'),
(7647377,119,7647376,'2024-10-16 05:10:02',2,0.022279,0,'Action completed, fully processed'),
(7647465,119,0,'2024-10-16 05:40:02',0,0,0,'Run mode: CLI'),
(7647466,119,7647465,'2024-10-16 05:40:02',2,0.037374,0,'Action completed, fully processed'),
(7647547,119,0,'2024-10-16 06:10:02',0,0,0,'Run mode: CLI'),
(7647548,119,7647547,'2024-10-16 06:10:02',2,0.0244429,0,'Action completed, fully processed'),
(7647636,119,0,'2024-10-16 06:40:01',0,0,0,'Run mode: CLI'),
(7647637,119,7647636,'2024-10-16 06:40:01',2,0.0480611,0,'Action completed, fully processed'),
(7647718,119,0,'2024-10-16 07:10:01',0,0,0,'Run mode: CLI'),
(7647719,119,7647718,'2024-10-16 07:10:01',2,0.0274441,0,'Action completed, fully processed'),
(7647807,119,0,'2024-10-16 07:40:01',0,0,0,'Run mode: CLI'),
(7647808,119,7647807,'2024-10-16 07:40:01',2,0.0392811,0,'Action completed, fully processed'),
(7647889,119,0,'2024-10-16 08:10:02',0,0,0,'Run mode: CLI'),
(7647890,119,7647889,'2024-10-16 08:10:02',2,0.0156522,0,'Action completed, fully processed'),
(7647982,119,0,'2024-10-16 08:40:02',0,0,0,'Run mode: CLI'),
(7647983,119,7647982,'2024-10-16 08:40:02',2,0.0588,0,'Action completed, fully processed'),
(7648064,119,0,'2024-10-16 09:10:02',0,0,0,'Run mode: CLI'),
(7648065,119,7648064,'2024-10-16 09:10:02',2,0.0153339,0,'Action completed, fully processed'),
(7648153,119,0,'2024-10-16 09:40:02',0,0,0,'Run mode: CLI'),
(7648154,119,7648153,'2024-10-16 09:40:02',2,0.0495012,0,'Action completed, fully processed'),
(7648235,119,0,'2024-10-16 10:10:02',0,0,0,'Run mode: CLI'),
(7648236,119,7648235,'2024-10-16 10:10:02',2,0.0297711,0,'Action completed, fully processed'),
(7648324,119,0,'2024-10-16 10:40:02',0,0,0,'Run mode: CLI'),
(7648325,119,7648324,'2024-10-16 10:40:02',2,0.0346689,0,'Action completed, fully processed'),
(7648398,119,0,'2024-10-16 11:10:01',0,0,0,'Run mode: CLI'),
(7648399,119,7648398,'2024-10-16 11:10:01',2,0.0291009,0,'Action completed, fully processed'),
(7648485,119,0,'2024-10-16 11:40:01',0,0,0,'Run mode: CLI'),
(7648486,119,7648485,'2024-10-16 11:40:01',2,0.048209,0,'Action completed, fully processed'),
(7648567,119,0,'2024-10-16 12:10:01',0,0,0,'Run mode: CLI'),
(7648568,119,7648567,'2024-10-16 12:10:01',2,0.016712,0,'Action completed, fully processed'),
(7648656,119,0,'2024-10-16 12:40:01',0,0,0,'Run mode: CLI'),
(7648657,119,7648656,'2024-10-16 12:40:01',2,0.0444088,0,'Action completed, fully processed'),
(7648738,119,0,'2024-10-16 13:10:02',0,0,0,'Run mode: CLI'),
(7648739,119,7648738,'2024-10-16 13:10:02',2,0.020885,0,'Action completed, fully processed'),
(7648827,119,0,'2024-10-16 13:40:02',0,0,0,'Run mode: CLI'),
(7648828,119,7648827,'2024-10-16 13:40:02',2,0.040673,0,'Action completed, fully processed'),
(7648909,119,0,'2024-10-16 14:10:01',0,0,0,'Run mode: CLI'),
(7648910,119,7648909,'2024-10-16 14:10:01',2,0.020056,0,'Action completed, fully processed'),
(7648998,119,0,'2024-10-16 14:40:01',0,0,0,'Run mode: CLI'),
(7648999,119,7648998,'2024-10-16 14:40:01',2,0.0396311,0,'Action completed, fully processed'),
(7649080,119,0,'2024-10-16 15:10:01',0,0,0,'Run mode: CLI'),
(7649081,119,7649080,'2024-10-16 15:10:01',2,0.0137601,0,'Action completed, fully processed'),
(7649169,119,0,'2024-10-16 15:40:02',0,0,0,'Run mode: CLI'),
(7649170,119,7649169,'2024-10-16 15:40:02',2,0.039104,0,'Action completed, fully processed'),
(7649257,119,0,'2024-10-16 16:10:01',0,0,0,'Run mode: CLI'),
(7649258,119,7649257,'2024-10-16 16:10:01',2,0.056015,0,'Action completed, fully processed'),
(7649346,119,0,'2024-10-16 16:40:01',0,0,0,'Run mode: CLI'),
(7649347,119,7649346,'2024-10-16 16:40:01',2,0.063158,0,'Action completed, fully processed'),
(7649428,119,0,'2024-10-16 17:10:01',0,0,0,'Run mode: CLI'),
(7649429,119,7649428,'2024-10-16 17:10:01',2,0.0247531,0,'Action completed, fully processed'),
(7649517,119,0,'2024-10-16 17:40:01',0,0,0,'Run mode: CLI'),
(7649518,119,7649517,'2024-10-16 17:40:01',2,0.0373039,0,'Action completed, fully processed'),
(7649599,119,0,'2024-10-16 18:10:01',0,0,0,'Run mode: CLI'),
(7649600,119,7649599,'2024-10-16 18:10:01',2,0.019351,0,'Action completed, fully processed'),
(7649688,119,0,'2024-10-16 18:40:01',0,0,0,'Run mode: CLI'),
(7649689,119,7649688,'2024-10-16 18:40:01',2,0.0410018,0,'Action completed, fully processed'),
(7649772,119,0,'2024-10-16 19:10:02',0,0,0,'Run mode: CLI'),
(7649773,119,7649772,'2024-10-16 19:10:02',2,0.019861,0,'Action completed, fully processed'),
(7649861,119,0,'2024-10-16 19:40:02',0,0,0,'Run mode: CLI'),
(7649862,119,7649861,'2024-10-16 19:40:02',2,0.0409541,0,'Action completed, fully processed'),
(7649943,119,0,'2024-10-16 20:10:02',0,0,0,'Run mode: CLI'),
(7649944,119,7649943,'2024-10-16 20:10:02',2,0.0315239,0,'Action completed, fully processed'),
(7650089,119,0,'2024-10-16 20:40:01',0,0,0,'Run mode: CLI'),
(7650090,119,7650089,'2024-10-16 20:40:01',2,0.042052,0,'Action completed, fully processed'),
(7650171,119,0,'2024-10-16 21:10:01',0,0,0,'Run mode: CLI'),
(7650172,119,7650171,'2024-10-16 21:10:01',2,0.0197809,0,'Action completed, fully processed'),
(7650260,119,0,'2024-10-16 21:40:01',0,0,0,'Run mode: CLI'),
(7650261,119,7650260,'2024-10-16 21:40:01',2,0.03702,0,'Action completed, fully processed'),
(7650342,119,0,'2024-10-16 22:10:02',0,0,0,'Run mode: CLI'),
(7650343,119,7650342,'2024-10-16 22:10:02',2,0.0304351,0,'Action completed, fully processed'),
(7650435,119,0,'2024-10-16 22:40:02',0,0,0,'Run mode: CLI'),
(7650436,119,7650435,'2024-10-16 22:40:02',2,0.040134,0,'Action completed, fully processed'),
(7650517,119,0,'2024-10-16 23:10:02',0,0,0,'Run mode: CLI'),
(7650518,119,7650517,'2024-10-16 23:10:02',2,0.021924,0,'Action completed, fully processed'),
(7650606,119,0,'2024-10-16 23:40:01',0,0,0,'Run mode: CLI'),
(7650607,119,7650606,'2024-10-16 23:40:01',2,0.0566618,0,'Action completed, fully processed'),
(7650688,119,0,'2024-10-17 00:10:02',0,0,0,'Run mode: CLI'),
(7650689,119,7650688,'2024-10-17 00:10:02',2,0.031343,0,'Action completed, fully processed'),
(7650777,119,0,'2024-10-17 00:40:02',0,0,0,'Run mode: CLI'),
(7650778,119,7650777,'2024-10-17 00:40:02',2,0.045717,0,'Action completed, fully processed'),
(7650859,119,0,'2024-10-17 01:10:01',0,0,0,'Run mode: CLI'),
(7650860,119,7650859,'2024-10-17 01:10:01',2,0.02548,0,'Action completed, fully processed'),
(7650948,119,0,'2024-10-17 01:40:01',0,0,0,'Run mode: CLI'),
(7650949,119,7650948,'2024-10-17 01:40:01',2,0.0522258,0,'Action completed, fully processed'),
(7651030,119,0,'2024-10-17 02:10:01',0,0,0,'Run mode: CLI'),
(7651031,119,7651030,'2024-10-17 02:10:01',2,0.0215871,0,'Action completed, fully processed'),
(7651119,119,0,'2024-10-17 02:40:01',0,0,0,'Run mode: CLI'),
(7651120,119,7651119,'2024-10-17 02:40:01',2,0.0361121,0,'Action completed, fully processed'),
(7651201,119,0,'2024-10-17 03:10:02',0,0,0,'Run mode: CLI'),
(7651202,119,7651201,'2024-10-17 03:10:02',2,0.0208809,0,'Action completed, fully processed'),
(7651290,119,0,'2024-10-17 03:40:02',0,0,0,'Run mode: CLI'),
(7651291,119,7651290,'2024-10-17 03:40:02',2,0.0471261,0,'Action completed, fully processed'),
(7651372,119,0,'2024-10-17 04:10:02',0,0,0,'Run mode: CLI'),
(7651373,119,7651372,'2024-10-17 04:10:02',2,0.0125611,0,'Action completed, fully processed'),
(7651461,119,0,'2024-10-17 04:40:02',0,0,0,'Run mode: CLI'),
(7651462,119,7651461,'2024-10-17 04:40:02',2,0.024899,0,'Action completed, fully processed'),
(7651543,119,0,'2024-10-17 05:10:02',0,0,0,'Run mode: CLI'),
(7651544,119,7651543,'2024-10-17 05:10:02',2,0.019984,0,'Action completed, fully processed'),
(7651632,119,0,'2024-10-17 05:40:01',0,0,0,'Run mode: CLI'),
(7651633,119,7651632,'2024-10-17 05:40:01',2,0.025511,0,'Action completed, fully processed'),
(7651714,119,0,'2024-10-17 06:10:02',0,0,0,'Run mode: CLI'),
(7651715,119,7651714,'2024-10-17 06:10:02',2,0.0158789,0,'Action completed, fully processed'),
(7651803,119,0,'2024-10-17 06:40:02',0,0,0,'Run mode: CLI'),
(7651804,119,7651803,'2024-10-17 06:40:02',2,0.0426121,0,'Action completed, fully processed'),
(7651885,119,0,'2024-10-17 07:10:02',0,0,0,'Run mode: CLI'),
(7651886,119,7651885,'2024-10-17 07:10:02',2,0.019563,0,'Action completed, fully processed'),
(7651974,119,0,'2024-10-17 07:40:02',0,0,0,'Run mode: CLI'),
(7651975,119,7651974,'2024-10-17 07:40:02',2,0.0488901,0,'Action completed, fully processed'),
(7652056,119,0,'2024-10-17 08:10:02',0,0,0,'Run mode: CLI'),
(7652057,119,7652056,'2024-10-17 08:10:02',2,0.0182259,0,'Action completed, fully processed'),
(7652149,119,0,'2024-10-17 08:40:01',0,0,0,'Run mode: CLI'),
(7652150,119,7652149,'2024-10-17 08:40:01',2,0.0324531,0,'Action completed, fully processed'),
(7652231,119,0,'2024-10-17 09:10:02',0,0,0,'Run mode: CLI'),
(7652232,119,7652231,'2024-10-17 09:10:02',2,0.0318589,0,'Action completed, fully processed'),
(7652320,119,0,'2024-10-17 09:40:02',0,0,0,'Run mode: CLI'),
(7652321,119,7652320,'2024-10-17 09:40:02',2,0.0417192,0,'Action completed, fully processed'),
(7652402,119,0,'2024-10-17 10:10:02',0,0,0,'Run mode: CLI'),
(7652403,119,7652402,'2024-10-17 10:10:02',2,0.0166941,0,'Action completed, fully processed'),
(7652491,119,0,'2024-10-17 10:40:02',0,0,0,'Run mode: CLI'),
(7652492,119,7652491,'2024-10-17 10:40:02',2,0.046185,0,'Action completed, fully processed'),
(7652573,119,0,'2024-10-17 11:10:02',0,0,0,'Run mode: CLI'),
(7652574,119,7652573,'2024-10-17 11:10:02',2,0.0181139,0,'Action completed, fully processed'),
(7652662,119,0,'2024-10-17 11:40:01',0,0,0,'Run mode: CLI'),
(7652663,119,7652662,'2024-10-17 11:40:01',2,0.033133,0,'Action completed, fully processed'),
(7652744,119,0,'2024-10-17 12:10:02',0,0,0,'Run mode: CLI'),
(7652745,119,7652744,'2024-10-17 12:10:02',2,0.0289631,0,'Action completed, fully processed'),
(7652833,119,0,'2024-10-17 12:40:02',0,0,0,'Run mode: CLI'),
(7652834,119,7652833,'2024-10-17 12:40:02',2,0.038373,0,'Action completed, fully processed'),
(7652915,119,0,'2024-10-17 13:10:02',0,0,0,'Run mode: CLI'),
(7652916,119,7652915,'2024-10-17 13:10:02',2,0.0279372,0,'Action completed, fully processed'),
(7653004,119,0,'2024-10-17 13:40:02',0,0,0,'Run mode: CLI'),
(7653005,119,7653004,'2024-10-17 13:40:02',2,0.0475738,0,'Action completed, fully processed'),
(7653086,119,0,'2024-10-17 14:10:02',0,0,0,'Run mode: CLI'),
(7653087,119,7653086,'2024-10-17 14:10:02',2,0.0173421,0,'Action completed, fully processed'),
(7653175,119,0,'2024-10-17 14:40:01',0,0,0,'Run mode: CLI'),
(7653176,119,7653175,'2024-10-17 14:40:01',2,0.036217,0,'Action completed, fully processed'),
(7653257,119,0,'2024-10-17 15:10:02',0,0,0,'Run mode: CLI'),
(7653258,119,7653257,'2024-10-17 15:10:02',2,0.0185421,0,'Action completed, fully processed'),
(7653346,119,0,'2024-10-17 15:40:01',0,0,0,'Run mode: CLI'),
(7653347,119,7653346,'2024-10-17 15:40:01',2,0.034961,0,'Action completed, fully processed'),
(7653428,119,0,'2024-10-17 16:10:01',0,0,0,'Run mode: CLI'),
(7653429,119,7653428,'2024-10-17 16:10:01',2,0.0212939,0,'Action completed, fully processed'),
(7653518,119,0,'2024-10-17 16:40:02',0,0,0,'Run mode: CLI'),
(7653519,119,7653518,'2024-10-17 16:40:02',2,0.0765519,0,'Action completed, fully processed'),
(7653601,119,0,'2024-10-17 17:10:02',0,0,0,'Run mode: CLI'),
(7653602,119,7653601,'2024-10-17 17:10:02',2,0.0160069,0,'Action completed, fully processed'),
(7653690,119,0,'2024-10-17 17:40:02',0,0,0,'Run mode: CLI'),
(7653691,119,7653690,'2024-10-17 17:40:02',2,0.038841,0,'Action completed, fully processed'),
(7653773,119,0,'2024-10-17 18:10:02',0,0,0,'Run mode: CLI'),
(7653774,119,7653773,'2024-10-17 18:10:02',2,0.0209949,0,'Action completed, fully processed'),
(7653862,119,0,'2024-10-17 18:40:02',0,0,0,'Run mode: CLI'),
(7653863,119,7653862,'2024-10-17 18:40:02',2,0.04442,0,'Action completed, fully processed'),
(7653944,119,0,'2024-10-17 19:10:02',0,0,0,'Run mode: CLI'),
(7653945,119,7653944,'2024-10-17 19:10:02',2,0.0468421,0,'Action completed, fully processed'),
(7654033,119,0,'2024-10-17 19:40:02',0,0,0,'Run mode: CLI'),
(7654034,119,7654033,'2024-10-17 19:40:02',2,0.0506999,0,'Action completed, fully processed'),
(7654115,119,0,'2024-10-17 20:10:02',0,0,0,'Run mode: CLI'),
(7654116,119,7654115,'2024-10-17 20:10:02',2,0.0175409,0,'Action completed, fully processed'),
(7654256,119,0,'2024-10-17 20:40:01',0,0,0,'Run mode: CLI'),
(7654257,119,7654256,'2024-10-17 20:40:01',2,0.040448,0,'Action completed, fully processed'),
(7654340,119,0,'2024-10-17 21:10:02',0,0,0,'Run mode: CLI'),
(7654341,119,7654340,'2024-10-17 21:10:02',2,0.0201449,0,'Action completed, fully processed'),
(7654429,119,0,'2024-10-17 21:40:02',0,0,0,'Run mode: CLI'),
(7654430,119,7654429,'2024-10-17 21:40:02',2,0.038825,0,'Action completed, fully processed'),
(7654511,119,0,'2024-10-17 22:10:02',0,0,0,'Run mode: CLI'),
(7654512,119,7654511,'2024-10-17 22:10:02',2,0.0522518,0,'Action completed, fully processed'),
(7654604,119,0,'2024-10-17 22:40:01',0,0,0,'Run mode: CLI'),
(7654605,119,7654604,'2024-10-17 22:40:01',2,0.0511301,0,'Action completed, fully processed'),
(7654687,119,0,'2024-10-17 23:10:02',0,0,0,'Run mode: CLI'),
(7654688,119,7654687,'2024-10-17 23:10:02',2,0.0205071,0,'Action completed, fully processed'),
(7654776,119,0,'2024-10-17 23:40:01',0,0,0,'Run mode: CLI'),
(7654777,119,7654776,'2024-10-17 23:40:01',2,0.042793,0,'Action completed, fully processed'),
(7654858,119,0,'2024-10-18 00:10:02',0,0,0,'Run mode: CLI'),
(7654859,119,7654858,'2024-10-18 00:10:02',2,0.0215771,0,'Action completed, fully processed'),
(7654947,119,0,'2024-10-18 00:40:02',0,0,0,'Run mode: CLI'),
(7654948,119,7654947,'2024-10-18 00:40:02',2,0.0504689,0,'Action completed, fully processed'),
(7655029,119,0,'2024-10-18 01:10:02',0,0,0,'Run mode: CLI'),
(7655030,119,7655029,'2024-10-18 01:10:02',2,0.022789,0,'Action completed, fully processed'),
(7655118,119,0,'2024-10-18 01:40:01',0,0,0,'Run mode: CLI'),
(7655119,119,7655118,'2024-10-18 01:40:01',2,0.0467682,0,'Action completed, fully processed'),
(7655200,119,0,'2024-10-18 02:10:01',0,0,0,'Run mode: CLI'),
(7655201,119,7655200,'2024-10-18 02:10:01',2,0.0286071,0,'Action completed, fully processed'),
(7655289,119,0,'2024-10-18 02:40:01',0,0,0,'Run mode: CLI'),
(7655290,119,7655289,'2024-10-18 02:40:01',2,0.0395172,0,'Action completed, fully processed'),
(7655371,119,0,'2024-10-18 03:10:01',0,0,0,'Run mode: CLI'),
(7655372,119,7655371,'2024-10-18 03:10:01',2,0.019294,0,'Action completed, fully processed'),
(7655460,119,0,'2024-10-18 03:40:01',0,0,0,'Run mode: CLI'),
(7655461,119,7655460,'2024-10-18 03:40:01',2,0.0524509,0,'Action completed, fully processed'),
(7655542,119,0,'2024-10-18 04:10:01',0,0,0,'Run mode: CLI'),
(7655543,119,7655542,'2024-10-18 04:10:01',2,0.0209508,0,'Action completed, fully processed'),
(7655631,119,0,'2024-10-18 04:40:01',0,0,0,'Run mode: CLI'),
(7655632,119,7655631,'2024-10-18 04:40:01',2,0.072789,0,'Action completed, fully processed'),
(7655713,119,0,'2024-10-18 05:10:02',0,0,0,'Run mode: CLI'),
(7655714,119,7655713,'2024-10-18 05:10:02',2,0.0266399,0,'Action completed, fully processed'),
(7655802,119,0,'2024-10-18 05:40:01',0,0,0,'Run mode: CLI'),
(7655803,119,7655802,'2024-10-18 05:40:01',2,0.0440211,0,'Action completed, fully processed'),
(7655884,119,0,'2024-10-18 06:10:01',0,0,0,'Run mode: CLI'),
(7655885,119,7655884,'2024-10-18 06:10:01',2,0.038918,0,'Action completed, fully processed'),
(7655973,119,0,'2024-10-18 06:40:02',0,0,0,'Run mode: CLI'),
(7655974,119,7655973,'2024-10-18 06:40:02',2,0.0372829,0,'Action completed, fully processed'),
(7656055,119,0,'2024-10-18 07:10:02',0,0,0,'Run mode: CLI'),
(7656056,119,7656055,'2024-10-18 07:10:02',2,0.016917,0,'Action completed, fully processed'),
(7656144,119,0,'2024-10-18 07:40:02',0,0,0,'Run mode: CLI'),
(7656145,119,7656144,'2024-10-18 07:40:02',2,0.046407,0,'Action completed, fully processed'),
(7656226,119,0,'2024-10-18 08:10:01',0,0,0,'Run mode: CLI'),
(7656227,119,7656226,'2024-10-18 08:10:01',2,0.034641,0,'Action completed, fully processed'),
(7656319,119,0,'2024-10-18 08:40:01',0,0,0,'Run mode: CLI'),
(7656320,119,7656319,'2024-10-18 08:40:01',2,0.044945,0,'Action completed, fully processed'),
(7656401,119,0,'2024-10-18 09:10:02',0,0,0,'Run mode: CLI'),
(7656402,119,7656401,'2024-10-18 09:10:02',2,0.0193429,0,'Action completed, fully processed'),
(7656490,119,0,'2024-10-18 09:40:01',0,0,0,'Run mode: CLI'),
(7656491,119,7656490,'2024-10-18 09:40:01',2,0.0462921,0,'Action completed, fully processed'),
(7656572,119,0,'2024-10-18 10:10:02',0,0,0,'Run mode: CLI'),
(7656573,119,7656572,'2024-10-18 10:10:02',2,0.0202601,0,'Action completed, fully processed'),
(7656661,119,0,'2024-10-18 10:40:02',0,0,0,'Run mode: CLI'),
(7656662,119,7656661,'2024-10-18 10:40:02',2,0.0338099,0,'Action completed, fully processed'),
(7656743,119,0,'2024-10-18 11:10:02',0,0,0,'Run mode: CLI'),
(7656744,119,7656743,'2024-10-18 11:10:02',2,0.0232971,0,'Action completed, fully processed'),
(7656832,119,0,'2024-10-18 11:40:01',0,0,0,'Run mode: CLI'),
(7656833,119,7656832,'2024-10-18 11:40:01',2,0.038388,0,'Action completed, fully processed'),
(7656914,119,0,'2024-10-18 12:10:02',0,0,0,'Run mode: CLI'),
(7656915,119,7656914,'2024-10-18 12:10:02',2,0.0199599,0,'Action completed, fully processed'),
(7657003,119,0,'2024-10-18 12:40:03',0,0,0,'Run mode: CLI'),
(7657004,119,7657003,'2024-10-18 12:40:03',2,0.0703201,0,'Action completed, fully processed'),
(7657085,119,0,'2024-10-18 13:10:02',0,0,0,'Run mode: CLI'),
(7657086,119,7657085,'2024-10-18 13:10:02',2,0.0181329,0,'Action completed, fully processed'),
(7657174,119,0,'2024-10-18 13:40:02',0,0,0,'Run mode: CLI'),
(7657175,119,7657174,'2024-10-18 13:40:02',2,0.0454669,0,'Action completed, fully processed'),
(7657256,119,0,'2024-10-18 14:10:02',0,0,0,'Run mode: CLI'),
(7657257,119,7657256,'2024-10-18 14:10:02',2,0.022825,0,'Action completed, fully processed'),
(7657345,119,0,'2024-10-18 14:40:02',0,0,0,'Run mode: CLI'),
(7657346,119,7657345,'2024-10-18 14:40:02',2,0.0512178,0,'Action completed, fully processed'),
(7657427,119,0,'2024-10-18 15:10:02',0,0,0,'Run mode: CLI'),
(7657428,119,7657427,'2024-10-18 15:10:02',2,0.022563,0,'Action completed, fully processed'),
(7657519,119,0,'2024-10-18 15:40:01',0,0,0,'Run mode: CLI'),
(7657520,119,7657519,'2024-10-18 15:40:01',2,0.036376,0,'Action completed, fully processed'),
(7657601,119,0,'2024-10-18 16:10:01',0,0,0,'Run mode: CLI'),
(7657602,119,7657601,'2024-10-18 16:10:01',2,0.0110061,0,'Action completed, fully processed'),
(7657690,119,0,'2024-10-18 16:40:02',0,0,0,'Run mode: CLI'),
(7657691,119,7657690,'2024-10-18 16:40:02',2,0.0257559,0,'Action completed, fully processed'),
(7657773,119,0,'2024-10-18 17:10:02',0,0,0,'Run mode: CLI'),
(7657774,119,7657773,'2024-10-18 17:10:02',2,0.0131371,0,'Action completed, fully processed'),
(7657862,119,0,'2024-10-18 17:40:02',0,0,0,'Run mode: CLI'),
(7657863,119,7657862,'2024-10-18 17:40:02',2,0.033843,0,'Action completed, fully processed'),
(7657945,119,0,'2024-10-18 18:10:01',0,0,0,'Run mode: CLI'),
(7657946,119,7657945,'2024-10-18 18:10:01',2,0.028888,0,'Action completed, fully processed'),
(7658034,119,0,'2024-10-18 18:40:01',0,0,0,'Run mode: CLI'),
(7658035,119,7658034,'2024-10-18 18:40:01',2,0.034544,0,'Action completed, fully processed'),
(7658116,119,0,'2024-10-18 19:10:01',0,0,0,'Run mode: CLI'),
(7658117,119,7658116,'2024-10-18 19:10:01',2,0.0197999,0,'Action completed, fully processed'),
(7658205,119,0,'2024-10-18 19:40:01',0,0,0,'Run mode: CLI'),
(7658206,119,7658205,'2024-10-18 19:40:01',2,0.0437849,0,'Action completed, fully processed'),
(7658287,119,0,'2024-10-18 20:10:01',0,0,0,'Run mode: CLI'),
(7658288,119,7658287,'2024-10-18 20:10:01',2,0.023355,0,'Action completed, fully processed'),
(7658429,119,0,'2024-10-18 20:40:01',0,0,0,'Run mode: CLI'),
(7658430,119,7658429,'2024-10-18 20:40:01',2,0.0478251,0,'Action completed, fully processed'),
(7658512,119,0,'2024-10-18 21:10:02',0,0,0,'Run mode: CLI'),
(7658513,119,7658512,'2024-10-18 21:10:02',2,0.020381,0,'Action completed, fully processed'),
(7658601,119,0,'2024-10-18 21:40:02',0,0,0,'Run mode: CLI'),
(7658602,119,7658601,'2024-10-18 21:40:02',2,0.0397689,0,'Action completed, fully processed'),
(7658683,119,0,'2024-10-18 22:10:02',0,0,0,'Run mode: CLI'),
(7658684,119,7658683,'2024-10-18 22:10:02',2,0.0333829,0,'Action completed, fully processed'),
(7658777,119,0,'2024-10-18 22:40:02',0,0,0,'Run mode: CLI'),
(7658778,119,7658777,'2024-10-18 22:40:02',2,0.041209,0,'Action completed, fully processed'),
(7658859,119,0,'2024-10-18 23:10:02',0,0,0,'Run mode: CLI'),
(7658860,119,7658859,'2024-10-18 23:10:02',2,0.0311441,0,'Action completed, fully processed'),
(7658948,119,0,'2024-10-18 23:40:02',0,0,0,'Run mode: CLI'),
(7658949,119,7658948,'2024-10-18 23:40:02',2,0.03546,0,'Action completed, fully processed'),
(7659030,119,0,'2024-10-19 00:10:01',0,0,0,'Run mode: CLI'),
(7659031,119,7659030,'2024-10-19 00:10:01',2,0.0198848,0,'Action completed, fully processed'),
(7659119,119,0,'2024-10-19 00:40:01',0,0,0,'Run mode: CLI'),
(7659120,119,7659119,'2024-10-19 00:40:01',2,0.0345719,0,'Action completed, fully processed'),
(7659201,119,0,'2024-10-19 01:10:01',0,0,0,'Run mode: CLI'),
(7659202,119,7659201,'2024-10-19 01:10:01',2,0.0237782,0,'Action completed, fully processed'),
(7659290,119,0,'2024-10-19 01:40:02',0,0,0,'Run mode: CLI'),
(7659291,119,7659290,'2024-10-19 01:40:02',2,0.0495579,0,'Action completed, fully processed'),
(7659372,119,0,'2024-10-19 02:10:01',0,0,0,'Run mode: CLI'),
(7659373,119,7659372,'2024-10-19 02:10:01',2,0.0250251,0,'Action completed, fully processed'),
(7659461,119,0,'2024-10-19 02:40:01',0,0,0,'Run mode: CLI'),
(7659462,119,7659461,'2024-10-19 02:40:01',2,0.0427852,0,'Action completed, fully processed'),
(7659543,119,0,'2024-10-19 03:10:02',0,0,0,'Run mode: CLI'),
(7659544,119,7659543,'2024-10-19 03:10:02',2,0.0183029,0,'Action completed, fully processed'),
(7659632,119,0,'2024-10-19 03:40:02',0,0,0,'Run mode: CLI'),
(7659633,119,7659632,'2024-10-19 03:40:02',2,0.0577641,0,'Action completed, fully processed'),
(7659714,119,0,'2024-10-19 04:10:01',0,0,0,'Run mode: CLI'),
(7659715,119,7659714,'2024-10-19 04:10:01',2,0.019582,0,'Action completed, fully processed'),
(7659803,119,0,'2024-10-19 04:40:02',0,0,0,'Run mode: CLI'),
(7659804,119,7659803,'2024-10-19 04:40:02',2,0.0466261,0,'Action completed, fully processed'),
(7659885,119,0,'2024-10-19 05:10:02',0,0,0,'Run mode: CLI'),
(7659886,119,7659885,'2024-10-19 05:10:02',2,0.024071,0,'Action completed, fully processed'),
(7659974,119,0,'2024-10-19 05:40:02',0,0,0,'Run mode: CLI'),
(7659975,119,7659974,'2024-10-19 05:40:02',2,0.0452352,0,'Action completed, fully processed'),
(7660056,119,0,'2024-10-19 06:10:01',0,0,0,'Run mode: CLI'),
(7660057,119,7660056,'2024-10-19 06:10:01',2,0.023628,0,'Action completed, fully processed'),
(7660145,119,0,'2024-10-19 06:40:02',0,0,0,'Run mode: CLI'),
(7660146,119,7660145,'2024-10-19 06:40:02',2,0.0493779,0,'Action completed, fully processed'),
(7660227,119,0,'2024-10-19 07:10:02',0,0,0,'Run mode: CLI'),
(7660228,119,7660227,'2024-10-19 07:10:02',2,0.022011,0,'Action completed, fully processed'),
(7660316,119,0,'2024-10-19 07:40:02',0,0,0,'Run mode: CLI'),
(7660317,119,7660316,'2024-10-19 07:40:02',2,0.0484939,0,'Action completed, fully processed'),
(7660398,119,0,'2024-10-19 08:10:01',0,0,0,'Run mode: CLI'),
(7660399,119,7660398,'2024-10-19 08:10:01',2,0.016892,0,'Action completed, fully processed'),
(7660491,119,0,'2024-10-19 08:40:01',0,0,0,'Run mode: CLI'),
(7660492,119,7660491,'2024-10-19 08:40:01',2,0.0629249,0,'Action completed, fully processed'),
(7660573,119,0,'2024-10-19 09:10:02',0,0,0,'Run mode: CLI'),
(7660574,119,7660573,'2024-10-19 09:10:02',2,0.0194681,0,'Action completed, fully processed'),
(7660662,119,0,'2024-10-19 09:40:02',0,0,0,'Run mode: CLI'),
(7660663,119,7660662,'2024-10-19 09:40:02',2,0.0467641,0,'Action completed, fully processed'),
(7660744,119,0,'2024-10-19 10:10:02',0,0,0,'Run mode: CLI'),
(7660745,119,7660744,'2024-10-19 10:10:02',2,0.024549,0,'Action completed, fully processed'),
(7660833,119,0,'2024-10-19 10:40:02',0,0,0,'Run mode: CLI'),
(7660834,119,7660833,'2024-10-19 10:40:02',2,0.0375471,0,'Action completed, fully processed'),
(7660915,119,0,'2024-10-19 11:10:02',0,0,0,'Run mode: CLI'),
(7660916,119,7660915,'2024-10-19 11:10:02',2,0.0178609,0,'Action completed, fully processed'),
(7661004,119,0,'2024-10-19 11:40:02',0,0,0,'Run mode: CLI'),
(7661005,119,7661004,'2024-10-19 11:40:02',2,0.0545511,0,'Action completed, fully processed'),
(7661086,119,0,'2024-10-19 12:10:02',0,0,0,'Run mode: CLI'),
(7661087,119,7661086,'2024-10-19 12:10:02',2,0.0186219,0,'Action completed, fully processed'),
(7661175,119,0,'2024-10-19 12:40:02',0,0,0,'Run mode: CLI'),
(7661176,119,7661175,'2024-10-19 12:40:02',2,0.0555592,0,'Action completed, fully processed'),
(7661257,119,0,'2024-10-19 13:10:02',0,0,0,'Run mode: CLI'),
(7661258,119,7661257,'2024-10-19 13:10:02',2,0.019207,0,'Action completed, fully processed'),
(7661346,119,0,'2024-10-19 13:40:02',0,0,0,'Run mode: CLI'),
(7661347,119,7661346,'2024-10-19 13:40:02',2,0.0404811,0,'Action completed, fully processed'),
(7661428,119,0,'2024-10-19 14:10:02',0,0,0,'Run mode: CLI'),
(7661429,119,7661428,'2024-10-19 14:10:02',2,0.027828,0,'Action completed, fully processed'),
(7661517,119,0,'2024-10-19 14:40:01',0,0,0,'Run mode: CLI'),
(7661518,119,7661517,'2024-10-19 14:40:01',2,0.043509,0,'Action completed, fully processed'),
(7661599,119,0,'2024-10-19 15:10:02',0,0,0,'Run mode: CLI'),
(7661600,119,7661599,'2024-10-19 15:10:02',2,0.0240231,0,'Action completed, fully processed'),
(7661688,119,0,'2024-10-19 15:40:02',0,0,0,'Run mode: CLI'),
(7661689,119,7661688,'2024-10-19 15:40:02',2,0.0540729,0,'Action completed, fully processed'),
(7661770,119,0,'2024-10-19 16:10:02',0,0,0,'Run mode: CLI'),
(7661771,119,7661770,'2024-10-19 16:10:02',2,0.027365,0,'Action completed, fully processed'),
(7661859,119,0,'2024-10-19 16:40:02',0,0,0,'Run mode: CLI'),
(7661860,119,7661859,'2024-10-19 16:40:02',2,0.0371621,0,'Action completed, fully processed'),
(7661941,119,0,'2024-10-19 17:10:01',0,0,0,'Run mode: CLI'),
(7661942,119,7661941,'2024-10-19 17:10:01',2,0.0297649,0,'Action completed, fully processed'),
(7662030,119,0,'2024-10-19 17:40:03',0,0,0,'Run mode: CLI'),
(7662031,119,7662030,'2024-10-19 17:40:03',2,0.053345,0,'Action completed, fully processed'),
(7662112,119,0,'2024-10-19 18:10:02',0,0,0,'Run mode: CLI'),
(7662113,119,7662112,'2024-10-19 18:10:02',2,0.0184121,0,'Action completed, fully processed'),
(7662201,119,0,'2024-10-19 18:40:02',0,0,0,'Run mode: CLI'),
(7662202,119,7662201,'2024-10-19 18:40:02',2,0.038393,0,'Action completed, fully processed'),
(7662283,119,0,'2024-10-19 19:10:03',0,0,0,'Run mode: CLI'),
(7662284,119,7662283,'2024-10-19 19:10:03',2,0.0142121,0,'Action completed, fully processed'),
(7662372,119,0,'2024-10-19 19:40:02',0,0,0,'Run mode: CLI'),
(7662373,119,7662372,'2024-10-19 19:40:02',2,0.049453,0,'Action completed, fully processed'),
(7662452,119,0,'2024-10-19 20:10:02',0,0,0,'Run mode: CLI'),
(7662453,119,7662452,'2024-10-19 20:10:02',2,0.0250902,0,'Action completed, fully processed'),
(7662590,119,0,'2024-10-19 20:40:02',0,0,0,'Run mode: CLI'),
(7662591,119,7662590,'2024-10-19 20:40:02',2,0.0322609,0,'Action completed, fully processed'),
(7662672,119,0,'2024-10-19 21:10:02',0,0,0,'Run mode: CLI'),
(7662673,119,7662672,'2024-10-19 21:10:02',2,0.0206342,0,'Action completed, fully processed'),
(7662761,119,0,'2024-10-19 21:40:01',0,0,0,'Run mode: CLI'),
(7662762,119,7662761,'2024-10-19 21:40:01',2,0.054343,0,'Action completed, fully processed'),
(7662843,119,0,'2024-10-19 22:10:01',0,0,0,'Run mode: CLI'),
(7662844,119,7662843,'2024-10-19 22:10:01',2,0.0343509,0,'Action completed, fully processed'),
(7662936,119,0,'2024-10-19 22:40:01',0,0,0,'Run mode: CLI'),
(7662937,119,7662936,'2024-10-19 22:40:01',2,0.0350199,0,'Action completed, fully processed'),
(7663018,119,0,'2024-10-19 23:10:01',0,0,0,'Run mode: CLI'),
(7663019,119,7663018,'2024-10-19 23:10:01',2,0.0195041,0,'Action completed, fully processed'),
(7663107,119,0,'2024-10-19 23:40:01',0,0,0,'Run mode: CLI'),
(7663108,119,7663107,'2024-10-19 23:40:01',2,0.044956,0,'Action completed, fully processed'),
(7663189,119,0,'2024-10-20 00:10:01',0,0,0,'Run mode: CLI'),
(7663190,119,7663189,'2024-10-20 00:10:01',2,0.0216951,0,'Action completed, fully processed'),
(7663278,119,0,'2024-10-20 00:40:01',0,0,0,'Run mode: CLI'),
(7663279,119,7663278,'2024-10-20 00:40:01',2,0.0357921,0,'Action completed, fully processed'),
(7663360,119,0,'2024-10-20 01:10:01',0,0,0,'Run mode: CLI'),
(7663361,119,7663360,'2024-10-20 01:10:01',2,0.016813,0,'Action completed, fully processed'),
(7663449,119,0,'2024-10-20 01:40:02',0,0,0,'Run mode: CLI'),
(7663450,119,7663449,'2024-10-20 01:40:02',2,0.0459778,0,'Action completed, fully processed'),
(7663531,119,0,'2024-10-20 02:10:01',0,0,0,'Run mode: CLI'),
(7663532,119,7663531,'2024-10-20 02:10:01',2,0.0208631,0,'Action completed, fully processed'),
(7663620,119,0,'2024-10-20 02:40:01',0,0,0,'Run mode: CLI'),
(7663621,119,7663620,'2024-10-20 02:40:01',2,0.0428631,0,'Action completed, fully processed'),
(7663702,119,0,'2024-10-20 03:10:01',0,0,0,'Run mode: CLI'),
(7663703,119,7663702,'2024-10-20 03:10:01',2,0.0232661,0,'Action completed, fully processed'),
(7663791,119,0,'2024-10-20 03:40:02',0,0,0,'Run mode: CLI'),
(7663792,119,7663791,'2024-10-20 03:40:02',2,0.038064,0,'Action completed, fully processed'),
(7663873,119,0,'2024-10-20 04:10:02',0,0,0,'Run mode: CLI'),
(7663874,119,7663873,'2024-10-20 04:10:02',2,0.016068,0,'Action completed, fully processed'),
(7663962,119,0,'2024-10-20 04:40:02',0,0,0,'Run mode: CLI'),
(7663963,119,7663962,'2024-10-20 04:40:02',2,0.0371969,0,'Action completed, fully processed'),
(7664044,119,0,'2024-10-20 05:10:02',0,0,0,'Run mode: CLI'),
(7664045,119,7664044,'2024-10-20 05:10:02',2,0.0159631,0,'Action completed, fully processed'),
(7664133,119,0,'2024-10-20 05:40:02',0,0,0,'Run mode: CLI'),
(7664134,119,7664133,'2024-10-20 05:40:02',2,0.0350211,0,'Action completed, fully processed'),
(7664215,119,0,'2024-10-20 06:10:02',0,0,0,'Run mode: CLI'),
(7664216,119,7664215,'2024-10-20 06:10:02',2,0.0173171,0,'Action completed, fully processed'),
(7664304,119,0,'2024-10-20 06:40:02',0,0,0,'Run mode: CLI'),
(7664305,119,7664304,'2024-10-20 06:40:02',2,0.048285,0,'Action completed, fully processed'),
(7664386,119,0,'2024-10-20 07:10:02',0,0,0,'Run mode: CLI'),
(7664387,119,7664386,'2024-10-20 07:10:02',2,0.0218959,0,'Action completed, fully processed'),
(7664475,119,0,'2024-10-20 07:40:02',0,0,0,'Run mode: CLI'),
(7664476,119,7664475,'2024-10-20 07:40:02',2,0.0343211,0,'Action completed, fully processed'),
(7664557,119,0,'2024-10-20 08:10:02',0,0,0,'Run mode: CLI'),
(7664558,119,7664557,'2024-10-20 08:10:02',2,0.013037,0,'Action completed, fully processed'),
(7664650,119,0,'2024-10-20 08:40:02',0,0,0,'Run mode: CLI'),
(7664651,119,7664650,'2024-10-20 08:40:02',2,0.0355361,0,'Action completed, fully processed'),
(7664732,119,0,'2024-10-20 09:10:02',0,0,0,'Run mode: CLI'),
(7664733,119,7664732,'2024-10-20 09:10:02',2,0.018959,0,'Action completed, fully processed'),
(7664821,119,0,'2024-10-20 09:40:02',0,0,0,'Run mode: CLI'),
(7664822,119,7664821,'2024-10-20 09:40:02',2,0.0462661,0,'Action completed, fully processed'),
(7664903,119,0,'2024-10-20 10:10:02',0,0,0,'Run mode: CLI'),
(7664904,119,7664903,'2024-10-20 10:10:02',2,0.022362,0,'Action completed, fully processed'),
(7664992,119,0,'2024-10-20 10:40:01',0,0,0,'Run mode: CLI'),
(7664993,119,7664992,'2024-10-20 10:40:01',2,0.0606301,0,'Action completed, fully processed'),
(7665074,119,0,'2024-10-20 11:10:01',0,0,0,'Run mode: CLI'),
(7665075,119,7665074,'2024-10-20 11:10:01',2,0.0335019,0,'Action completed, fully processed'),
(7665163,119,0,'2024-10-20 11:40:01',0,0,0,'Run mode: CLI'),
(7665164,119,7665163,'2024-10-20 11:40:01',2,0.035773,0,'Action completed, fully processed'),
(7665245,119,0,'2024-10-20 12:10:01',0,0,0,'Run mode: CLI'),
(7665246,119,7665245,'2024-10-20 12:10:01',2,0.0281491,0,'Action completed, fully processed'),
(7665334,119,0,'2024-10-20 12:40:01',0,0,0,'Run mode: CLI'),
(7665335,119,7665334,'2024-10-20 12:40:01',2,0.0570509,0,'Action completed, fully processed'),
(7665416,119,0,'2024-10-20 13:10:01',0,0,0,'Run mode: CLI'),
(7665417,119,7665416,'2024-10-20 13:10:01',2,0.026057,0,'Action completed, fully processed'),
(7665505,119,0,'2024-10-20 13:40:01',0,0,0,'Run mode: CLI'),
(7665506,119,7665505,'2024-10-20 13:40:01',2,0.026654,0,'Action completed, fully processed'),
(7665587,119,0,'2024-10-20 14:10:02',0,0,0,'Run mode: CLI'),
(7665588,119,7665587,'2024-10-20 14:10:02',2,0.0170369,0,'Action completed, fully processed'),
(7665676,119,0,'2024-10-20 14:40:02',0,0,0,'Run mode: CLI'),
(7665677,119,7665676,'2024-10-20 14:40:02',2,0.0453579,0,'Action completed, fully processed'),
(7665758,119,0,'2024-10-20 15:10:02',0,0,0,'Run mode: CLI'),
(7665759,119,7665758,'2024-10-20 15:10:02',2,0.01211,0,'Action completed, fully processed'),
(7665847,119,0,'2024-10-20 15:40:01',0,0,0,'Run mode: CLI'),
(7665848,119,7665847,'2024-10-20 15:40:01',2,0.0559409,0,'Action completed, fully processed'),
(7665929,119,0,'2024-10-20 16:10:01',0,0,0,'Run mode: CLI'),
(7665930,119,7665929,'2024-10-20 16:10:01',2,0.0250189,0,'Action completed, fully processed'),
(7666018,119,0,'2024-10-20 16:40:01',0,0,0,'Run mode: CLI'),
(7666019,119,7666018,'2024-10-20 16:40:01',2,0.024668,0,'Action completed, fully processed'),
(7666100,119,0,'2024-10-20 17:10:01',0,0,0,'Run mode: CLI'),
(7666101,119,7666100,'2024-10-20 17:10:01',2,0.026125,0,'Action completed, fully processed'),
(7666189,119,0,'2024-10-20 17:40:02',0,0,0,'Run mode: CLI'),
(7666190,119,7666189,'2024-10-20 17:40:02',2,0.044399,0,'Action completed, fully processed'),
(7666271,119,0,'2024-10-20 18:10:02',0,0,0,'Run mode: CLI'),
(7666272,119,7666271,'2024-10-20 18:10:02',2,0.0166979,0,'Action completed, fully processed'),
(7666360,119,0,'2024-10-20 18:40:02',0,0,0,'Run mode: CLI'),
(7666361,119,7666360,'2024-10-20 18:40:02',2,0.0384438,0,'Action completed, fully processed'),
(7666442,119,0,'2024-10-20 19:10:02',0,0,0,'Run mode: CLI'),
(7666443,119,7666442,'2024-10-20 19:10:02',2,0.0185649,0,'Action completed, fully processed'),
(7666531,119,0,'2024-10-20 19:40:01',0,0,0,'Run mode: CLI'),
(7666532,119,7666531,'2024-10-20 19:40:01',2,0.026583,0,'Action completed, fully processed'),
(7666613,119,0,'2024-10-20 20:10:01',0,0,0,'Run mode: CLI'),
(7666614,119,7666613,'2024-10-20 20:10:01',2,0.0188131,0,'Action completed, fully processed'),
(7666754,119,0,'2024-10-20 20:40:01',0,0,0,'Run mode: CLI'),
(7666755,119,7666754,'2024-10-20 20:40:01',2,0.038785,0,'Action completed, fully processed'),
(7666836,119,0,'2024-10-20 21:10:01',0,0,0,'Run mode: CLI'),
(7666837,119,7666836,'2024-10-20 21:10:01',2,0.0143919,0,'Action completed, fully processed'),
(7666925,119,0,'2024-10-20 21:40:02',0,0,0,'Run mode: CLI'),
(7666926,119,7666925,'2024-10-20 21:40:02',2,0.03826,0,'Action completed, fully processed'),
(7667007,119,0,'2024-10-20 22:10:02',0,0,0,'Run mode: CLI'),
(7667008,119,7667007,'2024-10-20 22:10:02',2,0.022136,0,'Action completed, fully processed'),
(7667100,119,0,'2024-10-20 22:40:02',0,0,0,'Run mode: CLI'),
(7667101,119,7667100,'2024-10-20 22:40:02',2,0.0429609,0,'Action completed, fully processed'),
(7667182,119,0,'2024-10-20 23:10:01',0,0,0,'Run mode: CLI'),
(7667183,119,7667182,'2024-10-20 23:10:01',2,0.0185421,0,'Action completed, fully processed'),
(7667271,119,0,'2024-10-20 23:40:02',0,0,0,'Run mode: CLI'),
(7667272,119,7667271,'2024-10-20 23:40:02',2,0.0466311,0,'Action completed, fully processed'),
(7667353,119,0,'2024-10-21 00:10:02',0,0,0,'Run mode: CLI'),
(7667354,119,7667353,'2024-10-21 00:10:02',2,0.0426612,0,'Action completed, fully processed'),
(7667442,119,0,'2024-10-21 00:40:02',0,0,0,'Run mode: CLI'),
(7667443,119,7667442,'2024-10-21 00:40:02',2,0.0397811,0,'Action completed, fully processed'),
(7667524,119,0,'2024-10-21 01:10:02',0,0,0,'Run mode: CLI'),
(7667525,119,7667524,'2024-10-21 01:10:02',2,0.019207,0,'Action completed, fully processed'),
(7667613,119,0,'2024-10-21 01:40:02',0,0,0,'Run mode: CLI'),
(7667614,119,7667613,'2024-10-21 01:40:02',2,0.0378919,0,'Action completed, fully processed'),
(7667695,119,0,'2024-10-21 02:10:02',0,0,0,'Run mode: CLI'),
(7667696,119,7667695,'2024-10-21 02:10:02',2,0.026093,0,'Action completed, fully processed'),
(7667784,119,0,'2024-10-21 02:40:02',0,0,0,'Run mode: CLI'),
(7667785,119,7667784,'2024-10-21 02:40:02',2,0.0342259,0,'Action completed, fully processed'),
(7667866,119,0,'2024-10-21 03:10:01',0,0,0,'Run mode: CLI'),
(7667867,119,7667866,'2024-10-21 03:10:01',2,0.018353,0,'Action completed, fully processed'),
(7667955,119,0,'2024-10-21 03:40:01',0,0,0,'Run mode: CLI'),
(7667956,119,7667955,'2024-10-21 03:40:01',2,0.043371,0,'Action completed, fully processed'),
(7668037,119,0,'2024-10-21 04:10:01',0,0,0,'Run mode: CLI'),
(7668038,119,7668037,'2024-10-21 04:10:01',2,0.0196559,0,'Action completed, fully processed'),
(7668126,119,0,'2024-10-21 04:40:01',0,0,0,'Run mode: CLI'),
(7668127,119,7668126,'2024-10-21 04:40:01',2,0.0309889,0,'Action completed, fully processed'),
(7668208,119,0,'2024-10-21 05:10:01',0,0,0,'Run mode: CLI'),
(7668209,119,7668208,'2024-10-21 05:10:01',2,0.026346,0,'Action completed, fully processed'),
(7668297,119,0,'2024-10-21 05:40:02',0,0,0,'Run mode: CLI'),
(7668298,119,7668297,'2024-10-21 05:40:02',2,0.04357,0,'Action completed, fully processed'),
(7668379,119,0,'2024-10-21 06:10:01',0,0,0,'Run mode: CLI'),
(7668380,119,7668379,'2024-10-21 06:10:01',2,0.014478,0,'Action completed, fully processed'),
(7668468,119,0,'2024-10-21 06:40:02',0,0,0,'Run mode: CLI'),
(7668469,119,7668468,'2024-10-21 06:40:02',2,0.0396359,0,'Action completed, fully processed'),
(7668550,119,0,'2024-10-21 07:10:02',0,0,0,'Run mode: CLI'),
(7668551,119,7668550,'2024-10-21 07:10:02',2,0.0255861,0,'Action completed, fully processed'),
(7668639,119,0,'2024-10-21 07:40:01',0,0,0,'Run mode: CLI'),
(7668640,119,7668639,'2024-10-21 07:40:01',2,0.0381241,0,'Action completed, fully processed'),
(7668721,119,0,'2024-10-21 08:10:01',0,0,0,'Run mode: CLI'),
(7668722,119,7668721,'2024-10-21 08:10:01',2,0.0205181,0,'Action completed, fully processed'),
(7668814,119,0,'2024-10-21 08:40:01',0,0,0,'Run mode: CLI'),
(7668815,119,7668814,'2024-10-21 08:40:01',2,0.0558071,0,'Action completed, fully processed'),
(7668896,119,0,'2024-10-21 09:10:01',0,0,0,'Run mode: CLI'),
(7668897,119,7668896,'2024-10-21 09:10:01',2,0.0229039,0,'Action completed, fully processed'),
(7668985,119,0,'2024-10-21 09:40:01',0,0,0,'Run mode: CLI'),
(7668986,119,7668985,'2024-10-21 09:40:01',2,0.043062,0,'Action completed, fully processed'),
(7669067,119,0,'2024-10-21 10:10:01',0,0,0,'Run mode: CLI'),
(7669068,119,7669067,'2024-10-21 10:10:01',2,0.0113771,0,'Action completed, fully processed'),
(7669156,119,0,'2024-10-21 10:40:01',0,0,0,'Run mode: CLI'),
(7669157,119,7669156,'2024-10-21 10:40:01',2,0.0449631,0,'Action completed, fully processed'),
(7669238,119,0,'2024-10-21 11:10:01',0,0,0,'Run mode: CLI'),
(7669239,119,7669238,'2024-10-21 11:10:01',2,0.0146241,0,'Action completed, fully processed'),
(7669327,119,0,'2024-10-21 11:40:01',0,0,0,'Run mode: CLI'),
(7669328,119,7669327,'2024-10-21 11:40:01',2,0.0391002,0,'Action completed, fully processed'),
(7669409,119,0,'2024-10-21 12:10:01',0,0,0,'Run mode: CLI'),
(7669410,119,7669409,'2024-10-21 12:10:01',2,0.054682,0,'Action completed, fully processed'),
(7669498,119,0,'2024-10-21 12:40:01',0,0,0,'Run mode: CLI'),
(7669499,119,7669498,'2024-10-21 12:40:01',2,0.0337651,0,'Action completed, fully processed'),
(7669582,119,0,'2024-10-21 13:10:01',0,0,0,'Run mode: CLI'),
(7669583,119,7669582,'2024-10-21 13:10:01',2,0.0165732,0,'Action completed, fully processed'),
(7669671,119,0,'2024-10-21 13:40:02',0,0,0,'Run mode: CLI'),
(7669672,119,7669671,'2024-10-21 13:40:02',2,0.027761,0,'Action completed, fully processed'),
(7669753,119,0,'2024-10-21 14:10:02',0,0,0,'Run mode: CLI'),
(7669754,119,7669753,'2024-10-21 14:10:02',2,0.0153868,0,'Action completed, fully processed'),
(7669842,119,0,'2024-10-21 14:40:02',0,0,0,'Run mode: CLI'),
(7669843,119,7669842,'2024-10-21 14:40:02',2,0.059962,0,'Action completed, fully processed'),
(7669924,119,0,'2024-10-21 15:10:02',0,0,0,'Run mode: CLI'),
(7669925,119,7669924,'2024-10-21 15:10:02',2,0.019372,0,'Action completed, fully processed'),
(7670013,119,0,'2024-10-21 15:40:02',0,0,0,'Run mode: CLI'),
(7670014,119,7670013,'2024-10-21 15:40:02',2,0.0473859,0,'Action completed, fully processed'),
(7670095,119,0,'2024-10-21 16:10:02',0,0,0,'Run mode: CLI'),
(7670096,119,7670095,'2024-10-21 16:10:02',2,0.0251448,0,'Action completed, fully processed'),
(7670184,119,0,'2024-10-21 16:40:02',0,0,0,'Run mode: CLI'),
(7670185,119,7670184,'2024-10-21 16:40:02',2,0.0401239,0,'Action completed, fully processed'),
(7670272,119,0,'2024-10-21 17:10:02',0,0,0,'Run mode: CLI'),
(7670273,119,7670272,'2024-10-21 17:10:02',2,0.026258,0,'Action completed, fully processed'),
(7670361,119,0,'2024-10-21 17:40:02',0,0,0,'Run mode: CLI'),
(7670362,119,7670361,'2024-10-21 17:40:02',2,0.03949,0,'Action completed, fully processed'),
(7670443,119,0,'2024-10-21 18:10:01',0,0,0,'Run mode: CLI'),
(7670444,119,7670443,'2024-10-21 18:10:01',2,0.0228109,0,'Action completed, fully processed'),
(7670532,119,0,'2024-10-21 18:40:01',0,0,0,'Run mode: CLI'),
(7670533,119,7670532,'2024-10-21 18:40:01',2,0.040225,0,'Action completed, fully processed'),
(7670614,119,0,'2024-10-21 19:10:01',0,0,0,'Run mode: CLI'),
(7670615,119,7670614,'2024-10-21 19:10:01',2,0.0311298,0,'Action completed, fully processed'),
(7670703,119,0,'2024-10-21 19:40:01',0,0,0,'Run mode: CLI'),
(7670704,119,7670703,'2024-10-21 19:40:01',2,0.054698,0,'Action completed, fully processed'),
(7670785,119,0,'2024-10-21 20:10:01',0,0,0,'Run mode: CLI'),
(7670786,119,7670785,'2024-10-21 20:10:01',2,0.0146379,0,'Action completed, fully processed'),
(7670913,119,0,'2024-10-21 20:40:02',0,0,0,'Run mode: CLI'),
(7670914,119,7670913,'2024-10-21 20:40:02',2,0.0392079,0,'Action completed, fully processed'),
(7670995,119,0,'2024-10-21 21:10:02',0,0,0,'Run mode: CLI'),
(7670996,119,7670995,'2024-10-21 21:10:02',2,0.0225999,0,'Action completed, fully processed'),
(7671084,119,0,'2024-10-21 21:40:02',0,0,0,'Run mode: CLI'),
(7671085,119,7671084,'2024-10-21 21:40:02',2,0.0522339,0,'Action completed, fully processed'),
(7671166,119,0,'2024-10-21 22:10:02',0,0,0,'Run mode: CLI'),
(7671167,119,7671166,'2024-10-21 22:10:02',2,0.0294302,0,'Action completed, fully processed'),
(7671259,119,0,'2024-10-21 22:40:02',0,0,0,'Run mode: CLI'),
(7671260,119,7671259,'2024-10-21 22:40:02',2,0.0497179,0,'Action completed, fully processed'),
(7671341,119,0,'2024-10-21 23:10:02',0,0,0,'Run mode: CLI'),
(7671342,119,7671341,'2024-10-21 23:10:02',2,0.0217011,0,'Action completed, fully processed'),
(7671430,119,0,'2024-10-21 23:40:01',0,0,0,'Run mode: CLI'),
(7671431,119,7671430,'2024-10-21 23:40:01',2,0.039638,0,'Action completed, fully processed'),
(7671512,119,0,'2024-10-22 00:10:02',0,0,0,'Run mode: CLI'),
(7671513,119,7671512,'2024-10-22 00:10:02',2,0.0192561,0,'Action completed, fully processed'),
(7671601,119,0,'2024-10-22 00:40:02',0,0,0,'Run mode: CLI'),
(7671602,119,7671601,'2024-10-22 00:40:02',2,0.0288169,0,'Action completed, fully processed'),
(7671683,119,0,'2024-10-22 01:10:02',0,0,0,'Run mode: CLI'),
(7671684,119,7671683,'2024-10-22 01:10:02',2,0.0144379,0,'Action completed, fully processed'),
(7671772,119,0,'2024-10-22 01:40:01',0,0,0,'Run mode: CLI'),
(7671773,119,7671772,'2024-10-22 01:40:01',2,0.062454,0,'Action completed, fully processed'),
(7671854,119,0,'2024-10-22 02:10:02',0,0,0,'Run mode: CLI'),
(7671855,119,7671854,'2024-10-22 02:10:02',2,0.0218699,0,'Action completed, fully processed'),
(7671943,119,0,'2024-10-22 02:40:02',0,0,0,'Run mode: CLI'),
(7671944,119,7671943,'2024-10-22 02:40:02',2,0.027864,0,'Action completed, fully processed'),
(7672025,119,0,'2024-10-22 03:10:02',0,0,0,'Run mode: CLI'),
(7672026,119,7672025,'2024-10-22 03:10:02',2,0.0171511,0,'Action completed, fully processed'),
(7672114,119,0,'2024-10-22 03:40:02',0,0,0,'Run mode: CLI'),
(7672115,119,7672114,'2024-10-22 03:40:02',2,0.040827,0,'Action completed, fully processed'),
(7672196,119,0,'2024-10-22 04:10:02',0,0,0,'Run mode: CLI'),
(7672197,119,7672196,'2024-10-22 04:10:02',2,0.016583,0,'Action completed, fully processed'),
(7672285,119,0,'2024-10-22 04:40:02',0,0,0,'Run mode: CLI'),
(7672286,119,7672285,'2024-10-22 04:40:02',2,0.0490329,0,'Action completed, fully processed'),
(7672367,119,0,'2024-10-22 05:10:02',0,0,0,'Run mode: CLI'),
(7672368,119,7672367,'2024-10-22 05:10:02',2,0.0183411,0,'Action completed, fully processed'),
(7672456,119,0,'2024-10-22 05:40:02',0,0,0,'Run mode: CLI'),
(7672457,119,7672456,'2024-10-22 05:40:02',2,0.0322568,0,'Action completed, fully processed'),
(7672538,119,0,'2024-10-22 06:10:02',0,0,0,'Run mode: CLI'),
(7672539,119,7672538,'2024-10-22 06:10:02',2,0.019964,0,'Action completed, fully processed'),
(7672627,119,0,'2024-10-22 06:40:02',0,0,0,'Run mode: CLI'),
(7672628,119,7672627,'2024-10-22 06:40:02',2,0.0467029,0,'Action completed, fully processed'),
(7672709,119,0,'2024-10-22 07:10:02',0,0,0,'Run mode: CLI'),
(7672710,119,7672709,'2024-10-22 07:10:02',2,0.027498,0,'Action completed, fully processed'),
(7672798,119,0,'2024-10-22 07:40:02',0,0,0,'Run mode: CLI'),
(7672799,119,7672798,'2024-10-22 07:40:02',2,0.0355339,0,'Action completed, fully processed'),
(7672880,119,0,'2024-10-22 08:10:02',0,0,0,'Run mode: CLI'),
(7672881,119,7672880,'2024-10-22 08:10:02',2,0.019381,0,'Action completed, fully processed'),
(7672973,119,0,'2024-10-22 08:40:02',0,0,0,'Run mode: CLI'),
(7672974,119,7672973,'2024-10-22 08:40:02',2,0.0315471,0,'Action completed, fully processed'),
(7673055,119,0,'2024-10-22 09:10:02',0,0,0,'Run mode: CLI'),
(7673056,119,7673055,'2024-10-22 09:10:02',2,0.015938,0,'Action completed, fully processed'),
(7673144,119,0,'2024-10-22 09:40:02',0,0,0,'Run mode: CLI'),
(7673145,119,7673144,'2024-10-22 09:40:02',2,0.058552,0,'Action completed, fully processed'),
(7673226,119,0,'2024-10-22 10:10:02',0,0,0,'Run mode: CLI'),
(7673227,119,7673226,'2024-10-22 10:10:02',2,0.0228541,0,'Action completed, fully processed'),
(7673315,119,0,'2024-10-22 10:40:03',0,0,0,'Run mode: CLI'),
(7673316,119,7673315,'2024-10-22 10:40:03',2,0.090009,0,'Action completed, fully processed'),
(7673397,119,0,'2024-10-22 11:10:03',0,0,0,'Run mode: CLI'),
(7673398,119,7673397,'2024-10-22 11:10:03',2,0.0167029,0,'Action completed, fully processed'),
(7673486,119,0,'2024-10-22 11:40:03',0,0,0,'Run mode: CLI'),
(7673487,119,7673486,'2024-10-22 11:40:03',2,0.0481081,0,'Action completed, fully processed'),
(7673568,119,0,'2024-10-22 12:14:01',0,0,0,'Run mode: CLI'),
(7673569,119,7673568,'2024-10-22 12:14:01',2,0.026144,0,'Action completed, fully processed'),
(7673659,119,0,'2024-10-22 12:44:01',0,0,0,'Run mode: CLI'),
(7673660,119,7673659,'2024-10-22 12:44:01',2,0.0114241,0,'Action completed, fully processed'),
(7673747,119,0,'2024-10-22 13:14:02',0,0,0,'Run mode: CLI'),
(7673748,119,7673747,'2024-10-22 13:14:02',2,0.0427802,0,'Action completed, fully processed'),
(7673832,119,0,'2024-10-22 13:44:01',0,0,0,'Run mode: CLI'),
(7673833,119,7673832,'2024-10-22 13:44:01',2,0.0094471,0,'Action completed, fully processed'),
(7673918,119,0,'2024-10-22 14:14:02',0,0,0,'Run mode: CLI'),
(7673919,119,7673918,'2024-10-22 14:14:02',2,0.0249279,0,'Action completed, fully processed'),
(7674003,119,0,'2024-10-22 14:44:02',0,0,0,'Run mode: CLI'),
(7674004,119,7674003,'2024-10-22 14:44:02',2,0.016644,0,'Action completed, fully processed'),
(7674089,119,0,'2024-10-22 15:14:02',0,0,0,'Run mode: CLI'),
(7674090,119,7674089,'2024-10-22 15:14:02',2,0.0127101,0,'Action completed, fully processed'),
(7674174,119,0,'2024-10-22 15:44:02',0,0,0,'Run mode: CLI'),
(7674175,119,7674174,'2024-10-22 15:44:02',2,0.0166578,0,'Action completed, fully processed'),
(7674260,119,0,'2024-10-22 16:14:01',0,0,0,'Run mode: CLI'),
(7674261,119,7674260,'2024-10-22 16:14:01',2,0.0174651,0,'Action completed, fully processed'),
(7674345,119,0,'2024-10-22 16:44:02',0,0,0,'Run mode: CLI'),
(7674346,119,7674345,'2024-10-22 16:44:02',2,0.014364,0,'Action completed, fully processed'),
(7674431,119,0,'2024-10-22 17:14:01',0,0,0,'Run mode: CLI'),
(7674432,119,7674431,'2024-10-22 17:14:01',2,0.0119989,0,'Action completed, fully processed'),
(7674516,119,0,'2024-10-22 17:44:01',0,0,0,'Run mode: CLI'),
(7674517,119,7674516,'2024-10-22 17:44:01',2,0.0141361,0,'Action completed, fully processed'),
(7674602,119,0,'2024-10-22 18:14:01',0,0,0,'Run mode: CLI'),
(7674603,119,7674602,'2024-10-22 18:14:01',2,0.0199401,0,'Action completed, fully processed'),
(7674687,119,0,'2024-10-22 18:44:01',0,0,0,'Run mode: CLI'),
(7674688,119,7674687,'2024-10-22 18:44:01',2,0.0131319,0,'Action completed, fully processed'),
(7674773,119,0,'2024-10-22 19:14:01',0,0,0,'Run mode: CLI'),
(7674774,119,7674773,'2024-10-22 19:14:01',2,0.0126979,0,'Action completed, fully processed'),
(7674858,119,0,'2024-10-22 19:44:01',0,0,0,'Run mode: CLI'),
(7674859,119,7674858,'2024-10-22 19:44:01',2,0.016377,0,'Action completed, fully processed'),
(7674991,119,0,'2024-10-22 20:15:02',0,0,0,'Run mode: CLI'),
(7674992,119,7674991,'2024-10-22 20:15:02',2,0.0310662,0,'Action completed, fully processed'),
(7675090,119,0,'2024-10-22 20:45:02',0,0,0,'Run mode: CLI'),
(7675091,119,7675090,'2024-10-22 20:45:02',2,0.014415,0,'Action completed, fully processed'),
(7675176,119,0,'2024-10-22 21:15:02',0,0,0,'Run mode: CLI'),
(7675177,119,7675176,'2024-10-22 21:15:02',2,0.0183861,0,'Action completed, fully processed'),
(7675261,119,0,'2024-10-22 21:45:02',0,0,0,'Run mode: CLI'),
(7675262,119,7675261,'2024-10-22 21:45:02',2,0.022758,0,'Action completed, fully processed'),
(7675347,119,0,'2024-10-22 22:15:01',0,0,0,'Run mode: CLI'),
(7675348,119,7675347,'2024-10-22 22:15:01',2,0.0229509,0,'Action completed, fully processed'),
(7675436,119,0,'2024-10-22 22:45:02',0,0,0,'Run mode: CLI'),
(7675437,119,7675436,'2024-10-22 22:45:02',2,0.0188501,0,'Action completed, fully processed'),
(7675522,119,0,'2024-10-22 23:15:03',0,0,0,'Run mode: CLI'),
(7675523,119,7675522,'2024-10-22 23:15:03',2,0.018595,0,'Action completed, fully processed'),
(7675607,119,0,'2024-10-22 23:45:02',0,0,0,'Run mode: CLI'),
(7675608,119,7675607,'2024-10-22 23:45:02',2,0.0251908,0,'Action completed, fully processed'),
(7675693,119,0,'2024-10-23 00:15:03',0,0,0,'Run mode: CLI'),
(7675694,119,7675693,'2024-10-23 00:15:03',2,0.041682,0,'Action completed, fully processed'),
(7675778,119,0,'2024-10-23 00:45:02',0,0,0,'Run mode: CLI'),
(7675779,119,7675778,'2024-10-23 00:45:02',2,0.027415,0,'Action completed, fully processed'),
(7675864,119,0,'2024-10-23 01:15:02',0,0,0,'Run mode: CLI'),
(7675865,119,7675864,'2024-10-23 01:15:02',2,0.0182309,0,'Action completed, fully processed'),
(7675949,119,0,'2024-10-23 01:45:01',0,0,0,'Run mode: CLI'),
(7675950,119,7675949,'2024-10-23 01:45:01',2,0.0197301,0,'Action completed, fully processed'),
(7676035,119,0,'2024-10-23 02:15:01',0,0,0,'Run mode: CLI'),
(7676036,119,7676035,'2024-10-23 02:15:01',2,0.019707,0,'Action completed, fully processed'),
(7676120,119,0,'2024-10-23 02:45:01',0,0,0,'Run mode: CLI'),
(7676121,119,7676120,'2024-10-23 02:45:01',2,0.02405,0,'Action completed, fully processed'),
(7676206,119,0,'2024-10-23 03:15:01',0,0,0,'Run mode: CLI'),
(7676207,119,7676206,'2024-10-23 03:15:01',2,0.0278082,0,'Action completed, fully processed'),
(7676291,119,0,'2024-10-23 03:45:01',0,0,0,'Run mode: CLI'),
(7676292,119,7676291,'2024-10-23 03:45:01',2,0.021616,0,'Action completed, fully processed'),
(7676377,119,0,'2024-10-23 04:15:01',0,0,0,'Run mode: CLI'),
(7676378,119,7676377,'2024-10-23 04:15:01',2,0.027992,0,'Action completed, fully processed'),
(7676462,119,0,'2024-10-23 04:45:01',0,0,0,'Run mode: CLI'),
(7676463,119,7676462,'2024-10-23 04:45:01',2,0.0224319,0,'Action completed, fully processed'),
(7676548,119,0,'2024-10-23 05:15:01',0,0,0,'Run mode: CLI'),
(7676549,119,7676548,'2024-10-23 05:15:01',2,0.0190351,0,'Action completed, fully processed'),
(7676633,119,0,'2024-10-23 05:45:01',0,0,0,'Run mode: CLI'),
(7676634,119,7676633,'2024-10-23 05:45:01',2,0.0212631,0,'Action completed, fully processed'),
(7676719,119,0,'2024-10-23 06:15:02',0,0,0,'Run mode: CLI'),
(7676720,119,7676719,'2024-10-23 06:15:02',2,0.021199,0,'Action completed, fully processed'),
(7676804,119,0,'2024-10-23 06:45:01',0,0,0,'Run mode: CLI'),
(7676805,119,7676804,'2024-10-23 06:45:01',2,0.0214159,0,'Action completed, fully processed'),
(7676890,119,0,'2024-10-23 07:15:01',0,0,0,'Run mode: CLI'),
(7676891,119,7676890,'2024-10-23 07:15:01',2,0.026623,0,'Action completed, fully processed'),
(7676975,119,0,'2024-10-23 07:45:01',0,0,0,'Run mode: CLI'),
(7676976,119,7676975,'2024-10-23 07:45:01',2,0.0160708,0,'Action completed, fully processed'),
(7677065,119,0,'2024-10-23 08:15:02',0,0,0,'Run mode: CLI'),
(7677066,119,7677065,'2024-10-23 08:15:02',2,0.0188198,0,'Action completed, fully processed'),
(7677150,119,0,'2024-10-23 08:45:01',0,0,0,'Run mode: CLI'),
(7677151,119,7677150,'2024-10-23 08:45:01',2,0.017875,0,'Action completed, fully processed'),
(7677236,119,0,'2024-10-23 09:15:01',0,0,0,'Run mode: CLI'),
(7677237,119,7677236,'2024-10-23 09:15:01',2,0.0323081,0,'Action completed, fully processed'),
(7677321,119,0,'2024-10-23 09:45:02',0,0,0,'Run mode: CLI'),
(7677322,119,7677321,'2024-10-23 09:45:02',2,0.0207241,0,'Action completed, fully processed'),
(7677407,119,0,'2024-10-23 10:15:02',0,0,0,'Run mode: CLI'),
(7677408,119,7677407,'2024-10-23 10:15:02',2,0.0286548,0,'Action completed, fully processed'),
(7677492,119,0,'2024-10-23 10:45:02',0,0,0,'Run mode: CLI'),
(7677493,119,7677492,'2024-10-23 10:45:02',2,0.0265961,0,'Action completed, fully processed'),
(7677578,119,0,'2024-10-23 11:15:03',0,0,0,'Run mode: CLI'),
(7677579,119,7677578,'2024-10-23 11:15:03',2,0.016324,0,'Action completed, fully processed'),
(7677663,119,0,'2024-10-23 11:45:02',0,0,0,'Run mode: CLI'),
(7677664,119,7677663,'2024-10-23 11:45:02',2,0.0397699,0,'Action completed, fully processed'),
(7677749,119,0,'2024-10-23 12:15:01',0,0,0,'Run mode: CLI'),
(7677750,119,7677749,'2024-10-23 12:15:01',2,0.013592,0,'Action completed, fully processed'),
(7677834,119,0,'2024-10-23 12:45:01',0,0,0,'Run mode: CLI'),
(7677835,119,7677834,'2024-10-23 12:45:01',2,0.0101068,0,'Action completed, fully processed'),
(7677920,119,0,'2024-10-23 13:15:01',0,0,0,'Run mode: CLI'),
(7677921,119,7677920,'2024-10-23 13:15:01',2,0.0150909,0,'Action completed, fully processed'),
(7678005,119,0,'2024-10-23 13:45:01',0,0,0,'Run mode: CLI'),
(7678006,119,7678005,'2024-10-23 13:45:01',2,0.0101271,0,'Action completed, fully processed'),
(7678091,119,0,'2024-10-23 14:15:02',0,0,0,'Run mode: CLI'),
(7678092,119,7678091,'2024-10-23 14:15:02',2,0.0133691,0,'Action completed, fully processed'),
(7678176,119,0,'2024-10-23 14:45:01',0,0,0,'Run mode: CLI'),
(7678177,119,7678176,'2024-10-23 14:45:01',2,0.0159039,0,'Action completed, fully processed'),
(7678262,119,0,'2024-10-23 15:15:01',0,0,0,'Run mode: CLI'),
(7678263,119,7678262,'2024-10-23 15:15:01',2,0.0138831,0,'Action completed, fully processed'),
(7678349,119,0,'2024-10-23 15:45:01',0,0,0,'Run mode: CLI'),
(7678350,119,7678349,'2024-10-23 15:45:01',2,0.016186,0,'Action completed, fully processed'),
(7678441,119,0,'2024-10-23 16:15:01',0,0,0,'Run mode: CLI'),
(7678442,119,7678441,'2024-10-23 16:15:01',2,0.015717,0,'Action completed, fully processed'),
(7678526,119,0,'2024-10-23 16:45:02',0,0,0,'Run mode: CLI'),
(7678527,119,7678526,'2024-10-23 16:45:02',2,0.0106609,0,'Action completed, fully processed'),
(7678612,119,0,'2024-10-23 17:15:01',0,0,0,'Run mode: CLI'),
(7678613,119,7678612,'2024-10-23 17:15:01',2,0.0133231,0,'Action completed, fully processed'),
(7678697,119,0,'2024-10-23 17:45:02',0,0,0,'Run mode: CLI'),
(7678698,119,7678697,'2024-10-23 17:45:02',2,0.0134399,0,'Action completed, fully processed'),
(7678783,119,0,'2024-10-23 18:15:01',0,0,0,'Run mode: CLI'),
(7678784,119,7678783,'2024-10-23 18:15:01',2,0.010134,0,'Action completed, fully processed'),
(7678868,119,0,'2024-10-23 18:45:02',0,0,0,'Run mode: CLI'),
(7678869,119,7678868,'2024-10-23 18:45:02',2,0.011951,0,'Action completed, fully processed'),
(7678954,119,0,'2024-10-23 19:15:01',0,0,0,'Run mode: CLI'),
(7678955,119,7678954,'2024-10-23 19:15:01',2,0.0171809,0,'Action completed, fully processed'),
(7679039,119,0,'2024-10-23 19:45:01',0,0,0,'Run mode: CLI'),
(7679040,119,7679039,'2024-10-23 19:45:01',2,0.0156221,0,'Action completed, fully processed'),
(7679167,119,0,'2024-10-23 20:15:01',0,0,0,'Run mode: CLI'),
(7679168,119,7679167,'2024-10-23 20:15:01',2,0.017859,0,'Action completed, fully processed'),
(7679262,119,0,'2024-10-23 20:45:01',0,0,0,'Run mode: CLI'),
(7679263,119,7679262,'2024-10-23 20:45:01',2,0.0140381,0,'Action completed, fully processed'),
(7679348,119,0,'2024-10-23 21:15:02',0,0,0,'Run mode: CLI'),
(7679349,119,7679348,'2024-10-23 21:15:02',2,0.0163639,0,'Action completed, fully processed'),
(7679433,119,0,'2024-10-23 21:45:01',0,0,0,'Run mode: CLI'),
(7679434,119,7679433,'2024-10-23 21:45:01',2,0.021106,0,'Action completed, fully processed'),
(7679519,119,0,'2024-10-23 22:15:02',0,0,0,'Run mode: CLI'),
(7679520,119,7679519,'2024-10-23 22:15:02',2,0.012363,0,'Action completed, fully processed'),
(7679608,119,0,'2024-10-23 22:45:01',0,0,0,'Run mode: CLI'),
(7679609,119,7679608,'2024-10-23 22:45:01',2,0.0294089,0,'Action completed, fully processed'),
(7679694,119,0,'2024-10-23 23:15:01',0,0,0,'Run mode: CLI'),
(7679695,119,7679694,'2024-10-23 23:15:01',2,0.0180142,0,'Action completed, fully processed'),
(7679779,119,0,'2024-10-23 23:45:02',0,0,0,'Run mode: CLI'),
(7679780,119,7679779,'2024-10-23 23:45:02',2,0.0115502,0,'Action completed, fully processed'),
(7679865,119,0,'2024-10-24 00:15:01',0,0,0,'Run mode: CLI'),
(7679866,119,7679865,'2024-10-24 00:15:01',2,0.0126131,0,'Action completed, fully processed'),
(7679950,119,0,'2024-10-24 00:45:02',0,0,0,'Run mode: CLI'),
(7679951,119,7679950,'2024-10-24 00:45:02',2,0.0156929,0,'Action completed, fully processed'),
(7680036,119,0,'2024-10-24 01:15:01',0,0,0,'Run mode: CLI'),
(7680037,119,7680036,'2024-10-24 01:15:01',2,0.0193949,0,'Action completed, fully processed'),
(7680121,119,0,'2024-10-24 01:45:01',0,0,0,'Run mode: CLI'),
(7680122,119,7680121,'2024-10-24 01:45:01',2,0.0132251,0,'Action completed, fully processed'),
(7680207,119,0,'2024-10-24 02:15:01',0,0,0,'Run mode: CLI'),
(7680208,119,7680207,'2024-10-24 02:15:01',2,0.0142331,0,'Action completed, fully processed'),
(7680292,119,0,'2024-10-24 02:45:01',0,0,0,'Run mode: CLI'),
(7680293,119,7680292,'2024-10-24 02:45:01',2,0.010767,0,'Action completed, fully processed'),
(7680378,119,0,'2024-10-24 03:15:01',0,0,0,'Run mode: CLI'),
(7680379,119,7680378,'2024-10-24 03:15:01',2,0.0161362,0,'Action completed, fully processed'),
(7680463,119,0,'2024-10-24 03:45:01',0,0,0,'Run mode: CLI'),
(7680464,119,7680463,'2024-10-24 03:45:01',2,0.0140409,0,'Action completed, fully processed'),
(7680549,119,0,'2024-10-24 04:15:02',0,0,0,'Run mode: CLI'),
(7680550,119,7680549,'2024-10-24 04:15:02',2,0.0179701,0,'Action completed, fully processed'),
(7680634,119,0,'2024-10-24 04:45:01',0,0,0,'Run mode: CLI'),
(7680635,119,7680634,'2024-10-24 04:45:01',2,0.0157442,0,'Action completed, fully processed'),
(7680720,119,0,'2024-10-24 05:15:02',0,0,0,'Run mode: CLI'),
(7680721,119,7680720,'2024-10-24 05:15:02',2,0.0165961,0,'Action completed, fully processed'),
(7680805,119,0,'2024-10-24 05:45:01',0,0,0,'Run mode: CLI'),
(7680806,119,7680805,'2024-10-24 05:45:01',2,0.0240531,0,'Action completed, fully processed'),
(7680891,119,0,'2024-10-24 06:15:02',0,0,0,'Run mode: CLI'),
(7680892,119,7680891,'2024-10-24 06:15:02',2,0.0150759,0,'Action completed, fully processed'),
(7680976,119,0,'2024-10-24 06:45:01',0,0,0,'Run mode: CLI'),
(7680977,119,7680976,'2024-10-24 06:45:01',2,0.0138869,0,'Action completed, fully processed'),
(7681062,119,0,'2024-10-24 07:15:01',0,0,0,'Run mode: CLI'),
(7681063,119,7681062,'2024-10-24 07:15:01',2,0.0176539,0,'Action completed, fully processed'),
(7681147,119,0,'2024-10-24 07:45:02',0,0,0,'Run mode: CLI'),
(7681148,119,7681147,'2024-10-24 07:45:02',2,0.0114012,0,'Action completed, fully processed'),
(7681237,119,0,'2024-10-24 08:15:01',0,0,0,'Run mode: CLI'),
(7681238,119,7681237,'2024-10-24 08:15:01',2,0.015806,0,'Action completed, fully processed'),
(7681322,119,0,'2024-10-24 08:45:01',0,0,0,'Run mode: CLI'),
(7681323,119,7681322,'2024-10-24 08:45:01',2,0.0100479,0,'Action completed, fully processed'),
(7681408,119,0,'2024-10-24 09:15:02',0,0,0,'Run mode: CLI'),
(7681409,119,7681408,'2024-10-24 09:15:02',2,0.0150878,0,'Action completed, fully processed'),
(7681493,119,0,'2024-10-24 09:45:01',0,0,0,'Run mode: CLI'),
(7681494,119,7681493,'2024-10-24 09:45:01',2,0.0134819,0,'Action completed, fully processed'),
(7681579,119,0,'2024-10-24 10:15:02',0,0,0,'Run mode: CLI'),
(7681580,119,7681579,'2024-10-24 10:15:02',2,0.0123739,0,'Action completed, fully processed'),
(7681664,119,0,'2024-10-24 10:45:01',0,0,0,'Run mode: CLI'),
(7681665,119,7681664,'2024-10-24 10:45:01',2,0.0129139,0,'Action completed, fully processed'),
(7681750,119,0,'2024-10-24 11:15:01',0,0,0,'Run mode: CLI'),
(7681751,119,7681750,'2024-10-24 11:15:01',2,0.013675,0,'Action completed, fully processed'),
(7681835,119,0,'2024-10-24 11:45:01',0,0,0,'Run mode: CLI'),
(7681836,119,7681835,'2024-10-24 11:45:01',2,0.0158091,0,'Action completed, fully processed'),
(7681921,119,0,'2024-10-24 12:15:01',0,0,0,'Run mode: CLI'),
(7681922,119,7681921,'2024-10-24 12:15:01',2,0.01284,0,'Action completed, fully processed'),
(7682006,119,0,'2024-10-24 12:45:02',0,0,0,'Run mode: CLI'),
(7682007,119,7682006,'2024-10-24 12:45:02',2,0.013953,0,'Action completed, fully processed'),
(7682092,119,0,'2024-10-24 13:15:01',0,0,0,'Run mode: CLI'),
(7682093,119,7682092,'2024-10-24 13:15:01',2,0.016665,0,'Action completed, fully processed'),
(7682177,119,0,'2024-10-24 13:45:01',0,0,0,'Run mode: CLI'),
(7682178,119,7682177,'2024-10-24 13:45:01',2,0.0138311,0,'Action completed, fully processed'),
(7682263,119,0,'2024-10-24 14:15:01',0,0,0,'Run mode: CLI'),
(7682264,119,7682263,'2024-10-24 14:15:01',2,0.0128899,0,'Action completed, fully processed'),
(7682348,119,0,'2024-10-24 14:45:01',0,0,0,'Run mode: CLI'),
(7682349,119,7682348,'2024-10-24 14:45:01',2,0.0100319,0,'Action completed, fully processed'),
(7682434,119,0,'2024-10-24 15:15:02',0,0,0,'Run mode: CLI'),
(7682435,119,7682434,'2024-10-24 15:15:02',2,0.0162899,0,'Action completed, fully processed'),
(7682519,119,0,'2024-10-24 15:45:01',0,0,0,'Run mode: CLI'),
(7682520,119,7682519,'2024-10-24 15:45:01',2,0.011729,0,'Action completed, fully processed'),
(7682605,119,0,'2024-10-24 16:15:01',0,0,0,'Run mode: CLI'),
(7682606,119,7682605,'2024-10-24 16:15:01',2,0.0107191,0,'Action completed, fully processed'),
(7682690,119,0,'2024-10-24 16:45:02',0,0,0,'Run mode: CLI'),
(7682691,119,7682690,'2024-10-24 16:45:02',2,0.0145161,0,'Action completed, fully processed'),
(7682776,119,0,'2024-10-24 17:15:01',0,0,0,'Run mode: CLI'),
(7682777,119,7682776,'2024-10-24 17:15:01',2,0.0142531,0,'Action completed, fully processed'),
(7682861,119,0,'2024-10-24 17:45:02',0,0,0,'Run mode: CLI'),
(7682862,119,7682861,'2024-10-24 17:45:02',2,0.016752,0,'Action completed, fully processed'),
(7682947,119,0,'2024-10-24 18:15:01',0,0,0,'Run mode: CLI'),
(7682948,119,7682947,'2024-10-24 18:15:01',2,0.0176599,0,'Action completed, fully processed'),
(7683032,119,0,'2024-10-24 18:45:02',0,0,0,'Run mode: CLI'),
(7683033,119,7683032,'2024-10-24 18:45:02',2,0.0114748,0,'Action completed, fully processed'),
(7683118,119,0,'2024-10-24 19:15:01',0,0,0,'Run mode: CLI'),
(7683119,119,7683118,'2024-10-24 19:15:01',2,0.020777,0,'Action completed, fully processed'),
(7683203,119,0,'2024-10-24 19:45:01',0,0,0,'Run mode: CLI'),
(7683204,119,7683203,'2024-10-24 19:45:01',2,0.0141902,0,'Action completed, fully processed'),
(7683333,119,0,'2024-10-24 20:15:02',0,0,0,'Run mode: CLI'),
(7683334,119,7683333,'2024-10-24 20:15:02',2,0.0158279,0,'Action completed, fully processed'),
(7683428,119,0,'2024-10-24 20:45:01',0,0,0,'Run mode: CLI'),
(7683429,119,7683428,'2024-10-24 20:45:01',2,0.0148408,0,'Action completed, fully processed'),
(7683514,119,0,'2024-10-24 21:15:01',0,0,0,'Run mode: CLI'),
(7683515,119,7683514,'2024-10-24 21:15:01',2,0.0130851,0,'Action completed, fully processed'),
(7683599,119,0,'2024-10-24 21:45:01',0,0,0,'Run mode: CLI'),
(7683600,119,7683599,'2024-10-24 21:45:01',2,0.013401,0,'Action completed, fully processed'),
(7683685,119,0,'2024-10-24 22:15:01',0,0,0,'Run mode: CLI'),
(7683686,119,7683685,'2024-10-24 22:15:01',2,0.0195839,0,'Action completed, fully processed'),
(7683774,119,0,'2024-10-24 22:45:02',0,0,0,'Run mode: CLI'),
(7683775,119,7683774,'2024-10-24 22:45:02',2,0.016546,0,'Action completed, fully processed'),
(7683860,119,0,'2024-10-24 23:15:02',0,0,0,'Run mode: CLI'),
(7683861,119,7683860,'2024-10-24 23:15:02',2,0.0244231,0,'Action completed, fully processed'),
(7683945,119,0,'2024-10-24 23:45:01',0,0,0,'Run mode: CLI'),
(7683946,119,7683945,'2024-10-24 23:45:01',2,0.00967622,0,'Action completed, fully processed'),
(7684031,119,0,'2024-10-25 00:15:01',0,0,0,'Run mode: CLI'),
(7684032,119,7684031,'2024-10-25 00:15:01',2,0.0196462,0,'Action completed, fully processed'),
(7684116,119,0,'2024-10-25 00:45:02',0,0,0,'Run mode: CLI'),
(7684117,119,7684116,'2024-10-25 00:45:02',2,0.0182679,0,'Action completed, fully processed'),
(7684202,119,0,'2024-10-25 01:15:01',0,0,0,'Run mode: CLI'),
(7684203,119,7684202,'2024-10-25 01:15:01',2,0.020505,0,'Action completed, fully processed'),
(7684287,119,0,'2024-10-25 01:45:01',0,0,0,'Run mode: CLI'),
(7684288,119,7684287,'2024-10-25 01:45:01',2,0.0180831,0,'Action completed, fully processed'),
(7684373,119,0,'2024-10-25 02:15:02',0,0,0,'Run mode: CLI'),
(7684374,119,7684373,'2024-10-25 02:15:02',2,0.023994,0,'Action completed, fully processed'),
(7684458,119,0,'2024-10-25 02:45:01',0,0,0,'Run mode: CLI'),
(7684459,119,7684458,'2024-10-25 02:45:01',2,0.0128031,0,'Action completed, fully processed'),
(7684544,119,0,'2024-10-25 03:15:01',0,0,0,'Run mode: CLI'),
(7684545,119,7684544,'2024-10-25 03:15:01',2,0.0135,0,'Action completed, fully processed'),
(7684629,119,0,'2024-10-25 03:45:01',0,0,0,'Run mode: CLI'),
(7684630,119,7684629,'2024-10-25 03:45:01',2,0.0115771,0,'Action completed, fully processed'),
(7684715,119,0,'2024-10-25 04:15:01',0,0,0,'Run mode: CLI'),
(7684716,119,7684715,'2024-10-25 04:15:01',2,0.0179651,0,'Action completed, fully processed'),
(7684800,119,0,'2024-10-25 04:45:02',0,0,0,'Run mode: CLI'),
(7684801,119,7684800,'2024-10-25 04:45:02',2,0.0179951,0,'Action completed, fully processed'),
(7684886,119,0,'2024-10-25 05:15:01',0,0,0,'Run mode: CLI'),
(7684887,119,7684886,'2024-10-25 05:15:01',2,0.0226381,0,'Action completed, fully processed'),
(7684971,119,0,'2024-10-25 05:45:02',0,0,0,'Run mode: CLI'),
(7684972,119,7684971,'2024-10-25 05:45:02',2,0.00897694,0,'Action completed, fully processed'),
(7685057,119,0,'2024-10-25 06:15:01',0,0,0,'Run mode: CLI'),
(7685058,119,7685057,'2024-10-25 06:15:01',2,0.0100741,0,'Action completed, fully processed'),
(7685142,119,0,'2024-10-25 06:45:02',0,0,0,'Run mode: CLI'),
(7685143,119,7685142,'2024-10-25 06:45:02',2,0.010092,0,'Action completed, fully processed'),
(7685228,119,0,'2024-10-25 07:15:01',0,0,0,'Run mode: CLI'),
(7685229,119,7685228,'2024-10-25 07:15:01',2,0.0156829,0,'Action completed, fully processed'),
(7685313,119,0,'2024-10-25 07:45:02',0,0,0,'Run mode: CLI'),
(7685314,119,7685313,'2024-10-25 07:45:02',2,0.0132179,0,'Action completed, fully processed'),
(7685403,119,0,'2024-10-25 08:15:01',0,0,0,'Run mode: CLI'),
(7685404,119,7685403,'2024-10-25 08:15:01',2,0.0132289,0,'Action completed, fully processed'),
(7685488,119,0,'2024-10-25 08:45:01',0,0,0,'Run mode: CLI'),
(7685489,119,7685488,'2024-10-25 08:45:01',2,0.0135911,0,'Action completed, fully processed'),
(7685574,119,0,'2024-10-25 09:15:01',0,0,0,'Run mode: CLI'),
(7685575,119,7685574,'2024-10-25 09:15:01',2,0.021672,0,'Action completed, fully processed'),
(7685659,119,0,'2024-10-25 09:45:01',0,0,0,'Run mode: CLI'),
(7685660,119,7685659,'2024-10-25 09:45:01',2,0.0130451,0,'Action completed, fully processed'),
(7685745,119,0,'2024-10-25 10:15:02',0,0,0,'Run mode: CLI'),
(7685746,119,7685745,'2024-10-25 10:15:02',2,0.0148721,0,'Action completed, fully processed'),
(7685830,119,0,'2024-10-25 10:45:01',0,0,0,'Run mode: CLI'),
(7685831,119,7685830,'2024-10-25 10:45:01',2,0.00927591,0,'Action completed, fully processed'),
(7685916,119,0,'2024-10-25 11:15:01',0,0,0,'Run mode: CLI'),
(7685917,119,7685916,'2024-10-25 11:15:01',2,0.00911713,0,'Action completed, fully processed'),
(7686001,119,0,'2024-10-25 11:45:01',0,0,0,'Run mode: CLI'),
(7686002,119,7686001,'2024-10-25 11:45:01',2,0.009202,0,'Action completed, fully processed'),
(7686087,119,0,'2024-10-25 12:15:01',0,0,0,'Run mode: CLI'),
(7686088,119,7686087,'2024-10-25 12:15:01',2,0.00963998,0,'Action completed, fully processed'),
(7686172,119,0,'2024-10-25 12:45:01',0,0,0,'Run mode: CLI'),
(7686173,119,7686172,'2024-10-25 12:45:01',2,0.00897217,0,'Action completed, fully processed'),
(7686258,119,0,'2024-10-25 13:15:01',0,0,0,'Run mode: CLI'),
(7686259,119,7686258,'2024-10-25 13:15:01',2,0.013521,0,'Action completed, fully processed'),
(7686345,119,0,'2024-10-25 13:45:01',0,0,0,'Run mode: CLI'),
(7686346,119,7686345,'2024-10-25 13:45:01',2,0.0100341,0,'Action completed, fully processed'),
(7686431,119,0,'2024-10-25 14:15:02',0,0,0,'Run mode: CLI'),
(7686432,119,7686431,'2024-10-25 14:15:02',2,0.013236,0,'Action completed, fully processed'),
(7686516,119,0,'2024-10-25 14:45:01',0,0,0,'Run mode: CLI'),
(7686517,119,7686516,'2024-10-25 14:45:01',2,0.0128369,0,'Action completed, fully processed'),
(7686602,119,0,'2024-10-25 15:15:02',0,0,0,'Run mode: CLI'),
(7686603,119,7686602,'2024-10-25 15:15:02',2,0.015532,0,'Action completed, fully processed'),
(7686687,119,0,'2024-10-25 15:45:01',0,0,0,'Run mode: CLI'),
(7686688,119,7686687,'2024-10-25 15:45:01',2,0.00999308,0,'Action completed, fully processed'),
(7686773,119,0,'2024-10-25 16:15:02',0,0,0,'Run mode: CLI'),
(7686774,119,7686773,'2024-10-25 16:15:02',2,0.00971889,0,'Action completed, fully processed'),
(7686858,119,0,'2024-10-25 16:45:01',0,0,0,'Run mode: CLI'),
(7686859,119,7686858,'2024-10-25 16:45:01',2,0.0113442,0,'Action completed, fully processed'),
(7686944,119,0,'2024-10-25 17:15:02',0,0,0,'Run mode: CLI'),
(7686945,119,7686944,'2024-10-25 17:15:02',2,0.00904202,0,'Action completed, fully processed'),
(7687029,119,0,'2024-10-25 17:45:01',0,0,0,'Run mode: CLI'),
(7687030,119,7687029,'2024-10-25 17:45:01',2,0.0128701,0,'Action completed, fully processed'),
(7687115,119,0,'2024-10-25 18:15:02',0,0,0,'Run mode: CLI'),
(7687116,119,7687115,'2024-10-25 18:15:02',2,0.011874,0,'Action completed, fully processed'),
(7687200,119,0,'2024-10-25 18:45:01',0,0,0,'Run mode: CLI'),
(7687201,119,7687200,'2024-10-25 18:45:01',2,0.0116069,0,'Action completed, fully processed'),
(7687286,119,0,'2024-10-25 19:15:01',0,0,0,'Run mode: CLI'),
(7687287,119,7687286,'2024-10-25 19:15:01',2,0.0171859,0,'Action completed, fully processed'),
(7687371,119,0,'2024-10-25 19:45:01',0,0,0,'Run mode: CLI'),
(7687372,119,7687371,'2024-10-25 19:45:01',2,0.0153089,0,'Action completed, fully processed'),
(7687499,119,0,'2024-10-25 20:15:02',0,0,0,'Run mode: CLI'),
(7687500,119,7687499,'2024-10-25 20:15:02',2,0.013731,0,'Action completed, fully processed'),
(7687594,119,0,'2024-10-25 20:45:01',0,0,0,'Run mode: CLI'),
(7687595,119,7687594,'2024-10-25 20:45:01',2,0.0144899,0,'Action completed, fully processed'),
(7687680,119,0,'2024-10-25 21:15:01',0,0,0,'Run mode: CLI'),
(7687681,119,7687680,'2024-10-25 21:15:01',2,0.0112841,0,'Action completed, fully processed'),
(7687765,119,0,'2024-10-25 21:45:01',0,0,0,'Run mode: CLI'),
(7687766,119,7687765,'2024-10-25 21:45:01',2,0.0153141,0,'Action completed, fully processed'),
(7687851,119,0,'2024-10-25 22:15:01',0,0,0,'Run mode: CLI'),
(7687852,119,7687851,'2024-10-25 22:15:01',2,0.0144272,0,'Action completed, fully processed'),
(7687940,119,0,'2024-10-25 22:45:01',0,0,0,'Run mode: CLI'),
(7687941,119,7687940,'2024-10-25 22:45:01',2,0.0141149,0,'Action completed, fully processed'),
(7688026,119,0,'2024-10-25 23:15:01',0,0,0,'Run mode: CLI'),
(7688027,119,7688026,'2024-10-25 23:15:01',2,0.015084,0,'Action completed, fully processed'),
(7688111,119,0,'2024-10-25 23:45:01',0,0,0,'Run mode: CLI'),
(7688112,119,7688111,'2024-10-25 23:45:01',2,0.0155361,0,'Action completed, fully processed'),
(7688197,119,0,'2024-10-26 00:15:01',0,0,0,'Run mode: CLI'),
(7688198,119,7688197,'2024-10-26 00:15:01',2,0.0123181,0,'Action completed, fully processed'),
(7688282,119,0,'2024-10-26 00:45:01',0,0,0,'Run mode: CLI'),
(7688283,119,7688282,'2024-10-26 00:45:01',2,0.010006,0,'Action completed, fully processed'),
(7688368,119,0,'2024-10-26 01:15:01',0,0,0,'Run mode: CLI'),
(7688369,119,7688368,'2024-10-26 01:15:01',2,0.014781,0,'Action completed, fully processed'),
(7688453,119,0,'2024-10-26 01:45:01',0,0,0,'Run mode: CLI'),
(7688454,119,7688453,'2024-10-26 01:45:01',2,0.0180562,0,'Action completed, fully processed'),
(7688539,119,0,'2024-10-26 02:15:02',0,0,0,'Run mode: CLI'),
(7688540,119,7688539,'2024-10-26 02:15:02',2,0.014617,0,'Action completed, fully processed'),
(7688624,119,0,'2024-10-26 02:45:01',0,0,0,'Run mode: CLI'),
(7688625,119,7688624,'2024-10-26 02:45:01',2,0.015851,0,'Action completed, fully processed'),
(7688710,119,0,'2024-10-26 03:15:01',0,0,0,'Run mode: CLI'),
(7688711,119,7688710,'2024-10-26 03:15:01',2,0.0157881,0,'Action completed, fully processed'),
(7688795,119,0,'2024-10-26 03:45:02',0,0,0,'Run mode: CLI'),
(7688796,119,7688795,'2024-10-26 03:45:02',2,0.011508,0,'Action completed, fully processed'),
(7688881,119,0,'2024-10-26 04:15:02',0,0,0,'Run mode: CLI'),
(7688882,119,7688881,'2024-10-26 04:15:02',2,0.0146971,0,'Action completed, fully processed'),
(7688966,119,0,'2024-10-26 04:45:01',0,0,0,'Run mode: CLI'),
(7688967,119,7688966,'2024-10-26 04:45:01',2,0.0162439,0,'Action completed, fully processed'),
(7689052,119,0,'2024-10-26 05:15:01',0,0,0,'Run mode: CLI'),
(7689053,119,7689052,'2024-10-26 05:15:01',2,0.0252869,0,'Action completed, fully processed'),
(7689137,119,0,'2024-10-26 05:45:02',0,0,0,'Run mode: CLI'),
(7689138,119,7689137,'2024-10-26 05:45:02',2,0.0150681,0,'Action completed, fully processed'),
(7689223,119,0,'2024-10-26 06:15:01',0,0,0,'Run mode: CLI'),
(7689224,119,7689223,'2024-10-26 06:15:01',2,0.0235898,0,'Action completed, fully processed'),
(7689308,119,0,'2024-10-26 06:45:01',0,0,0,'Run mode: CLI'),
(7689309,119,7689308,'2024-10-26 06:45:01',2,0.0216959,0,'Action completed, fully processed'),
(7689394,119,0,'2024-10-26 07:15:01',0,0,0,'Run mode: CLI'),
(7689395,119,7689394,'2024-10-26 07:15:01',2,0.018688,0,'Action completed, fully processed'),
(7689479,119,0,'2024-10-26 07:45:01',0,0,0,'Run mode: CLI'),
(7689480,119,7689479,'2024-10-26 07:45:01',2,0.0105448,0,'Action completed, fully processed'),
(7689569,119,0,'2024-10-26 08:15:01',0,0,0,'Run mode: CLI'),
(7689570,119,7689569,'2024-10-26 08:15:01',2,0.0200732,0,'Action completed, fully processed'),
(7689654,119,0,'2024-10-26 08:45:02',0,0,0,'Run mode: CLI'),
(7689655,119,7689654,'2024-10-26 08:45:02',2,0.0144689,0,'Action completed, fully processed'),
(7689740,119,0,'2024-10-26 09:15:01',0,0,0,'Run mode: CLI'),
(7689741,119,7689740,'2024-10-26 09:15:01',2,0.016854,0,'Action completed, fully processed'),
(7689825,119,0,'2024-10-26 09:45:01',0,0,0,'Run mode: CLI'),
(7689826,119,7689825,'2024-10-26 09:45:01',2,0.0154331,0,'Action completed, fully processed'),
(7689911,119,0,'2024-10-26 10:15:02',0,0,0,'Run mode: CLI'),
(7689912,119,7689911,'2024-10-26 10:15:02',2,0.0139799,0,'Action completed, fully processed'),
(7689996,119,0,'2024-10-26 10:45:02',0,0,0,'Run mode: CLI'),
(7689997,119,7689996,'2024-10-26 10:45:02',2,0.013778,0,'Action completed, fully processed'),
(7690082,119,0,'2024-10-26 11:15:01',0,0,0,'Run mode: CLI'),
(7690083,119,7690082,'2024-10-26 11:15:01',2,0.013788,0,'Action completed, fully processed'),
(7690167,119,0,'2024-10-26 11:45:01',0,0,0,'Run mode: CLI'),
(7690168,119,7690167,'2024-10-26 11:45:01',2,0.0110161,0,'Action completed, fully processed'),
(7690253,119,0,'2024-10-26 12:15:01',0,0,0,'Run mode: CLI'),
(7690254,119,7690253,'2024-10-26 12:15:01',2,0.016639,0,'Action completed, fully processed'),
(7690338,119,0,'2024-10-26 12:45:01',0,0,0,'Run mode: CLI'),
(7690339,119,7690338,'2024-10-26 12:45:01',2,0.00892091,0,'Action completed, fully processed'),
(7690424,119,0,'2024-10-26 13:15:02',0,0,0,'Run mode: CLI'),
(7690425,119,7690424,'2024-10-26 13:15:02',2,0.0186429,0,'Action completed, fully processed'),
(7690509,119,0,'2024-10-26 13:45:01',0,0,0,'Run mode: CLI'),
(7690510,119,7690509,'2024-10-26 13:45:01',2,0.0128679,0,'Action completed, fully processed'),
(7690595,119,0,'2024-10-26 14:15:01',0,0,0,'Run mode: CLI'),
(7690596,119,7690595,'2024-10-26 14:15:01',2,0.018908,0,'Action completed, fully processed'),
(7690680,119,0,'2024-10-26 14:45:02',0,0,0,'Run mode: CLI'),
(7690681,119,7690680,'2024-10-26 14:45:02',2,0.0153329,0,'Action completed, fully processed'),
(7690766,119,0,'2024-10-26 15:15:01',0,0,0,'Run mode: CLI'),
(7690767,119,7690766,'2024-10-26 15:15:01',2,0.0124919,0,'Action completed, fully processed'),
(7690851,119,0,'2024-10-26 15:45:01',0,0,0,'Run mode: CLI'),
(7690852,119,7690851,'2024-10-26 15:45:01',2,0.0146582,0,'Action completed, fully processed'),
(7690937,119,0,'2024-10-26 16:15:01',0,0,0,'Run mode: CLI'),
(7690938,119,7690937,'2024-10-26 16:15:01',2,0.0113161,0,'Action completed, fully processed'),
(7691022,119,0,'2024-10-26 16:45:02',0,0,0,'Run mode: CLI'),
(7691023,119,7691022,'2024-10-26 16:45:02',2,0.018363,0,'Action completed, fully processed'),
(7691028,147,0,'2024-10-26 16:47:02',0,0,0,'Run mode: CLI'),
(7691029,147,7691028,'2024-10-26 16:47:02',2,0.0198631,0,'Action completed, fully processed'),
(7691030,21,0,'2024-10-26 16:49:02',0,0,0,'Run mode: CLI'),
(7691031,21,7691030,'2024-10-26 16:49:02',2,0.0197859,0,'Action completed, no processing required'),
(7691032,147,0,'2024-10-26 16:49:02',0,0,0,'Run mode: CLI'),
(7691033,147,7691032,'2024-10-26 16:49:02',2,0.00559902,0,'Action completed, fully processed'),
(7691034,27,0,'2024-10-26 16:50:02',0,0,0,'Run mode: CLI'),
(7691035,27,7691034,'2024-10-26 16:50:02',2,0.0166471,0,'Action completed, no processing required'),
(7691036,32,0,'2024-10-26 16:50:02',0,0,0,'Run mode: CLI'),
(7691037,32,7691036,'2024-10-26 16:50:02',2,0.00423098,0,'Action completed, no processing required'),
(7691038,121,0,'2024-10-26 16:51:02',0,0,0,'Run mode: CLI'),
(7691039,121,7691038,'2024-10-26 16:51:02',2,0.020786,0,'Action completed, fully processed'),
(7691040,147,0,'2024-10-26 16:51:02',0,0,0,'Run mode: CLI'),
(7691041,147,7691040,'2024-10-26 16:51:02',2,0.0046072,0,'Action completed, fully processed'),
(7691042,147,0,'2024-10-26 16:53:01',0,0,0,'Run mode: CLI'),
(7691043,147,7691042,'2024-10-26 16:53:01',2,0.0285411,0,'Action completed, fully processed'),
(7691044,21,0,'2024-10-26 16:54:01',0,0,0,'Run mode: CLI'),
(7691045,21,7691044,'2024-10-26 16:54:01',2,0.0274541,0,'Action completed, no processing required'),
(7691046,27,0,'2024-10-26 16:55:01',0,0,0,'Run mode: CLI'),
(7691047,27,7691046,'2024-10-26 16:55:01',2,0.0201981,0,'Action completed, no processing required'),
(7691048,32,0,'2024-10-26 16:55:01',0,0,0,'Run mode: CLI'),
(7691049,32,7691048,'2024-10-26 16:55:01',2,0.00303602,0,'Action completed, no processing required'),
(7691050,147,0,'2024-10-26 16:55:01',0,0,0,'Run mode: CLI'),
(7691051,147,7691050,'2024-10-26 16:55:01',2,0.00795197,0,'Action completed, fully processed'),
(7691052,121,0,'2024-10-26 16:56:01',0,0,0,'Run mode: CLI'),
(7691053,121,7691052,'2024-10-26 16:56:01',2,0.0231969,0,'Action completed, fully processed'),
(7691054,147,0,'2024-10-26 16:57:01',0,0,0,'Run mode: CLI'),
(7691055,147,7691054,'2024-10-26 16:57:01',2,0.0144632,0,'Action completed, fully processed'),
(7691056,21,0,'2024-10-26 16:59:01',0,0,0,'Run mode: CLI'),
(7691057,21,7691056,'2024-10-26 16:59:01',2,0.0325148,0,'Action completed, no processing required'),
(7691058,147,0,'2024-10-26 16:59:01',0,0,0,'Run mode: CLI'),
(7691059,147,7691058,'2024-10-26 16:59:01',2,0.00815105,0,'Action completed, fully processed'),
(7691060,27,0,'2024-10-26 17:00:01',0,0,0,'Run mode: CLI'),
(7691061,27,7691060,'2024-10-26 17:00:01',2,0.028209,0,'Action completed, no processing required'),
(7691062,32,0,'2024-10-26 17:00:01',0,0,0,'Run mode: CLI'),
(7691063,32,7691062,'2024-10-26 17:00:01',2,0.00515819,0,'Action completed, no processing required'),
(7691064,121,0,'2024-10-26 17:01:01',0,0,0,'Run mode: CLI'),
(7691065,121,7691064,'2024-10-26 17:01:01',2,0.0266662,0,'Action completed, fully processed'),
(7691066,147,0,'2024-10-26 17:01:01',0,0,0,'Run mode: CLI'),
(7691067,147,7691066,'2024-10-26 17:01:01',2,0.00616288,0,'Action completed, fully processed'),
(7691068,147,0,'2024-10-26 17:03:01',0,0,0,'Run mode: CLI'),
(7691069,147,7691068,'2024-10-26 17:03:01',2,0.0216181,0,'Action completed, fully processed'),
(7691070,21,0,'2024-10-26 17:04:01',0,0,0,'Run mode: CLI'),
(7691071,21,7691070,'2024-10-26 17:04:01',2,0.0136809,0,'Action completed, no processing required'),
(7691072,27,0,'2024-10-26 17:05:01',0,0,0,'Run mode: CLI'),
(7691073,27,7691072,'2024-10-26 17:05:01',2,0.015166,0,'Action completed, no processing required'),
(7691074,32,0,'2024-10-26 17:05:01',0,0,0,'Run mode: CLI'),
(7691075,32,7691074,'2024-10-26 17:05:01',2,0.00313091,0,'Action completed, no processing required'),
(7691076,147,0,'2024-10-26 17:05:01',0,0,0,'Run mode: CLI'),
(7691077,147,7691076,'2024-10-26 17:05:01',2,0.0060761,0,'Action completed, fully processed'),
(7691078,121,0,'2024-10-26 17:06:01',0,0,0,'Run mode: CLI'),
(7691079,121,7691078,'2024-10-26 17:06:01',2,0.0208452,0,'Action completed, fully processed'),
(7691080,147,0,'2024-10-26 17:07:01',0,0,0,'Run mode: CLI'),
(7691081,147,7691080,'2024-10-26 17:07:01',2,0.0174019,0,'Action completed, fully processed'),
(7691082,21,0,'2024-10-26 17:09:01',0,0,0,'Run mode: CLI'),
(7691083,21,7691082,'2024-10-26 17:09:01',2,0.022532,0,'Action completed, no processing required'),
(7691084,147,0,'2024-10-26 17:09:01',0,0,0,'Run mode: CLI'),
(7691085,147,7691084,'2024-10-26 17:09:01',2,0.00683618,0,'Action completed, fully processed'),
(7691086,27,0,'2024-10-26 17:10:01',0,0,0,'Run mode: CLI'),
(7691087,27,7691086,'2024-10-26 17:10:01',2,0.0183969,0,'Action completed, no processing required'),
(7691088,32,0,'2024-10-26 17:10:01',0,0,0,'Run mode: CLI'),
(7691089,32,7691088,'2024-10-26 17:10:01',2,0.00273991,0,'Action completed, no processing required'),
(7691090,121,0,'2024-10-26 17:11:01',0,0,0,'Run mode: CLI'),
(7691091,121,7691090,'2024-10-26 17:11:01',2,0.0269639,0,'Action completed, fully processed'),
(7691092,147,0,'2024-10-26 17:11:01',0,0,0,'Run mode: CLI'),
(7691093,147,7691092,'2024-10-26 17:11:01',2,0.00629997,0,'Action completed, fully processed'),
(7691094,147,0,'2024-10-26 17:13:01',0,0,0,'Run mode: CLI'),
(7691095,147,7691094,'2024-10-26 17:13:01',2,0.0167191,0,'Action completed, fully processed'),
(7691096,13,0,'2024-10-26 17:14:01',0,0,0,'Run mode: CLI'),
(7691097,13,7691096,'2024-10-26 17:14:01',2,0.0129859,0,'Action completed, no processing required'),
(7691098,14,0,'2024-10-26 17:14:01',0,0,0,'Run mode: CLI'),
(7691099,14,7691098,'2024-10-26 17:14:01',2,0.0030179,0,'Action completed, no processing required'),
(7691100,21,0,'2024-10-26 17:14:01',0,0,0,'Run mode: CLI'),
(7691101,21,7691100,'2024-10-26 17:14:01',2,0.00693798,0,'Action completed, no processing required'),
(7691102,24,0,'2024-10-26 17:14:01',0,0,0,'Run mode: CLI'),
(7691103,24,7691102,'2024-10-26 17:14:01',2,0.0022099,0,'Action completed, no processing required'),
(7691104,27,0,'2024-10-26 17:15:01',0,0,0,'Run mode: CLI'),
(7691105,27,7691104,'2024-10-26 17:15:01',2,0.0173151,0,'Action completed, no processing required'),
(7691106,32,0,'2024-10-26 17:15:01',0,0,0,'Run mode: CLI'),
(7691107,32,7691106,'2024-10-26 17:15:01',2,0.00309992,0,'Action completed, no processing required'),
(7691108,119,0,'2024-10-26 17:15:01',0,0,0,'Run mode: CLI'),
(7691109,119,7691108,'2024-10-26 17:15:01',2,0.0148499,0,'Action completed, fully processed'),
(7691110,147,0,'2024-10-26 17:15:01',0,0,0,'Run mode: CLI'),
(7691111,147,7691110,'2024-10-26 17:15:01',2,0.00855589,0,'Action completed, fully processed'),
(7691112,75,0,'2024-10-26 17:16:01',0,0,0,'Run mode: CLI'),
(7691113,75,7691112,'2024-10-26 17:16:01',2,0.037184,0,'Action completed, fully processed'),
(7691114,112,0,'2024-10-26 17:16:01',0,0,0,'Run mode: CLI'),
(7691115,112,7691114,'2024-10-26 17:16:01',1,0.00167799,0,'Sync issues from forms answers and tickets'),
(7691116,112,7691114,'2024-10-26 17:16:01',2,0.0473142,0,'Action completed, fully processed'),
(7691117,121,0,'2024-10-26 17:16:01',0,0,0,'Run mode: CLI'),
(7691118,121,7691117,'2024-10-26 17:16:01',2,0.00962782,0,'Action completed, fully processed'),
(7691119,147,0,'2024-10-26 17:17:01',0,0,0,'Run mode: CLI'),
(7691120,147,7691119,'2024-10-26 17:17:01',2,0.0229771,0,'Action completed, fully processed'),
(7691121,21,0,'2024-10-26 17:19:01',0,0,0,'Run mode: CLI'),
(7691122,21,7691121,'2024-10-26 17:19:01',2,0.016597,0,'Action completed, no processing required'),
(7691123,147,0,'2024-10-26 17:19:01',0,0,0,'Run mode: CLI'),
(7691124,147,7691123,'2024-10-26 17:19:01',2,0.00499296,0,'Action completed, fully processed'),
(7691125,27,0,'2024-10-26 17:20:01',0,0,0,'Run mode: CLI'),
(7691126,27,7691125,'2024-10-26 17:20:01',2,0.0215719,0,'Action completed, no processing required'),
(7691127,32,0,'2024-10-26 17:20:01',0,0,0,'Run mode: CLI'),
(7691128,32,7691127,'2024-10-26 17:20:01',2,0.00415683,0,'Action completed, no processing required'),
(7691129,121,0,'2024-10-26 17:21:01',0,0,0,'Run mode: CLI'),
(7691130,121,7691129,'2024-10-26 17:21:01',2,0.017302,0,'Action completed, fully processed'),
(7691131,147,0,'2024-10-26 17:21:01',0,0,0,'Run mode: CLI'),
(7691132,147,7691131,'2024-10-26 17:21:01',2,0.00410414,0,'Action completed, fully processed'),
(7691133,147,0,'2024-10-26 17:23:01',0,0,0,'Run mode: CLI'),
(7691134,147,7691133,'2024-10-26 17:23:01',2,0.0207698,0,'Action completed, fully processed'),
(7691135,21,0,'2024-10-26 17:24:01',0,0,0,'Run mode: CLI'),
(7691136,21,7691135,'2024-10-26 17:24:01',2,0.0168421,0,'Action completed, no processing required'),
(7691137,27,0,'2024-10-26 17:25:01',0,0,0,'Run mode: CLI'),
(7691138,27,7691137,'2024-10-26 17:25:01',2,0.0158441,0,'Action completed, no processing required'),
(7691139,32,0,'2024-10-26 17:25:01',0,0,0,'Run mode: CLI'),
(7691140,32,7691139,'2024-10-26 17:25:01',2,0.00281906,0,'Action completed, no processing required'),
(7691141,147,0,'2024-10-26 17:25:01',0,0,0,'Run mode: CLI'),
(7691142,147,7691141,'2024-10-26 17:25:01',2,0.00491405,0,'Action completed, fully processed'),
(7691143,121,0,'2024-10-26 17:26:01',0,0,0,'Run mode: CLI'),
(7691144,121,7691143,'2024-10-26 17:26:01',2,0.027921,0,'Action completed, fully processed'),
(7691145,147,0,'2024-10-26 17:27:02',0,0,0,'Run mode: CLI'),
(7691146,147,7691145,'2024-10-26 17:27:02',2,0.018177,0,'Action completed, fully processed'),
(7691147,21,0,'2024-10-26 17:29:02',0,0,0,'Run mode: CLI'),
(7691148,21,7691147,'2024-10-26 17:29:02',2,0.021014,0,'Action completed, no processing required'),
(7691149,147,0,'2024-10-26 17:29:02',0,0,0,'Run mode: CLI'),
(7691150,147,7691149,'2024-10-26 17:29:02',2,0.00580907,0,'Action completed, fully processed'),
(7691151,27,0,'2024-10-26 17:30:02',0,0,0,'Run mode: CLI'),
(7691152,27,7691151,'2024-10-26 17:30:02',2,0.0231221,0,'Action completed, no processing required'),
(7691153,32,0,'2024-10-26 17:30:02',0,0,0,'Run mode: CLI'),
(7691154,32,7691153,'2024-10-26 17:30:02',2,0.00603604,0,'Action completed, no processing required'),
(7691155,121,0,'2024-10-26 17:31:02',0,0,0,'Run mode: CLI'),
(7691156,121,7691155,'2024-10-26 17:31:02',2,0.026161,0,'Action completed, fully processed'),
(7691157,147,0,'2024-10-26 17:31:02',0,0,0,'Run mode: CLI'),
(7691158,147,7691157,'2024-10-26 17:31:02',2,0.00438809,0,'Action completed, fully processed'),
(7691159,147,0,'2024-10-26 17:33:02',0,0,0,'Run mode: CLI'),
(7691160,147,7691159,'2024-10-26 17:33:02',2,0.0170949,0,'Action completed, fully processed'),
(7691161,21,0,'2024-10-26 17:34:02',0,0,0,'Run mode: CLI'),
(7691162,21,7691161,'2024-10-26 17:34:02',2,0.0146711,0,'Action completed, no processing required'),
(7691163,27,0,'2024-10-26 17:35:02',0,0,0,'Run mode: CLI'),
(7691164,27,7691163,'2024-10-26 17:35:02',2,0.0143678,0,'Action completed, no processing required'),
(7691165,32,0,'2024-10-26 17:35:02',0,0,0,'Run mode: CLI'),
(7691166,32,7691165,'2024-10-26 17:35:02',2,0.00243497,0,'Action completed, no processing required'),
(7691167,147,0,'2024-10-26 17:35:02',0,0,0,'Run mode: CLI'),
(7691168,147,7691167,'2024-10-26 17:35:02',2,0.00532293,0,'Action completed, fully processed'),
(7691169,121,0,'2024-10-26 17:36:02',0,0,0,'Run mode: CLI'),
(7691170,121,7691169,'2024-10-26 17:36:02',2,0.0249059,0,'Action completed, fully processed'),
(7691171,147,0,'2024-10-26 17:37:01',0,0,0,'Run mode: CLI'),
(7691172,147,7691171,'2024-10-26 17:37:01',2,0.0190101,0,'Action completed, fully processed'),
(7691173,21,0,'2024-10-26 17:39:01',0,0,0,'Run mode: CLI'),
(7691174,21,7691173,'2024-10-26 17:39:01',2,0.021925,0,'Action completed, no processing required'),
(7691175,147,0,'2024-10-26 17:39:01',0,0,0,'Run mode: CLI'),
(7691176,147,7691175,'2024-10-26 17:39:01',2,0.00510812,0,'Action completed, fully processed'),
(7691177,27,0,'2024-10-26 17:40:01',0,0,0,'Run mode: CLI'),
(7691178,27,7691177,'2024-10-26 17:40:01',2,0.01494,0,'Action completed, no processing required'),
(7691179,32,0,'2024-10-26 17:40:01',0,0,0,'Run mode: CLI'),
(7691180,32,7691179,'2024-10-26 17:40:01',2,0.00314689,0,'Action completed, no processing required'),
(7691181,121,0,'2024-10-26 17:41:01',0,0,0,'Run mode: CLI'),
(7691182,121,7691181,'2024-10-26 17:41:01',2,0.0181439,0,'Action completed, fully processed'),
(7691183,147,0,'2024-10-26 17:41:01',0,0,0,'Run mode: CLI'),
(7691184,147,7691183,'2024-10-26 17:41:01',2,0.00471711,0,'Action completed, fully processed'),
(7691185,147,0,'2024-10-26 17:43:01',0,0,0,'Run mode: CLI'),
(7691186,147,7691185,'2024-10-26 17:43:01',2,0.0156291,0,'Action completed, fully processed'),
(7691187,21,0,'2024-10-26 17:44:01',0,0,0,'Run mode: CLI'),
(7691188,21,7691187,'2024-10-26 17:44:01',2,0.015764,0,'Action completed, no processing required'),
(7691189,27,0,'2024-10-26 17:45:01',0,0,0,'Run mode: CLI'),
(7691190,27,7691189,'2024-10-26 17:45:01',2,0.0170112,0,'Action completed, no processing required'),
(7691191,32,0,'2024-10-26 17:45:01',0,0,0,'Run mode: CLI'),
(7691192,32,7691191,'2024-10-26 17:45:01',2,0.00306201,0,'Action completed, no processing required'),
(7691193,119,0,'2024-10-26 17:45:01',0,0,0,'Run mode: CLI'),
(7691194,119,7691193,'2024-10-26 17:45:01',2,0.0171351,0,'Action completed, fully processed'),
(7691195,147,0,'2024-10-26 17:45:01',0,0,0,'Run mode: CLI'),
(7691196,147,7691195,'2024-10-26 17:45:01',2,0.00703406,0,'Action completed, fully processed'),
(7691197,121,0,'2024-10-26 17:46:01',0,0,0,'Run mode: CLI'),
(7691198,121,7691197,'2024-10-26 17:46:01',2,0.0185831,0,'Action completed, fully processed'),
(7691199,147,0,'2024-10-26 17:47:01',0,0,0,'Run mode: CLI'),
(7691200,147,7691199,'2024-10-26 17:47:01',2,0.0228419,0,'Action completed, fully processed'),
(7691201,21,0,'2024-10-26 17:49:01',0,0,0,'Run mode: CLI'),
(7691202,21,7691201,'2024-10-26 17:49:01',2,0.0172932,0,'Action completed, no processing required'),
(7691203,147,0,'2024-10-26 17:49:01',0,0,0,'Run mode: CLI'),
(7691204,147,7691203,'2024-10-26 17:49:01',2,0.00464702,0,'Action completed, fully processed'),
(7691205,27,0,'2024-10-26 17:50:01',0,0,0,'Run mode: CLI'),
(7691206,27,7691205,'2024-10-26 17:50:01',2,0.012543,0,'Action completed, no processing required'),
(7691207,32,0,'2024-10-26 17:50:01',0,0,0,'Run mode: CLI'),
(7691208,32,7691207,'2024-10-26 17:50:01',2,0.00282907,0,'Action completed, no processing required'),
(7691209,121,0,'2024-10-26 17:51:01',0,0,0,'Run mode: CLI'),
(7691210,121,7691209,'2024-10-26 17:51:01',2,0.0207682,0,'Action completed, fully processed'),
(7691211,147,0,'2024-10-26 17:51:01',0,0,0,'Run mode: CLI'),
(7691212,147,7691211,'2024-10-26 17:51:01',2,0.00389504,0,'Action completed, fully processed'),
(7691213,147,0,'2024-10-26 17:53:01',0,0,0,'Run mode: CLI'),
(7691214,147,7691213,'2024-10-26 17:53:01',2,0.015811,0,'Action completed, fully processed'),
(7691215,21,0,'2024-10-26 17:54:01',0,0,0,'Run mode: CLI'),
(7691216,21,7691215,'2024-10-26 17:54:01',2,0.020952,0,'Action completed, no processing required'),
(7691217,27,0,'2024-10-26 17:55:01',0,0,0,'Run mode: CLI'),
(7691218,27,7691217,'2024-10-26 17:55:01',2,0.0174589,0,'Action completed, no processing required'),
(7691219,32,0,'2024-10-26 17:55:01',0,0,0,'Run mode: CLI'),
(7691220,32,7691219,'2024-10-26 17:55:01',2,0.00453615,0,'Action completed, no processing required'),
(7691221,147,0,'2024-10-26 17:55:01',0,0,0,'Run mode: CLI'),
(7691222,147,7691221,'2024-10-26 17:55:01',2,0.00746202,0,'Action completed, fully processed'),
(7691223,121,0,'2024-10-26 17:56:01',0,0,0,'Run mode: CLI'),
(7691224,121,7691223,'2024-10-26 17:56:01',2,0.027082,0,'Action completed, fully processed'),
(7691225,147,0,'2024-10-26 17:57:01',0,0,0,'Run mode: CLI'),
(7691226,147,7691225,'2024-10-26 17:57:01',2,0.0170791,0,'Action completed, fully processed'),
(7691227,21,0,'2024-10-26 17:59:01',0,0,0,'Run mode: CLI'),
(7691228,21,7691227,'2024-10-26 17:59:01',2,0.0199809,0,'Action completed, no processing required'),
(7691229,147,0,'2024-10-26 17:59:01',0,0,0,'Run mode: CLI'),
(7691230,147,7691229,'2024-10-26 17:59:01',2,0.00716186,0,'Action completed, fully processed'),
(7691231,27,0,'2024-10-26 18:00:01',0,0,0,'Run mode: CLI'),
(7691232,27,7691231,'2024-10-26 18:00:01',2,0.0214231,0,'Action completed, no processing required'),
(7691233,32,0,'2024-10-26 18:00:01',0,0,0,'Run mode: CLI'),
(7691234,32,7691233,'2024-10-26 18:00:01',2,0.00560999,0,'Action completed, no processing required'),
(7691235,121,0,'2024-10-26 18:01:01',0,0,0,'Run mode: CLI'),
(7691236,121,7691235,'2024-10-26 18:01:01',2,0.0269799,0,'Action completed, fully processed'),
(7691237,147,0,'2024-10-26 18:01:01',0,0,0,'Run mode: CLI'),
(7691238,147,7691237,'2024-10-26 18:01:01',2,0.005512,0,'Action completed, fully processed'),
(7691239,147,0,'2024-10-26 18:03:01',0,0,0,'Run mode: CLI'),
(7691240,147,7691239,'2024-10-26 18:03:01',2,0.018496,0,'Action completed, fully processed'),
(7691241,21,0,'2024-10-26 18:04:01',0,0,0,'Run mode: CLI'),
(7691242,21,7691241,'2024-10-26 18:04:01',2,0.0169809,0,'Action completed, no processing required'),
(7691243,27,0,'2024-10-26 18:05:01',0,0,0,'Run mode: CLI'),
(7691244,27,7691243,'2024-10-26 18:05:01',2,0.015522,0,'Action completed, no processing required'),
(7691245,32,0,'2024-10-26 18:05:01',0,0,0,'Run mode: CLI'),
(7691246,32,7691245,'2024-10-26 18:05:01',2,0.00427294,0,'Action completed, no processing required'),
(7691247,147,0,'2024-10-26 18:05:01',0,0,0,'Run mode: CLI'),
(7691248,147,7691247,'2024-10-26 18:05:01',2,0.00935888,0,'Action completed, fully processed'),
(7691249,121,0,'2024-10-26 18:06:01',0,0,0,'Run mode: CLI'),
(7691250,121,7691249,'2024-10-26 18:06:01',2,0.0353601,0,'Action completed, fully processed'),
(7691251,147,0,'2024-10-26 18:07:01',0,0,0,'Run mode: CLI'),
(7691252,147,7691251,'2024-10-26 18:07:01',2,0.0262749,0,'Action completed, fully processed'),
(7691253,21,0,'2024-10-26 18:09:02',0,0,0,'Run mode: CLI'),
(7691254,21,7691253,'2024-10-26 18:09:02',2,0.020294,0,'Action completed, no processing required'),
(7691255,147,0,'2024-10-26 18:09:02',0,0,0,'Run mode: CLI'),
(7691256,147,7691255,'2024-10-26 18:09:02',2,0.00684786,0,'Action completed, fully processed'),
(7691257,27,0,'2024-10-26 18:10:01',0,0,0,'Run mode: CLI'),
(7691258,27,7691257,'2024-10-26 18:10:01',2,0.0163929,0,'Action completed, no processing required'),
(7691259,32,0,'2024-10-26 18:10:01',0,0,0,'Run mode: CLI'),
(7691260,32,7691259,'2024-10-26 18:10:01',2,0.00328922,0,'Action completed, no processing required'),
(7691261,121,0,'2024-10-26 18:11:02',0,0,0,'Run mode: CLI'),
(7691262,121,7691261,'2024-10-26 18:11:02',2,0.018738,0,'Action completed, fully processed'),
(7691263,147,0,'2024-10-26 18:11:02',0,0,0,'Run mode: CLI'),
(7691264,147,7691263,'2024-10-26 18:11:02',2,0.00392795,0,'Action completed, fully processed'),
(7691265,147,0,'2024-10-26 18:13:02',0,0,0,'Run mode: CLI'),
(7691266,147,7691265,'2024-10-26 18:13:02',2,0.0206609,0,'Action completed, fully processed'),
(7691267,13,0,'2024-10-26 18:14:02',0,0,0,'Run mode: CLI'),
(7691268,13,7691267,'2024-10-26 18:14:02',2,0.0144758,0,'Action completed, no processing required'),
(7691269,14,0,'2024-10-26 18:14:02',0,0,0,'Run mode: CLI'),
(7691270,14,7691269,'2024-10-26 18:14:02',2,0.00392389,0,'Action completed, no processing required'),
(7691271,21,0,'2024-10-26 18:14:02',0,0,0,'Run mode: CLI'),
(7691272,21,7691271,'2024-10-26 18:14:02',2,0.00571394,0,'Action completed, no processing required'),
(7691273,24,0,'2024-10-26 18:14:02',0,0,0,'Run mode: CLI'),
(7691274,24,7691273,'2024-10-26 18:14:02',2,0.00237799,0,'Action completed, no processing required'),
(7691275,27,0,'2024-10-26 18:15:02',0,0,0,'Run mode: CLI'),
(7691276,27,7691275,'2024-10-26 18:15:02',2,0.0147872,0,'Action completed, no processing required'),
(7691277,32,0,'2024-10-26 18:15:02',0,0,0,'Run mode: CLI'),
(7691278,32,7691277,'2024-10-26 18:15:02',2,0.00364089,0,'Action completed, no processing required'),
(7691279,119,0,'2024-10-26 18:15:02',0,0,0,'Run mode: CLI'),
(7691280,119,7691279,'2024-10-26 18:15:02',2,0.0127921,0,'Action completed, fully processed'),
(7691281,147,0,'2024-10-26 18:15:02',0,0,0,'Run mode: CLI'),
(7691282,147,7691281,'2024-10-26 18:15:02',2,0.00759292,0,'Action completed, fully processed'),
(7691283,75,0,'2024-10-26 18:16:02',0,0,0,'Run mode: CLI'),
(7691284,75,7691283,'2024-10-26 18:16:02',2,0.0263939,0,'Action completed, fully processed'),
(7691285,112,0,'2024-10-26 18:16:02',0,0,0,'Run mode: CLI'),
(7691286,112,7691285,'2024-10-26 18:16:02',1,0.00179291,0,'Sync issues from forms answers and tickets'),
(7691287,112,7691285,'2024-10-26 18:16:02',2,0.0557301,0,'Action completed, fully processed'),
(7691288,121,0,'2024-10-26 18:16:02',0,0,0,'Run mode: CLI'),
(7691289,121,7691288,'2024-10-26 18:16:02',2,0.00789213,0,'Action completed, fully processed'),
(7691290,147,0,'2024-10-26 18:17:02',0,0,0,'Run mode: CLI'),
(7691291,147,7691290,'2024-10-26 18:17:02',2,0.0141749,0,'Action completed, fully processed'),
(7691292,21,0,'2024-10-26 18:19:02',0,0,0,'Run mode: CLI'),
(7691293,21,7691292,'2024-10-26 18:19:02',2,0.018898,0,'Action completed, no processing required'),
(7691294,147,0,'2024-10-26 18:19:02',0,0,0,'Run mode: CLI'),
(7691295,147,7691294,'2024-10-26 18:19:02',2,0.00575614,0,'Action completed, fully processed'),
(7691296,27,0,'2024-10-26 18:20:02',0,0,0,'Run mode: CLI'),
(7691297,27,7691296,'2024-10-26 18:20:02',2,0.0170958,0,'Action completed, no processing required'),
(7691298,32,0,'2024-10-26 18:20:02',0,0,0,'Run mode: CLI'),
(7691299,32,7691298,'2024-10-26 18:20:02',2,0.00338602,0,'Action completed, no processing required'),
(7691300,121,0,'2024-10-26 18:21:02',0,0,0,'Run mode: CLI'),
(7691301,121,7691300,'2024-10-26 18:21:02',2,0.0197699,0,'Action completed, fully processed'),
(7691302,147,0,'2024-10-26 18:21:02',0,0,0,'Run mode: CLI'),
(7691303,147,7691302,'2024-10-26 18:21:02',2,0.00495505,0,'Action completed, fully processed'),
(7691304,147,0,'2024-10-26 18:23:01',0,0,0,'Run mode: CLI'),
(7691305,147,7691304,'2024-10-26 18:23:01',2,0.0186419,0,'Action completed, fully processed'),
(7691306,21,0,'2024-10-26 18:24:01',0,0,0,'Run mode: CLI'),
(7691307,21,7691306,'2024-10-26 18:24:01',2,0.0239561,0,'Action completed, no processing required'),
(7691308,27,0,'2024-10-26 18:25:01',0,0,0,'Run mode: CLI'),
(7691309,27,7691308,'2024-10-26 18:25:01',2,0.0271909,0,'Action completed, no processing required'),
(7691310,32,0,'2024-10-26 18:25:01',0,0,0,'Run mode: CLI'),
(7691311,32,7691310,'2024-10-26 18:25:01',2,0.00402999,0,'Action completed, no processing required'),
(7691312,147,0,'2024-10-26 18:25:01',0,0,0,'Run mode: CLI'),
(7691313,147,7691312,'2024-10-26 18:25:01',2,0.00813103,0,'Action completed, fully processed'),
(7691314,121,0,'2024-10-26 18:26:01',0,0,0,'Run mode: CLI'),
(7691315,121,7691314,'2024-10-26 18:26:01',2,0.018002,0,'Action completed, fully processed'),
(7691316,147,0,'2024-10-26 18:27:01',0,0,0,'Run mode: CLI'),
(7691317,147,7691316,'2024-10-26 18:27:01',2,0.022249,0,'Action completed, fully processed'),
(7691318,21,0,'2024-10-26 18:29:01',0,0,0,'Run mode: CLI'),
(7691319,21,7691318,'2024-10-26 18:29:01',2,0.015964,0,'Action completed, no processing required'),
(7691320,147,0,'2024-10-26 18:29:01',0,0,0,'Run mode: CLI'),
(7691321,147,7691320,'2024-10-26 18:29:01',2,0.00693703,0,'Action completed, fully processed'),
(7691322,27,0,'2024-10-26 18:30:01',0,0,0,'Run mode: CLI'),
(7691323,27,7691322,'2024-10-26 18:30:01',2,0.040374,0,'Action completed, no processing required'),
(7691324,32,0,'2024-10-26 18:30:01',0,0,0,'Run mode: CLI'),
(7691325,32,7691324,'2024-10-26 18:30:01',2,0.00536895,0,'Action completed, no processing required'),
(7691326,121,0,'2024-10-26 18:31:01',0,0,0,'Run mode: CLI'),
(7691327,121,7691326,'2024-10-26 18:31:01',2,0.024353,0,'Action completed, fully processed'),
(7691328,147,0,'2024-10-26 18:31:01',0,0,0,'Run mode: CLI'),
(7691329,147,7691328,'2024-10-26 18:31:01',2,0.00596285,0,'Action completed, fully processed'),
(7691330,147,0,'2024-10-26 18:33:01',0,0,0,'Run mode: CLI'),
(7691331,147,7691330,'2024-10-26 18:33:01',2,0.0188739,0,'Action completed, fully processed'),
(7691332,21,0,'2024-10-26 18:34:01',0,0,0,'Run mode: CLI'),
(7691333,21,7691332,'2024-10-26 18:34:01',2,0.0219989,0,'Action completed, no processing required'),
(7691334,27,0,'2024-10-26 18:35:01',0,0,0,'Run mode: CLI'),
(7691335,27,7691334,'2024-10-26 18:35:01',2,0.016109,0,'Action completed, no processing required'),
(7691336,32,0,'2024-10-26 18:35:01',0,0,0,'Run mode: CLI'),
(7691337,32,7691336,'2024-10-26 18:35:01',2,0.00333214,0,'Action completed, no processing required'),
(7691338,147,0,'2024-10-26 18:35:01',0,0,0,'Run mode: CLI'),
(7691339,147,7691338,'2024-10-26 18:35:01',2,0.00682497,0,'Action completed, fully processed'),
(7691340,121,0,'2024-10-26 18:36:01',0,0,0,'Run mode: CLI'),
(7691341,121,7691340,'2024-10-26 18:36:01',2,0.025367,0,'Action completed, fully processed'),
(7691342,147,0,'2024-10-26 18:37:01',0,0,0,'Run mode: CLI'),
(7691343,147,7691342,'2024-10-26 18:37:01',2,0.020561,0,'Action completed, fully processed'),
(7691344,21,0,'2024-10-26 18:39:01',0,0,0,'Run mode: CLI'),
(7691345,21,7691344,'2024-10-26 18:39:01',2,0.017668,0,'Action completed, no processing required'),
(7691346,147,0,'2024-10-26 18:39:01',0,0,0,'Run mode: CLI'),
(7691347,147,7691346,'2024-10-26 18:39:01',2,0.00532007,0,'Action completed, fully processed'),
(7691348,27,0,'2024-10-26 18:40:01',0,0,0,'Run mode: CLI'),
(7691349,27,7691348,'2024-10-26 18:40:01',2,0.0188689,0,'Action completed, no processing required'),
(7691350,32,0,'2024-10-26 18:40:01',0,0,0,'Run mode: CLI'),
(7691351,32,7691350,'2024-10-26 18:40:01',2,0.00339508,0,'Action completed, no processing required'),
(7691352,121,0,'2024-10-26 18:41:01',0,0,0,'Run mode: CLI'),
(7691353,121,7691352,'2024-10-26 18:41:01',2,0.0254159,0,'Action completed, fully processed'),
(7691354,147,0,'2024-10-26 18:41:01',0,0,0,'Run mode: CLI'),
(7691355,147,7691354,'2024-10-26 18:41:01',2,0.00569892,0,'Action completed, fully processed'),
(7691356,147,0,'2024-10-26 18:43:01',0,0,0,'Run mode: CLI'),
(7691357,147,7691356,'2024-10-26 18:43:01',2,0.0184271,0,'Action completed, fully processed'),
(7691358,21,0,'2024-10-26 18:44:01',0,0,0,'Run mode: CLI'),
(7691359,21,7691358,'2024-10-26 18:44:01',2,0.0232599,0,'Action completed, no processing required'),
(7691360,27,0,'2024-10-26 18:45:01',0,0,0,'Run mode: CLI'),
(7691361,27,7691360,'2024-10-26 18:45:01',2,0.0211289,0,'Action completed, no processing required'),
(7691362,32,0,'2024-10-26 18:45:01',0,0,0,'Run mode: CLI'),
(7691363,32,7691362,'2024-10-26 18:45:01',2,0.00432181,0,'Action completed, no processing required'),
(7691364,119,0,'2024-10-26 18:45:01',0,0,0,'Run mode: CLI'),
(7691365,119,7691364,'2024-10-26 18:45:01',2,0.016423,0,'Action completed, fully processed'),
(7691366,147,0,'2024-10-26 18:45:01',0,0,0,'Run mode: CLI'),
(7691367,147,7691366,'2024-10-26 18:45:01',2,0.00746489,0,'Action completed, fully processed'),
(7691368,121,0,'2024-10-26 18:46:01',0,0,0,'Run mode: CLI'),
(7691369,121,7691368,'2024-10-26 18:46:01',2,0.024673,0,'Action completed, fully processed'),
(7691370,147,0,'2024-10-26 18:47:01',0,0,0,'Run mode: CLI'),
(7691371,147,7691370,'2024-10-26 18:47:01',2,0.0157142,0,'Action completed, fully processed'),
(7691372,21,0,'2024-10-26 18:49:01',0,0,0,'Run mode: CLI'),
(7691373,21,7691372,'2024-10-26 18:49:01',2,0.0171261,0,'Action completed, no processing required'),
(7691374,147,0,'2024-10-26 18:49:01',0,0,0,'Run mode: CLI'),
(7691375,147,7691374,'2024-10-26 18:49:01',2,0.00567198,0,'Action completed, fully processed'),
(7691376,27,0,'2024-10-26 18:50:02',0,0,0,'Run mode: CLI'),
(7691377,27,7691376,'2024-10-26 18:50:02',2,0.0154369,0,'Action completed, no processing required'),
(7691378,32,0,'2024-10-26 18:50:02',0,0,0,'Run mode: CLI'),
(7691379,32,7691378,'2024-10-26 18:50:02',2,0.00349402,0,'Action completed, no processing required'),
(7691380,121,0,'2024-10-26 18:51:01',0,0,0,'Run mode: CLI'),
(7691381,121,7691380,'2024-10-26 18:51:01',2,0.0186059,0,'Action completed, fully processed'),
(7691382,147,0,'2024-10-26 18:51:01',0,0,0,'Run mode: CLI'),
(7691383,147,7691382,'2024-10-26 18:51:01',2,0.00369096,0,'Action completed, fully processed'),
(7691384,147,0,'2024-10-26 18:53:01',0,0,0,'Run mode: CLI'),
(7691385,147,7691384,'2024-10-26 18:53:01',2,0.017566,0,'Action completed, fully processed'),
(7691386,21,0,'2024-10-26 18:54:01',0,0,0,'Run mode: CLI'),
(7691387,21,7691386,'2024-10-26 18:54:01',2,0.0161691,0,'Action completed, no processing required'),
(7691388,27,0,'2024-10-26 18:55:02',0,0,0,'Run mode: CLI'),
(7691389,27,7691388,'2024-10-26 18:55:02',2,0.0187809,0,'Action completed, no processing required'),
(7691390,32,0,'2024-10-26 18:55:02',0,0,0,'Run mode: CLI'),
(7691391,32,7691390,'2024-10-26 18:55:02',2,0.00298405,0,'Action completed, no processing required'),
(7691392,147,0,'2024-10-26 18:55:02',0,0,0,'Run mode: CLI'),
(7691393,147,7691392,'2024-10-26 18:55:02',2,0.00593996,0,'Action completed, fully processed'),
(7691394,121,0,'2024-10-26 18:56:02',0,0,0,'Run mode: CLI'),
(7691395,121,7691394,'2024-10-26 18:56:02',2,0.019135,0,'Action completed, fully processed'),
(7691396,147,0,'2024-10-26 18:57:02',0,0,0,'Run mode: CLI'),
(7691397,147,7691396,'2024-10-26 18:57:02',2,0.0156589,0,'Action completed, fully processed'),
(7691398,21,0,'2024-10-26 18:59:02',0,0,0,'Run mode: CLI'),
(7691399,21,7691398,'2024-10-26 18:59:02',2,0.019875,0,'Action completed, no processing required'),
(7691400,147,0,'2024-10-26 18:59:02',0,0,0,'Run mode: CLI'),
(7691401,147,7691400,'2024-10-26 18:59:02',2,0.00508809,0,'Action completed, fully processed'),
(7691402,27,0,'2024-10-26 19:00:02',0,0,0,'Run mode: CLI'),
(7691403,27,7691402,'2024-10-26 19:00:02',2,0.015173,0,'Action completed, no processing required'),
(7691404,32,0,'2024-10-26 19:00:02',0,0,0,'Run mode: CLI'),
(7691405,32,7691404,'2024-10-26 19:00:02',2,0.0046792,0,'Action completed, no processing required'),
(7691406,121,0,'2024-10-26 19:01:02',0,0,0,'Run mode: CLI'),
(7691407,121,7691406,'2024-10-26 19:01:02',2,0.024605,0,'Action completed, fully processed'),
(7691408,147,0,'2024-10-26 19:01:02',0,0,0,'Run mode: CLI'),
(7691409,147,7691408,'2024-10-26 19:01:02',2,0.00512815,0,'Action completed, fully processed'),
(7691410,147,0,'2024-10-26 19:03:02',0,0,0,'Run mode: CLI'),
(7691411,147,7691410,'2024-10-26 19:03:02',2,0.0147681,0,'Action completed, fully processed'),
(7691412,21,0,'2024-10-26 19:04:02',0,0,0,'Run mode: CLI'),
(7691413,21,7691412,'2024-10-26 19:04:02',2,0.024359,0,'Action completed, no processing required'),
(7691414,27,0,'2024-10-26 19:05:02',0,0,0,'Run mode: CLI'),
(7691415,27,7691414,'2024-10-26 19:05:02',2,0.0114269,0,'Action completed, no processing required'),
(7691416,32,0,'2024-10-26 19:05:02',0,0,0,'Run mode: CLI'),
(7691417,32,7691416,'2024-10-26 19:05:02',2,0.00218797,0,'Action completed, no processing required'),
(7691418,147,0,'2024-10-26 19:05:02',0,0,0,'Run mode: CLI'),
(7691419,147,7691418,'2024-10-26 19:05:02',2,0.00415802,0,'Action completed, fully processed'),
(7691420,121,0,'2024-10-26 19:06:02',0,0,0,'Run mode: CLI'),
(7691421,121,7691420,'2024-10-26 19:06:02',2,0.0184331,0,'Action completed, fully processed'),
(7691422,147,0,'2024-10-26 19:07:02',0,0,0,'Run mode: CLI'),
(7691423,147,7691422,'2024-10-26 19:07:02',2,0.0150759,0,'Action completed, fully processed'),
(7691424,21,0,'2024-10-26 19:09:01',0,0,0,'Run mode: CLI'),
(7691425,21,7691424,'2024-10-26 19:09:01',2,0.018702,0,'Action completed, no processing required'),
(7691426,147,0,'2024-10-26 19:09:01',0,0,0,'Run mode: CLI'),
(7691427,147,7691426,'2024-10-26 19:09:01',2,0.00620079,0,'Action completed, fully processed'),
(7691428,27,0,'2024-10-26 19:10:01',0,0,0,'Run mode: CLI'),
(7691429,27,7691428,'2024-10-26 19:10:01',2,0.0136349,0,'Action completed, no processing required'),
(7691430,32,0,'2024-10-26 19:10:01',0,0,0,'Run mode: CLI'),
(7691431,32,7691430,'2024-10-26 19:10:01',2,0.00289989,0,'Action completed, no processing required'),
(7691432,121,0,'2024-10-26 19:11:01',0,0,0,'Run mode: CLI'),
(7691433,121,7691432,'2024-10-26 19:11:01',2,0.0218251,0,'Action completed, fully processed'),
(7691434,147,0,'2024-10-26 19:11:01',0,0,0,'Run mode: CLI'),
(7691435,147,7691434,'2024-10-26 19:11:01',2,0.00441885,0,'Action completed, fully processed'),
(7691436,147,0,'2024-10-26 19:13:01',0,0,0,'Run mode: CLI'),
(7691437,147,7691436,'2024-10-26 19:13:01',2,0.017961,0,'Action completed, fully processed'),
(7691438,13,0,'2024-10-26 19:14:01',0,0,0,'Run mode: CLI'),
(7691439,13,7691438,'2024-10-26 19:14:01',2,0.0110538,0,'Action completed, no processing required'),
(7691440,14,0,'2024-10-26 19:14:01',0,0,0,'Run mode: CLI'),
(7691441,14,7691440,'2024-10-26 19:14:01',2,0.00266385,0,'Action completed, no processing required'),
(7691442,21,0,'2024-10-26 19:14:01',0,0,0,'Run mode: CLI'),
(7691443,21,7691442,'2024-10-26 19:14:01',2,0.003932,0,'Action completed, no processing required'),
(7691444,24,0,'2024-10-26 19:14:01',0,0,0,'Run mode: CLI'),
(7691445,24,7691444,'2024-10-26 19:14:01',2,0.00197411,0,'Action completed, no processing required'),
(7691446,27,0,'2024-10-26 19:15:01',0,0,0,'Run mode: CLI'),
(7691447,27,7691446,'2024-10-26 19:15:01',2,0.024646,0,'Action completed, no processing required'),
(7691448,32,0,'2024-10-26 19:15:01',0,0,0,'Run mode: CLI'),
(7691449,32,7691448,'2024-10-26 19:15:01',2,0.0040679,0,'Action completed, no processing required'),
(7691450,119,0,'2024-10-26 19:15:01',0,0,0,'Run mode: CLI'),
(7691451,119,7691450,'2024-10-26 19:15:01',2,0.013262,0,'Action completed, fully processed'),
(7691452,147,0,'2024-10-26 19:15:01',0,0,0,'Run mode: CLI'),
(7691453,147,7691452,'2024-10-26 19:15:01',2,0.00831008,0,'Action completed, fully processed'),
(7691454,75,0,'2024-10-26 19:16:01',0,0,0,'Run mode: CLI'),
(7691455,75,7691454,'2024-10-26 19:16:01',2,0.0196579,0,'Action completed, fully processed'),
(7691456,112,0,'2024-10-26 19:16:01',0,0,0,'Run mode: CLI'),
(7691457,112,7691456,'2024-10-26 19:16:01',1,0.00148702,0,'Sync issues from forms answers and tickets'),
(7691458,112,7691456,'2024-10-26 19:16:01',2,0.0391028,0,'Action completed, fully processed'),
(7691459,121,0,'2024-10-26 19:16:01',0,0,0,'Run mode: CLI'),
(7691460,121,7691459,'2024-10-26 19:16:01',2,0.00836992,0,'Action completed, fully processed'),
(7691461,147,0,'2024-10-26 19:17:01',0,0,0,'Run mode: CLI'),
(7691462,147,7691461,'2024-10-26 19:17:01',2,0.0218599,0,'Action completed, fully processed'),
(7691463,21,0,'2024-10-26 19:19:01',0,0,0,'Run mode: CLI'),
(7691464,21,7691463,'2024-10-26 19:19:01',2,0.026252,0,'Action completed, no processing required'),
(7691465,147,0,'2024-10-26 19:19:01',0,0,0,'Run mode: CLI'),
(7691466,147,7691465,'2024-10-26 19:19:01',2,0.0103428,0,'Action completed, fully processed'),
(7691467,27,0,'2024-10-26 19:20:01',0,0,0,'Run mode: CLI'),
(7691468,27,7691467,'2024-10-26 19:20:01',2,0.018682,0,'Action completed, no processing required'),
(7691469,32,0,'2024-10-26 19:20:01',0,0,0,'Run mode: CLI'),
(7691470,32,7691469,'2024-10-26 19:20:01',2,0.0046711,0,'Action completed, no processing required'),
(7691471,121,0,'2024-10-26 19:21:01',0,0,0,'Run mode: CLI'),
(7691472,121,7691471,'2024-10-26 19:21:01',2,0.0194042,0,'Action completed, fully processed'),
(7691473,147,0,'2024-10-26 19:21:01',0,0,0,'Run mode: CLI'),
(7691474,147,7691473,'2024-10-26 19:21:01',2,0.00419092,0,'Action completed, fully processed'),
(7691475,147,0,'2024-10-26 19:23:01',0,0,0,'Run mode: CLI'),
(7691476,147,7691475,'2024-10-26 19:23:01',2,0.0225871,0,'Action completed, fully processed'),
(7691477,21,0,'2024-10-26 19:24:01',0,0,0,'Run mode: CLI'),
(7691478,21,7691477,'2024-10-26 19:24:01',2,0.0187559,0,'Action completed, no processing required'),
(7691479,27,0,'2024-10-26 19:25:01',0,0,0,'Run mode: CLI'),
(7691480,27,7691479,'2024-10-26 19:25:01',2,0.0232441,0,'Action completed, no processing required'),
(7691481,32,0,'2024-10-26 19:25:01',0,0,0,'Run mode: CLI'),
(7691482,32,7691481,'2024-10-26 19:25:01',2,0.00434589,0,'Action completed, no processing required'),
(7691483,147,0,'2024-10-26 19:25:01',0,0,0,'Run mode: CLI'),
(7691484,147,7691483,'2024-10-26 19:25:01',2,0.00685811,0,'Action completed, fully processed'),
(7691485,121,0,'2024-10-26 19:26:01',0,0,0,'Run mode: CLI'),
(7691486,121,7691485,'2024-10-26 19:26:01',2,0.026047,0,'Action completed, fully processed'),
(7691487,147,0,'2024-10-26 19:27:01',0,0,0,'Run mode: CLI'),
(7691488,147,7691487,'2024-10-26 19:27:01',2,0.023268,0,'Action completed, fully processed'),
(7691489,21,0,'2024-10-26 19:29:01',0,0,0,'Run mode: CLI'),
(7691490,21,7691489,'2024-10-26 19:29:01',2,0.016634,0,'Action completed, no processing required'),
(7691491,147,0,'2024-10-26 19:29:01',0,0,0,'Run mode: CLI'),
(7691492,147,7691491,'2024-10-26 19:29:01',2,0.00518489,0,'Action completed, fully processed'),
(7691493,27,0,'2024-10-26 19:30:01',0,0,0,'Run mode: CLI'),
(7691494,27,7691493,'2024-10-26 19:30:01',2,0.020395,0,'Action completed, no processing required'),
(7691495,32,0,'2024-10-26 19:30:01',0,0,0,'Run mode: CLI'),
(7691496,32,7691495,'2024-10-26 19:30:01',2,0.0102901,0,'Action completed, no processing required'),
(7691497,121,0,'2024-10-26 19:31:01',0,0,0,'Run mode: CLI'),
(7691498,121,7691497,'2024-10-26 19:31:01',2,0.026526,0,'Action completed, fully processed'),
(7691499,147,0,'2024-10-26 19:31:01',0,0,0,'Run mode: CLI'),
(7691500,147,7691499,'2024-10-26 19:31:01',2,0.00573587,0,'Action completed, fully processed'),
(7691501,147,0,'2024-10-26 19:33:01',0,0,0,'Run mode: CLI'),
(7691502,147,7691501,'2024-10-26 19:33:01',2,0.01477,0,'Action completed, fully processed'),
(7691503,21,0,'2024-10-26 19:34:01',0,0,0,'Run mode: CLI'),
(7691504,21,7691503,'2024-10-26 19:34:01',2,0.025311,0,'Action completed, no processing required'),
(7691505,27,0,'2024-10-26 19:35:01',0,0,0,'Run mode: CLI'),
(7691506,27,7691505,'2024-10-26 19:35:01',2,0.0159609,0,'Action completed, no processing required'),
(7691507,32,0,'2024-10-26 19:35:01',0,0,0,'Run mode: CLI'),
(7691508,32,7691507,'2024-10-26 19:35:01',2,0.00274205,0,'Action completed, no processing required'),
(7691509,147,0,'2024-10-26 19:35:01',0,0,0,'Run mode: CLI'),
(7691510,147,7691509,'2024-10-26 19:35:01',2,0.00713897,0,'Action completed, fully processed'),
(7691511,121,0,'2024-10-26 19:36:01',0,0,0,'Run mode: CLI'),
(7691512,121,7691511,'2024-10-26 19:36:01',2,0.023715,0,'Action completed, fully processed'),
(7691513,147,0,'2024-10-26 19:37:01',0,0,0,'Run mode: CLI'),
(7691514,147,7691513,'2024-10-26 19:37:01',2,0.0269799,0,'Action completed, fully processed'),
(7691515,21,0,'2024-10-26 19:39:02',0,0,0,'Run mode: CLI'),
(7691516,21,7691515,'2024-10-26 19:39:02',2,0.017585,0,'Action completed, no processing required'),
(7691517,147,0,'2024-10-26 19:39:02',0,0,0,'Run mode: CLI'),
(7691518,147,7691517,'2024-10-26 19:39:02',2,0.00520611,0,'Action completed, fully processed'),
(7691519,27,0,'2024-10-26 19:40:02',0,0,0,'Run mode: CLI'),
(7691520,27,7691519,'2024-10-26 19:40:02',2,0.0193572,0,'Action completed, no processing required'),
(7691521,32,0,'2024-10-26 19:40:02',0,0,0,'Run mode: CLI'),
(7691522,32,7691521,'2024-10-26 19:40:02',2,0.00367308,0,'Action completed, no processing required'),
(7691523,121,0,'2024-10-26 19:41:02',0,0,0,'Run mode: CLI'),
(7691524,121,7691523,'2024-10-26 19:41:02',2,0.0307491,0,'Action completed, fully processed'),
(7691525,147,0,'2024-10-26 19:41:02',0,0,0,'Run mode: CLI'),
(7691526,147,7691525,'2024-10-26 19:41:02',2,0.00694489,0,'Action completed, fully processed'),
(7691527,147,0,'2024-10-26 19:43:02',0,0,0,'Run mode: CLI'),
(7691528,147,7691527,'2024-10-26 19:43:02',2,0.0196359,0,'Action completed, fully processed'),
(7691529,21,0,'2024-10-26 19:44:02',0,0,0,'Run mode: CLI'),
(7691530,21,7691529,'2024-10-26 19:44:02',2,0.018883,0,'Action completed, no processing required'),
(7691531,27,0,'2024-10-26 19:45:02',0,0,0,'Run mode: CLI'),
(7691532,27,7691531,'2024-10-26 19:45:02',2,0.0207479,0,'Action completed, no processing required'),
(7691533,32,0,'2024-10-26 19:45:02',0,0,0,'Run mode: CLI'),
(7691534,32,7691533,'2024-10-26 19:45:02',2,0.002913,0,'Action completed, no processing required'),
(7691535,119,0,'2024-10-26 19:45:02',0,0,0,'Run mode: CLI'),
(7691536,119,7691535,'2024-10-26 19:45:02',2,0.0161538,0,'Action completed, fully processed'),
(7691537,147,0,'2024-10-26 19:45:02',0,0,0,'Run mode: CLI'),
(7691538,147,7691537,'2024-10-26 19:45:02',2,0.00703597,0,'Action completed, fully processed'),
(7691539,121,0,'2024-10-26 19:46:02',0,0,0,'Run mode: CLI'),
(7691540,121,7691539,'2024-10-26 19:46:02',2,0.0276759,0,'Action completed, fully processed'),
(7691541,147,0,'2024-10-26 19:47:02',0,0,0,'Run mode: CLI'),
(7691542,147,7691541,'2024-10-26 19:47:02',2,0.017206,0,'Action completed, fully processed'),
(7691543,21,0,'2024-10-26 19:49:02',0,0,0,'Run mode: CLI'),
(7691544,21,7691543,'2024-10-26 19:49:02',2,0.0167751,0,'Action completed, no processing required'),
(7691545,147,0,'2024-10-26 19:49:02',0,0,0,'Run mode: CLI'),
(7691546,147,7691545,'2024-10-26 19:49:02',2,0.00601482,0,'Action completed, fully processed'),
(7691547,27,0,'2024-10-26 19:50:02',0,0,0,'Run mode: CLI'),
(7691548,27,7691547,'2024-10-26 19:50:02',2,0.0230241,0,'Action completed, no processing required'),
(7691549,32,0,'2024-10-26 19:50:02',0,0,0,'Run mode: CLI'),
(7691550,32,7691549,'2024-10-26 19:50:02',2,0.00510192,0,'Action completed, no processing required'),
(7691551,121,0,'2024-10-26 19:51:01',0,0,0,'Run mode: CLI'),
(7691552,121,7691551,'2024-10-26 19:51:01',2,0.034404,0,'Action completed, fully processed'),
(7691553,147,0,'2024-10-26 19:51:01',0,0,0,'Run mode: CLI'),
(7691554,147,7691553,'2024-10-26 19:51:01',2,0.00756907,0,'Action completed, fully processed'),
(7691555,147,0,'2024-10-26 19:53:01',0,0,0,'Run mode: CLI'),
(7691556,147,7691555,'2024-10-26 19:53:01',2,0.0191691,0,'Action completed, fully processed'),
(7691557,21,0,'2024-10-26 19:54:01',0,0,0,'Run mode: CLI'),
(7691558,21,7691557,'2024-10-26 19:54:01',2,0.0269051,0,'Action completed, no processing required'),
(7691559,27,0,'2024-10-26 19:55:01',0,0,0,'Run mode: CLI'),
(7691560,27,7691559,'2024-10-26 19:55:01',2,0.0187941,0,'Action completed, no processing required'),
(7691561,32,0,'2024-10-26 19:55:01',0,0,0,'Run mode: CLI'),
(7691562,32,7691561,'2024-10-26 19:55:01',2,0.00379801,0,'Action completed, no processing required'),
(7691563,147,0,'2024-10-26 19:55:01',0,0,0,'Run mode: CLI'),
(7691564,147,7691563,'2024-10-26 19:55:01',2,0.0078311,0,'Action completed, fully processed'),
(7691565,121,0,'2024-10-26 19:56:01',0,0,0,'Run mode: CLI'),
(7691566,121,7691565,'2024-10-26 19:56:01',2,0.0455799,0,'Action completed, fully processed'),
(7691567,147,0,'2024-10-26 19:57:01',0,0,0,'Run mode: CLI'),
(7691568,147,7691567,'2024-10-26 19:57:01',2,0.019242,0,'Action completed, fully processed'),
(7691569,21,0,'2024-10-26 19:59:01',0,0,0,'Run mode: CLI'),
(7691570,21,7691569,'2024-10-26 19:59:01',2,0.0226259,0,'Action completed, no processing required'),
(7691571,147,0,'2024-10-26 19:59:01',0,0,0,'Run mode: CLI'),
(7691572,147,7691571,'2024-10-26 19:59:01',2,0.00746012,0,'Action completed, fully processed'),
(7691573,27,0,'2024-10-26 20:00:01',0,0,0,'Run mode: CLI'),
(7691574,27,7691573,'2024-10-26 20:00:01',2,0.0222771,0,'Action completed, no processing required'),
(7691575,32,0,'2024-10-26 20:00:01',0,0,0,'Run mode: CLI'),
(7691576,32,7691575,'2024-10-26 20:00:01',2,0.0244799,0,'Action completed, no processing required'),
(7691577,121,0,'2024-10-26 20:01:01',0,0,0,'Run mode: CLI'),
(7691578,121,7691577,'2024-10-26 20:01:01',2,0.0305698,0,'Action completed, fully processed'),
(7691579,147,0,'2024-10-26 20:01:01',0,0,0,'Run mode: CLI'),
(7691580,147,7691579,'2024-10-26 20:01:01',2,0.00895786,0,'Action completed, fully processed'),
(7691581,147,0,'2024-10-26 20:03:01',0,0,0,'Run mode: CLI'),
(7691582,147,7691581,'2024-10-26 20:03:01',2,0.0225301,0,'Action completed, fully processed'),
(7691583,21,0,'2024-10-26 20:04:01',0,0,0,'Run mode: CLI'),
(7691584,21,7691583,'2024-10-26 20:04:01',2,0.0229959,0,'Action completed, no processing required'),
(7691585,27,0,'2024-10-26 20:05:01',0,0,0,'Run mode: CLI'),
(7691586,27,7691585,'2024-10-26 20:05:01',2,0.015728,0,'Action completed, no processing required'),
(7691587,32,0,'2024-10-26 20:05:01',0,0,0,'Run mode: CLI'),
(7691588,32,7691587,'2024-10-26 20:05:01',2,0.00301099,0,'Action completed, no processing required'),
(7691589,147,0,'2024-10-26 20:05:01',0,0,0,'Run mode: CLI'),
(7691590,147,7691589,'2024-10-26 20:05:01',2,0.00686789,0,'Action completed, fully processed'),
(7691591,121,0,'2024-10-26 20:06:01',0,0,0,'Run mode: CLI'),
(7691592,121,7691591,'2024-10-26 20:06:01',2,0.0318608,0,'Action completed, fully processed'),
(7691593,147,0,'2024-10-26 20:07:01',0,0,0,'Run mode: CLI'),
(7691594,147,7691593,'2024-10-26 20:07:01',2,0.017164,0,'Action completed, fully processed'),
(7691595,21,0,'2024-10-26 20:09:01',0,0,0,'Run mode: CLI'),
(7691596,21,7691595,'2024-10-26 20:09:01',2,0.045727,0,'Action completed, no processing required'),
(7691597,147,0,'2024-10-26 20:09:01',0,0,0,'Run mode: CLI'),
(7691598,147,7691597,'2024-10-26 20:09:01',2,0.00753403,0,'Action completed, fully processed'),
(7691599,27,0,'2024-10-26 20:10:01',0,0,0,'Run mode: CLI'),
(7691600,27,7691599,'2024-10-26 20:10:01',2,0.018373,0,'Action completed, no processing required'),
(7691601,32,0,'2024-10-26 20:10:01',0,0,0,'Run mode: CLI'),
(7691602,32,7691601,'2024-10-26 20:10:01',2,0.00315213,0,'Action completed, no processing required'),
(7691603,6,0,'2024-10-26 20:11:01',0,0,0,'Run mode: CLI'),
(7691604,6,7691603,'2024-10-26 20:11:01',2,0.0607371,0,'Action completed, no processing required'),
(7691605,15,0,'2024-10-26 20:11:01',0,0,0,'Run mode: CLI'),
(7691606,15,7691605,'2024-10-26 20:11:01',2,0.0915329,0,'Action completed, no processing required'),
(7691607,16,0,'2024-10-26 20:11:01',0,0,0,'Run mode: CLI'),
(7691608,16,7691607,'2024-10-26 20:11:01',2,0.00345302,0,'Action completed, no processing required'),
(7691609,121,0,'2024-10-26 20:11:01',0,0,0,'Run mode: CLI'),
(7691610,121,7691609,'2024-10-26 20:11:01',2,0.00939608,0,'Action completed, fully processed'),
(7691611,147,0,'2024-10-26 20:11:01',0,0,0,'Run mode: CLI'),
(7691612,147,7691611,'2024-10-26 20:11:01',2,0.00776291,0,'Action completed, fully processed'),
(7691613,12,0,'2024-10-26 20:12:01',0,0,0,'Run mode: CLI'),
(7691614,12,7691613,'2024-10-26 20:12:01',1,0.0651431,1443,'Nettoyer 1443 fichiers de sessions créés depuis plus de 1440 secondes\n'),
(7691615,12,7691613,'2024-10-26 20:12:01',2,0.0686102,1443,'Action completed, fully processed'),
(7691616,19,0,'2024-10-26 20:12:01',0,0,0,'Run mode: CLI'),
(7691617,19,7691616,'2024-10-26 20:12:01',2,0.0363991,0,'Action completed, fully processed'),
(7691618,23,0,'2024-10-26 20:13:01',0,0,0,'Run mode: CLI'),
(7691619,23,7691618,'2024-10-26 20:13:01',2,0.01754,0,'Action completed, no processing required'),
(7691620,25,0,'2024-10-26 20:13:01',0,0,0,'Run mode: CLI'),
(7691621,25,7691620,'2024-10-26 20:13:01',2,0.00450897,0,'Action completed, no processing required'),
(7691622,26,0,'2024-10-26 20:13:01',0,0,0,'Run mode: CLI'),
(7691623,26,7691622,'2024-10-26 20:13:01',1,0.00268197,1,'Suppression du fichier de journal : cron.log.20241021.bak'),
(7691624,26,7691622,'2024-10-26 20:13:01',1,0.00438404,2,'Suppression du fichier de journal : event.log.20241021.bak'),
(7691625,26,7691622,'2024-10-26 20:13:01',1,0.00595999,3,'Suppression du fichier de journal : mail.log.20241021.bak'),
(7691626,26,7691622,'2024-10-26 20:13:01',1,0.00773907,4,'Suppression du fichier de journal : php-errors.log.20241021.bak'),
(7691627,26,7691622,'2024-10-26 20:13:01',1,0.00962901,5,'Archivage du fichier de journal : cron.log vers cron.log.20241026.bak'),
(7691628,26,7691622,'2024-10-26 20:13:01',1,0.011086,6,'Archivage du fichier de journal : mail.log vers mail.log.20241026.bak'),
(7691629,26,7691622,'2024-10-26 20:13:01',2,0.013963,6,'Action completed, fully processed'),
(7691632,147,0,'2024-10-26 20:13:01',0,0,0,'Run mode: CLI'),
(7691633,147,7691632,'2024-10-26 20:13:01',2,0.00363898,0,'Action completed, fully processed'),
(7691634,13,0,'2024-10-26 20:14:01',0,0,0,'Run mode: CLI'),
(7691635,13,7691634,'2024-10-26 20:14:01',2,0.020005,0,'Action completed, no processing required'),
(7691636,14,0,'2024-10-26 20:14:01',0,0,0,'Run mode: CLI'),
(7691637,14,7691636,'2024-10-26 20:14:01',2,0.00448203,0,'Action completed, no processing required'),
(7691638,21,0,'2024-10-26 20:14:01',0,0,0,'Run mode: CLI'),
(7691639,21,7691638,'2024-10-26 20:14:01',2,0.0150239,0,'Action completed, no processing required'),
(7691640,24,0,'2024-10-26 20:14:01',0,0,0,'Run mode: CLI'),
(7691641,24,7691640,'2024-10-26 20:14:01',2,0.00405598,0,'Action completed, no processing required'),
(7691642,101,0,'2024-10-26 20:14:01',0,0,0,'Run mode: CLI'),
(7691643,101,7691642,'2024-10-26 20:14:01',1,1.61304,16,'Nouvelle version pour le plugin addressing : 3.0.2'),
(7691644,101,7691642,'2024-10-26 20:14:01',1,1.61452,16,'Nouvelle version pour le plugin news : 1.12.3'),
(7691645,101,7691642,'2024-10-26 20:14:01',1,1.6156,16,'Nouvelle version pour le plugin fields : 1.21.15'),
(7691646,101,7691642,'2024-10-26 20:14:01',1,1.61635,16,'Nouvelle version pour le plugin credit : 1.14.0'),
(7691647,101,7691642,'2024-10-26 20:14:01',1,1.61713,16,'Nouvelle version pour le plugin uninstall : 2.9.2'),
(7691648,101,7691642,'2024-10-26 20:14:01',1,1.61788,16,'Nouvelle version pour le plugin datainjection : 2.14.0'),
(7691649,101,7691642,'2024-10-26 20:14:01',1,1.61859,16,'Nouvelle version pour le plugin escalade : 2.9.9'),
(7691650,101,7691642,'2024-10-26 20:14:01',1,1.61944,16,'Nouvelle version pour le plugin useditemsexport : 2.5.2'),
(7691651,101,7691642,'2024-10-26 20:14:01',1,1.62021,16,'Nouvelle version pour le plugin order : 2.10.6'),
(7691652,101,7691642,'2024-10-26 20:14:01',1,1.62095,16,'Nouvelle version pour le plugin tag : 2.12.1'),
(7691653,101,7691642,'2024-10-26 20:14:01',1,1.62164,16,'Nouvelle version pour le plugin glpiinventory : 1.4.0'),
(7691654,101,7691642,'2024-10-26 20:14:01',1,1.62235,16,'Nouvelle version pour le plugin manufacturersimports : 3.0.8'),
(7691655,101,7691642,'2024-10-26 20:14:01',1,1.62313,16,'Nouvelle version pour le plugin moreticket : 1.7.5'),
(7691656,101,7691642,'2024-10-26 20:14:01',1,1.6239,16,'Nouvelle version pour le plugin onetimesecret : 2.1.3'),
(7691657,101,7691642,'2024-10-26 20:14:01',1,1.62459,16,'Nouvelle version pour le plugin resources : 3.0.6'),
(7691658,101,7691642,'2024-10-26 20:14:01',1,1.62529,16,'Nouvelle version pour le plugin unread : 1.0.7'),
(7691659,101,7691642,'2024-10-26 20:14:01',2,1.68648,16,'Action completed, fully processed'),
(7691660,27,0,'2024-10-26 20:15:01',0,0,0,'Run mode: CLI'),
(7691661,27,7691660,'2024-10-26 20:15:01',2,0.027555,0,'Action completed, no processing required'),
(7691662,32,0,'2024-10-26 20:15:01',0,0,0,'Run mode: CLI'),
(7691663,32,7691662,'2024-10-26 20:15:01',2,0.00370693,0,'Action completed, no processing required'),
(7691664,119,0,'2024-10-26 20:15:01',0,0,0,'Run mode: CLI'),
(7691665,119,7691664,'2024-10-26 20:15:01',2,0.033844,0,'Action completed, fully processed'),
(7691666,133,0,'2024-10-26 20:15:01',0,0,0,'Run mode: CLI'),
(7691667,133,7691666,'2024-10-26 20:15:01',2,0.00605011,0,'Action completed, no processing required'),
(7691668,147,0,'2024-10-26 20:15:01',0,0,0,'Run mode: CLI'),
(7691669,147,7691668,'2024-10-26 20:15:01',2,0.00468993,0,'Action completed, fully processed'),
(7691670,75,0,'2024-10-26 20:16:01',0,0,0,'Run mode: CLI'),
(7691671,75,7691670,'2024-10-26 20:16:01',2,0.030828,0,'Action completed, fully processed'),
(7691672,93,0,'2024-10-26 20:16:01',0,0,0,'Run mode: CLI'),
(7691673,93,7691672,'2024-10-26 20:16:01',2,0.0679388,0,'Action completed, no processing required'),
(7691674,94,0,'2024-10-26 20:16:01',0,0,0,'Run mode: CLI'),
(7691675,94,7691674,'2024-10-26 20:16:01',2,0.0112178,0,'Action completed, no processing required'),
(7691676,112,0,'2024-10-26 20:16:01',0,0,0,'Run mode: CLI'),
(7691677,112,7691676,'2024-10-26 20:16:01',1,0.00227189,0,'Sync issues from forms answers and tickets'),
(7691678,112,7691676,'2024-10-26 20:16:01',2,0.051445,0,'Action completed, fully processed'),
(7691679,121,0,'2024-10-26 20:16:01',0,0,0,'Run mode: CLI'),
(7691680,121,7691679,'2024-10-26 20:16:01',2,0.0131581,0,'Action completed, fully processed'),
(7691681,122,0,'2024-10-26 20:17:01',0,0,0,'Run mode: CLI'),
(7691682,122,7691681,'2024-10-26 20:17:01',2,0.019762,0,'Action aborted'),
(7691683,147,0,'2024-10-26 20:17:01',0,0,0,'Run mode: CLI'),
(7691684,147,7691683,'2024-10-26 20:17:01',2,0.00594687,0,'Action completed, fully processed'),
(7691685,148,0,'2024-10-26 20:17:01',0,0,0,'Run mode: CLI'),
(7691686,148,7691685,'2024-10-26 20:17:01',2,0.00647306,0,'Action completed, fully processed'),
(7691687,21,0,'2024-10-26 20:19:01',0,0,0,'Run mode: CLI'),
(7691688,21,7691687,'2024-10-26 20:19:01',2,0.0180459,0,'Action completed, no processing required'),
(7691689,147,0,'2024-10-26 20:19:01',0,0,0,'Run mode: CLI'),
(7691690,147,7691689,'2024-10-26 20:19:01',2,0.00609684,0,'Action completed, fully processed'),
(7691691,27,0,'2024-10-26 20:20:02',0,0,0,'Run mode: CLI'),
(7691692,27,7691691,'2024-10-26 20:20:02',2,0.0228281,0,'Action completed, no processing required'),
(7691693,32,0,'2024-10-26 20:20:02',0,0,0,'Run mode: CLI'),
(7691694,32,7691693,'2024-10-26 20:20:02',2,0.00331402,0,'Action completed, no processing required'),
(7691695,121,0,'2024-10-26 20:21:01',0,0,0,'Run mode: CLI'),
(7691696,121,7691695,'2024-10-26 20:21:01',2,0.0277238,0,'Action completed, fully processed'),
(7691697,147,0,'2024-10-26 20:21:01',0,0,0,'Run mode: CLI'),
(7691698,147,7691697,'2024-10-26 20:21:01',2,0.00573301,0,'Action completed, fully processed'),
(7691699,147,0,'2024-10-26 20:23:01',0,0,0,'Run mode: CLI'),
(7691700,147,7691699,'2024-10-26 20:23:01',2,0.0221648,0,'Action completed, fully processed'),
(7691701,21,0,'2024-10-26 20:24:02',0,0,0,'Run mode: CLI'),
(7691702,21,7691701,'2024-10-26 20:24:02',2,0.0190001,0,'Action completed, no processing required'),
(7691703,27,0,'2024-10-26 20:25:02',0,0,0,'Run mode: CLI'),
(7691704,27,7691703,'2024-10-26 20:25:02',2,0.019434,0,'Action completed, no processing required'),
(7691705,32,0,'2024-10-26 20:25:02',0,0,0,'Run mode: CLI'),
(7691706,32,7691705,'2024-10-26 20:25:02',2,0.00270581,0,'Action completed, no processing required'),
(7691707,147,0,'2024-10-26 20:25:02',0,0,0,'Run mode: CLI'),
(7691708,147,7691707,'2024-10-26 20:25:02',2,0.00545692,0,'Action completed, fully processed'),
(7691709,121,0,'2024-10-26 20:26:02',0,0,0,'Run mode: CLI'),
(7691710,121,7691709,'2024-10-26 20:26:02',2,0.0178349,0,'Action completed, fully processed'),
(7691711,147,0,'2024-10-26 20:27:02',0,0,0,'Run mode: CLI'),
(7691712,147,7691711,'2024-10-26 20:27:02',2,0.02494,0,'Action completed, fully processed'),
(7691713,21,0,'2024-10-26 20:29:02',0,0,0,'Run mode: CLI'),
(7691714,21,7691713,'2024-10-26 20:29:02',2,0.0187531,0,'Action completed, no processing required'),
(7691715,147,0,'2024-10-26 20:29:02',0,0,0,'Run mode: CLI'),
(7691716,147,7691715,'2024-10-26 20:29:02',2,0.00583696,0,'Action completed, fully processed'),
(7691717,27,0,'2024-10-26 20:30:02',0,0,0,'Run mode: CLI'),
(7691718,27,7691717,'2024-10-26 20:30:02',2,0.0208092,0,'Action completed, no processing required'),
(7691719,32,0,'2024-10-26 20:30:02',0,0,0,'Run mode: CLI'),
(7691720,32,7691719,'2024-10-26 20:30:02',2,0.00358105,0,'Action completed, no processing required'),
(7691721,121,0,'2024-10-26 20:31:02',0,0,0,'Run mode: CLI'),
(7691722,121,7691721,'2024-10-26 20:31:02',2,0.0197029,0,'Action completed, fully processed'),
(7691723,147,0,'2024-10-26 20:31:02',0,0,0,'Run mode: CLI'),
(7691724,147,7691723,'2024-10-26 20:31:02',2,0.00466108,0,'Action completed, fully processed'),
(7691725,147,0,'2024-10-26 20:33:02',0,0,0,'Run mode: CLI'),
(7691726,147,7691725,'2024-10-26 20:33:02',2,0.0156,0,'Action completed, fully processed'),
(7691727,21,0,'2024-10-26 20:34:02',0,0,0,'Run mode: CLI'),
(7691728,21,7691727,'2024-10-26 20:34:02',2,0.0255442,0,'Action completed, no processing required'),
(7691729,27,0,'2024-10-26 20:35:02',0,0,0,'Run mode: CLI'),
(7691730,27,7691729,'2024-10-26 20:35:02',2,0.014632,0,'Action completed, no processing required'),
(7691731,32,0,'2024-10-26 20:35:02',0,0,0,'Run mode: CLI'),
(7691732,32,7691731,'2024-10-26 20:35:02',2,0.00283718,0,'Action completed, no processing required'),
(7691733,147,0,'2024-10-26 20:35:02',0,0,0,'Run mode: CLI'),
(7691734,147,7691733,'2024-10-26 20:35:02',2,0.00521398,0,'Action completed, fully processed'),
(7691735,121,0,'2024-10-26 20:36:01',0,0,0,'Run mode: CLI'),
(7691736,121,7691735,'2024-10-26 20:36:01',2,0.021245,0,'Action completed, fully processed'),
(7691737,147,0,'2024-10-26 20:37:01',0,0,0,'Run mode: CLI'),
(7691738,147,7691737,'2024-10-26 20:37:01',2,0.0158629,0,'Action completed, fully processed'),
(7691739,21,0,'2024-10-26 20:39:01',0,0,0,'Run mode: CLI'),
(7691740,21,7691739,'2024-10-26 20:39:01',2,0.0224512,0,'Action completed, no processing required'),
(7691741,147,0,'2024-10-26 20:39:01',0,0,0,'Run mode: CLI'),
(7691742,147,7691741,'2024-10-26 20:39:01',2,0.00621796,0,'Action completed, fully processed'),
(7691743,27,0,'2024-10-26 20:40:01',0,0,0,'Run mode: CLI'),
(7691744,27,7691743,'2024-10-26 20:40:01',2,0.017709,0,'Action completed, no processing required'),
(7691745,32,0,'2024-10-26 20:40:01',0,0,0,'Run mode: CLI'),
(7691746,32,7691745,'2024-10-26 20:40:01',2,0.00276399,0,'Action completed, no processing required'),
(7691747,121,0,'2024-10-26 20:41:01',0,0,0,'Run mode: CLI'),
(7691748,121,7691747,'2024-10-26 20:41:01',2,0.0308039,0,'Action completed, fully processed'),
(7691749,147,0,'2024-10-26 20:41:01',0,0,0,'Run mode: CLI'),
(7691750,147,7691749,'2024-10-26 20:41:01',2,0.00636005,0,'Action completed, fully processed'),
(7691751,147,0,'2024-10-26 20:43:01',0,0,0,'Run mode: CLI'),
(7691752,147,7691751,'2024-10-26 20:43:01',2,0.023145,0,'Action completed, fully processed'),
(7691753,21,0,'2024-10-26 20:44:01',0,0,0,'Run mode: CLI'),
(7691754,21,7691753,'2024-10-26 20:44:01',2,0.0261512,0,'Action completed, no processing required'),
(7691755,27,0,'2024-10-26 20:45:01',0,0,0,'Run mode: CLI'),
(7691756,27,7691755,'2024-10-26 20:45:01',2,0.017468,0,'Action completed, no processing required'),
(7691757,32,0,'2024-10-26 20:45:01',0,0,0,'Run mode: CLI'),
(7691758,32,7691757,'2024-10-26 20:45:01',2,0.00349998,0,'Action completed, no processing required'),
(7691759,119,0,'2024-10-26 20:45:01',0,0,0,'Run mode: CLI'),
(7691760,119,7691759,'2024-10-26 20:45:01',2,0.016428,0,'Action completed, fully processed'),
(7691761,147,0,'2024-10-26 20:45:01',0,0,0,'Run mode: CLI'),
(7691762,147,7691761,'2024-10-26 20:45:01',2,0.0066731,0,'Action completed, fully processed'),
(7691763,121,0,'2024-10-26 20:46:01',0,0,0,'Run mode: CLI'),
(7691764,121,7691763,'2024-10-26 20:46:01',2,0.0203459,0,'Action completed, fully processed'),
(7691765,147,0,'2024-10-26 20:47:01',0,0,0,'Run mode: CLI'),
(7691766,147,7691765,'2024-10-26 20:47:01',2,0.0156419,0,'Action completed, fully processed'),
(7691767,21,0,'2024-10-26 20:49:01',0,0,0,'Run mode: CLI'),
(7691768,21,7691767,'2024-10-26 20:49:01',2,0.02405,0,'Action completed, no processing required'),
(7691769,147,0,'2024-10-26 20:49:01',0,0,0,'Run mode: CLI'),
(7691770,147,7691769,'2024-10-26 20:49:01',2,0.00507402,0,'Action completed, fully processed'),
(7691771,27,0,'2024-10-26 20:50:01',0,0,0,'Run mode: CLI'),
(7691772,27,7691771,'2024-10-26 20:50:01',2,0.017401,0,'Action completed, no processing required'),
(7691773,32,0,'2024-10-26 20:50:01',0,0,0,'Run mode: CLI'),
(7691774,32,7691773,'2024-10-26 20:50:01',2,0.00384903,0,'Action completed, no processing required'),
(7691775,121,0,'2024-10-26 20:51:01',0,0,0,'Run mode: CLI'),
(7691776,121,7691775,'2024-10-26 20:51:01',2,0.0244708,0,'Action completed, fully processed'),
(7691777,147,0,'2024-10-26 20:51:01',0,0,0,'Run mode: CLI'),
(7691778,147,7691777,'2024-10-26 20:51:01',2,0.00564694,0,'Action completed, fully processed'),
(7691779,147,0,'2024-10-26 20:53:01',0,0,0,'Run mode: CLI'),
(7691780,147,7691779,'2024-10-26 20:53:01',2,0.019995,0,'Action completed, fully processed'),
(7691781,21,0,'2024-10-26 20:54:01',0,0,0,'Run mode: CLI'),
(7691782,21,7691781,'2024-10-26 20:54:01',2,0.0244861,0,'Action completed, no processing required'),
(7691783,27,0,'2024-10-26 20:55:01',0,0,0,'Run mode: CLI'),
(7691784,27,7691783,'2024-10-26 20:55:01',2,0.018043,0,'Action completed, no processing required'),
(7691785,32,0,'2024-10-26 20:55:01',0,0,0,'Run mode: CLI'),
(7691786,32,7691785,'2024-10-26 20:55:01',2,0.00334191,0,'Action completed, no processing required'),
(7691787,147,0,'2024-10-26 20:55:01',0,0,0,'Run mode: CLI'),
(7691788,147,7691787,'2024-10-26 20:55:01',2,0.00900602,0,'Action completed, fully processed'),
(7691789,121,0,'2024-10-26 20:56:01',0,0,0,'Run mode: CLI'),
(7691790,121,7691789,'2024-10-26 20:56:01',2,0.0264258,0,'Action completed, fully processed'),
(7691791,147,0,'2024-10-26 20:57:01',0,0,0,'Run mode: CLI'),
(7691792,147,7691791,'2024-10-26 20:57:01',2,0.0156679,0,'Action completed, fully processed'),
(7691793,21,0,'2024-10-26 20:59:01',0,0,0,'Run mode: CLI'),
(7691794,21,7691793,'2024-10-26 20:59:01',2,0.0332961,0,'Action completed, no processing required'),
(7691795,147,0,'2024-10-26 20:59:01',0,0,0,'Run mode: CLI'),
(7691796,147,7691795,'2024-10-26 20:59:01',2,0.00868607,0,'Action completed, fully processed'),
(7691797,27,0,'2024-10-26 21:00:01',0,0,0,'Run mode: CLI'),
(7691798,27,7691797,'2024-10-26 21:00:01',2,0.0178471,0,'Action completed, no processing required'),
(7691799,32,0,'2024-10-26 21:00:01',0,0,0,'Run mode: CLI'),
(7691800,32,7691799,'2024-10-26 21:00:01',2,0.0043571,0,'Action completed, no processing required'),
(7691801,121,0,'2024-10-26 21:01:01',0,0,0,'Run mode: CLI'),
(7691802,121,7691801,'2024-10-26 21:01:01',2,0.0315559,0,'Action completed, fully processed'),
(7691803,147,0,'2024-10-26 21:01:01',0,0,0,'Run mode: CLI'),
(7691804,147,7691803,'2024-10-26 21:01:01',2,0.0065589,0,'Action completed, fully processed'),
