-- Table structure for table `glpi_plugin_glpiinventory_ipranges`
--

CREATE TABLE `glpi_plugin_glpiinventory_ipranges` (
  `id` int(10) unsigned NOT NULL AUTO_INCREMENT,
  `name` varchar(255) DEFAULT NULL,
  `entities_id` int(10) unsigned NOT NULL DEFAULT 0,
  `ip_start` varchar(255) DEFAULT NULL,
  `ip_end` varchar(255) DEFAULT NULL,
  PRIMARY KEY (`id`),
  KEY `entities_id` (`entities_id`)
) ENGINE=InnoDB AUTO_INCREMENT=2 DEFAULT CHARSET=utf8mb4 COLLATE=utf8mb4_unicode_ci ROW_FORMAT=DYNAMIC;

--
-- Dumping data for table `glpi_plugin_glpiinventory_ipranges`
--

INSERT INTO `glpi_plugin_glpiinventory_ipranges` VALUES
(1,'Rx actifs',0,'192.168.1.1','192.168.1.254');

--
-- Table structure for table `glpi_plugin_glpiinventory_ipranges_snmpcredentials`
--

CREATE TABLE `glpi_plugin_glpiinventory_ipranges_snmpcredentials` (
  `id` int(10) unsigned NOT NULL AUTO_INCREMENT,
  `plugin_glpiinventory_ipranges_id` int(10) unsigned NOT NULL DEFAULT 0,
  `snmpcredentials_id` int(10) unsigned NOT NULL DEFAULT 0,
  `rank` int(11) NOT NULL DEFAULT 1,
  PRIMARY KEY (`id`),
  KEY `unicity` (`plugin_glpiinventory_ipranges_id`,`snmpcredentials_id`)
) ENGINE=InnoDB AUTO_INCREMENT=3 DEFAULT CHARSET=utf8mb4 COLLATE=utf8mb4_unicode_ci ROW_FORMAT=DYNAMIC;

--
-- Dumping data for table `glpi_plugin_glpiinventory_ipranges_snmpcredentials`
--

INSERT INTO `glpi_plugin_glpiinventory_ipranges_snmpcredentials` VALUES
(1,1,1,1),
(2,1,2,2);

--
-- Table structure for table `glpi_plugin_glpiinventory_statediscoveries`
--

CREATE TABLE `glpi_plugin_glpiinventory_statediscoveries` (
  `id` int(10) unsigned NOT NULL AUTO_INCREMENT,
  `plugin_glpiinventory_taskjob_id` int(10) unsigned NOT NULL DEFAULT 0,
  `agents_id` int(10) unsigned NOT NULL DEFAULT 0,
  `start_time` timestamp NULL DEFAULT NULL,
  `end_time` timestamp NULL DEFAULT NULL,
  `date_mod` timestamp NULL DEFAULT NULL,
  `threads` int(11) NOT NULL DEFAULT 0,
  `nb_ip` int(11) NOT NULL DEFAULT 0,
  `nb_found` int(11) NOT NULL DEFAULT 0,
  `nb_error` int(11) NOT NULL DEFAULT 0,
  `nb_exists` int(11) NOT NULL DEFAULT 0,
  `nb_import` int(11) NOT NULL DEFAULT 0,
  PRIMARY KEY (`id`)
) ENGINE=InnoDB DEFAULT CHARSET=utf8mb4 COLLATE=utf8mb4_unicode_ci ROW_FORMAT=DYNAMIC;

--
-- Dumping data for table `glpi_plugin_glpiinventory_statediscoveries`
--


--
-- Table structure for table `glpi_plugin_glpiinventory_taskjoblogs`
--

CREATE TABLE `glpi_plugin_glpiinventory_taskjoblogs` (
  `id` bigint(20) unsigned NOT NULL AUTO_INCREMENT,
  `plugin_glpiinventory_taskjobstates_id` int(10) unsigned NOT NULL DEFAULT 0,
  `date` timestamp NULL DEFAULT NULL,
  `items_id` int(10) unsigned NOT NULL DEFAULT 0,
  `itemtype` varchar(100) DEFAULT NULL,
  `state` int(11) NOT NULL DEFAULT 0,
  `comment` text DEFAULT NULL,
  PRIMARY KEY (`id`),
  KEY `plugin_glpiinventory_taskjobstates_id` (`plugin_glpiinventory_taskjobstates_id`,`state`),
  KEY `item` (`itemtype`,`items_id`)
) ENGINE=InnoDB AUTO_INCREMENT=2152 DEFAULT CHARSET=utf8mb4 COLLATE=utf8mb4_unicode_ci ROW_FORMAT=DYNAMIC;

--
-- Dumping data for table `glpi_plugin_glpiinventory_taskjoblogs`
--


--
-- Table structure for table `glpi_plugin_glpiinventory_taskjobs`
--

CREATE TABLE `glpi_plugin_glpiinventory_taskjobs` (
  `id` int(10) unsigned NOT NULL AUTO_INCREMENT,
  `plugin_glpiinventory_tasks_id` int(10) unsigned NOT NULL DEFAULT 0,
  `entities_id` int(10) unsigned NOT NULL DEFAULT 0,
  `name` varchar(255) DEFAULT NULL,
  `date_creation` timestamp NULL DEFAULT NULL,
  `method` varchar(255) DEFAULT NULL,
  `targets` text DEFAULT NULL,
  `actors` text DEFAULT NULL,
  `comment` text DEFAULT NULL,
  `rescheduled_taskjob_id` int(10) unsigned NOT NULL DEFAULT 0,
  `statuscomments` text DEFAULT NULL,
  `enduser` text DEFAULT NULL,
  `restrict_to_task_entity` tinyint(4) NOT NULL DEFAULT 1,
  PRIMARY KEY (`id`),
  KEY `plugin_glpiinventory_tasks_id` (`plugin_glpiinventory_tasks_id`),
  KEY `entities_id` (`entities_id`),
  KEY `method` (`method`)
) ENGINE=InnoDB AUTO_INCREMENT=5 DEFAULT CHARSET=utf8mb4 COLLATE=utf8mb4_unicode_ci ROW_FORMAT=DYNAMIC;

--
-- Dumping data for table `glpi_plugin_glpiinventory_taskjobs`
--

INSERT INTO `glpi_plugin_glpiinventory_taskjobs` VALUES
(1,1,0,'Decouverte Rx','2023-03-28 20:48:50','networkdiscovery','[{\"PluginGlpiinventoryIPRange\":\"1\"}]','[{\"Agent\":\"26\"}]','',0,NULL,NULL,0),
(2,2,0,'Inventaire Rx SNMP','2023-03-28 20:52:36','networkinventory','[{\"PluginGlpiinventoryIPRange\":\"1\"}]','[{\"Agent\":\"26\"}]','',0,NULL,NULL,0),
(3,4,0,'Test','2023-07-12 14:04:31','deployinstall','[{\"PluginGlpiinventoryDeployPackage\":\"1\"}]','[{\"Computer\":\"33947\"}]','',0,NULL,NULL,0);

--
-- Table structure for table `glpi_plugin_glpiinventory_taskjobstates`
--

CREATE TABLE `glpi_plugin_glpiinventory_taskjobstates` (
  `id` bigint(20) unsigned NOT NULL AUTO_INCREMENT,
  `plugin_glpiinventory_taskjobs_id` int(10) unsigned NOT NULL DEFAULT 0,
  `items_id` int(10) unsigned NOT NULL DEFAULT 0,
  `itemtype` varchar(100) DEFAULT NULL,
  `state` int(11) NOT NULL DEFAULT 0,
  `agents_id` int(10) unsigned NOT NULL DEFAULT 0,
  `specificity` text DEFAULT NULL,
  `uniqid` varchar(255) DEFAULT NULL,
  `date_start` timestamp NULL DEFAULT NULL,
  `nb_retry` int(11) NOT NULL DEFAULT 0,
  `max_retry` int(11) NOT NULL DEFAULT 1,
  PRIMARY KEY (`id`),
  KEY `plugin_glpiinventory_taskjobs_id` (`plugin_glpiinventory_taskjobs_id`),
  KEY `agents_id` (`agents_id`),
  KEY `uniqid` (`uniqid`,`state`),
  KEY `agents_id_state` (`agents_id`,`state`),
  KEY `plugin_glpiinventory_agents_items_states` (`agents_id`,`plugin_glpiinventory_taskjobs_id`,`items_id`,`itemtype`,`id`,`state`)
) ENGINE=InnoDB AUTO_INCREMENT=208 DEFAULT CHARSET=utf8mb4 COLLATE=utf8mb4_unicode_ci ROW_FORMAT=DYNAMIC;

--
-- Dumping data for table `glpi_plugin_glpiinventory_taskjobstates`
--


--
-- Table structure for table `glpi_plugin_glpiinventory_tasks`
--

CREATE TABLE `glpi_plugin_glpiinventory_tasks` (
  `id` int(10) unsigned NOT NULL AUTO_INCREMENT,
  `entities_id` int(10) unsigned NOT NULL DEFAULT 0,
  `name` varchar(255) DEFAULT NULL,
  `date_creation` timestamp NULL DEFAULT NULL,
  `comment` text DEFAULT NULL,
  `is_active` tinyint(4) NOT NULL DEFAULT 0,
  `datetime_start` timestamp NULL DEFAULT NULL,
  `datetime_end` timestamp NULL DEFAULT NULL,
  `plugin_glpiinventory_timeslots_prep_id` int(10) unsigned NOT NULL DEFAULT 0,
  `plugin_glpiinventory_timeslots_exec_id` int(10) unsigned NOT NULL DEFAULT 0,
  `last_agent_wakeup` timestamp NULL DEFAULT NULL,
  `wakeup_agent_counter` int(11) NOT NULL DEFAULT 0,
  `wakeup_agent_time` int(11) NOT NULL DEFAULT 0,
  `reprepare_if_successful` tinyint(4) NOT NULL DEFAULT 1,
  `is_deploy_on_demand` tinyint(4) NOT NULL DEFAULT 0,
  PRIMARY KEY (`id`),
  KEY `entities_id` (`entities_id`),
  KEY `plugin_glpiinventory_timeslots_prep_id` (`plugin_glpiinventory_timeslots_prep_id`),
  KEY `plugin_glpiinventory_timeslots_exec_id` (`plugin_glpiinventory_timeslots_exec_id`),
  KEY `is_active` (`is_active`),
  KEY `reprepare_if_successful` (`reprepare_if_successful`),
  KEY `is_deploy_on_demand` (`is_deploy_on_demand`),
  KEY `wakeup_agent_counter` (`wakeup_agent_counter`)
) ENGINE=InnoDB AUTO_INCREMENT=6 DEFAULT CHARSET=utf8mb4 COLLATE=utf8mb4_unicode_ci ROW_FORMAT=DYNAMIC;

--
-- Dumping data for table `glpi_plugin_glpiinventory_tasks`
--

INSERT INTO `glpi_plugin_glpiinventory_tasks` VALUES
(1,0,'Decouverte Rx','2023-03-28 20:47:45','Tâche de découverte de réseau',0,NULL,NULL,0,0,NULL,0,0,1,0),
(2,0,'Inventaire Rx SNMP','2023-03-28 20:51:55','',0,NULL,NULL,0,0,NULL,0,0,1,0),
(4,0,'Déploiement','2023-07-12 14:04:02','',0,NULL,NULL,0,0,NULL,0,0,1,0);

--
-- Table structure for table `glpi_plugin_glpiinventory_timeslotentries`
--

CREATE TABLE `glpi_plugin_glpiinventory_timeslotentries` (
  `id` int(10) unsigned NOT NULL AUTO_INCREMENT,
  `plugin_glpiinventory_timeslots_id` int(10) unsigned NOT NULL DEFAULT 0,
  `entities_id` int(10) unsigned NOT NULL DEFAULT 0,
  `is_recursive` tinyint(4) NOT NULL DEFAULT 0,
  `day` tinyint(4) NOT NULL DEFAULT 1,
  `begin` int(11) DEFAULT NULL,
  `end` int(11) DEFAULT NULL,
  PRIMARY KEY (`id`),
  KEY `plugin_glpiinventory_calendars_id` (`plugin_glpiinventory_timeslots_id`),
  KEY `day` (`day`)
) ENGINE=InnoDB DEFAULT CHARSET=utf8mb4 COLLATE=utf8mb4_unicode_ci ROW_FORMAT=DYNAMIC;

--
-- Dumping data for table `glpi_plugin_glpiinventory_timeslotentries`
--


--
-- Table structure for table `glpi_plugin_glpiinventory_timeslots`
--

CREATE TABLE `glpi_plugin_glpiinventory_timeslots` (
  `id` int(10) unsigned NOT NULL AUTO_INCREMENT,
  `entities_id` int(10) unsigned NOT NULL DEFAULT 0,
  `is_recursive` tinyint(4) NOT NULL DEFAULT 0,
  `name` varchar(255) DEFAULT NULL,
  `comment` text DEFAULT NULL,
  `date_mod` timestamp NULL DEFAULT NULL,
  PRIMARY KEY (`id`)
) ENGINE=InnoDB DEFAULT CHARSET=utf8mb4 COLLATE=utf8mb4_unicode_ci ROW_FORMAT=DYNAMIC;

--
-- Dumping data for table `glpi_plugin_glpiinventory_timeslots`
--


--
-- Table structure for table `glpi_plugin_itilcategorygroups_categories`
--

CREATE TABLE `glpi_plugin_itilcategorygroups_categories` (
  `id` int(10) unsigned NOT NULL AUTO_INCREMENT,
  `is_active` tinyint(4) NOT NULL DEFAULT 0,
  `name` varchar(255) DEFAULT '',
  `comment` text DEFAULT NULL,
  `date_mod` date DEFAULT NULL,
  `itilcategories_id` int(10) unsigned NOT NULL DEFAULT 0,
  `view_all_lvl1` tinyint(4) NOT NULL DEFAULT 0,
  `view_all_lvl2` tinyint(4) NOT NULL DEFAULT 0,
  `view_all_lvl3` tinyint(4) NOT NULL DEFAULT 0,
  `view_all_lvl4` tinyint(4) NOT NULL DEFAULT 0,
  `entities_id` int(10) unsigned NOT NULL DEFAULT 0,
  `is_recursive` tinyint(4) NOT NULL DEFAULT 1,
  `is_incident` tinyint(4) NOT NULL DEFAULT 1,
  `is_request` tinyint(4) NOT NULL DEFAULT 1,
  `is_groups_restriction` tinyint(4) NOT NULL DEFAULT 0,
  PRIMARY KEY (`id`),
  KEY `entities_id` (`entities_id`),
  KEY `itilcategories_id` (`itilcategories_id`),
  KEY `is_incident` (`is_incident`),
  KEY `is_request` (`is_request`),
  KEY `is_recursive` (`is_recursive`),
  KEY `date_mod` (`date_mod`)
) ENGINE=InnoDB AUTO_INCREMENT=2 DEFAULT CHARSET=utf8mb4 COLLATE=utf8mb4_unicode_ci ROW_FORMAT=DYNAMIC;

--
-- Dumping data for table `glpi_plugin_itilcategorygroups_categories`
--

INSERT INTO `glpi_plugin_itilcategorygroups_categories` VALUES
(1,1,'GR1-Bénévole AAIDA (AN)','','2023-12-13',277,1,0,0,0,0,1,1,1,1);

--
-- Table structure for table `glpi_plugin_itilcategorygroups_categories_groups`
--

CREATE TABLE `glpi_plugin_itilcategorygroups_categories_groups` (
  `id` int(10) unsigned NOT NULL AUTO_INCREMENT,
  `plugin_itilcategorygroups_categories_id` int(10) unsigned NOT NULL DEFAULT 0,
  `level` tinyint(4) NOT NULL DEFAULT 0,
  `itilcategories_id` int(10) unsigned NOT NULL DEFAULT 0,
  `groups_id` int(10) unsigned NOT NULL DEFAULT 0,
  PRIMARY KEY (`id`),
  UNIQUE KEY `group_lvl_unicity` (`plugin_itilcategorygroups_categories_id`,`level`,`groups_id`),
  KEY `plugin_itilcategorygroups_categories_id` (`plugin_itilcategorygroups_categories_id`),
  KEY `level` (`level`),
  KEY `itilcategories_id` (`itilcategories_id`),
  KEY `groups_id` (`groups_id`)
) ENGINE=InnoDB DEFAULT CHARSET=utf8mb4 COLLATE=utf8mb4_unicode_ci ROW_FORMAT=DYNAMIC;

--
-- Dumping data for table `glpi_plugin_itilcategorygroups_categories_groups`
--


--
-- Table structure for table `glpi_plugin_itilcategorygroups_groups_levels`
--

CREATE TABLE `glpi_plugin_itilcategorygroups_groups_levels` (
  `id` int(10) unsigned NOT NULL AUTO_INCREMENT,
  `groups_id` int(10) unsigned NOT NULL,
  `lvl` int(11) DEFAULT NULL,
  PRIMARY KEY (`id`),
  KEY `groups_id` (`groups_id`),
  KEY `lvl` (`lvl`)
) ENGINE=InnoDB DEFAULT CHARSET=utf8mb4 COLLATE=utf8mb4_unicode_ci ROW_FORMAT=DYNAMIC;

--
-- Dumping data for table `glpi_plugin_itilcategorygroups_groups_levels`
--


--
-- Table structure for table `glpi_plugin_localeoverride_languages`
--

CREATE TABLE `glpi_plugin_localeoverride_languages` (
  `id` int(10) unsigned NOT NULL AUTO_INCREMENT,
  `name` varchar(255) NOT NULL DEFAULT '',
  `comment` text DEFAULT NULL,
  PRIMARY KEY (`id`)
) ENGINE=InnoDB AUTO_INCREMENT=2 DEFAULT CHARSET=utf8mb4 COLLATE=utf8mb4_unicode_ci ROW_FORMAT=DYNAMIC;

--
-- Dumping data for table `glpi_plugin_localeoverride_languages`
--


--
-- Table structure for table `glpi_plugin_maedi_configs`
--

CREATE TABLE `glpi_plugin_maedi_configs` (
  `id` int(10) unsigned NOT NULL AUTO_INCREMENT,
  `groups_id_maedi` int(10) unsigned DEFAULT NULL,
  `date_mod` timestamp NULL DEFAULT NULL,
  `users_id` int(10) unsigned DEFAULT NULL,
  PRIMARY KEY (`id`),
  KEY `users_id` (`users_id`),
  KEY `groups_id_maedi` (`groups_id_maedi`)
) ENGINE=InnoDB AUTO_INCREMENT=11 DEFAULT CHARSET=utf8mb4 COLLATE=utf8mb4_unicode_ci ROW_FORMAT=DYNAMIC;

--
-- Dumping data for table `glpi_plugin_maedi_configs`
--

INSERT INTO `glpi_plugin_maedi_configs` VALUES
(8,253,'2026-03-09 21:44:42',2),
(9,254,'2026-03-09 21:44:47',2),
(10,255,'2026-03-09 21:44:52',2);

--
-- Table structure for table `glpi_plugin_metabase_profilerights`
--

CREATE TABLE `glpi_plugin_metabase_profilerights` (
  `id` int(10) unsigned NOT NULL AUTO_INCREMENT,
  `profiles_id` int(10) unsigned NOT NULL,
  `dashboard_uuid` int(11) NOT NULL,
  `rights` int(11) NOT NULL,
  PRIMARY KEY (`id`),
  UNIQUE KEY `profiles_id_dashboard_uuid` (`profiles_id`,`dashboard_uuid`)
) ENGINE=InnoDB AUTO_INCREMENT=187 DEFAULT CHARSET=utf8mb4 COLLATE=utf8mb4_unicode_ci;

--
-- Dumping data for table `glpi_plugin_metabase_profilerights`
--

INSERT INTO `glpi_plugin_metabase_profilerights` VALUES
(1,4,1,0),
(2,4,2,0),
(3,4,4,0),
(4,4,6,0),
(5,4,5,1),
(6,38,4,0),
(7,38,6,0),
(8,38,1,0),
(9,38,7,0),
(10,38,5,0),
(11,38,2,0),
(12,4,9,0),
(13,4,7,0),
(14,38,10,0),
(15,38,9,0),
(16,4,10,0),
(17,4,11,0),
(18,38,11,0),
(19,4,12,0),
(20,40,1,0),
(21,40,12,1),
(22,40,7,0),
(23,40,10,0),
(24,40,2,0),
(25,40,9,0),
(26,40,11,0),
(27,38,12,0),
(28,1,26,0),
(29,1,14,0),
(30,1,16,0),
(31,1,15,0),
(32,1,17,0),
(33,1,21,0),
(34,1,29,0),
(35,1,28,0),
(36,1,27,0),
(37,1,34,0),
(38,1,1,0),
(39,1,35,0),
(40,1,19,0),
(41,1,18,0),
(42,1,20,0),
(43,1,22,0),
(44,1,31,0),
(45,1,30,0),
(46,1,32,0),
(47,1,25,0),
(48,1,12,0),
(49,1,24,0),
(50,1,2,0),
(51,1,9,0),
(52,1,11,0),
(53,4,26,0),
(54,4,14,0),
(55,4,16,0),
(56,4,15,0),
(57,4,17,0),
(58,4,21,0),
(59,4,29,0),
(60,4,28,0),
(61,4,27,0),
(62,4,34,0),
(63,4,35,0),
(64,4,19,0),
(65,4,18,0),
(66,4,20,0),
(67,4,22,0),
(68,4,31,0),
(69,4,30,0),
(70,4,32,0),
(71,4,25,0),
(72,8,26,0),
(73,8,14,0),
(74,8,16,0),
(75,8,15,0),
(76,8,17,0),
(77,8,21,0),
(78,8,29,0),
(79,8,28,0),
(80,8,27,0),
(81,8,34,0),
(82,8,1,0),
(83,8,35,0),
(84,8,19,0),
(85,8,18,0),
(86,8,20,0),
(87,8,22,0),
(88,8,31,0),
(89,8,30,0),
(90,8,32,0),
(91,8,25,0),
(92,8,12,0),
(93,8,2,0),
(94,8,9,0),
(95,8,11,0),
(96,36,26,0),
(97,36,14,0),
(98,36,16,0),
(99,36,15,0),
(100,36,17,0),
(101,36,21,0),
(102,36,29,0),
(103,36,28,0),
(104,36,27,0),
(105,36,34,0),
(106,36,1,0),
(107,36,35,0),
(108,36,19,0),
(109,36,18,0),
(110,36,20,0),
(111,36,22,0),
(112,36,31,0),
(113,36,30,0),
(114,36,32,0),
(115,36,25,0),
(116,36,12,0),
(117,36,2,0),
(118,36,9,0),
(119,36,11,0),
(120,38,26,0),
(121,38,14,0),
(122,38,16,0),
(123,38,15,0),
(124,38,17,0),
(125,38,21,0),
(126,38,29,0),
(127,38,28,0),
(128,38,27,0),
(129,38,34,0),
(130,38,35,0),
(131,38,19,0),
(132,38,18,0),
(133,38,20,0),
(134,38,22,0),
(135,38,31,0),
(136,38,30,0),
(137,38,32,0),
(138,38,25,0),
(139,6,26,0),
(140,6,14,0),
(141,6,16,0),
(142,6,15,0),
(143,6,17,0),
(144,6,21,0),
(145,6,29,0),
(146,6,28,0),
(147,6,27,0),
(148,6,34,0),
(149,6,1,0),
(150,6,35,0),
(151,6,19,0),
(152,6,18,0),
(153,6,20,0),
(154,6,22,0),
(155,6,31,0),
(156,6,30,0),
(157,6,32,0),
(158,6,25,0),
(159,6,12,0),
(160,6,2,0),
(161,6,9,0),
(162,6,11,0),
(163,13,26,0),
(164,13,14,0),
(165,13,16,0),
(166,13,15,0),
(167,13,17,0),
(168,13,21,0),
(169,13,29,0),
(170,13,28,0),
(171,13,27,0),
(172,13,34,0),
(173,13,1,0),
(174,13,35,0),
(175,13,19,0),
(176,13,18,0),
(177,13,20,0),
(178,13,22,0),
(179,13,31,0),
(180,13,30,0),
(181,13,32,0),
(182,13,25,0),
(183,13,12,0),
(184,13,2,0),
(185,13,9,0),
(186,13,11,0);

--
-- Table structure for table `glpi_plugin_mobility_models_entities_users`
--

CREATE TABLE `glpi_plugin_mobility_models_entities_users` (
  `id` int(10) unsigned NOT NULL AUTO_INCREMENT,
  `users_id` int(10) unsigned NOT NULL DEFAULT 0,
  `entities_id` int(10) unsigned DEFAULT NULL,
  PRIMARY KEY (`id`),
  UNIQUE KEY `users_id` (`users_id`)
) ENGINE=InnoDB AUTO_INCREMENT=20 DEFAULT CHARSET=utf8mb4 COLLATE=utf8mb4_unicode_ci;

--
-- Dumping data for table `glpi_plugin_mobility_models_entities_users`
--

INSERT INTO `glpi_plugin_mobility_models_entities_users` VALUES
(1,2,NULL),
(2,16,NULL),
(3,18,NULL),
(4,22,0),
(5,23,NULL),
(6,27,NULL),
(7,41,NULL),
(8,60,NULL),
(9,72,NULL),
(10,73,NULL),
(11,84,NULL),
(12,85,NULL),
(13,86,NULL),
(14,87,0),
(15,88,NULL),
(16,89,NULL),
(17,90,NULL),
(18,0,NULL),
(19,91,NULL);

--
-- Table structure for table `glpi_plugin_mobility_models_mobilities_assets`
--

CREATE TABLE `glpi_plugin_mobility_models_mobilities_assets` (
  `id` int(10) unsigned NOT NULL AUTO_INCREMENT,
  `itemtype` varchar(100) NOT NULL,
  `items_id` int(10) unsigned NOT NULL DEFAULT 0,
  `is_mobile` int(11) NOT NULL DEFAULT 0,
  PRIMARY KEY (`id`),
  UNIQUE KEY `item` (`itemtype`,`items_id`)
) ENGINE=InnoDB AUTO_INCREMENT=239 DEFAULT CHARSET=utf8mb4 COLLATE=utf8mb4_unicode_ci;

--
-- Dumping data for table `glpi_plugin_mobility_models_mobilities_assets`
--

INSERT INTO `glpi_plugin_mobility_models_mobilities_assets` VALUES
(1,'Computer',9922,0),
(2,'Computer',33696,1),
(3,'Computer',33825,1),
(4,'Computer',33871,0),
(5,'Computer',1,0),
(6,'Computer',32458,0),
(8,'Monitor',68,0),
(9,'Monitor',69,0),
(10,'Monitor',70,0),
(11,'Monitor',71,0),
(12,'Monitor',72,0),
(13,'Monitor',73,0),
(14,'Monitor',74,0),
(15,'Monitor',75,0),
(16,'Monitor',76,0),
(17,'Monitor',77,0),
(18,'Monitor',78,0),
(19,'Monitor',79,0),
(20,'Monitor',80,0),
(21,'Monitor',81,0),
(22,'Monitor',82,0),
(23,'Monitor',83,0),
(24,'Monitor',84,0),
(25,'Monitor',85,0),
(26,'Monitor',86,0),
(27,'Monitor',87,0),
(28,'Monitor',88,0),
(29,'Monitor',89,0),
(30,'Monitor',90,0),
(31,'Monitor',91,0),
(32,'Monitor',92,0),
(33,'Monitor',93,0),
(34,'Monitor',94,0),
(35,'Monitor',95,0),
(36,'Monitor',96,0),
(37,'Monitor',97,0),
(38,'Monitor',98,0),
(39,'Monitor',99,0),
(40,'Monitor',100,0),
(41,'Monitor',101,0),
(42,'Monitor',102,0),
(43,'Monitor',103,0),
(44,'Monitor',104,0),
(45,'Monitor',105,0),
(46,'Monitor',106,0),
(47,'Monitor',107,0),
(48,'Monitor',108,0),
(49,'Monitor',109,0),
(50,'Monitor',110,0),
(51,'Monitor',111,0),
(52,'Monitor',112,0),
(53,'Monitor',113,0),
(54,'Monitor',114,0),
(55,'Monitor',115,0),
(56,'Monitor',116,0),
(71,'NetworkEquipment',2,1),
(72,'NetworkEquipment',3,0),
(73,'NetworkEquipment',4,0),
(74,'NetworkEquipment',5,0),
(75,'NetworkEquipment',6,0),
(76,'NetworkEquipment',7,0),
(77,'NetworkEquipment',8,0),
(78,'NetworkEquipment',9,0),
(79,'NetworkEquipment',10,0),
(80,'NetworkEquipment',11,0),
(81,'NetworkEquipment',12,0),
(82,'NetworkEquipment',13,0),
(83,'NetworkEquipment',14,0),
(84,'NetworkEquipment',15,0),
(85,'NetworkEquipment',16,0),
(86,'NetworkEquipment',17,0),
(87,'NetworkEquipment',18,0),
(88,'NetworkEquipment',19,0),
(89,'NetworkEquipment',20,0),
(90,'NetworkEquipment',21,0),
(91,'NetworkEquipment',22,0),
(92,'NetworkEquipment',23,0),
(93,'NetworkEquipment',24,0),
(94,'NetworkEquipment',25,0),
(95,'NetworkEquipment',26,0),
(96,'NetworkEquipment',52,0),
(97,'NetworkEquipment',53,0),
(98,'NetworkEquipment',54,0),
(99,'NetworkEquipment',55,0),
(100,'NetworkEquipment',56,0),
(101,'NetworkEquipment',57,0),
(102,'Peripheral',386,0),
(103,'Peripheral',404,0),
(104,'Peripheral',405,0),
(105,'Peripheral',406,0),
(106,'Peripheral',407,0),
(107,'Peripheral',408,0),
(108,'Peripheral',409,0),
(109,'Peripheral',410,0),
(110,'Peripheral',411,0),
(111,'Peripheral',412,0),
(112,'Peripheral',413,0),
(113,'Peripheral',414,0),
(114,'Peripheral',415,0),
(115,'Peripheral',416,0),
(116,'Peripheral',419,0),
(117,'Peripheral',421,0),
(118,'Peripheral',422,0),
(119,'Peripheral',423,0),
(120,'Peripheral',424,0),
(121,'Peripheral',425,0),
(122,'Peripheral',426,0),
(123,'Peripheral',428,0),
(124,'Peripheral',429,0),
(125,'Peripheral',430,0),
(126,'Peripheral',431,0),
(127,'Peripheral',432,0),
(128,'Peripheral',433,0),
(129,'Peripheral',434,0),
(130,'Peripheral',435,0),
(131,'Peripheral',436,0),
(132,'Peripheral',437,0),
(133,'Peripheral',438,0),
(134,'Peripheral',439,0),
(135,'Peripheral',440,0),
(136,'Peripheral',441,0),
(137,'Peripheral',442,0),
(138,'Peripheral',443,0),
(139,'Peripheral',444,0),
(140,'Peripheral',445,0),
(141,'Peripheral',446,0),
(142,'Peripheral',447,0),
(143,'Peripheral',448,0),
(144,'Peripheral',449,0),
(145,'Peripheral',450,0),
(146,'Peripheral',451,0),
(147,'Peripheral',452,0),
(148,'Peripheral',453,0),
(149,'Peripheral',454,0),
(150,'Peripheral',455,0),
(165,'Phone',1,0),
(166,'Phone',2,0),
(167,'Phone',3,0),
(168,'Phone',4,0),
(172,'Printer',240,0),
(173,'Printer',241,0),
(174,'Printer',285,1),
(175,'Printer',288,0),
(179,'SoftwareLicense',1,0),
(180,'SoftwareLicense',2,0),
(181,'SoftwareLicense',3,0),
(182,'SoftwareLicense',4,0),
(183,'SoftwareLicense',5,0),
(184,'SoftwareLicense',6,0),
(185,'SoftwareLicense',7,0),
(186,'SoftwareLicense',8,0),
(187,'SoftwareLicense',9,0),
(188,'SoftwareLicense',10,0),
(189,'SoftwareLicense',11,0),
(190,'SoftwareLicense',12,0),
(191,'SoftwareLicense',13,0),
(192,'SoftwareLicense',14,0),
(193,'SoftwareLicense',15,0),
(194,'SoftwareLicense',16,0),
(195,'SoftwareLicense',17,0),
(196,'SoftwareLicense',18,0),
(210,'Certificate',1,0),
(211,'Certificate',2,0),
(212,'Certificate',3,0),
(213,'Unmanaged',1,0),
(214,'Unmanaged',7,0),
(215,'Unmanaged',8,0),
(216,'Unmanaged',9,0),
(217,'Unmanaged',10,0),
(218,'Unmanaged',11,0),
(219,'Unmanaged',12,0),
(220,'Unmanaged',13,0),
(221,'Unmanaged',14,0),
(222,'Unmanaged',15,0),
(223,'Unmanaged',16,0),
(224,'Unmanaged',17,0),
(225,'Unmanaged',18,0),
(226,'Unmanaged',19,0),
(227,'Unmanaged',20,0),
(228,'Appliance',1,0),
(229,'Appliance',2,0),
(230,'Appliance',3,0),
(231,'Appliance',4,0),
(232,'Appliance',5,0),
(233,'Computer',34108,0),
(234,'Computer',34109,0),
(235,'Computer',34110,0),
(236,'Computer',34111,0),
(237,'Computer',34112,0),
(238,'Computer',34113,0);

--
-- Table structure for table `glpi_plugin_mreporting_configs`
--

CREATE TABLE `glpi_plugin_mreporting_configs` (
  `id` int(10) unsigned NOT NULL AUTO_INCREMENT,
  `name` varchar(255) DEFAULT NULL,
  `classname` varchar(255) DEFAULT NULL,
  `is_active` tinyint(4) NOT NULL DEFAULT 0,
  `is_notified` tinyint(4) NOT NULL DEFAULT 1,
  `show_graph` tinyint(4) NOT NULL DEFAULT 0,
  `show_area` tinyint(4) NOT NULL DEFAULT 0,
  `spline` tinyint(4) NOT NULL DEFAULT 0,
  `show_label` varchar(10) DEFAULT NULL,
  `flip_data` tinyint(4) NOT NULL DEFAULT 0,
  `unit` varchar(10) DEFAULT NULL,
  `default_delay` varchar(10) DEFAULT NULL,
  `condition` varchar(255) DEFAULT NULL,
  `graphtype` varchar(255) DEFAULT 'SVG',
  PRIMARY KEY (`id`),
  KEY `is_active` (`is_active`)
) ENGINE=InnoDB AUTO_INCREMENT=54 DEFAULT CHARSET=utf8mb4 COLLATE=utf8mb4_unicode_ci ROW_FORMAT=DYNAMIC;

--
-- Dumping data for table `glpi_plugin_mreporting_configs`
--

INSERT INTO `glpi_plugin_mreporting_configs` VALUES
(1,'reportPieTicketNumberByEntity','PluginMreportingHelpdesk',1,1,1,0,0,'hover',0,NULL,'30',NULL,'SVG'),
(2,'reportHbarTicketNumberByEntity','PluginMreportingHelpdesk',1,1,1,0,0,'hover',0,NULL,'30',NULL,'SVG'),
(3,'reportHgbarTicketNumberByCatAndEntity','PluginMreportingHelpdesk',1,1,1,0,0,'hover',0,NULL,'365',NULL,'SVG'),
(4,'reportPieTicketOpenedAndClosed','PluginMreportingHelpdesk',1,1,1,0,0,'hover',0,NULL,'30',NULL,'SVG'),
(5,'reportPieTicketOpenedbyStatus','PluginMreportingHelpdesk',1,1,1,0,0,'hover',0,NULL,'30',NULL,'SVG'),
(6,'reportPieTopTenAuthor','PluginMreportingHelpdesk',1,1,1,0,0,'hover',0,NULL,'30',NULL,'SVG'),
(7,'reportHgbarOpenTicketNumberByCategoryAndByType','PluginMreportingHelpdesk',1,1,1,0,0,'hover',0,NULL,'365',NULL,'SVG'),
(8,'reportHgbarCloseTicketNumberByCategoryAndByType','PluginMreportingHelpdesk',1,1,1,0,0,'hover',0,NULL,'365',NULL,'SVG'),
(9,'reportHgbarTicketNumberByService','PluginMreportingHelpdesk',1,1,1,0,0,'hover',0,NULL,'365',NULL,'SVG'),
(10,'reportHgbarOpenedTicketNumberByCategory','PluginMreportingHelpdesk',1,1,1,0,0,'hover',0,NULL,'365',NULL,'SVG'),
(11,'reportLineNbTicket','PluginMreportingHelpdesk',1,1,1,0,1,'hover',0,NULL,'365',NULL,'SVG'),
(12,'reportAreaNbTicket','PluginMreportingHelpdesk',1,1,1,1,1,'hover',0,NULL,'365',NULL,'SVG'),
(13,'reportVstackbarNbTicket','PluginMreportingHelpdesk',1,1,1,1,1,'hover',0,NULL,'365',NULL,'SVG'),
(14,'reportGareaNbTicket','PluginMreportingHelpdesk',1,1,1,1,1,'hover',0,NULL,'365',NULL,'SVG'),
(15,'reportGlineNbTicket','PluginMreportingHelpdesk',1,1,1,0,1,'hover',0,NULL,'365',NULL,'SVG'),
(16,'reportSunburstTicketByCategories','PluginMreportingHelpdesk',1,1,1,0,0,'hover',0,NULL,'30',NULL,'SVG'),
(17,'reportVstackbarTicketStatusByTechnician','PluginMreportingHelpdesk',1,1,1,0,0,'hover',0,NULL,'365',NULL,'SVG'),
(18,'reportHbarTicketNumberByLocation','PluginMreportingHelpdesk',1,1,1,0,0,'hover',0,NULL,'30',NULL,'SVG'),
(19,'reportPieTag','PluginMreportingTag',1,1,1,0,0,'hover',0,NULL,'30',NULL,'SVG'),
(20,'reportPieTagOnTicket','PluginMreportingTag',1,1,1,0,0,'hover',0,NULL,'30',NULL,'SVG'),
(21,'reportHbarLogs','PluginMreportingOther',1,1,1,0,0,'hover',0,NULL,'30',NULL,'SVG'),
(22,'reportPieComputersByFabricant','PluginMreportingInventory',1,1,1,0,0,'hover',0,NULL,'30',NULL,'SVG'),
(23,'reportHbarComputersByFabricant','PluginMreportingInventory',1,1,1,0,0,'hover',0,NULL,'30',NULL,'SVG'),
(24,'reportPieComputersByType','PluginMreportingInventory',1,1,1,0,0,'hover',0,NULL,'30',NULL,'SVG'),
(25,'reportHbarComputersByType','PluginMreportingInventory',1,1,1,0,0,'hover',0,NULL,'30',NULL,'SVG'),
(26,'reportPieComputersByAge','PluginMreportingInventory',1,1,1,0,0,'hover',0,NULL,'30',NULL,'SVG'),
(27,'reportHbarComputersByAge','PluginMreportingInventory',1,1,1,0,0,'hover',0,NULL,'30',NULL,'SVG'),
(28,'reportPieComputersByOS','PluginMreportingInventory',1,1,1,0,0,'hover',0,NULL,'30',NULL,'SVG'),
(29,'reportHbarComputersByOS','PluginMreportingInventory',1,1,1,0,0,'hover',0,NULL,'30',NULL,'SVG'),
(30,'reportHbarWindows','PluginMreportingInventory',1,1,1,0,0,'hover',0,NULL,'30',NULL,'SVG'),
(31,'reportHbarLinux','PluginMreportingInventory',1,1,1,0,0,'hover',0,NULL,'30',NULL,'SVG'),
(32,'reportHbarLinuxDistro','PluginMreportingInventory',1,1,1,0,0,'hover',0,NULL,'30',NULL,'SVG'),
(33,'reportHbarMac','PluginMreportingInventory',1,1,1,0,0,'hover',0,NULL,'30',NULL,'SVG'),
(34,'reportHbarMacFamily','PluginMreportingInventory',1,1,1,0,0,'hover',0,NULL,'30',NULL,'SVG'),
(35,'reportPieFusionInventory','PluginMreportingInventory',1,1,1,0,0,'hover',0,NULL,'30',NULL,'SVG'),
(36,'reportHbarFusionInventory','PluginMreportingInventory',1,1,1,0,0,'hover',0,NULL,'30',NULL,'SVG'),
(37,'reportHbarMonitors','PluginMreportingInventory',1,1,1,0,0,'hover',0,NULL,'30',NULL,'SVG'),
(38,'reportHbarComputersByStatus','PluginMreportingInventory',1,1,1,0,0,'hover',0,NULL,'30',NULL,'SVG'),
(39,'reportHbarPrintersByStatus','PluginMreportingInventory',1,1,1,0,0,'hover',0,NULL,'30',NULL,'SVG'),
(40,'reportHbarComputersByEntity','PluginMreportingInventory',1,1,1,0,0,'hover',0,NULL,'30',NULL,'SVG'),
(41,'reportGlineBacklogs','PluginMreportingHelpdeskplus',1,1,1,0,1,'hover',0,NULL,'365',NULL,'SVG'),
(42,'reportVstackbarLifetime','PluginMreportingHelpdeskplus',1,1,1,0,1,'hover',0,NULL,'365',NULL,'SVG'),
(43,'reportVstackbarTicketsgroups','PluginMreportingHelpdeskplus',1,1,1,0,1,'hover',0,NULL,'365',NULL,'SVG'),
(44,'reportVstackbarTicketstech','PluginMreportingHelpdeskplus',1,1,1,0,1,'hover',0,NULL,'365',NULL,'SVG'),
(45,'reportHbarTopcategory','PluginMreportingHelpdeskplus',1,1,1,0,0,'hover',0,NULL,'30',NULL,'SVG'),
(46,'reportHbarTopapplicant','PluginMreportingHelpdeskplus',1,1,1,0,0,'hover',0,NULL,'30',NULL,'SVG'),
(47,'reportVstackbarGroupChange','PluginMreportingHelpdeskplus',1,1,1,0,0,'hover',0,NULL,'365',NULL,'SVG'),
(48,'reportLineActiontimeVsSolvedelay','PluginMreportingHelpdeskplus',1,1,1,0,1,'hover',0,NULL,'365',NULL,'SVG'),
(49,'reportGlineNbTicketBySla','PluginMreportingHelpdeskplus',1,1,1,0,1,'hover',0,NULL,'365',NULL,'SVG'),
(50,'reportHgbarRespectedSlasByTopCategory','PluginMreportingHelpdeskplus',1,1,1,0,0,'hover',0,NULL,'365',NULL,'SVG'),
(51,'reportHgbarRespectedSlasByTechnician','PluginMreportingHelpdeskplus',1,1,1,0,0,'hover',0,NULL,'365',NULL,'SVG'),
(52,'reportVstackbarRespectedSlasByGroup','PluginMreportingHelpdeskplus',1,1,1,0,0,'hover',0,NULL,'365',NULL,'SVG'),
(53,'reportVstackbarNbTicketBySla','PluginMreportingHelpdeskplus',1,1,1,0,0,'hover',0,NULL,'365',NULL,'SVG');

--
-- Table structure for table `glpi_plugin_mreporting_dashboards`
--

CREATE TABLE `glpi_plugin_mreporting_dashboards` (
  `id` int(10) unsigned NOT NULL AUTO_INCREMENT,
  `users_id` int(10) unsigned NOT NULL,
  `reports_id` int(10) unsigned NOT NULL,
  `configuration` varchar(500) DEFAULT NULL,
  PRIMARY KEY (`id`)
) ENGINE=InnoDB AUTO_INCREMENT=13 DEFAULT CHARSET=utf8mb4 COLLATE=utf8mb4_unicode_ci ROW_FORMAT=DYNAMIC;

--
-- Dumping data for table `glpi_plugin_mreporting_dashboards`
--

INSERT INTO `glpi_plugin_mreporting_dashboards` VALUES
(1,60,3,NULL),
(2,60,15,NULL),
(8,2,1,NULL),
(11,2,11,NULL),
(12,2,45,NULL);

--
-- Table structure for table `glpi_plugin_mreporting_notifications`
--

CREATE TABLE `glpi_plugin_mreporting_notifications` (
  `id` int(10) unsigned NOT NULL AUTO_INCREMENT,
  `entities_id` int(10) unsigned NOT NULL DEFAULT 0,
  `is_recursive` tinyint(4) NOT NULL DEFAULT 0,
  `name` varchar(255) DEFAULT NULL,
  `notepad` longtext DEFAULT NULL,
  `date_envoie` date DEFAULT NULL,
  `notice` int(10) unsigned NOT NULL DEFAULT 0,
  `alert` int(10) unsigned NOT NULL DEFAULT 0,
  `comment` text DEFAULT NULL,
  `date_mod` timestamp NULL DEFAULT NULL,
  `is_deleted` tinyint(4) NOT NULL DEFAULT 0,
  PRIMARY KEY (`id`)
) ENGINE=InnoDB DEFAULT CHARSET=utf8mb4 COLLATE=utf8mb4_unicode_ci ROW_FORMAT=DYNAMIC;

--
-- Dumping data for table `glpi_plugin_mreporting_notifications`
--


--
-- Table structure for table `glpi_plugin_mreporting_preferences`
--

CREATE TABLE `glpi_plugin_mreporting_preferences` (
  `id` int(10) unsigned NOT NULL AUTO_INCREMENT,
  `users_id` int(10) unsigned NOT NULL DEFAULT 0,
  `template` varchar(255) DEFAULT NULL,
  `selectors` text DEFAULT NULL,
  PRIMARY KEY (`id`),
  KEY `users_id` (`users_id`)
) ENGINE=InnoDB AUTO_INCREMENT=3 DEFAULT CHARSET=utf8mb4 COLLATE=utf8mb4_unicode_ci ROW_FORMAT=DYNAMIC;

--
-- Dumping data for table `glpi_plugin_mreporting_preferences`
--

INSERT INTO `glpi_plugin_mreporting_preferences` VALUES
(1,2,'','{\"date1PluginMreportingHelpdeskreportGlineNbTicket\":\"2023-11-08\",\"date2PluginMreportingHelpdeskreportGlineNbTicket\":\"2023-11-08\",\"period\":\"month\",\"status_1\":\"1\",\"status_2\":\"1\",\"status_3\":\"1\",\"status_4\":\"1\",\"status_5\":\"0\",\"status_6\":\"0\",\"reportGlineNbTicket\":{\"date1PluginMreportingHelpdeskreportGlineNbTicket\":\"2020-11-02\",\"date2PluginMreportingHelpdeskreportGlineNbTicket\":\"2023-11-08\",\"period\":\"month\",\"status_1\":\"1\",\"status_2\":\"1\",\"status_3\":\"1\",\"status_4\":\"1\",\"status_5\":\"0\",\"status_6\":\"0\"},\"reportPieTicketOpenedAndClosed\":{\"date1PluginMreportingHelpdeskreportPieTicketOpenedAndClosed\":\"2020-10-01\",\"date2PluginMreportingHelpdeskreportPieTicketOpenedAndClosed\":\"2023-11-08\"},\"reportVstackbarLifetime\":{\"date1PluginMreportingHelpdeskplusreportVstackbarLifetime\":\"2023-11-08\",\"date2PluginMreportingHelpdeskplusreportVstackbarLifetime\":\"2024-10-17\",\"period\":\"week\",\"status_1\":\"0\",\"status_2\":\"1\",\"status_3\":\"1\",\"status_4\":\"0\",\"status_5\":\"0\",\"status_6\":\"0\",\"users_assign_id\":\"0\",\"type\":\"-1\",\"itilcategories_id\":\"0\"},\"reportGlineNbTicketBySla\":{\"date1PluginMreportingHelpdeskplusreportGlineNbTicketBySla\":\"2022-11-08\",\"date2PluginMreportingHelpdeskplusreportGlineNbTicketBySla\":\"2023-11-08\",\"period\":\"year\"},\"reportVstackbarTicketstech\":{\"date1PluginMreportingHelpdeskplusreportVstackbarTicketstech\":\"2018-11-01\",\"date2PluginMreportingHelpdeskplusreportVstackbarTicketstech\":\"2024-11-30\",\"status_1\":\"1\",\"status_2\":\"1\",\"status_3\":\"1\",\"status_4\":\"1\",\"status_5\":\"1\",\"status_6\":\"1\",\"type\":\"-1\",\"itilcategories_id\":\"0\"},\"reportGlineBacklogs\":{\"date1PluginMreportingHelpdeskplusreportGlineBacklogs\":\"2022-11-08\",\"date2PluginMreportingHelpdeskplusreportGlineBacklogs\":\"2024-11-13\",\"period\":\"month\",\"show_new\":\"1\",\"show_solved\":\"1\",\"show_backlog\":\"1\",\"show_closed\":\"1\",\"users_assign_id\":\"0\",\"type\":\"-1\",\"itilcategories_id\":\"0\"},\"reportPieTicketNumberByEntity\":{\"date1PluginMreportingHelpdeskreportPieTicketNumberByEntity\":\"2020-10-01\",\"date2PluginMreportingHelpdeskreportPieTicketNumberByEntity\":\"2023-11-14\",\"saveConfig\":\"Envoyer\"},\"reportHbarTicketNumberByEntity\":{\"date1PluginMreportingHelpdeskreportHbarTicketNumberByEntity\":\"2018-10-01\",\"date2PluginMreportingHelpdeskreportHbarTicketNumberByEntity\":\"2023-11-14\",\"glpilist_limit\":\"20\"},\"reportHgbarOpenTicketNumberByCategoryAndByType\":{\"date1PluginMreportingHelpdeskreportHgbarOpenTicketNumberByCategoryAndByType\":\"2018-11-01\",\"date2PluginMreportingHelpdeskreportHgbarOpenTicketNumberByCategoryAndByType\":\"2023-11-14\"},\"reportHgbarTicketNumberByService\":{\"date1PluginMreportingHelpdeskreportHgbarTicketNumberByService\":\"2019-11-01\",\"date2PluginMreportingHelpdeskreportHgbarTicketNumberByService\":\"2023-11-14\"},\"reportSunburstTicketByCategories\":{\"date1PluginMreportingHelpdeskreportSunburstTicketByCategories\":\"2019-10-01\",\"date2PluginMreportingHelpdeskreportSunburstTicketByCategories\":\"2023-11-15\"},\"reportVstackbarTicketsgroups\":{\"date1PluginMreportingHelpdeskplusreportVstackbarTicketsgroups\":\"2022-11-15\",\"date2PluginMreportingHelpdeskplusreportVstackbarTicketsgroups\":\"2024-11-13\",\"status_1\":\"1\",\"status_2\":\"1\",\"status_3\":\"1\",\"status_4\":\"1\",\"status_5\":\"1\",\"status_6\":\"1\",\"type\":\"-1\",\"itilcategories_id\":\"0\"},\"reportVstackbarTicketStatusByTechnician\":{\"date1PluginMreportingHelpdeskreportVstackbarTicketStatusByTechnician\":\"2017-01-02\",\"date2PluginMreportingHelpdeskreportVstackbarTicketStatusByTechnician\":\"2024-10-22\"},\"reportVstackbarRespectedSlasByGroup\":{\"date1PluginMreportingHelpdeskplusreportVstackbarRespectedSlasByGroup\":\"2021-05-01\",\"date2PluginMreportingHelpdeskplusreportVstackbarRespectedSlasByGroup\":\"2024-05-16\"},\"reportHgbarRespectedSlasByTechnician\":{\"date1PluginMreportingHelpdeskplusreportHgbarRespectedSlasByTechnician\":\"2021-05-03\",\"date2PluginMreportingHelpdeskplusreportHgbarRespectedSlasByTechnician\":\"2024-05-16\"},\"reportHbarTopcategory\":{\"date1PluginMreportingHelpdeskplusreportHbarTopcategory\":\"2023-09-19\",\"date2PluginMreportingHelpdeskplusreportHbarTopcategory\":\"2024-09-18\",\"glpilist_limit\":\"10\",\"users_assign_id\":\"0\",\"type\":\"1\",\"saveConfig\":\"Envoyer\"}}'),
(2,61,'','{\"date1PluginMreportingHelpdeskreportAreaNbTicket\":\"2022-11-08\",\"date2PluginMreportingHelpdeskreportAreaNbTicket\":\"2023-11-08\",\"period\":\"day\",\"reportVstackbarTicketstech\":{\"date1PluginMreportingHelpdeskplusreportVstackbarTicketstech\":\"2010-11-08\",\"date2PluginMreportingHelpdeskplusreportVstackbarTicketstech\":\"2023-11-08\",\"status_1\":\"1\",\"status_2\":\"1\",\"status_3\":\"1\",\"status_4\":\"1\",\"status_5\":\"0\",\"status_6\":\"0\",\"type\":\"-1\",\"itilcategories_id\":\"0\"},\"reportAreaNbTicket\":{\"date1PluginMreportingHelpdeskreportAreaNbTicket\":\"2022-11-08\",\"date2PluginMreportingHelpdeskreportAreaNbTicket\":\"2023-11-08\",\"period\":\"day\"},\"reportGlineNbTicket\":{\"date1PluginMreportingHelpdeskreportGlineNbTicket\":\"2022-11-08\",\"date2PluginMreportingHelpdeskreportGlineNbTicket\":\"2023-11-08\",\"period\":\"day\",\"status_1\":\"1\",\"status_2\":\"0\",\"status_3\":\"0\",\"status_4\":\"0\",\"status_5\":\"1\",\"status_6\":\"1\"}}');

--
-- Table structure for table `glpi_plugin_mreporting_profiles`
--

CREATE TABLE `glpi_plugin_mreporting_profiles` (
  `id` int(10) unsigned NOT NULL AUTO_INCREMENT,
  `profiles_id` int(10) unsigned NOT NULL DEFAULT 0,
  `reports` int(11) NOT NULL DEFAULT 0,
  `right` char(1) DEFAULT NULL,
  PRIMARY KEY (`id`),
  UNIQUE KEY `profiles_id_reports` (`profiles_id`,`reports`)
) ENGINE=InnoDB AUTO_INCREMENT=1671 DEFAULT CHARSET=utf8mb4 COLLATE=utf8mb4_unicode_ci;

--
-- Dumping data for table `glpi_plugin_mreporting_profiles`
--

INSERT INTO `glpi_plugin_mreporting_profiles` VALUES
(797,2,1,NULL),
(798,2,2,NULL),
(799,2,3,NULL),
(800,2,4,NULL),
(801,2,5,NULL),
(802,2,6,NULL),
(803,2,7,NULL),
(804,2,8,NULL),
(805,2,9,NULL),
(806,2,10,NULL),
(807,2,11,NULL),
(808,2,12,NULL),
(809,2,13,NULL),
(810,2,14,NULL),
(811,2,15,NULL),
(812,2,16,NULL),
(813,2,17,NULL),
(814,2,18,NULL),
(815,2,19,NULL),
(816,2,20,NULL),
(817,2,21,NULL),
(818,2,22,NULL),
(819,2,23,NULL),
(820,2,24,NULL),
(821,2,25,NULL),
(822,2,26,NULL),
(823,2,27,NULL),
(824,2,28,NULL),
(825,2,29,NULL),
(826,2,30,NULL),
(827,2,31,NULL),
(828,2,32,NULL),
(829,2,33,NULL),
(830,2,34,NULL),
(831,2,35,NULL),
(832,2,36,NULL),
(833,2,37,NULL),
(834,2,38,NULL),
(835,2,39,NULL),
(836,2,40,NULL),
(837,2,41,NULL),
(838,2,42,NULL),
(839,2,43,NULL),
(840,2,44,NULL),
(841,2,45,NULL),
(842,2,46,NULL),
(843,2,47,NULL),
(844,2,48,NULL),
(845,2,49,NULL),
(846,2,50,NULL),
(847,2,51,NULL),
(848,2,52,NULL),
(849,2,53,NULL),
(956,5,1,NULL),
(957,5,2,NULL),
(958,5,3,NULL),
(959,5,4,NULL),
(960,5,5,NULL),
(961,5,6,NULL),
(962,5,7,NULL),
(963,5,8,NULL),
(964,5,9,NULL),
(965,5,10,NULL),
(966,5,11,NULL),
(967,5,12,NULL),
(968,5,13,NULL),
(969,5,14,NULL),
(970,5,15,NULL),
(971,5,16,NULL),
(972,5,17,NULL),
(973,5,18,NULL),
(974,5,19,NULL),
(975,5,20,NULL),
(976,5,21,NULL),
(977,5,22,NULL),
(978,5,23,NULL),
(979,5,24,NULL),
(980,5,25,NULL),
(981,5,26,NULL),
(982,5,27,NULL),
(983,5,28,NULL),
(984,5,29,NULL),
(985,5,30,NULL),
(986,5,31,NULL),
(987,5,32,NULL),
(988,5,33,NULL),
(989,5,34,NULL),
(990,5,35,NULL),
(991,5,36,NULL),
(992,5,37,NULL),
(993,5,38,NULL),
(994,5,39,NULL),
(995,5,40,NULL),
(996,5,41,NULL),
(997,5,42,NULL),
(998,5,43,NULL),
(999,5,44,NULL),
(1000,5,45,NULL),
(1001,5,46,NULL),
(1002,5,47,NULL),
(1003,5,48,NULL),
(1004,5,49,NULL),
(1005,5,50,NULL),
(1006,5,51,NULL),
(1007,5,52,NULL),
(1008,5,53,NULL),
(1009,6,1,NULL),
(1010,6,2,NULL),
(1011,6,3,NULL),
(1012,6,4,NULL),
(1013,6,5,NULL),
(1014,6,6,NULL),
(1015,6,7,NULL),
(1016,6,8,NULL),
(1017,6,9,NULL),
(1018,6,10,NULL),
(1019,6,11,NULL),
(1020,6,12,NULL),
(1021,6,13,NULL),
(1022,6,14,NULL),
(1023,6,15,NULL),
(1024,6,16,NULL),
(1025,6,17,NULL),
(1026,6,18,NULL),
(1027,6,19,NULL),
(1028,6,20,NULL),
(1029,6,21,NULL),
(1030,6,22,NULL),
(1031,6,23,NULL),
(1032,6,24,NULL),
(1033,6,25,NULL),
(1034,6,26,NULL),
(1035,6,27,NULL),
(1036,6,28,NULL),
(1037,6,29,NULL),
(1038,6,30,NULL),
(1039,6,31,NULL),
(1040,6,32,NULL),
(1041,6,33,NULL),
(1042,6,34,NULL),
(1043,6,35,NULL),
(1044,6,36,NULL),
(1045,6,37,NULL),
(1046,6,38,NULL),
(1047,6,39,NULL),
(1048,6,40,NULL),
(1049,6,41,NULL),
(1050,6,42,NULL),
(1051,6,43,NULL),
(1052,6,44,NULL),
(1053,6,45,NULL),
(1054,6,46,NULL),
(1055,6,47,NULL),
(1056,6,48,NULL),
(1057,6,49,NULL),
(1058,6,50,NULL),
(1059,6,51,NULL),
(1060,6,52,NULL),
(1061,6,53,NULL),
(1062,7,1,NULL),
(1063,7,2,NULL),
(1064,7,3,NULL),
(1065,7,4,NULL),
(1066,7,5,NULL),
(1067,7,6,NULL),
(1068,7,7,NULL),
(1069,7,8,NULL),
(1070,7,9,NULL),
(1071,7,10,NULL),
(1072,7,11,NULL),
(1073,7,12,NULL),
(1074,7,13,NULL),
(1075,7,14,NULL),
(1076,7,15,NULL),
(1077,7,16,NULL),
(1078,7,17,NULL),
(1079,7,18,NULL),
(1080,7,19,NULL),
(1081,7,20,NULL),
(1082,7,21,NULL),
(1083,7,22,NULL),
(1084,7,23,NULL),
(1085,7,24,NULL),
(1086,7,25,NULL),
(1087,7,26,NULL),
(1088,7,27,NULL),
(1089,7,28,NULL),
(1090,7,29,NULL),
(1091,7,30,NULL),
(1092,7,31,NULL),
(1093,7,32,NULL),
(1094,7,33,NULL),
(1095,7,34,NULL),
(1096,7,35,NULL),
(1097,7,36,NULL),
(1098,7,37,NULL),
(1099,7,38,NULL),
(1100,7,39,NULL),
(1101,7,40,NULL),
(1102,7,41,NULL),
(1103,7,42,NULL),
(1104,7,43,NULL),
(1105,7,44,NULL),
(1106,7,45,NULL),
(1107,7,46,NULL),
(1108,7,47,NULL),
(1109,7,48,NULL),
(1110,7,49,NULL),
(1111,7,50,NULL),
(1112,7,51,NULL),
(1113,7,52,NULL),
(1114,7,53,NULL),
(1115,8,1,NULL),
(1116,8,2,NULL),
(1117,8,3,NULL),
(1118,8,4,NULL),
(1119,8,5,NULL),
(1120,8,6,NULL),
(1121,8,7,NULL),
(1122,8,8,NULL),
(1123,8,9,NULL),
(1124,8,10,NULL),
(1125,8,11,NULL),
(1126,8,12,NULL),
(1127,8,13,NULL),
(1128,8,14,NULL),
(1129,8,15,NULL),
(1130,8,16,NULL),
(1131,8,17,NULL),
(1132,8,18,NULL),
(1133,8,19,NULL),
(1134,8,20,NULL),
(1135,8,21,NULL),
(1136,8,22,NULL),
(1137,8,23,NULL),
(1138,8,24,NULL),
(1139,8,25,NULL),
(1140,8,26,NULL),
(1141,8,27,NULL),
(1142,8,28,NULL),
(1143,8,29,NULL),
(1144,8,30,NULL),
(1145,8,31,NULL),
(1146,8,32,NULL),
(1147,8,33,NULL),
(1148,8,34,NULL),
(1149,8,35,NULL),
(1150,8,36,NULL),
(1151,8,37,NULL),
(1152,8,38,NULL),
(1153,8,39,NULL),
(1154,8,40,NULL),
(1155,8,41,NULL),
(1156,8,42,NULL),
(1157,8,43,NULL),
(1158,8,44,NULL),
(1159,8,45,NULL),
(1160,8,46,NULL),
(1161,8,47,NULL),
(1162,8,48,NULL),
(1163,8,49,NULL),
(1164,8,50,NULL),
(1165,8,51,NULL),
(1166,8,52,NULL),
(1167,8,53,NULL),
(1168,13,1,NULL),
(1169,13,2,NULL),
(1170,13,3,NULL),
(1171,13,4,NULL),
(1172,13,5,NULL),
(1173,13,6,NULL),
(1174,13,7,NULL),
(1175,13,8,NULL),
(1176,13,9,NULL),
(1177,13,10,NULL),
(1178,13,11,NULL),
(1179,13,12,NULL),
(1180,13,13,NULL),
(1181,13,14,NULL),
(1182,13,15,NULL),
(1183,13,16,NULL),
(1184,13,17,NULL),
(1185,13,18,NULL),
(1186,13,19,NULL),
(1187,13,20,NULL),
(1188,13,21,NULL),
(1189,13,22,NULL),
(1190,13,23,NULL),
(1191,13,24,NULL),
(1192,13,25,NULL),
(1193,13,26,NULL),
(1194,13,27,NULL),
(1195,13,28,NULL),
(1196,13,29,NULL),
(1197,13,30,NULL),
(1198,13,31,NULL),
(1199,13,32,NULL),
(1200,13,33,NULL),
(1201,13,34,NULL),
(1202,13,35,NULL),
(1203,13,36,NULL),
(1204,13,37,NULL),
(1205,13,38,NULL),
(1206,13,39,NULL),
(1207,13,40,NULL),
(1208,13,41,NULL),
(1209,13,42,NULL),
(1210,13,43,NULL),
(1211,13,44,NULL),
(1212,13,45,NULL),
(1213,13,46,NULL),
(1214,13,47,NULL),
(1215,13,48,NULL),
(1216,13,49,NULL),
(1217,13,50,NULL),
(1218,13,51,NULL),
(1219,13,52,NULL),
(1220,13,53,NULL),
(1274,36,1,NULL),
(1275,36,2,NULL),
(1276,36,3,NULL),
(1277,36,4,NULL),
(1278,36,5,NULL),
(1279,36,6,NULL),
(1280,36,7,NULL),
(1281,36,8,NULL),
(1282,36,9,NULL),
(1283,36,10,NULL),
(1284,36,11,NULL),
(1285,36,12,NULL),
(1286,36,13,NULL),
(1287,36,14,NULL),
(1288,36,15,NULL),
(1289,36,16,NULL),
(1290,36,17,NULL),
(1291,36,18,NULL),
(1292,36,19,NULL),
(1293,36,20,NULL),
(1294,36,21,NULL),
(1295,36,22,NULL),
(1296,36,23,NULL),
(1297,36,24,NULL),
(1298,36,25,NULL),
(1299,36,26,NULL),
(1300,36,27,NULL),
(1301,36,28,NULL),
(1302,36,29,NULL),
(1303,36,30,NULL),
(1304,36,31,NULL),
(1305,36,32,NULL),
(1306,36,33,NULL),
(1307,36,34,NULL),
(1308,36,35,NULL),
(1309,36,36,NULL),
(1310,36,37,NULL),
(1311,36,38,NULL),
(1312,36,39,NULL),
(1313,36,40,NULL),
(1314,36,41,NULL),
(1315,36,42,NULL),
(1316,36,43,NULL),
(1317,36,44,NULL),
(1318,36,45,NULL),
(1319,36,46,NULL),
(1320,36,47,NULL),
(1321,36,48,NULL),
(1322,36,49,NULL),
(1323,36,50,NULL),
(1324,36,51,NULL),
(1325,36,52,NULL),
(1326,36,53,NULL),
(1380,38,1,NULL),
(1381,38,2,NULL),
(1382,38,3,NULL),
(1383,38,4,NULL),
(1384,38,5,NULL),
(1385,38,6,NULL),
(1386,38,7,NULL),
(1387,38,8,NULL),
(1388,38,9,NULL),
(1389,38,10,NULL),
(1390,38,11,NULL),
(1391,38,12,NULL),
(1392,38,13,NULL),
(1393,38,14,NULL),
(1394,38,15,NULL),
(1395,38,16,NULL),
(1396,38,17,NULL),
(1397,38,18,NULL),
(1398,38,19,NULL),
(1399,38,20,NULL),
(1400,38,21,NULL),
(1401,38,22,NULL),
(1402,38,23,NULL),
(1403,38,24,NULL),
(1404,38,25,NULL),
(1405,38,26,NULL),
(1406,38,27,NULL),
(1407,38,28,NULL),
(1408,38,29,NULL),
(1409,38,30,NULL),
(1410,38,31,NULL),
(1411,38,32,NULL),
(1412,38,33,NULL),
(1413,38,34,NULL),
(1414,38,35,NULL),
(1415,38,36,NULL),
(1416,38,37,NULL),
(1417,38,38,NULL),
(1418,38,39,NULL),
(1419,38,40,NULL),
(1420,38,41,NULL),
(1421,38,42,NULL),
(1422,38,43,NULL),
(1423,38,44,NULL),
(1424,38,45,NULL),
(1425,38,46,NULL),
(1426,38,47,NULL),
(1427,38,48,NULL),
(1428,38,49,NULL),
(1429,38,50,NULL),
(1430,38,51,NULL),
(1431,38,52,NULL),
(1432,38,53,NULL),
(1486,1,1,NULL),
(1487,1,2,NULL),
(1488,1,3,NULL),
(1489,1,4,NULL),
(1490,1,5,NULL),
(1491,1,6,NULL),
(1492,1,7,NULL),
(1493,1,8,NULL),
(1494,1,9,NULL),
(1495,1,10,NULL),
(1496,1,11,NULL),
(1497,1,12,NULL),
(1498,1,13,NULL),
(1499,1,14,NULL),
(1500,1,15,NULL),
(1501,1,16,NULL),
(1502,1,17,NULL),
(1503,1,18,NULL),
(1504,1,19,NULL),
(1505,1,20,NULL),
(1506,1,21,NULL),
(1507,1,22,NULL),
(1508,1,23,NULL),
(1509,1,24,NULL),
(1510,1,25,NULL),
(1511,1,26,NULL),
(1512,1,27,NULL),
(1513,1,28,NULL),
(1514,1,29,NULL),
(1515,1,30,NULL),
(1516,1,31,NULL),
(1517,1,32,NULL),
(1518,1,33,NULL),
(1519,1,34,NULL),
(1520,1,35,NULL),
(1521,1,36,NULL),
(1522,1,37,NULL),
(1523,1,38,NULL),
(1524,1,39,NULL),
(1525,1,40,NULL),
(1526,1,41,NULL),
(1527,1,42,NULL),
(1528,1,43,NULL),
(1529,1,44,NULL),
(1530,1,45,NULL),
(1531,1,46,NULL),
(1532,1,47,NULL),
(1533,1,48,NULL),
(1534,1,49,NULL),
(1535,1,50,NULL),
(1536,1,51,NULL),
(1537,1,52,NULL),
(1538,1,53,NULL),
(1539,4,1,'1'),
(1540,4,2,'1'),
(1541,4,3,'1'),
(1542,4,4,'1'),
(1543,4,5,'1'),
(1544,4,6,'1'),
(1545,4,7,'1'),
(1546,4,8,'1'),
(1547,4,9,'1'),
(1548,4,10,'1'),
(1549,4,11,'1'),
(1550,4,12,'1'),
(1551,4,13,'1'),
(1552,4,14,'1'),
(1553,4,15,'1'),
(1554,4,16,'1'),
(1555,4,17,'1'),
(1556,4,18,'1'),
(1557,4,19,'1'),
(1558,4,20,'1'),
(1559,4,21,'1'),
(1560,4,22,'1'),
(1561,4,23,'1'),
(1562,4,24,'1'),
(1563,4,25,'1'),
(1564,4,26,'1'),
(1565,4,27,'1'),
(1566,4,28,'1'),
(1567,4,29,'1'),
(1568,4,30,'1'),
(1569,4,31,'1'),
(1570,4,32,'1'),
(1571,4,33,'1'),
(1572,4,34,'1'),
(1573,4,35,'1'),
(1574,4,36,'1'),
(1575,4,37,'1'),
(1576,4,38,'1'),
(1577,4,39,'1'),
(1578,4,40,'1'),
(1579,4,41,'1'),
(1580,4,42,'1'),
(1581,4,43,'1'),
(1582,4,44,'1'),
(1583,4,45,'1'),
(1584,4,46,'1'),
(1585,4,47,'1'),
(1586,4,48,'1'),
(1587,4,49,'1'),
(1588,4,50,'1'),
(1589,4,51,'1'),
(1590,4,52,'1'),
(1591,4,53,'1'),
(1593,4,0,NULL),
(1594,38,0,NULL),
(1596,6,0,NULL),
(1597,8,0,NULL),
(1601,5,0,NULL),
(1608,42,1,NULL),
(1609,42,2,NULL),
(1610,42,3,NULL),
(1611,42,4,NULL),
(1612,42,5,NULL),
(1613,42,6,NULL),
(1614,42,7,NULL),
(1615,42,8,NULL),
(1616,42,9,NULL),
(1617,42,10,NULL),
(1618,42,11,NULL),
(1619,42,12,NULL),
(1620,42,13,NULL),
(1621,42,14,NULL),
(1622,42,15,NULL),
(1623,42,16,NULL),
(1624,42,17,NULL),
(1625,42,18,NULL),
(1626,42,19,NULL),
(1627,42,20,NULL),
(1628,42,21,NULL),
(1629,42,22,NULL),
(1630,42,23,NULL),
(1631,42,24,NULL),
(1632,42,25,NULL),
(1633,42,26,NULL),
(1634,42,27,NULL),
(1635,42,28,NULL),
(1636,42,29,NULL),
(1637,42,30,NULL),
(1638,42,31,NULL),
(1639,42,32,NULL),
(1640,42,33,NULL),
(1641,42,34,NULL),
(1642,42,35,NULL),
(1643,42,36,NULL),
(1644,42,37,NULL),
(1645,42,38,NULL),
(1646,42,39,NULL),
(1647,42,40,NULL),
(1648,42,41,NULL),
(1649,42,42,NULL),
(1650,42,43,NULL),
(1651,42,44,NULL),
(1652,42,45,NULL),
(1653,42,46,NULL),
(1654,42,47,NULL),
(1655,42,48,NULL),
(1656,42,49,NULL),
(1657,42,50,NULL),
(1658,42,51,NULL),
(1659,42,52,NULL),
(1660,42,53,NULL),
(1661,42,0,NULL);

--
-- Table structure for table `glpi_plugin_news_alerts`
--

CREATE TABLE `glpi_plugin_news_alerts` (
  `id` int(10) unsigned NOT NULL AUTO_INCREMENT,
  `date_mod` timestamp NOT NULL DEFAULT current_timestamp() ON UPDATE current_timestamp(),
  `name` varchar(255) NOT NULL,
  `message` mediumtext NOT NULL,
  `date_start` timestamp NULL DEFAULT NULL,
  `date_end` timestamp NULL DEFAULT NULL,
  `type` int(11) NOT NULL,
  `is_deleted` tinyint(1) NOT NULL DEFAULT 0,
  `is_displayed_onlogin` tinyint(1) NOT NULL,
  `entities_id` int(10) unsigned NOT NULL,
  `is_recursive` tinyint(1) NOT NULL DEFAULT 1,
  `is_displayed_onhelpdesk` tinyint(1) NOT NULL DEFAULT 0,
  `date_creation` date DEFAULT NULL,
  `is_close_allowed` tinyint(1) NOT NULL DEFAULT 0,
  `is_active` tinyint(1) NOT NULL DEFAULT 0,
  `is_displayed_oncentral` tinyint(4) NOT NULL DEFAULT 1,
  `background_color` varchar(255) NOT NULL DEFAULT 'white',
  `text_color` varchar(255) NOT NULL DEFAULT 'dark',
  `emphasis_color` varchar(255) NOT NULL DEFAULT 'dark',
  `size` varchar(255) NOT NULL DEFAULT 'medium',
  `icon` varchar(255) NOT NULL DEFAULT '',
  `display_dates` tinyint(4) NOT NULL DEFAULT 1,
  PRIMARY KEY (`id`),
  KEY `date_creation` (`date_creation`),
  KEY `is_active` (`is_active`)
) ENGINE=InnoDB AUTO_INCREMENT=11 DEFAULT CHARSET=utf8mb4 COLLATE=utf8mb4_unicode_ci;

--
-- Dumping data for table `glpi_plugin_news_alerts`
--

INSERT INTO `glpi_plugin_news_alerts` VALUES
(2,'2023-05-30 20:24:15','Test de femeture alertes','&lt;p&gt;Juste un test&lt;/p&gt;','2018-05-15 19:40:00',NULL,2,1,0,0,1,1,'2018-05-15',1,1,1,'white','dark','blue','medium','alert-circle',1),
(3,'2024-05-23 18:36:20','Warning - security update on main development server - Attention - mise à jour de sécurité sur le serveur de développement principal','&#60;p&#62;The main development server will receive a security update in the next few hours. Please note that some development tools will be unavailable during this period.&#60;/p&#62;\r\n&#60;p&#62;-----&#60;/p&#62;\r\n&#60;p&#62;Le serveur de développement principal va bénéficier d\'une mise à jour de sécurité dans les prochaines heures. Attention, certains outils de développement seront indisponibles durant cette période.&#60;/p&#62;','2020-04-01 17:07:00',NULL,2,0,0,0,1,0,'2018-05-29',0,0,1,'white','dark','blue','medium','alert-circle',1),
(4,'2023-05-30 20:24:15','Test alertes GK','&lt;p&gt;Test alertes GK&lt;/p&gt;','2018-05-29 19:15:00',NULL,2,1,0,0,1,1,'2018-05-29',1,1,1,'white','dark','blue','medium','alert-circle',1),
(5,'2019-02-27 20:23:26','Test publique !','&lt;p&gt;Test&lt;/p&gt;','2018-12-01 05:00:00','2018-12-15 05:00:00',0,1,1,0,1,1,'2018-12-17',1,1,1,'white','dark','dark','medium','',1),
(6,'2019-02-27 20:23:26','gdyuduudd','&lt;p&gt;jjfkllflf&lt;/p&gt;',NULL,NULL,0,1,0,2,0,0,'2018-12-17',1,0,1,'white','dark','dark','medium','',1),
(7,'2024-05-23 18:36:20','Scheduled maintenance for Documentum - Maintenance planifiée pour Documentum','&#60;p&#62;Please note, the Documentum service will be updated and unavailable on Saturday June 28, 2022&#60;/p&#62;\r\n&#60;p&#62;Attention, le service Documentum sera mise à jour et non disponible le samedi 28 juin 2022&#60;/p&#62;','2022-02-14 17:00:00','2022-06-15 15:32:40',3,0,1,0,1,1,'2022-02-15',0,0,1,'orange','white','orange','medium','alert-triangle',1),
(8,'2026-03-09 21:16:35','Bienvenue l\'instance de maquettage MEAE BUILD 10.0.23 avec données','&#60;p&#62;Parcourez le catalogue de services ci-dessous pour trouver ce qui peut vous aider\'&#60;/p&#62;','2026-01-02 16:00:00',NULL,2,0,1,0,1,0,'2022-06-02',0,0,1,'white','dark','blue','medium','alert-circle',1),
(9,'2024-03-14 17:26:09','Maintenance sur le site Web','&#60;p&#62;Une maintenance est prévue ce soir sur le site web de la compagnie.&#60;br&#62;Merci de vous déconnecter avant de partir.&#60;br&#62;Il se peut que certaine fonction de l\'intranet soient désactivées pendant ce temps.&#60;/p&#62;','2022-06-14 15:34:30','2022-06-15 15:34:34',3,0,1,0,1,1,'2022-06-14',0,0,1,'orange','white','orange','medium','alert-triangle',1),
(10,'2024-03-14 17:25:57','Interruption de service possible','&#60;p&#62;Une maintenance sur les serveurs causera une possible interruption de service tôt le matin, aux alentours de 4h.&#60;br&#62;L\'interruption devrait durer quelques minutes seulement.&#60;/p&#62;','2022-08-25 18:31:52',NULL,3,0,0,12,1,0,'2022-08-25',0,0,1,'orange','white','orange','medium','alert-triangle',1);

--
-- Table structure for table `glpi_plugin_news_alerts_targets`
--

CREATE TABLE `glpi_plugin_news_alerts_targets` (
  `id` int(10) unsigned NOT NULL AUTO_INCREMENT,
  `plugin_news_alerts_id` int(10) unsigned NOT NULL,
  `itemtype` varchar(255) NOT NULL,
  `items_id` int(10) unsigned NOT NULL,
  `all_items` tinyint(4) NOT NULL DEFAULT 0,
  PRIMARY KEY (`id`),
  UNIQUE KEY `alert_itemtype_items_id` (`plugin_news_alerts_id`,`itemtype`,`items_id`)
) ENGINE=InnoDB AUTO_INCREMENT=25 DEFAULT CHARSET=utf8mb4 COLLATE=utf8mb4_unicode_ci;

--
-- Dumping data for table `glpi_plugin_news_alerts_targets`
--

INSERT INTO `glpi_plugin_news_alerts_targets` VALUES
(5,2,'Profile',17,0),
(6,3,'Profile',0,1),
(8,4,'Profile',0,1),
(10,5,'Profile',0,1),
(13,6,'Profile',1,0),
(14,3,'User',16,0),
(15,7,'Profile',0,1),
(16,7,'Profile',1,0),
(17,7,'Profile',6,0),
(18,0,'Profile',0,1),
(19,8,'Profile',1,0),
(21,9,'Profile',1,0),
(23,8,'Profile',6,0),
(24,8,'Profile',0,1);

--
-- Table structure for table `glpi_plugin_news_alerts_users`
--

CREATE TABLE `glpi_plugin_news_alerts_users` (
  `id` int(10) unsigned NOT NULL AUTO_INCREMENT,
  `plugin_news_alerts_id` int(10) unsigned NOT NULL,
  `users_id` int(10) unsigned NOT NULL,
  `state` tinyint(1) NOT NULL,
  PRIMARY KEY (`id`),
  UNIQUE KEY `state_for_user` (`plugin_news_alerts_id`,`users_id`,`state`)
) ENGINE=InnoDB AUTO_INCREMENT=65 DEFAULT CHARSET=utf8mb4 COLLATE=utf8mb4_unicode_ci;

--
-- Dumping data for table `glpi_plugin_news_alerts_users`
--

INSERT INTO `glpi_plugin_news_alerts_users` VALUES
(10,2,22,1),
(2,2,27,1),
(4,3,2,0),
(41,3,11,0),
(35,3,12,0),
(33,3,13,0),
(63,3,16,0),
(24,3,17,0),
(32,3,18,0),
(12,3,22,0),
(50,3,24,0),
(18,3,26,0),
(22,3,27,0),
(38,3,30,0),
(49,3,41,0),
(52,3,60,0),
(57,3,61,0),
(59,3,74,0),
(8,4,2,1),
(36,4,12,1),
(34,4,13,1),
(26,4,17,1),
(29,4,18,1),
(14,4,22,1),
(16,4,26,1),
(20,4,27,1),
(40,4,30,1),
(44,7,2,0),
(47,7,27,0),
(42,7,70,0),
(55,8,2,0),
(62,8,16,0),
(64,8,61,0),
(60,8,74,0);

--
-- Table structure for table `glpi_plugin_order_accountsections`
--

CREATE TABLE `glpi_plugin_order_accountsections` (
  `id` int(10) unsigned NOT NULL AUTO_INCREMENT,
  `name` varchar(255) DEFAULT NULL,
  `comment` text DEFAULT NULL,
  PRIMARY KEY (`id`),
  KEY `name` (`name`)
) ENGINE=InnoDB DEFAULT CHARSET=utf8mb4 COLLATE=utf8mb4_unicode_ci ROW_FORMAT=DYNAMIC;

--
-- Dumping data for table `glpi_plugin_order_accountsections`
--


--
-- Table structure for table `glpi_plugin_order_analyticnatures`
--

CREATE TABLE `glpi_plugin_order_analyticnatures` (
  `id` int(10) unsigned NOT NULL AUTO_INCREMENT,
  `name` varchar(255) DEFAULT NULL,
  `comment` text DEFAULT NULL,
  PRIMARY KEY (`id`),
  KEY `name` (`name`)
) ENGINE=InnoDB DEFAULT CHARSET=utf8mb4 COLLATE=utf8mb4_unicode_ci ROW_FORMAT=DYNAMIC;

--
-- Dumping data for table `glpi_plugin_order_analyticnatures`
--


--
-- Table structure for table `glpi_plugin_order_bills`
--

CREATE TABLE `glpi_plugin_order_bills` (
  `id` int(10) unsigned NOT NULL AUTO_INCREMENT,
  `name` varchar(255) DEFAULT '',
  `number` varchar(255) DEFAULT '',
  `billdate` timestamp NULL DEFAULT NULL,
  `validationdate` timestamp NULL DEFAULT NULL,
  `comment` text DEFAULT NULL,
  `plugin_order_billstates_id` int(10) unsigned NOT NULL DEFAULT 0,
  `value` decimal(20,6) NOT NULL DEFAULT 0.000000,
  `plugin_order_billtypes_id` int(10) unsigned NOT NULL DEFAULT 0,
  `suppliers_id` int(10) unsigned NOT NULL DEFAULT 0,
  `plugin_order_orders_id` int(10) unsigned NOT NULL DEFAULT 0,
  `users_id_validation` int(10) unsigned NOT NULL DEFAULT 0,
  `entities_id` int(10) unsigned NOT NULL DEFAULT 0,
  `is_recursive` int(11) NOT NULL DEFAULT 0,
  `notepad` text DEFAULT NULL,
  PRIMARY KEY (`id`)
) ENGINE=InnoDB DEFAULT CHARSET=utf8mb4 COLLATE=utf8mb4_unicode_ci ROW_FORMAT=DYNAMIC;

--
-- Dumping data for table `glpi_plugin_order_bills`
--


--
-- Table structure for table `glpi_plugin_order_billstates`
--

CREATE TABLE `glpi_plugin_order_billstates` (
  `id` int(10) unsigned NOT NULL AUTO_INCREMENT,
  `name` varchar(255) DEFAULT NULL,
  `comment` text DEFAULT NULL,
  PRIMARY KEY (`id`),
  KEY `name` (`name`)
) ENGINE=InnoDB AUTO_INCREMENT=3 DEFAULT CHARSET=utf8mb4 COLLATE=utf8mb4_unicode_ci ROW_FORMAT=DYNAMIC;

--
-- Dumping data for table `glpi_plugin_order_billstates`
--

INSERT INTO `glpi_plugin_order_billstates` VALUES
(1,'Payée',NULL),
(2,'Non payée',NULL);

--
-- Table structure for table `glpi_plugin_order_billtypes`
--

CREATE TABLE `glpi_plugin_order_billtypes` (
  `id` int(10) unsigned NOT NULL AUTO_INCREMENT,
  `name` varchar(255) DEFAULT NULL,
  `comment` text DEFAULT NULL,
  PRIMARY KEY (`id`),
  KEY `name` (`name`)
) ENGINE=InnoDB DEFAULT CHARSET=utf8mb4 COLLATE=utf8mb4_unicode_ci ROW_FORMAT=DYNAMIC;

--
-- Dumping data for table `glpi_plugin_order_billtypes`
--


--
-- Table structure for table `glpi_plugin_order_configs`
--

CREATE TABLE `glpi_plugin_order_configs` (
  `id` int(10) unsigned NOT NULL AUTO_INCREMENT,
  `use_validation` tinyint(4) NOT NULL DEFAULT 0,
  `use_supplier_satisfaction` tinyint(4) NOT NULL DEFAULT 0,
  `use_supplier_informations` tinyint(4) NOT NULL DEFAULT 0,
  `use_supplier_infos` tinyint(4) NOT NULL DEFAULT 1,
  `generate_order_pdf` tinyint(4) NOT NULL DEFAULT 0,
  `copy_documents` tinyint(4) NOT NULL DEFAULT 0,
  `default_taxes` int(11) NOT NULL DEFAULT 0,
  `generate_assets` int(11) NOT NULL DEFAULT 0,
  `generated_name` varchar(255) DEFAULT NULL,
  `generated_serial` varchar(255) DEFAULT NULL,
  `generated_otherserial` varchar(255) DEFAULT NULL,
  `default_asset_states_id` int(10) unsigned NOT NULL DEFAULT 0,
  `tickettemplates_id_delivery` int(10) unsigned NOT NULL DEFAULT 0,
  `order_status_draft` int(11) NOT NULL DEFAULT 1,
  `order_status_waiting_approval` int(11) NOT NULL DEFAULT 2,
  `order_status_approved` int(11) NOT NULL DEFAULT 3,
  `order_status_partially_delivred` int(11) NOT NULL DEFAULT 4,
  `order_status_completly_delivered` int(11) NOT NULL DEFAULT 5,
  `order_status_canceled` int(11) NOT NULL DEFAULT 6,
  `order_status_paid` int(11) NOT NULL DEFAULT 7,
  `order_analyticnature_display` int(11) NOT NULL DEFAULT 0,
  `order_analyticnature_mandatory` int(11) NOT NULL DEFAULT 0,
  `order_accountsection_display` int(11) NOT NULL DEFAULT 0,
  `order_accountsection_mandatory` int(11) NOT NULL DEFAULT 0,
  `shoudbedelivered_color` char(20) DEFAULT '#ff5555',
  `documentcategories_id` int(10) unsigned NOT NULL DEFAULT 0,
  `groups_id_author` int(10) unsigned NOT NULL DEFAULT 0,
  `groups_id_recipient` int(10) unsigned NOT NULL DEFAULT 0,
  `users_id_recipient` int(10) unsigned NOT NULL DEFAULT 0,
  `add_location` tinyint(4) NOT NULL DEFAULT 0,
  `add_bill_details` tinyint(4) NOT NULL DEFAULT 0,
  `add_immobilization_number` tinyint(4) NOT NULL DEFAULT 0,
  `hide_inactive_budgets` tinyint(4) NOT NULL DEFAULT 0,
  `rename_documents` tinyint(4) NOT NULL DEFAULT 0,
  `transmit_budget_change` tinyint(4) NOT NULL DEFAULT 0,
  `use_free_reference` tinyint(4) NOT NULL DEFAULT 0,
  `default_asset_entities_id` int(10) unsigned NOT NULL DEFAULT 0,
  `default_ticketcategories_id` int(10) unsigned NOT NULL DEFAULT 0,
  PRIMARY KEY (`id`)
) ENGINE=InnoDB AUTO_INCREMENT=2 DEFAULT CHARSET=utf8mb4 COLLATE=utf8mb4_unicode_ci ROW_FORMAT=DYNAMIC;

--
-- Dumping data for table `glpi_plugin_order_configs`
--

INSERT INTO `glpi_plugin_order_configs` VALUES
(1,0,0,0,1,0,0,0,0,'TOBEFILLED','TOBEFILLED','TOBEFILLED',0,0,1,2,3,4,5,6,7,0,0,0,0,'#ff5555',0,0,0,0,0,0,0,0,0,0,0,0,0);

--
-- Table structure for table `glpi_plugin_order_deliverystates`
--

CREATE TABLE `glpi_plugin_order_deliverystates` (
  `id` int(10) unsigned NOT NULL AUTO_INCREMENT,
  `name` varchar(255) DEFAULT NULL,
  `comment` text DEFAULT NULL,
  PRIMARY KEY (`id`),
  KEY `name` (`name`)
) ENGINE=InnoDB DEFAULT CHARSET=utf8mb4 COLLATE=utf8mb4_unicode_ci ROW_FORMAT=DYNAMIC;

--
-- Dumping data for table `glpi_plugin_order_deliverystates`
--


--
-- Table structure for table `glpi_plugin_order_documentcategories`
--

CREATE TABLE `glpi_plugin_order_documentcategories` (
  `id` int(10) unsigned NOT NULL AUTO_INCREMENT,
  `documentcategories_id` int(10) unsigned NOT NULL DEFAULT 0,
  `documentcategories_prefix` varchar(255) DEFAULT NULL,
  PRIMARY KEY (`id`),
  UNIQUE KEY `unicity` (`documentcategories_id`,`documentcategories_prefix`),
  KEY `documentcategories_id` (`documentcategories_id`)
) ENGINE=InnoDB DEFAULT CHARSET=utf8mb4 COLLATE=utf8mb4_unicode_ci ROW_FORMAT=DYNAMIC;

--
-- Dumping data for table `glpi_plugin_order_documentcategories`
--


--
-- Table structure for table `glpi_plugin_order_orderpayments`
--

CREATE TABLE `glpi_plugin_order_orderpayments` (
  `id` int(10) unsigned NOT NULL AUTO_INCREMENT,
  `name` varchar(255) DEFAULT NULL,
  `comment` text DEFAULT NULL,
  PRIMARY KEY (`id`),
  KEY `name` (`name`)
) ENGINE=InnoDB DEFAULT CHARSET=utf8mb4 COLLATE=utf8mb4_unicode_ci ROW_FORMAT=DYNAMIC;

--
-- Dumping data for table `glpi_plugin_order_orderpayments`
--


--
-- Table structure for table `glpi_plugin_order_orders`
--

CREATE TABLE `glpi_plugin_order_orders` (
  `id` int(10) unsigned NOT NULL AUTO_INCREMENT,
  `entities_id` int(10) unsigned NOT NULL DEFAULT 0,
  `is_template` tinyint(4) NOT NULL DEFAULT 0,
  `template_name` varchar(255) DEFAULT NULL,
  `is_recursive` tinyint(4) NOT NULL DEFAULT 0,
  `name` varchar(255) DEFAULT NULL,
  `num_order` varchar(255) DEFAULT NULL,
  `budgets_id` int(10) unsigned NOT NULL DEFAULT 0 COMMENT 'RELATION to glpi_budgets (id)',
  `plugin_order_ordertaxes_id` int(10) unsigned NOT NULL DEFAULT 0 COMMENT 'RELATION to glpi_plugin_order_ordertaxes (id)',
  `plugin_order_orderpayments_id` int(10) unsigned NOT NULL DEFAULT 0 COMMENT 'RELATION to glpi_plugin_order_orderpayments (id)',
  `order_date` date DEFAULT NULL,
  `duedate` date DEFAULT NULL,
  `deliverydate` date DEFAULT NULL,
  `is_late` tinyint(4) NOT NULL DEFAULT 0,
  `suppliers_id` int(10) unsigned NOT NULL DEFAULT 0 COMMENT 'RELATION to glpi_suppliers (id)',
  `contacts_id` int(10) unsigned NOT NULL DEFAULT 0 COMMENT 'RELATION to glpi_contacts (id)',
  `plugin_order_accountsections_id` int(10) unsigned NOT NULL DEFAULT 0 COMMENT 'RELATION to plugin_order_accountsections (id)',
  `locations_id` int(10) unsigned NOT NULL DEFAULT 0 COMMENT 'RELATION to glpi_locations (id)',
  `plugin_order_orderstates_id` int(10) unsigned NOT NULL DEFAULT 1,
  `plugin_order_billstates_id` int(10) unsigned NOT NULL DEFAULT 0,
  `port_price` float NOT NULL DEFAULT 0,
  `ecotax_price` decimal(20,6) NOT NULL DEFAULT 0.000000,
  `plugin_order_ordertaxes_ecotax_id` int(10) unsigned NOT NULL DEFAULT 0,
  `global_discount` float NOT NULL DEFAULT 0,
  `comment` text DEFAULT NULL,
  `notepad` longtext DEFAULT NULL,
  `is_deleted` tinyint(4) NOT NULL DEFAULT 0,
  `users_id` int(10) unsigned NOT NULL DEFAULT 0,
  `groups_id` int(10) unsigned NOT NULL DEFAULT 0,
  `users_id_delivery` int(10) unsigned NOT NULL DEFAULT 0,
  `groups_id_delivery` int(10) unsigned NOT NULL DEFAULT 0,
  `plugin_order_ordertypes_id` int(10) unsigned NOT NULL DEFAULT 0 COMMENT 'RELATION to glpi_plugin_order_ordertypes (id)',
  `date_mod` timestamp NULL DEFAULT NULL,
  `is_helpdesk_visible` tinyint(4) NOT NULL DEFAULT 1,
  PRIMARY KEY (`id`),
  KEY `name` (`name`),
  KEY `entities_id` (`entities_id`),
  KEY `plugin_order_ordertaxes_id` (`plugin_order_ordertaxes_id`),
  KEY `plugin_order_orderpayments_id` (`plugin_order_orderpayments_id`),
  KEY `states_id` (`plugin_order_orderstates_id`),
  KEY `suppliers_id` (`suppliers_id`),
  KEY `contacts_id` (`contacts_id`),
  KEY `plugin_order_accountsections_id` (`plugin_order_accountsections_id`),
  KEY `locations_id` (`locations_id`),
  KEY `is_late` (`is_late`),
  KEY `is_template` (`is_template`),
  KEY `is_deleted` (`is_deleted`),
  KEY `date_mod` (`date_mod`)
) ENGINE=InnoDB DEFAULT CHARSET=utf8mb4 COLLATE=utf8mb4_unicode_ci ROW_FORMAT=DYNAMIC;

--
-- Dumping data for table `glpi_plugin_order_orders`
--


--
-- Table structure for table `glpi_plugin_order_orders_items`
--

CREATE TABLE `glpi_plugin_order_orders_items` (
  `id` int(10) unsigned NOT NULL AUTO_INCREMENT,
  `entities_id` int(10) unsigned NOT NULL DEFAULT 0,
  `is_recursive` tinyint(4) NOT NULL DEFAULT 0,
  `plugin_order_orders_id` int(10) unsigned NOT NULL DEFAULT 0 COMMENT 'RELATION to glpi_plugin_order_orders (id)',
  `itemtype` varchar(100) NOT NULL COMMENT 'see .class.php file',
  `items_id` int(10) unsigned NOT NULL DEFAULT 0 COMMENT 'RELATION to various tables, according to itemtype (id)',
  `plugin_order_references_id` int(10) unsigned NOT NULL DEFAULT 0 COMMENT 'RELATION to glpi_plugin_order_references (id)',
  `plugin_order_deliverystates_id` int(10) unsigned NOT NULL DEFAULT 0 COMMENT 'RELATION to glpi_plugin_order_deliverystates (id)',
  `plugin_order_ordertaxes_id` int(10) unsigned NOT NULL DEFAULT 0 COMMENT 'RELATION to glpi_plugin_order_ordertaxes (id)',
  `plugin_order_analyticnatures_id` int(10) unsigned NOT NULL DEFAULT 0 COMMENT 'RELATION to plugin_order_analyticnatures (id)',
  `delivery_number` varchar(255) DEFAULT NULL,
  `delivery_comment` text DEFAULT NULL,
  `price_taxfree` decimal(20,6) NOT NULL DEFAULT 0.000000,
  `price_discounted` decimal(20,6) NOT NULL DEFAULT 0.000000,
  `discount` decimal(20,6) NOT NULL DEFAULT 0.000000,
  `price_ati` decimal(20,6) NOT NULL DEFAULT 0.000000,
  `states_id` int(10) unsigned NOT NULL DEFAULT 1,
  `delivery_date` date DEFAULT NULL,
  `plugin_order_bills_id` int(10) unsigned NOT NULL DEFAULT 0,
  `plugin_order_billstates_id` int(10) unsigned NOT NULL DEFAULT 0,
  `comment` text DEFAULT NULL,
  `immo_number` varchar(255) DEFAULT NULL,
  PRIMARY KEY (`id`),
  KEY `FK_device` (`items_id`,`itemtype`),
  KEY `entities_id` (`entities_id`),
  KEY `item` (`itemtype`,`items_id`),
  KEY `plugin_order_references_id` (`plugin_order_references_id`),
  KEY `plugin_order_deliverystates_id` (`plugin_order_deliverystates_id`),
  KEY `plugin_order_analyticnatures_id` (`plugin_order_analyticnatures_id`),
  KEY `states_id` (`states_id`),
  KEY `plugin_order_bills_id` (`plugin_order_bills_id`),
  KEY `plugin_order_billstates_id` (`plugin_order_billstates_id`)
) ENGINE=InnoDB DEFAULT CHARSET=utf8mb4 COLLATE=utf8mb4_unicode_ci ROW_FORMAT=DYNAMIC;

--
-- Dumping data for table `glpi_plugin_order_orders_items`
--


--
-- Table structure for table `glpi_plugin_order_orders_suppliers`
--

CREATE TABLE `glpi_plugin_order_orders_suppliers` (
  `id` int(10) unsigned NOT NULL AUTO_INCREMENT,
  `entities_id` int(10) unsigned NOT NULL DEFAULT 0,
  `is_recursive` tinyint(4) NOT NULL DEFAULT 0,
  `plugin_order_orders_id` int(10) unsigned NOT NULL DEFAULT 0 COMMENT 'RELATION to glpi_plugin_order_orders (id)',
  `suppliers_id` int(10) unsigned NOT NULL DEFAULT 0 COMMENT 'RELATION to glpi_suppliers (id)',
  `num_quote` varchar(255) DEFAULT NULL,
  `num_order` varchar(255) DEFAULT NULL,
  PRIMARY KEY (`id`),
  KEY `plugin_order_orders_id` (`plugin_order_orders_id`),
  KEY `entities_id` (`entities_id`),
  KEY `suppliers_id` (`suppliers_id`)
) ENGINE=InnoDB DEFAULT CHARSET=utf8mb4 COLLATE=utf8mb4_unicode_ci ROW_FORMAT=DYNAMIC;

--
-- Dumping data for table `glpi_plugin_order_orders_suppliers`
--


--
-- Table structure for table `glpi_plugin_order_orderstates`
--

CREATE TABLE `glpi_plugin_order_orderstates` (
  `id` int(10) unsigned NOT NULL AUTO_INCREMENT,
  `name` varchar(255) DEFAULT NULL,
  `comment` text DEFAULT NULL,
  PRIMARY KEY (`id`),
  KEY `name` (`name`)
) ENGINE=InnoDB AUTO_INCREMENT=8 DEFAULT CHARSET=utf8mb4 COLLATE=utf8mb4_unicode_ci ROW_FORMAT=DYNAMIC;

--
-- Dumping data for table `glpi_plugin_order_orderstates`
--

INSERT INTO `glpi_plugin_order_orderstates` VALUES
(1,'En cours d\'édition',NULL),
(2,'En attente d\'approbation',NULL),
(3,'Validée',NULL),
(4,'En cours de livraison',NULL),
(5,'Livrée',NULL),
(6,'Annulée',NULL),
(7,'Payée',NULL);

--
-- Table structure for table `glpi_plugin_order_ordertaxes`
--

CREATE TABLE `glpi_plugin_order_ordertaxes` (
  `id` int(10) unsigned NOT NULL AUTO_INCREMENT,
  `name` varchar(255) DEFAULT NULL,
  `comment` text DEFAULT NULL,
  PRIMARY KEY (`id`),
  KEY `name` (`name`)
) ENGINE=InnoDB AUTO_INCREMENT=4 DEFAULT CHARSET=utf8mb4 COLLATE=utf8mb4_unicode_ci ROW_FORMAT=DYNAMIC;

--
-- Dumping data for table `glpi_plugin_order_ordertaxes`
--

INSERT INTO `glpi_plugin_order_ordertaxes` VALUES
(1,'20',NULL),
(2,'5.5',NULL),
(3,'19.6',NULL);

--
-- Table structure for table `glpi_plugin_order_ordertypes`
--

CREATE TABLE `glpi_plugin_order_ordertypes` (
  `id` int(10) unsigned NOT NULL AUTO_INCREMENT,
  `name` varchar(255) DEFAULT NULL,
  `comment` text DEFAULT NULL,
  PRIMARY KEY (`id`),
  KEY `name` (`name`)
) ENGINE=InnoDB DEFAULT CHARSET=utf8mb4 COLLATE=utf8mb4_unicode_ci ROW_FORMAT=DYNAMIC;

--
-- Dumping data for table `glpi_plugin_order_ordertypes`
--


--
-- Table structure for table `glpi_plugin_order_others`
--

CREATE TABLE `glpi_plugin_order_others` (
  `id` int(10) unsigned NOT NULL AUTO_INCREMENT,
  `entities_id` int(10) unsigned NOT NULL DEFAULT 0,
  `name` varchar(255) DEFAULT NULL,
  `plugin_order_othertypes_id` int(10) unsigned NOT NULL DEFAULT 0,
  PRIMARY KEY (`id`),
  KEY `name` (`name`),
  KEY `entities_id` (`entities_id`),
  KEY `plugin_order_othertypes_id` (`plugin_order_othertypes_id`)
) ENGINE=InnoDB DEFAULT CHARSET=utf8mb4 COLLATE=utf8mb4_unicode_ci ROW_FORMAT=DYNAMIC;

--
-- Dumping data for table `glpi_plugin_order_others`
--


--
-- Table structure for table `glpi_plugin_order_othertypes`
--

CREATE TABLE `glpi_plugin_order_othertypes` (
  `id` int(10) unsigned NOT NULL AUTO_INCREMENT,
  `name` varchar(255) DEFAULT NULL,
  `comment` text DEFAULT NULL,
  PRIMARY KEY (`id`),
  KEY `name` (`name`)
) ENGINE=InnoDB DEFAULT CHARSET=utf8mb4 COLLATE=utf8mb4_unicode_ci ROW_FORMAT=DYNAMIC;

--
-- Dumping data for table `glpi_plugin_order_othertypes`
--


--
-- Table structure for table `glpi_plugin_order_preferences`
--

CREATE TABLE `glpi_plugin_order_preferences` (
  `id` int(10) unsigned NOT NULL AUTO_INCREMENT,
  `users_id` int(10) unsigned NOT NULL DEFAULT 0,
  `template` varchar(255) DEFAULT NULL,
  `sign` varchar(255) DEFAULT NULL,
  PRIMARY KEY (`id`),
  KEY `users_id` (`users_id`)
) ENGINE=InnoDB DEFAULT CHARSET=utf8mb4 COLLATE=utf8mb4_unicode_ci ROW_FORMAT=DYNAMIC;

--
-- Dumping data for table `glpi_plugin_order_preferences`
--


--
-- Table structure for table `glpi_plugin_order_referencefrees`
--

CREATE TABLE `glpi_plugin_order_referencefrees` (
  `id` int(10) unsigned NOT NULL AUTO_INCREMENT,
  `entities_id` int(10) unsigned NOT NULL DEFAULT 0,
  `is_recursive` tinyint(4) NOT NULL DEFAULT 0,
  `plugin_order_orders_id` int(10) unsigned NOT NULL DEFAULT 0 COMMENT 'RELATION to glpi_plugin_order_orders (id)',
  `name` varchar(255) DEFAULT NULL,
  `manufacturers_id` int(10) unsigned NOT NULL DEFAULT 0 COMMENT 'RELATION to glpi_manufacturers (id)',
  `manufacturers_reference` varchar(255) NOT NULL DEFAULT '',
  `itemtype` varchar(100) NOT NULL COMMENT 'see .class.php file',
  `templates_id` int(10) unsigned NOT NULL DEFAULT 0 COMMENT 'RELATION to various tables, according to itemtype (id)',
  `comment` text DEFAULT NULL,
  `ecotax_price` decimal(20,6) NOT NULL DEFAULT 0.000000,
  `price_taxfree` decimal(20,6) NOT NULL DEFAULT 0.000000,
  `price_discounted` decimal(20,6) NOT NULL DEFAULT 0.000000,
  `discount` decimal(20,6) NOT NULL DEFAULT 0.000000,
  `price_ati` decimal(20,6) NOT NULL DEFAULT 0.000000,
  `states_id` int(10) unsigned NOT NULL DEFAULT 1,
  `delivery_date` date DEFAULT NULL,
  `plugin_order_ordertaxes_id` int(10) unsigned NOT NULL DEFAULT 0 COMMENT 'RELATION to glpi_plugin_order_ordertaxes (id)',
  `is_deleted` tinyint(4) NOT NULL DEFAULT 0,
  `is_active` tinyint(4) NOT NULL DEFAULT 1,
  `notepad` longtext DEFAULT NULL,
  `date_mod` timestamp NULL DEFAULT NULL,
  PRIMARY KEY (`id`),
  KEY `name` (`name`),
  KEY `entities_id` (`entities_id`),
  KEY `manufacturers_id` (`manufacturers_id`),
  KEY `templates_id` (`templates_id`),
  KEY `plugin_order_ordertaxes_id` (`plugin_order_ordertaxes_id`),
  KEY `states_id` (`states_id`),
  KEY `is_active` (`is_active`),
  KEY `is_deleted` (`is_deleted`),
  KEY `date_mod` (`date_mod`)
) ENGINE=InnoDB DEFAULT CHARSET=utf8mb4 COLLATE=utf8mb4_unicode_ci ROW_FORMAT=DYNAMIC;

--
-- Dumping data for table `glpi_plugin_order_referencefrees`
--


--
-- Table structure for table `glpi_plugin_order_references`
--

CREATE TABLE `glpi_plugin_order_references` (
  `id` int(10) unsigned NOT NULL AUTO_INCREMENT,
  `entities_id` int(10) unsigned NOT NULL DEFAULT 0,
  `is_recursive` tinyint(4) NOT NULL DEFAULT 0,
  `name` varchar(255) DEFAULT NULL,
  `manufacturers_id` int(10) unsigned NOT NULL DEFAULT 0 COMMENT 'RELATION to glpi_manufacturers (id)',
  `manufacturers_reference` varchar(255) NOT NULL DEFAULT '',
  `types_id` int(10) unsigned NOT NULL DEFAULT 0 COMMENT 'RELATION to various tables, according to itemtypes tables (id)',
  `models_id` int(10) unsigned NOT NULL DEFAULT 0 COMMENT 'RELATION to various tables, according to itemmodels tables (id)',
  `itemtype` varchar(100) NOT NULL COMMENT 'see .class.php file',
  `templates_id` int(10) unsigned NOT NULL DEFAULT 0 COMMENT 'RELATION to various tables, according to itemtype (id)',
  `comment` text DEFAULT NULL,
  `is_deleted` tinyint(4) NOT NULL DEFAULT 0,
  `is_active` tinyint(4) NOT NULL DEFAULT 1,
  `notepad` longtext DEFAULT NULL,
  `date_mod` timestamp NULL DEFAULT NULL,
  `ecotax_price` decimal(20,6) NOT NULL DEFAULT 0.000000,
  PRIMARY KEY (`id`),
  KEY `name` (`name`),
  KEY `entities_id` (`entities_id`),
  KEY `manufacturers_id` (`manufacturers_id`),
  KEY `types_id` (`types_id`),
  KEY `models_id` (`models_id`),
  KEY `templates_id` (`templates_id`),
  KEY `is_active` (`is_active`),
  KEY `is_deleted` (`is_deleted`),
  KEY `date_mod` (`date_mod`)
) ENGINE=InnoDB DEFAULT CHARSET=utf8mb4 COLLATE=utf8mb4_unicode_ci ROW_FORMAT=DYNAMIC;

--
-- Dumping data for table `glpi_plugin_order_references`
--


--
-- Table structure for table `glpi_plugin_order_references_suppliers`
--

CREATE TABLE `glpi_plugin_order_references_suppliers` (
  `id` int(10) unsigned NOT NULL AUTO_INCREMENT,
  `entities_id` int(10) unsigned NOT NULL DEFAULT 0,
  `is_recursive` tinyint(4) NOT NULL DEFAULT 0,
  `plugin_order_references_id` int(10) unsigned NOT NULL DEFAULT 0 COMMENT 'RELATION to glpi_plugin_order_references (id)',
  `suppliers_id` int(10) unsigned NOT NULL DEFAULT 0 COMMENT 'RELATION to glpi_suppliers (id)',
  `price_taxfree` decimal(20,6) NOT NULL DEFAULT 0.000000,
  `reference_code` varchar(255) DEFAULT NULL,
  PRIMARY KEY (`id`),
  KEY `entities_id` (`entities_id`),
  KEY `plugin_order_references_id` (`plugin_order_references_id`),
  KEY `suppliers_id` (`suppliers_id`)
) ENGINE=InnoDB DEFAULT CHARSET=utf8mb4 COLLATE=utf8mb4_unicode_ci ROW_FORMAT=DYNAMIC;

--
-- Dumping data for table `glpi_plugin_order_references_suppliers`
--


--
-- Table structure for table `glpi_plugin_order_surveysuppliers`
--

CREATE TABLE `glpi_plugin_order_surveysuppliers` (
  `id` int(10) unsigned NOT NULL AUTO_INCREMENT,
  `entities_id` int(10) unsigned NOT NULL DEFAULT 0,
  `is_recursive` tinyint(4) NOT NULL DEFAULT 0,
  `plugin_order_orders_id` int(10) unsigned NOT NULL DEFAULT 0 COMMENT 'RELATION to glpi_plugin_order_orders (id)',
  `suppliers_id` int(10) unsigned NOT NULL DEFAULT 0 COMMENT 'RELATION to glpi_suppliers (id)',
  `answer1` int(11) NOT NULL DEFAULT 0,
  `answer2` int(11) NOT NULL DEFAULT 0,
  `answer3` int(11) NOT NULL DEFAULT 0,
  `answer4` int(11) NOT NULL DEFAULT 0,
  `answer5` int(11) NOT NULL DEFAULT 0,
  `comment` text DEFAULT NULL,
  PRIMARY KEY (`id`),
  KEY `plugin_order_orders_id` (`plugin_order_orders_id`),
  KEY `entities_id` (`entities_id`),
  KEY `suppliers_id` (`suppliers_id`)
) ENGINE=InnoDB DEFAULT CHARSET=utf8mb4 COLLATE=utf8mb4_unicode_ci ROW_FORMAT=DYNAMIC;

--
-- Dumping data for table `glpi_plugin_order_surveysuppliers`
--


--
-- Table structure for table `glpi_plugin_pdf_configs`
--

CREATE TABLE `glpi_plugin_pdf_configs` (
  `id` int(10) unsigned NOT NULL,
  `currency` varchar(15) DEFAULT NULL,
  `add_text` varchar(255) DEFAULT NULL,
  `use_branding_logo` tinyint(1) DEFAULT 0,
  `date_mod` timestamp NULL DEFAULT NULL,
  PRIMARY KEY (`id`)
) ENGINE=InnoDB DEFAULT CHARSET=utf8mb4 COLLATE=utf8mb4_unicode_ci ROW_FORMAT=DYNAMIC;

--
-- Dumping data for table `glpi_plugin_pdf_configs`
--

INSERT INTO `glpi_plugin_pdf_configs` VALUES
(1,'EUR',NULL,0,'2025-01-23 16:51:19');

--
-- Table structure for table `glpi_plugin_pdf_preferences`
--

CREATE TABLE `glpi_plugin_pdf_preferences` (
  `id` int(10) unsigned NOT NULL AUTO_INCREMENT,
  `users_id` int(10) unsigned NOT NULL COMMENT 'RELATION to glpi_users (id)',
  `itemtype` varchar(100) NOT NULL COMMENT 'see define.php *_TYPE constant',
  `tabref` varchar(255) NOT NULL COMMENT 'ref of tab to display, or plugname_#, or option name',
  PRIMARY KEY (`id`)
) ENGINE=InnoDB DEFAULT CHARSET=utf8mb4 COLLATE=utf8mb4_unicode_ci ROW_FORMAT=DYNAMIC;

--
-- Dumping data for table `glpi_plugin_pdf_preferences`
--


--
-- Table structure for table `glpi_plugin_satisfaction_reminders`
--

CREATE TABLE `glpi_plugin_satisfaction_reminders` (
  `id` int(10) unsigned NOT NULL AUTO_INCREMENT,
  `type` int(10) unsigned NOT NULL DEFAULT 0,
  `tickets_id` int(10) unsigned NOT NULL,
  `date` timestamp NULL DEFAULT NULL,
  PRIMARY KEY (`id`),
  UNIQUE KEY `unicity` (`tickets_id`)
) ENGINE=InnoDB DEFAULT CHARSET=utf8mb4 COLLATE=utf8mb4_unicode_ci ROW_FORMAT=DYNAMIC;

--
-- Dumping data for table `glpi_plugin_satisfaction_reminders`
--


--
-- Table structure for table `glpi_plugin_satisfaction_surveyanswers`
--

CREATE TABLE `glpi_plugin_satisfaction_surveyanswers` (
  `id` int(10) unsigned NOT NULL AUTO_INCREMENT,
  `answer` text DEFAULT NULL,
  `comment` text DEFAULT NULL,
  `plugin_satisfaction_surveys_id` int(10) unsigned NOT NULL,
  `ticketsatisfactions_id` int(10) unsigned NOT NULL,
  PRIMARY KEY (`id`)
) ENGINE=InnoDB AUTO_INCREMENT=7 DEFAULT CHARSET=utf8mb4 COLLATE=utf8mb4_unicode_ci ROW_FORMAT=DYNAMIC;

--
-- Dumping data for table `glpi_plugin_satisfaction_surveyanswers`
--

INSERT INTO `glpi_plugin_satisfaction_surveyanswers` VALUES
(1,'{\"1\":\"4\",\"2\":\"4\",\"3\":\"4\"}',NULL,1,52),
(2,'{\"1\":\"5\",\"2\":\"5\",\"3\":\"4\"}',NULL,1,55),
(3,'{\"1\":\"5\",\"2\":\"5\",\"3\":\"4\"}',NULL,1,56),
(4,'{\"1\":\"4\",\"2\":\"4\",\"3\":\"4\"}',NULL,1,83),
(5,'{\"1\":\"5\",\"2\":\"5\",\"3\":\"3\"}',NULL,1,84),
(6,'{\"1\":\"3\",\"2\":\"3\",\"3\":\"3\"}',NULL,1,89);

--
-- Table structure for table `glpi_plugin_satisfaction_surveyquestions`
--

CREATE TABLE `glpi_plugin_satisfaction_surveyquestions` (
  `id` int(10) unsigned NOT NULL AUTO_INCREMENT,
  `plugin_satisfaction_surveys_id` int(10) unsigned NOT NULL,
  `name` text DEFAULT NULL,
  `type` varchar(255) DEFAULT NULL,
  `comment` text DEFAULT NULL,
  `number` int(10) unsigned NOT NULL DEFAULT 0,
  `default_value` int(10) unsigned NOT NULL DEFAULT 1,
  PRIMARY KEY (`id`)
) ENGINE=InnoDB AUTO_INCREMENT=4 DEFAULT CHARSET=utf8mb4 COLLATE=utf8mb4_unicode_ci ROW_FORMAT=DYNAMIC;

--
-- Dumping data for table `glpi_plugin_satisfaction_surveyquestions`
--

INSERT INTO `glpi_plugin_satisfaction_surveyquestions` VALUES
(1,1,'Satisfaction sur la qualité de l’accueil','note','',5,3),
(2,1,'Satisfactions sur les délais de traitement','note','',5,3),
(3,1,'Satisfaction sur la qualité de la réponse','note','',5,3);

--
-- Table structure for table `glpi_plugin_satisfaction_surveyreminders`
--

CREATE TABLE `glpi_plugin_satisfaction_surveyreminders` (
  `id` int(10) unsigned NOT NULL AUTO_INCREMENT,
  `plugin_satisfaction_surveys_id` int(10) unsigned NOT NULL,
  `name` text DEFAULT NULL,
  `duration_type` int(10) unsigned NOT NULL,
  `duration` int(10) unsigned NOT NULL,
  `is_active` tinyint(4) NOT NULL DEFAULT 0,
  `comment` text DEFAULT NULL,
  PRIMARY KEY (`id`)
) ENGINE=InnoDB DEFAULT CHARSET=utf8mb4 COLLATE=utf8mb4_unicode_ci ROW_FORMAT=DYNAMIC;

--
-- Dumping data for table `glpi_plugin_satisfaction_surveyreminders`
--


--
-- Table structure for table `glpi_plugin_satisfaction_surveys`
--

CREATE TABLE `glpi_plugin_satisfaction_surveys` (
  `id` int(10) unsigned NOT NULL AUTO_INCREMENT,
  `entities_id` int(10) unsigned NOT NULL DEFAULT 0,
  `is_recursive` tinyint(4) NOT NULL DEFAULT 0,
  `is_active` tinyint(4) NOT NULL DEFAULT 0,
  `name` varchar(255) DEFAULT NULL,
  `comment` text DEFAULT NULL,
  `date_creation` timestamp NULL DEFAULT NULL,
  `date_mod` timestamp NULL DEFAULT NULL,
  `reminders_days` int(10) unsigned NOT NULL DEFAULT 30,
  PRIMARY KEY (`id`)
) ENGINE=InnoDB AUTO_INCREMENT=2 DEFAULT CHARSET=utf8mb4 COLLATE=utf8mb4_unicode_ci ROW_FORMAT=DYNAMIC;

--
-- Dumping data for table `glpi_plugin_satisfaction_surveys`
--

INSERT INTO `glpi_plugin_satisfaction_surveys` VALUES
(1,0,1,1,'Satisfaction client','','2022-09-07 19:25:24','2022-09-07 19:39:25',30);

--
-- Table structure for table `glpi_plugin_satisfaction_surveytranslations`
--

CREATE TABLE `glpi_plugin_satisfaction_surveytranslations` (
  `id` int(10) unsigned NOT NULL AUTO_INCREMENT,
  `plugin_satisfaction_surveys_id` int(10) unsigned NOT NULL DEFAULT 0,
  `glpi_plugin_satisfaction_surveyquestions_id` int(10) unsigned NOT NULL DEFAULT 0,
  `language` varchar(5) DEFAULT NULL,
  `value` text DEFAULT NULL,
  PRIMARY KEY (`id`),
  UNIQUE KEY `unicity` (`plugin_satisfaction_surveys_id`,`glpi_plugin_satisfaction_surveyquestions_id`,`language`),
  KEY `typeid` (`plugin_satisfaction_surveys_id`,`glpi_plugin_satisfaction_surveyquestions_id`),
  KEY `language` (`language`)
) ENGINE=InnoDB DEFAULT CHARSET=utf8mb4 COLLATE=utf8mb4_unicode_ci ROW_FORMAT=DYNAMIC;

--
-- Dumping data for table `glpi_plugin_satisfaction_surveytranslations`
--


--
-- Table structure for table `glpi_plugin_simcard_configs`
--

CREATE TABLE `glpi_plugin_simcard_configs` (
  `id` int(10) unsigned NOT NULL AUTO_INCREMENT,
  `type` varchar(255) DEFAULT NULL,
  `value` varchar(255) DEFAULT NULL,
  PRIMARY KEY (`id`),
  UNIQUE KEY `unicity` (`type`)
) ENGINE=InnoDB AUTO_INCREMENT=2 DEFAULT CHARSET=utf8mb4 COLLATE=utf8mb4_unicode_ci;

--
-- Dumping data for table `glpi_plugin_simcard_configs`
--

INSERT INTO `glpi_plugin_simcard_configs` VALUES
(1,'Version','1.5.0');

--
-- Table structure for table `glpi_plugin_simcard_phoneoperators`
--

CREATE TABLE `glpi_plugin_simcard_phoneoperators` (
  `id` int(10) unsigned NOT NULL AUTO_INCREMENT,
  `name` varchar(255) NOT NULL,
  `comment` mediumtext NOT NULL,
  PRIMARY KEY (`id`),
  KEY `name` (`name`)
) ENGINE=InnoDB AUTO_INCREMENT=2 DEFAULT CHARSET=utf8mb4 COLLATE=utf8mb4_unicode_ci;

--
-- Dumping data for table `glpi_plugin_simcard_phoneoperators`
--

INSERT INTO `glpi_plugin_simcard_phoneoperators` VALUES
(1,'Orange','');

--
-- Table structure for table `glpi_plugin_simcard_simcards`
--

CREATE TABLE `glpi_plugin_simcard_simcards` (
  `id` int(10) unsigned NOT NULL AUTO_INCREMENT,
  `entities_id` int(10) unsigned NOT NULL DEFAULT 0,
  `name` varchar(255) NOT NULL DEFAULT '',
  `phonenumber` varchar(255) NOT NULL DEFAULT '',
  `serial` varchar(255) NOT NULL DEFAULT '',
  `pin` varchar(255) NOT NULL DEFAULT '',
  `pin2` varchar(255) NOT NULL DEFAULT '',
  `puk` varchar(255) NOT NULL DEFAULT '',
  `puk2` varchar(255) NOT NULL DEFAULT '',
  `otherserial` varchar(255) NOT NULL DEFAULT '',
  `states_id` int(10) unsigned NOT NULL DEFAULT 0,
  `locations_id` int(10) unsigned NOT NULL DEFAULT 0,
  `users_id` int(10) unsigned NOT NULL DEFAULT 0,
  `users_id_tech` int(10) unsigned NOT NULL DEFAULT 0,
  `groups_id` int(10) unsigned NOT NULL DEFAULT 0,
  `groups_id_tech` int(10) unsigned NOT NULL DEFAULT 0,
  `plugin_simcard_phoneoperators_id` int(10) unsigned NOT NULL DEFAULT 0,
  `manufacturers_id` int(10) unsigned NOT NULL DEFAULT 0,
  `plugin_simcard_simcardsizes_id` int(10) unsigned NOT NULL DEFAULT 0,
  `plugin_simcard_simcardvoltages_id` int(10) unsigned NOT NULL DEFAULT 0,
  `plugin_simcard_simcardtypes_id` int(10) unsigned NOT NULL DEFAULT 0,
  `comment` mediumtext DEFAULT NULL,
  `date_mod` timestamp NULL DEFAULT NULL,
  `is_template` tinyint(1) NOT NULL DEFAULT 0,
  `is_global` tinyint(1) NOT NULL DEFAULT 0,
  `is_deleted` tinyint(1) NOT NULL DEFAULT 0,
  `template_name` varchar(255) DEFAULT NULL,
  `ticket_tco` decimal(20,4) DEFAULT 0.0000,
  `is_helpdesk_visible` tinyint(1) NOT NULL DEFAULT 1,
  PRIMARY KEY (`id`),
  KEY `name` (`name`),
  KEY `entities_id` (`entities_id`),
  KEY `states_id` (`states_id`),
  KEY `plugin_simcard_phoneoperators_id` (`plugin_simcard_phoneoperators_id`),
  KEY `plugin_simcard_simcardsizes_id` (`plugin_simcard_simcardsizes_id`),
  KEY `plugin_simcard_simcardvoltages_id` (`plugin_simcard_simcardvoltages_id`),
  KEY `manufacturers_id` (`manufacturers_id`),
  KEY `pin` (`pin`),
  KEY `pin2` (`pin2`),
  KEY `puk` (`puk`),
  KEY `puk2` (`puk2`),
  KEY `serial` (`serial`),
  KEY `users_id` (`users_id`),
  KEY `users_id_tech` (`users_id_tech`),
  KEY `groups_id` (`groups_id`),
  KEY `is_template` (`is_template`),
  KEY `is_deleted` (`is_deleted`),
  KEY `is_helpdesk_visible` (`is_helpdesk_visible`),
  KEY `is_global` (`is_global`)
) ENGINE=InnoDB AUTO_INCREMENT=2 DEFAULT CHARSET=utf8mb4 COLLATE=utf8mb4_unicode_ci;

--
-- Dumping data for table `glpi_plugin_simcard_simcards`
--


--
-- Table structure for table `glpi_plugin_simcard_simcards_items`
--

CREATE TABLE `glpi_plugin_simcard_simcards_items` (
  `id` int(10) unsigned NOT NULL AUTO_INCREMENT,
  `items_id` int(10) unsigned NOT NULL DEFAULT 0,
  `plugin_simcard_simcards_id` int(10) unsigned NOT NULL DEFAULT 0,
  `itemtype` varchar(100) NOT NULL,
  PRIMARY KEY (`id`),
  KEY `plugin_simcard_simcards_id` (`plugin_simcard_simcards_id`),
  KEY `item` (`itemtype`,`items_id`)
) ENGINE=InnoDB AUTO_INCREMENT=2 DEFAULT CHARSET=utf8mb4 COLLATE=utf8mb4_unicode_ci;

--
-- Dumping data for table `glpi_plugin_simcard_simcards_items`
--


--
-- Table structure for table `glpi_plugin_simcard_simcardsizes`
--

CREATE TABLE `glpi_plugin_simcard_simcardsizes` (
  `id` int(10) unsigned NOT NULL AUTO_INCREMENT,
  `name` varchar(255) NOT NULL,
  `comment` mediumtext NOT NULL,
  PRIMARY KEY (`id`),
  KEY `name` (`name`)
) ENGINE=InnoDB AUTO_INCREMENT=5 DEFAULT CHARSET=utf8mb4 COLLATE=utf8mb4_unicode_ci;

--
-- Dumping data for table `glpi_plugin_simcard_simcardsizes`
--

INSERT INTO `glpi_plugin_simcard_simcardsizes` VALUES
(1,'Full-SIM',''),
(2,'Micro-SIM',''),
(3,'Mini-SIM',''),
(4,'Nano-SIM','');

--
-- Table structure for table `glpi_plugin_simcard_simcardtypes`
--

CREATE TABLE `glpi_plugin_simcard_simcardtypes` (
  `id` int(10) unsigned NOT NULL AUTO_INCREMENT,
  `name` varchar(255) NOT NULL,
  `comment` mediumtext NOT NULL,
  PRIMARY KEY (`id`),
  KEY `name` (`name`)
) ENGINE=InnoDB DEFAULT CHARSET=utf8mb4 COLLATE=utf8mb4_unicode_ci;

--
-- Dumping data for table `glpi_plugin_simcard_simcardtypes`
--


--
-- Table structure for table `glpi_plugin_simcard_simcardvoltages`
--

CREATE TABLE `glpi_plugin_simcard_simcardvoltages` (
  `id` int(10) unsigned NOT NULL AUTO_INCREMENT,
  `name` varchar(255) NOT NULL,
  `comment` mediumtext NOT NULL,
  PRIMARY KEY (`id`),
  KEY `name` (`name`)
) ENGINE=InnoDB AUTO_INCREMENT=3 DEFAULT CHARSET=utf8mb4 COLLATE=utf8mb4_unicode_ci;

--
-- Dumping data for table `glpi_plugin_simcard_simcardvoltages`
--

INSERT INTO `glpi_plugin_simcard_simcardvoltages` VALUES
(1,'3V',''),
(2,'5V','');

--
-- Table structure for table `glpi_plugin_tag_tagitems`
--

CREATE TABLE `glpi_plugin_tag_tagitems` (
  `id` int(10) unsigned NOT NULL AUTO_INCREMENT,
  `plugin_tag_tags_id` int(10) unsigned NOT NULL DEFAULT 0,
  `items_id` int(10) unsigned NOT NULL DEFAULT 1,
  `itemtype` varchar(255) NOT NULL DEFAULT '',
  PRIMARY KEY (`id`),
  UNIQUE KEY `unicity` (`itemtype`,`items_id`,`plugin_tag_tags_id`)
) ENGINE=InnoDB AUTO_INCREMENT=64 DEFAULT CHARSET=utf8mb4 COLLATE=utf8mb4_unicode_ci ROW_FORMAT=DYNAMIC;

--
-- Dumping data for table `glpi_plugin_tag_tagitems`
--

INSERT INTO `glpi_plugin_tag_tagitems` VALUES
(7,2,231,'Group'),
(41,2,248,'Group'),
(40,2,249,'Group'),
(12,6,218,'Ticket'),
(27,6,260,'Ticket'),
(26,7,260,'Ticket'),
(28,7,262,'Ticket'),
(29,8,262,'Ticket'),
(30,9,266,'Ticket'),
(31,10,267,'Ticket'),
(32,9,268,'Ticket'),
(33,9,274,'Ticket'),
(35,6,275,'Ticket'),
(34,7,275,'Ticket'),
(52,7,282,'Ticket'),
(36,4,284,'Ticket'),
(38,6,286,'Ticket'),
(48,7,304,'Ticket'),
(49,7,327,'Ticket'),
(50,7,328,'Ticket'),
(51,7,329,'Ticket'),
(53,7,331,'Ticket'),
(54,7,332,'Ticket'),
(55,7,333,'Ticket'),
(56,7,337,'Ticket'),
(57,7,339,'Ticket'),
(58,7,340,'Ticket'),
(59,7,342,'Ticket'),
(60,7,343,'Ticket'),
(61,7,346,'Ticket'),
(62,7,383,'Ticket'),
(63,7,384,'Ticket'),
(10,7,26,'User');

--
-- Table structure for table `glpi_plugin_tag_tags`
--

CREATE TABLE `glpi_plugin_tag_tags` (
  `id` int(10) unsigned NOT NULL AUTO_INCREMENT,
  `entities_id` int(10) unsigned NOT NULL DEFAULT 0,
  `is_recursive` tinyint(4) NOT NULL DEFAULT 1,
  `name` varchar(255) NOT NULL DEFAULT '',
  `comment` text DEFAULT NULL,
  `color` varchar(50) NOT NULL DEFAULT '',
  `type_menu` text DEFAULT NULL,
  `is_active` tinyint(4) NOT NULL DEFAULT 1,
  PRIMARY KEY (`id`),
  KEY `name` (`name`),
  KEY `entities_id` (`entities_id`),
  KEY `is_recursive` (`is_recursive`),
  KEY `is_active` (`is_active`)
) ENGINE=InnoDB AUTO_INCREMENT=11 DEFAULT CHARSET=utf8mb4 COLLATE=utf8mb4_unicode_ci ROW_FORMAT=DYNAMIC;

--
-- Dumping data for table `glpi_plugin_tag_tags`
--

INSERT INTO `glpi_plugin_tag_tags` VALUES
(2,0,1,'Groupe VIP',NULL,'#d9d2e9','[\"Group\"]',1),
(4,0,1,'TRA-0IB','Interruption de service pour 10 utilisateurs génériques ou plus','#ea9999','[\"Ticket\"]',1),
(5,0,1,'TRA-0IC','Incident de type C - dite Faible','#f4cccc','[\"Ticket\"]',1),
(6,0,1,'TRA-0IA','Interruption de service, donc un incident, ouvert par une personne dite prioritaire - VIP','#f44336','[\"Ticket\"]',1),
(7,0,1,'Personne VIP','','#8e7cc3','[\"Ticket\",\"User\"]',1),
(8,0,1,'TRA-0DA','','#3d85c6','[\"Ticket\"]',1),
(9,0,1,'TRA-0DB','','#6fa8dc','[\"Ticket\"]',1),
(10,0,1,'TRA-0DC','','#cfe2f3','[\"Ticket\"]',1);

--
-- Table structure for table `glpi_plugin_timelineticket_assigngroups`
--

CREATE TABLE `glpi_plugin_timelineticket_assigngroups` (
  `id` int(10) unsigned NOT NULL AUTO_INCREMENT,
  `tickets_id` int(10) unsigned NOT NULL DEFAULT 0,
  `date` timestamp NULL DEFAULT NULL,
  `groups_id` varchar(255) DEFAULT NULL,
  `begin` int(10) unsigned DEFAULT NULL,
  `delay` int(11) DEFAULT NULL,
  PRIMARY KEY (`id`),
  KEY `tickets_id` (`tickets_id`)
) ENGINE=InnoDB AUTO_INCREMENT=76 DEFAULT CHARSET=utf8mb4 COLLATE=utf8mb4_unicode_ci ROW_FORMAT=DYNAMIC;

--
-- Dumping data for table `glpi_plugin_timelineticket_assigngroups`
--

INSERT INTO `glpi_plugin_timelineticket_assigngroups` VALUES
(1,262,'2025-02-12 09:42:42','209',28438,NULL),
(2,262,'2025-02-12 11:08:25','247',33581,NULL),
(3,263,'2025-02-11 19:57:19','243',663,NULL),
(4,264,'2025-02-11 20:20:06','243',227,NULL),
(5,266,'2025-02-12 11:42:53','247',21264,NULL),
(6,282,'2025-02-12 13:01:44','247',3255,95),
(7,282,'2025-02-12 13:05:43','247',3494,2096484),
(8,282,'2025-04-29 12:35:04','247',3115655,136106),
(9,283,'2025-02-12 14:00:37','247',1256,NULL),
(10,325,'2025-04-02 22:12:41','243',715318,49207),
(11,330,'2025-04-03 20:58:00','243',366481,469),
(12,330,'2025-04-03 21:05:49','247',366950,NULL),
(13,331,'2025-04-04 19:35:48','247',17614,NULL),
(14,333,'2025-04-09 19:40:14','247',24773,NULL),
(15,336,'2025-07-01 13:02:59','247',55,150),
(16,336,'2025-07-01 13:05:45','247',221,19),
(17,336,'2025-07-01 13:06:04','243',240,33),
(18,345,'2025-12-30 17:31:48','253',3518585,228),
(19,345,'2025-12-30 17:35:36','254',3518813,16),
(20,345,'2025-12-30 17:35:52','255',3518829,28),
(21,345,'2025-12-30 17:36:20','253',3518857,9170),
(22,345,'2025-12-30 20:09:10','254',3528027,NULL),
(23,346,'2025-12-30 17:26:55','253',3518035,75),
(24,346,'2025-12-30 17:28:10','254',3518110,9882),
(25,346,'2025-12-30 20:12:52','253',3527992,211),
(26,346,'2025-12-30 20:16:23','254',3528203,16),
(27,346,'2025-12-30 20:16:39','255',3528219,81),
(28,346,'2025-12-30 20:18:00','253',3528300,29),
(29,346,'2025-12-30 20:18:29','255',3528329,18),
(30,346,'2025-12-30 20:18:47','253',3528347,65),
(31,346,'2025-12-30 20:20:06','254',3528426,2165),
(32,346,'2025-12-30 20:56:11','253',3530591,39),
(33,346,'2025-12-30 20:56:50','254',3530630,85),
(34,346,'2025-12-30 20:58:15','255',3530715,NULL),
(35,347,'2025-12-30 17:06:29','253',3516576,93),
(36,347,'2025-12-30 17:07:49','254',3516656,2164),
(37,347,'2025-12-30 17:43:53','253',3518820,87),
(38,347,'2025-12-30 17:45:20','254',3518907,48),
(39,347,'2025-12-30 17:46:08','255',3518955,13679),
(40,347,'2025-12-30 21:34:07','254',3532634,6542),
(41,348,'2025-12-30 16:50:49','253',3515477,539),
(42,348,'2025-12-30 16:59:48','254',3516016,1544),
(43,348,'2025-12-30 17:25:32','255',3517560,12842),
(44,348,'2025-12-30 20:59:34','254',3530402,20),
(45,348,'2025-12-30 20:59:54','253',3530422,1724),
(46,348,'2025-12-30 21:28:38','254',3532146,160),
(47,348,'2025-12-30 21:31:18','253',3532306,NULL),
(48,349,'2025-12-30 21:13:40','253',198,470),
(49,349,'2025-12-30 21:21:30','254',668,614),
(50,349,'2025-12-30 21:31:44','255',1282,90),
(51,349,'2025-12-30 21:33:14','253',1372,NULL),
(52,350,'2025-12-30 21:50:49','253',744,60),
(53,350,'2025-12-30 21:51:49','254',804,166),
(54,350,'2025-12-30 21:54:35','255',970,325),
(55,350,'2025-12-30 22:10:37','253',1295,NULL),
(56,218,'2024-12-12 19:35:57','243',66,NULL),
(57,339,'2025-09-24 05:41:47','247',0,NULL),
(58,340,'2025-09-24 08:44:35','247',392,246),
(59,380,'2026-02-10 16:05:47','253',1708042,357427),
(60,381,'2026-02-13 22:18:49','253',1891295,126000),
(61,381,'2026-02-17 23:02:00','254',2017295,1),
(62,381,'2026-02-17 23:19:01','255',2017295,47916),
(63,347,'2026-02-18 18:30:19','254',5588006,NULL),
(64,345,'2026-02-18 20:20:40','253',5598717,NULL),
(65,382,'2026-02-24 14:48:30','253',5812787,1),
(66,382,'2026-02-24 14:48:30','254',5812787,NULL),
(67,383,'2026-02-24 14:48:54','254',5812811,1),
(68,383,'2026-02-24 14:48:54','253',5812811,NULL),
(69,384,'2026-02-24 15:22:52','253',5814849,156963),
(70,369,'2026-02-27 14:05:03','253',1208798,38),
(71,369,'2026-02-27 14:05:41','254',1208836,64),
(72,369,'2026-02-27 14:06:45','253',1208900,21),
(73,369,'2026-02-27 14:07:06','243',1208921,NULL),
(74,385,'2026-02-27 14:08:49','243',1209024,20),
(75,386,'2026-02-27 14:11:58','254',0,NULL);

--
-- Table structure for table `glpi_plugin_timelineticket_assignusers`
--

CREATE TABLE `glpi_plugin_timelineticket_assignusers` (
  `id` int(10) unsigned NOT NULL AUTO_INCREMENT,
  `tickets_id` int(10) unsigned NOT NULL DEFAULT 0,
  `date` timestamp NULL DEFAULT NULL,
  `users_id` varchar(255) DEFAULT NULL,
  `begin` int(10) unsigned DEFAULT NULL,
  `delay` int(11) DEFAULT NULL,
  PRIMARY KEY (`id`),
  KEY `tickets_id` (`tickets_id`)
) ENGINE=InnoDB AUTO_INCREMENT=121 DEFAULT CHARSET=utf8mb4 COLLATE=utf8mb4_unicode_ci ROW_FORMAT=DYNAMIC;

--
-- Dumping data for table `glpi_plugin_timelineticket_assignusers`
--

INSERT INTO `glpi_plugin_timelineticket_assignusers` VALUES
(79,264,'2025-02-11 20:17:31','2',72,NULL),
(80,275,'2025-02-12 10:05:24','18',2756,220),
(81,274,'2025-02-12 10:26:21','18',8781,NULL),
(82,260,'2025-02-12 10:35:15','18',9315,1832),
(83,262,'2025-02-12 10:44:33','18',9873,1438),
(84,266,'2025-02-12 10:46:51','18',10011,3369),
(85,267,'2025-02-12 10:47:39','18',10059,NULL),
(86,268,'2025-02-12 10:49:01','18',10141,NULL),
(87,260,'2025-02-12 11:06:23','18',11183,20),
(88,278,'2025-02-12 11:12:29','18',48,15850),
(89,279,'2025-02-12 11:16:01','18',42,NULL),
(90,280,'2025-02-12 11:18:45','18',34,NULL),
(91,262,'2025-02-12 11:30:00','41',12600,NULL),
(92,266,'2025-02-12 11:45:49','41',13549,NULL),
(93,282,'2025-02-12 12:13:12','18',343,262),
(94,282,'2025-02-12 12:25:22','18',1073,3114582),
(95,283,'2025-02-12 13:45:49','18',368,97),
(96,283,'2025-02-12 13:59:46','18',1205,51),
(97,287,'2025-02-19 14:52:47','2',882,NULL),
(98,290,'2025-03-04 16:24:57','18',201474,NULL),
(99,325,'2025-03-24 18:29:40','2',306698,408620),
(100,331,'2025-04-04 18:08:32','27',12378,163529),
(101,331,'2025-04-09 13:40:35','27',176301,841),
(102,331,'2025-04-09 15:34:48','27',183154,482),
(103,339,'2025-09-24 05:42:58','41',1639,NULL),
(104,339,'2025-09-24 05:43:21','91',0,NULL),
(105,341,'2025-09-24 09:07:30','41',13,24),
(106,381,'2026-02-17 22:36:38','27',2017295,47916),
(107,381,'2026-02-17 23:03:12','27',2017295,NULL),
(108,381,'2026-02-17 23:19:01','27',2017295,NULL),
(109,347,'2026-02-18 18:31:43','27',5591690,6458),
(110,345,'2026-02-18 20:20:49','27',5598726,NULL),
(111,380,'2026-02-18 20:22:44','27',2065459,10),
(112,382,'2026-02-24 14:48:30','27',5812787,NULL),
(113,383,'2026-02-24 14:48:54','27',5812811,NULL),
(114,384,'2026-02-24 15:22:52','27',5814849,156994),
(115,369,'2026-02-27 14:04:48','27',1208783,15),
(116,369,'2026-02-27 14:05:21','27',1208816,20),
(117,369,'2026-02-27 14:06:31','27',1208886,NULL),
(118,385,'2026-02-27 14:08:49','27',1209024,NULL),
(119,386,'2026-02-27 14:11:58','27',0,256326),
(120,386,'2026-03-05 20:23:53','18',256315,NULL);

--
-- Table structure for table `glpi_plugin_timelineticket_configs`
--

CREATE TABLE `glpi_plugin_timelineticket_configs` (
  `id` int(10) unsigned NOT NULL AUTO_INCREMENT,
  `add_waiting` int(10) unsigned NOT NULL DEFAULT 1,
  PRIMARY KEY (`id`)
) ENGINE=InnoDB AUTO_INCREMENT=2 DEFAULT CHARSET=utf8mb4 COLLATE=utf8mb4_unicode_ci ROW_FORMAT=DYNAMIC;

--
-- Dumping data for table `glpi_plugin_timelineticket_configs`
--

INSERT INTO `glpi_plugin_timelineticket_configs` VALUES
(1,0);

--
-- Table structure for table `glpi_plugin_timelineticket_grouplevels`
--

CREATE TABLE `glpi_plugin_timelineticket_grouplevels` (
  `id` int(10) unsigned NOT NULL AUTO_INCREMENT,
  `entities_id` int(10) unsigned NOT NULL DEFAULT 0,
  `is_recursive` tinyint(4) NOT NULL DEFAULT 0,
  `name` varchar(255) DEFAULT NULL,
  `groups` longtext DEFAULT NULL,
  `rank` smallint(6) NOT NULL DEFAULT 0,
  `comment` text DEFAULT NULL,
  PRIMARY KEY (`id`)
) ENGINE=InnoDB AUTO_INCREMENT=5 DEFAULT CHARSET=utf8mb4 COLLATE=utf8mb4_unicode_ci ROW_FORMAT=DYNAMIC;

--
-- Dumping data for table `glpi_plugin_timelineticket_grouplevels`
--

INSERT INTO `glpi_plugin_timelineticket_grouplevels` VALUES
(2,0,1,'Niveau 1','[\"209\"]',1,''),
(3,0,1,'Niveau 2','[\"243\",\"228\"]',2,''),
(4,0,1,'Niveau 3','[\"247\"]',3,'');

--
-- Table structure for table `glpi_plugin_timelineticket_states`
--

CREATE TABLE `glpi_plugin_timelineticket_states` (
  `id` int(10) unsigned NOT NULL AUTO_INCREMENT,
  `tickets_id` int(10) unsigned NOT NULL DEFAULT 0,
  `date` timestamp NULL DEFAULT NULL,
  `old_status` varchar(255) DEFAULT NULL,
  `new_status` varchar(255) DEFAULT NULL,
  `delay` int(11) DEFAULT NULL,
  PRIMARY KEY (`id`),
  KEY `tickets_id` (`tickets_id`)
) ENGINE=InnoDB AUTO_INCREMENT=333 DEFAULT CHARSET=utf8mb4 COLLATE=utf8mb4_unicode_ci ROW_FORMAT=DYNAMIC;

--
-- Dumping data for table `glpi_plugin_timelineticket_states`
--

INSERT INTO `glpi_plugin_timelineticket_states` VALUES
(1,218,'2024-12-12 19:34:51','','1',0),
(2,218,'2024-12-12 19:34:51','1','1',0),
(3,218,'2024-12-12 19:35:57','1','2',66),
(4,218,'2025-02-12 09:27:37','2','5',2501500),
(5,260,'2025-02-11 16:16:37','','1',0),
(6,260,'2025-02-11 16:16:37','1','1',0),
(7,260,'2025-02-12 10:35:10','1','2',33513),
(8,260,'2025-02-12 11:05:47','2','4',1837),
(9,260,'2025-02-12 11:06:23','4','2',36),
(10,260,'2025-02-12 11:06:43','2','5',20),
(11,260,'2025-02-12 11:06:52','5','6',9),
(12,262,'2025-02-11 16:48:44','','1',0),
(13,262,'2025-02-11 16:48:44','1','1',0),
(14,262,'2025-02-12 09:42:42','1','2',28438),
(15,263,'2025-02-11 19:46:16','','1',0),
(16,263,'2025-02-11 19:46:16','1','1',0),
(17,263,'2025-02-11 19:57:19','1','2',663),
(18,264,'2025-02-11 20:16:19','','1',0),
(19,264,'2025-02-11 20:16:19','1','1',0),
(20,264,'2025-02-11 20:17:31','1','2',72),
(21,266,'2025-02-11 20:48:29','','1',0),
(22,266,'2025-02-11 20:48:29','1','1',0),
(23,266,'2025-02-12 10:46:47','1','2',17898),
(24,267,'2025-02-11 21:51:11','','1',0),
(25,267,'2025-02-11 21:51:11','1','1',0),
(26,267,'2025-02-12 10:47:33','1','2',14182),
(27,268,'2025-02-11 21:58:18','','1',0),
(28,268,'2025-02-11 21:58:18','1','1',0),
(29,268,'2025-02-12 10:48:52','1','2',13834),
(30,274,'2025-02-11 22:29:43','','1',0),
(31,274,'2025-02-11 22:29:43','1','1',0),
(32,274,'2025-02-12 10:26:18','1','2',12378),
(33,275,'2025-02-12 09:19:28','','1',0),
(34,275,'2025-02-12 09:19:28','1','1',0),
(35,275,'2025-02-12 09:49:25','1','2',1797),
(36,275,'2025-02-12 10:09:04','2','5',1179),
(37,275,'2025-02-12 10:50:53','5','6',2509),
(38,276,'2025-02-12 10:52:42','','1',0),
(39,276,'2025-02-12 10:52:42','1','1',0),
(40,276,'2025-02-12 10:52:42','1','2',0),
(41,277,'2025-02-12 10:59:41','','1',0),
(42,277,'2025-02-12 10:59:41','1','1',0),
(43,277,'2025-02-12 10:59:41','1','2',0),
(44,278,'2025-02-12 11:11:41','','1',0),
(45,278,'2025-02-12 11:11:41','1','1',0),
(46,278,'2025-02-12 11:11:41','1','2',0),
(47,278,'2025-02-12 15:36:39','2','5',15898),
(48,279,'2025-02-12 11:15:19','','1',0),
(49,279,'2025-02-12 11:15:19','1','1',0),
(50,279,'2025-02-12 11:15:19','1','2',0),
(51,280,'2025-02-12 11:18:11','','1',0),
(52,280,'2025-02-12 11:18:11','1','1',0),
(53,280,'2025-02-12 11:18:11','1','2',0),
(54,281,'2025-02-12 11:22:03','','1',0),
(55,281,'2025-02-12 11:22:03','1','1',0),
(56,281,'2025-02-12 11:22:03','1','2',0),
(57,282,'2025-02-12 12:07:29','','1',0),
(58,282,'2025-02-12 12:07:29','1','1',0),
(59,282,'2025-02-12 12:07:29','1','2',0),
(60,282,'2025-02-12 12:17:34','2','4',605),
(61,282,'2025-02-12 12:25:22','4','2',468),
(62,282,'2025-04-29 12:35:04','2','4',3114582),
(63,283,'2025-02-12 13:39:41','','1',0),
(64,283,'2025-02-12 13:39:41','1','1',0),
(65,283,'2025-02-12 13:39:41','1','2',0),
(66,283,'2025-02-12 13:47:26','2','4',465),
(67,283,'2025-02-12 13:59:46','4','2',740),
(68,283,'2025-02-12 14:02:12','2','4',146),
(69,284,'2025-02-12 14:18:22','','1',0),
(70,284,'2025-02-12 14:18:22','1','1',0),
(71,284,'2025-02-12 14:18:58','1','2',36),
(72,285,'2025-02-18 19:37:32','','1',0),
(73,285,'2025-02-18 19:37:32','1','1',0),
(74,285,'2025-09-24 05:34:38','1','2',8936548),
(75,286,'2025-02-19 14:34:35','','1',0),
(76,286,'2025-02-19 14:34:35','1','1',0),
(77,286,'2025-02-19 14:34:35','1','2',0),
(78,287,'2025-02-19 14:38:05','','1',0),
(79,287,'2025-02-19 14:38:05','1','1',0),
(80,287,'2025-02-19 14:38:05','1','2',0),
(81,288,'2025-02-20 16:09:19','','1',0),
(82,288,'2025-02-20 16:09:19','1','1',0),
(83,288,'2025-02-20 16:09:19','1','2',0),
(84,289,'2025-02-21 20:42:39','','1',0),
(85,289,'2025-02-21 20:42:39','1','1',0),
(86,289,'2025-02-21 20:42:39','1','2',0),
(87,290,'2025-02-27 10:27:03','','1',0),
(88,290,'2025-02-27 10:27:03','1','1',0),
(89,290,'2025-02-27 10:27:03','1','2',0),
(90,291,'2025-02-27 10:33:41','','1',0),
(91,291,'2025-02-27 10:33:41','1','1',0),
(92,291,'2025-02-27 10:33:41','1','2',0),
(93,292,'2025-02-27 14:38:14','','1',0),
(94,292,'2025-02-27 14:38:14','1','1',0),
(95,292,'2025-02-27 14:38:14','1','2',0),
(96,293,'2025-02-27 14:41:12','','1',0),
(97,293,'2025-02-27 14:41:12','1','1',0),
(98,293,'2025-02-27 14:41:12','1','2',0),
(99,304,'2025-03-06 14:03:38','','1',0),
(100,304,'2025-03-06 14:03:38','1','1',0),
(101,304,'2025-09-24 05:34:14','1','2',8272582),
(102,304,'2025-09-24 05:35:20','2','1',0),
(103,304,'2025-09-24 05:35:36','1','2',0),
(104,314,'2025-03-11 15:01:10','','1',0),
(105,314,'2025-03-11 15:01:10','1','1',0),
(106,314,'2025-03-11 15:01:10','1','2',0),
(107,316,'2025-03-12 08:31:28','','1',0),
(108,316,'2025-03-12 08:31:28','1','1',0),
(109,316,'2025-03-12 08:31:28','1','2',0),
(110,317,'2025-03-12 09:25:08','','1',0),
(111,317,'2025-03-12 09:25:08','1','1',0),
(112,317,'2025-03-12 09:25:08','1','2',0),
(113,318,'2025-03-12 11:43:08','','1',0),
(114,318,'2025-03-12 11:43:08','1','1',0),
(115,318,'2025-03-12 11:43:08','1','2',0),
(116,319,'2025-03-12 14:13:02','','1',0),
(117,319,'2025-03-12 14:13:02','1','1',0),
(118,319,'2025-03-12 14:13:02','1','2',0),
(119,320,'2025-03-13 10:05:13','','1',0),
(120,320,'2025-03-13 10:05:13','1','1',0),
(121,320,'2025-03-13 10:05:13','1','2',0),
(122,321,'2025-03-13 10:23:04','','1',0),
(123,321,'2025-03-13 10:23:04','1','1',0),
(124,321,'2025-03-13 10:23:04','1','2',0),
(125,322,'2025-03-13 11:01:23','','1',0),
(126,322,'2025-03-13 11:01:23','1','1',0),
(127,322,'2025-03-13 11:01:23','1','2',0),
(128,323,'2025-03-14 13:06:56','','1',0),
(129,323,'2025-03-14 13:06:56','1','1',0),
(130,323,'2025-03-14 13:06:56','1','2',0),
(131,324,'2025-03-14 15:37:31','','1',0),
(132,324,'2025-03-14 15:37:31','1','1',0),
(133,324,'2025-03-14 15:37:31','1','2',0),
(134,325,'2025-03-17 13:18:02','','1',0),
(135,325,'2025-03-17 13:18:02','1','1',0),
(136,325,'2025-03-17 13:18:02','1','2',0),
(137,326,'2025-03-26 13:27:49','','1',0),
(138,326,'2025-03-26 13:27:49','1','1',0),
(139,326,'2025-03-26 13:27:49','1','2',0),
(140,327,'2025-03-26 13:31:43','','1',0),
(141,327,'2025-03-26 13:31:43','1','1',0),
(142,327,'2025-03-26 13:31:43','1','2',0),
(143,328,'2025-03-26 13:35:45','','1',0),
(144,328,'2025-03-26 13:35:45','1','1',0),
(145,328,'2025-03-26 13:35:45','1','2',0),
(146,329,'2025-03-26 13:53:01','','1',0),
(147,329,'2025-03-26 13:53:01','1','1',0),
(148,329,'2025-03-26 13:53:01','1','2',0),
(149,330,'2025-03-26 14:09:59','','1',0),
(150,330,'2025-03-26 14:09:59','1','1',0),
(151,330,'2025-03-26 14:09:59','1','2',0),
(152,331,'2025-04-04 14:42:14','','1',0),
(153,331,'2025-04-04 14:42:14','1','1',0),
(154,331,'2025-04-04 14:43:17','1','2',63),
(155,331,'2025-04-04 15:20:56','2','3',2259),
(156,331,'2025-04-04 15:59:06','3','2',2290),
(157,331,'2025-04-09 13:34:01','2','4',171295),
(158,331,'2025-04-09 13:40:35','4','2',394),
(159,331,'2025-04-09 13:54:36','2','4',841),
(160,331,'2025-04-09 15:34:48','4','2',6012),
(161,331,'2025-04-09 15:42:50','2','5',482),
(162,331,'2025-04-09 15:46:04','5','2',194),
(163,332,'2025-04-09 12:25:55','','1',0),
(164,333,'2025-04-09 12:47:21','','1',0),
(165,333,'2025-04-09 12:47:21','1','1',0),
(166,333,'2025-04-09 15:48:09','1','2',10848),
(167,333,'2025-04-09 15:49:35','2','5',86),
(168,333,'2025-04-09 19:11:15','5','2',12100),
(169,333,'2025-04-09 19:37:28','2','5',1573),
(170,333,'2025-04-09 19:39:48','5','2',140),
(171,334,'2025-04-30 18:00:56','','1',0),
(172,334,'2025-04-30 18:00:56','1','1',0),
(173,334,'2025-04-30 18:00:56','1','2',0),
(174,335,'2025-06-10 20:49:05','','1',0),
(175,335,'2025-06-10 20:49:05','1','1',0),
(176,335,'2025-06-10 20:49:05','1','2',0),
(177,336,'2025-07-01 13:02:04','','1',0),
(178,336,'2025-07-01 13:02:04','1','1',0),
(179,336,'2025-07-01 13:02:04','1','2',0),
(180,336,'2025-07-01 13:05:29','2','4',205),
(181,336,'2025-07-01 13:05:29','4','1',0),
(182,336,'2025-07-01 13:05:45','1','4',16),
(183,336,'2025-07-01 13:06:37','4','2',52),
(184,337,'2025-09-10 14:34:05','','1',0),
(185,337,'2025-09-10 14:34:05','1','1',0),
(186,337,'2025-09-10 14:34:05','1','2',0),
(187,338,'2025-09-10 14:34:54','','1',0),
(188,338,'2025-09-10 14:34:54','1','1',0),
(189,338,'2025-09-10 14:34:54','1','2',0),
(190,339,'2025-09-24 05:15:39','','1',0),
(191,339,'2025-09-24 05:15:39','1','1',0),
(192,339,'2025-09-24 05:15:39','1','2',0),
(193,340,'2025-09-24 08:38:03','','1',0),
(194,340,'2025-09-24 08:38:03','1','1',0),
(195,340,'2025-09-24 08:38:03','1','2',0),
(196,341,'2025-09-24 09:07:17','','1',0),
(197,341,'2025-09-24 09:07:17','1','1',0),
(198,341,'2025-09-24 09:07:30','1','2',13),
(199,341,'2025-09-24 09:07:54','2','4',24),
(200,342,'2025-09-24 09:26:47','','1',0),
(201,342,'2025-09-24 09:26:47','1','1',0),
(202,342,'2025-09-24 09:26:47','1','2',0),
(203,343,'2025-09-24 09:30:37','','1',0),
(204,343,'2025-09-24 09:30:37','1','1',0),
(205,343,'2025-09-24 09:30:37','1','2',0),
(206,344,'2025-09-26 13:14:47','','1',0),
(207,344,'2025-09-26 13:14:47','1','1',0),
(208,344,'2025-09-26 13:14:47','1','2',0),
(209,345,'2025-10-06 15:08:43','','1',0),
(210,345,'2025-10-06 15:08:43','1','1',0),
(211,345,'2025-12-30 17:31:48','1','2',3518585),
(212,345,'2025-12-30 17:35:52','2','4',244),
(213,345,'2025-12-30 17:36:20','4','2',28),
(214,346,'2025-10-06 15:13:00','','1',0),
(215,346,'2025-10-06 15:13:00','1','1',0),
(216,346,'2025-12-30 17:26:55','1','2',3518035),
(217,346,'2025-12-30 20:16:39','2','4',10184),
(218,346,'2025-12-30 20:18:00','4','2',81),
(219,346,'2025-12-30 20:58:15','2','4',2415),
(220,347,'2025-10-06 15:16:53','','1',0),
(221,347,'2025-10-06 15:16:53','1','1',0),
(222,347,'2025-12-30 17:06:29','1','2',3516576),
(223,347,'2025-12-30 17:46:08','2','4',2379),
(224,348,'2025-10-06 15:19:32','','1',0),
(225,348,'2025-10-06 15:19:32','1','1',0),
(226,348,'2025-12-30 16:50:49','1','2',3515477),
(227,348,'2025-12-30 17:25:32','2','4',2083),
(228,348,'2025-12-30 20:59:54','4','2',12862),
(229,349,'2025-12-30 21:10:22','','1',0),
(230,349,'2025-12-30 21:10:22','1','2',0),
(231,349,'2025-12-30 21:31:44','2','4',1282),
(232,349,'2025-12-30 21:33:14','4','2',90),
(233,350,'2025-12-30 21:38:25','','1',0),
(234,350,'2025-12-30 21:38:25','1','1',0),
(235,350,'2025-12-30 21:38:25','1','2',0),
(236,350,'2025-12-30 21:54:35','2','4',970),
(237,350,'2025-12-30 22:10:37','4','2',325),
(238,351,'2026-01-27 10:35:58','','1',0),
(239,351,'2026-01-27 10:35:58','1','1',0),
(240,351,'2026-01-27 10:35:58','1','2',0),
(241,352,'2026-01-27 10:37:56','','1',0),
(242,352,'2026-01-27 10:37:56','1','1',0),
(243,352,'2026-01-27 10:37:56','1','2',0),
(244,353,'2026-01-28 10:34:47','','1',0),
(245,353,'2026-01-28 10:34:47','1','1',0),
(246,353,'2026-01-28 10:34:47','1','2',0),
(247,354,'2026-01-28 10:49:39','','1',0),
(248,354,'2026-01-28 10:49:39','1','1',0),
(249,354,'2026-01-28 10:49:39','1','2',0),
(250,355,'2026-01-28 16:05:52','','1',0),
(251,355,'2026-01-28 16:05:52','1','1',0),
(252,355,'2026-01-28 16:05:52','1','2',0),
(253,356,'2026-01-28 16:11:28','','1',0),
(254,357,'2026-01-28 16:12:22','','1',0),
(255,357,'2026-01-28 16:12:22','1','1',0),
(256,357,'2026-01-28 16:12:22','1','2',0),
(257,358,'2026-01-28 16:15:15','','1',0),
(258,358,'2026-01-28 16:15:15','1','1',0),
(259,358,'2026-01-28 16:15:15','1','2',0),
(260,359,'2026-01-28 16:18:07','','1',0),
(261,359,'2026-01-28 16:18:07','1','1',0),
(262,359,'2026-01-28 16:18:07','1','2',0),
(263,360,'2026-01-29 10:23:41','','1',0),
(264,361,'2026-01-29 10:27:33','','1',0),
(265,362,'2026-01-29 10:36:23','','1',0),
(266,362,'2026-01-29 10:36:23','1','1',0),
(267,362,'2026-01-29 10:36:23','1','2',0),
(268,363,'2026-01-29 10:48:56','','1',0),
(269,363,'2026-01-29 10:48:56','1','1',0),
(270,363,'2026-01-29 10:48:56','1','2',0),
(271,364,'2026-01-29 10:53:17','','1',0),
(272,364,'2026-01-29 10:53:17','1','1',0),
(273,364,'2026-01-29 10:53:17','1','2',0),
(274,365,'2026-01-29 10:59:03','','1',0),
(275,365,'2026-01-29 10:59:03','1','1',0),
(276,365,'2026-01-29 10:59:03','1','2',0),
(277,366,'2026-01-29 11:19:38','','1',0),
(278,367,'2026-01-29 11:22:49','','1',0),
(279,367,'2026-01-29 11:22:49','1','1',0),
(280,367,'2026-01-29 11:22:49','1','2',0),
(281,368,'2026-01-29 11:26:14','','1',0),
(282,368,'2026-01-29 11:26:14','1','1',0),
(283,368,'2026-01-29 11:26:14','1','2',0),
(284,368,'2026-01-29 11:42:19','2','1',965),
(285,368,'2026-01-29 11:42:29','1','2',10),
(286,369,'2026-01-29 13:18:25','','1',0),
(287,369,'2026-01-29 13:18:25','1','4',0),
(288,369,'2026-01-29 13:20:04','4','1',99),
(289,369,'2026-01-29 13:20:15','1','2',11),
(290,370,'2026-01-29 13:21:06','','1',0),
(291,371,'2026-01-29 15:59:08','','1',0),
(292,371,'2026-01-29 15:59:08','1','1',0),
(293,371,'2026-01-29 15:59:08','1','2',0),
(294,372,'2026-01-29 16:07:25','','1',0),
(295,372,'2026-01-29 16:07:25','1','1',0),
(296,372,'2026-01-29 16:07:25','1','2',0),
(297,373,'2026-01-29 16:09:55','','1',0),
(298,373,'2026-01-29 16:09:55','1','1',0),
(299,373,'2026-01-29 16:09:55','1','2',0),
(300,373,'2026-01-29 16:11:01','2','1',66),
(301,373,'2026-01-29 16:11:12','1','2',11),
(302,374,'2026-01-29 16:19:11','','1',0),
(303,374,'2026-01-29 16:19:11','1','1',0),
(304,374,'2026-01-29 16:19:11','1','2',0),
(305,375,'2026-01-30 08:56:00','','1',0),
(306,375,'2026-01-30 08:56:00','1','1',0),
(307,375,'2026-01-30 08:56:00','1','2',0),
(308,376,'2026-01-30 08:57:15','','1',0),
(309,377,'2026-01-30 09:17:34','','1',0),
(310,378,'2026-01-30 09:18:43','','1',0),
(311,379,'2026-01-30 09:18:43','','1',0),
(312,380,'2025-12-30 21:38:25','','1',0),
(313,380,'2025-12-30 21:38:25','1','2',0),
(314,381,'2025-12-30 21:38:25','','1',0),
(315,381,'2025-12-30 21:38:25','1','2',0),
(316,347,'2026-02-18 18:30:19','4','2',2072651),
(317,381,'2026-02-18 20:18:36','2','5',2065211),
(318,347,'2026-02-18 20:19:21','2','5',6542),
(319,380,'2026-02-18 20:22:54','2','5',2065469),
(320,382,'2025-10-06 15:08:43','','1',0),
(321,382,'2025-10-06 15:08:43','1','2',0),
(322,383,'2025-10-06 15:08:43','','1',0),
(323,383,'2025-10-06 15:08:43','1','2',0),
(324,384,'2025-10-06 15:08:43','','1',0),
(325,384,'2025-10-06 15:08:43','1','2',0),
(326,384,'2026-02-27 13:59:26','2','5',5971843),
(327,369,'2026-02-27 14:05:03','2','1',1208688),
(328,369,'2026-02-27 14:05:03','1','2',0),
(329,385,'2026-01-29 13:18:25','','1',0),
(330,385,'2026-01-29 13:18:25','1','6',0),
(331,386,'2026-02-27 14:11:58','1','2',0),
(332,386,'2026-02-27 14:11:58','','1',0);

--
-- Table structure for table `glpi_plugin_uninstall_models`
--

CREATE TABLE `glpi_plugin_uninstall_models` (
  `id` int(10) unsigned NOT NULL AUTO_INCREMENT,
  `entities_id` int(10) unsigned DEFAULT 0,
  `is_recursive` tinyint(4) NOT NULL DEFAULT 1,
  `name` varchar(255) NOT NULL DEFAULT '',
  `transfers_id` int(10) unsigned NOT NULL,
  `states_id` int(10) unsigned NOT NULL,
  `raz_name` int(11) NOT NULL DEFAULT 1,
  `raz_contact` int(11) NOT NULL DEFAULT 1,
  `raz_contact_num` int(11) NOT NULL DEFAULT 1,
  `raz_ip` int(11) NOT NULL DEFAULT 1,
  `raz_os` int(11) NOT NULL DEFAULT 1,
  `raz_domain` int(11) NOT NULL DEFAULT 1,
  `raz_network` int(11) NOT NULL DEFAULT 1,
  `raz_history` int(11) NOT NULL DEFAULT 1,
  `raz_soft_history` int(11) NOT NULL DEFAULT 1,
  `raz_budget` int(11) NOT NULL DEFAULT 1,
  `raz_antivirus` int(11) NOT NULL DEFAULT 1,
  `raz_user` int(11) NOT NULL DEFAULT 1,
  `raz_ocs_registrykeys` int(11) NOT NULL DEFAULT 1,
  `comment` text NOT NULL,
  `groups_action` varchar(10) NOT NULL DEFAULT 'set',
  `groups_id` int(10) unsigned NOT NULL DEFAULT 0,
  `remove_from_ocs` int(11) NOT NULL DEFAULT 0,
  `delete_ocs_link` int(11) NOT NULL DEFAULT 0,
  `types_id` int(10) unsigned NOT NULL DEFAULT 0,
  `replace_name` tinyint(4) NOT NULL DEFAULT 0,
  `replace_serial` tinyint(4) NOT NULL DEFAULT 0,
  `replace_otherserial` tinyint(4) NOT NULL DEFAULT 0,
  `replace_documents` tinyint(4) NOT NULL DEFAULT 0,
  `replace_contracts` tinyint(4) NOT NULL DEFAULT 0,
  `replace_infocoms` tinyint(4) NOT NULL DEFAULT 0,
  `replace_reservations` tinyint(4) NOT NULL DEFAULT 0,
  `replace_users` tinyint(4) NOT NULL DEFAULT 0,
  `replace_groups` tinyint(4) NOT NULL DEFAULT 0,
  `replace_tickets` tinyint(4) NOT NULL DEFAULT 0,
  `replace_netports` tinyint(4) NOT NULL DEFAULT 0,
  `replace_direct_connections` tinyint(4) NOT NULL DEFAULT 0,
  `overwrite` tinyint(4) NOT NULL DEFAULT 0,
  `replace_method` int(11) NOT NULL DEFAULT 2,
  `raz_glpiinventory` int(11) NOT NULL DEFAULT 1,
  `raz_fusioninventory` int(11) NOT NULL DEFAULT 1,
  `raz_plugin_fields` tinyint(4) NOT NULL DEFAULT 1,
  `replace_contact` tinyint(4) NOT NULL DEFAULT 0,
  `replace_contact_num` tinyint(4) NOT NULL DEFAULT 0,
  `group` int(11) NOT NULL DEFAULT 0,
  PRIMARY KEY (`id`)
) ENGINE=InnoDB AUTO_INCREMENT=4 DEFAULT CHARSET=utf8mb4 COLLATE=utf8mb4_unicode_ci ROW_FORMAT=DYNAMIC;

--
-- Dumping data for table `glpi_plugin_uninstall_models`
--

INSERT INTO `glpi_plugin_uninstall_models` VALUES
(1,0,1,'Uninstall',2,0,1,1,1,1,1,1,1,1,1,1,1,1,1,'','set',0,0,0,1,1,1,1,1,1,1,1,1,1,1,1,1,0,2,1,1,1,1,1,0),
(2,0,1,'Replace',2,0,1,1,1,1,1,1,1,1,1,1,1,1,1,'','set',0,0,0,2,1,1,1,1,1,1,1,1,1,1,1,1,0,2,1,1,1,1,1,0),
(3,0,1,'Replace then uninstall',2,0,1,1,1,1,1,1,1,1,1,1,1,1,1,'','set',0,0,0,3,1,1,1,1,1,1,1,1,1,1,1,1,0,2,1,1,1,1,1,0);

--
-- Table structure for table `glpi_plugin_uninstall_preferences`
--

CREATE TABLE `glpi_plugin_uninstall_preferences` (
  `id` int(10) unsigned NOT NULL AUTO_INCREMENT,
  `users_id` int(10) unsigned NOT NULL,
  `entities_id` int(10) unsigned DEFAULT 0,
  `templates_id` int(10) unsigned DEFAULT 0,
  `locations_action` varchar(10) NOT NULL DEFAULT 'set',
  `locations_id` int(10) unsigned DEFAULT 0,
  PRIMARY KEY (`id`)
) ENGINE=InnoDB DEFAULT CHARSET=utf8mb4 COLLATE=utf8mb4_unicode_ci ROW_FORMAT=DYNAMIC;

--
-- Dumping data for table `glpi_plugin_uninstall_preferences`
--


--
-- Table structure for table `glpi_plugin_uninstall_profiles`
--

CREATE TABLE `glpi_plugin_uninstall_profiles` (
  `id` int(10) unsigned NOT NULL DEFAULT 0,
  `profile` varchar(255) NOT NULL DEFAULT '0',
  `use` varchar(1) DEFAULT '',
  `replace` tinyint(4) NOT NULL DEFAULT 0,
  PRIMARY KEY (`id`)
) ENGINE=InnoDB DEFAULT CHARSET=utf8mb4 COLLATE=utf8mb4_unicode_ci ROW_FORMAT=DYNAMIC;

--
-- Dumping data for table `glpi_plugin_uninstall_profiles`
--


--
-- Table structure for table `glpi_plugins`
--

CREATE TABLE `glpi_plugins` (
  `id` int(10) unsigned NOT NULL AUTO_INCREMENT,
  `directory` varchar(255) NOT NULL,
  `name` varchar(255) NOT NULL,
  `version` varchar(255) NOT NULL,
  `state` int(11) NOT NULL DEFAULT 0 COMMENT 'see define.php PLUGIN_* constant',
  `author` varchar(255) DEFAULT NULL,
  `homepage` varchar(255) DEFAULT NULL,
  `license` varchar(255) DEFAULT NULL,
  PRIMARY KEY (`id`),
  UNIQUE KEY `unicity` (`directory`),
  KEY `state` (`state`),
  KEY `name` (`name`)
) ENGINE=InnoDB AUTO_INCREMENT=256 DEFAULT CHARSET=utf8mb4 COLLATE=utf8mb4_unicode_ci;

--
-- Dumping data for table `glpi_plugins`
--

INSERT INTO `glpi_plugins` VALUES
(162,'news','Alertes','1.12.5',1,'<a href=\'mailto:contact@teclib.com\'>TECLIB\'</a>','https://github.com/pluginsGLPI/news','GPLv2+'),
(166,'datainjection','Data Injection','2.14.4',1,'Walid Nouh, Remi Collet, Nelly Mahu-Lasson, Xavier Caillaud','https://github.com/pluginsGLPI/datainjection','GPLv2+'),
(179,'formcreator','Form Creator','2.13.10',1,'<a href=\"http://www.teclib.com\">Teclib\'</a>','https://github.com/pluginsGLPI/formcreator','<a href=\"/synairgis/meae/plugins/formcreator/LICENSE.md\" target=\"_blank\">GPLv2</a>'),
(195,'fields','Champs supplémentaires','1.21.28',1,'Teclib\', Olivier Moron','https://github.com/pluginsGLPI/fields','GPLv2+'),
(204,'timelineticket','Chronologie des tickets','10.0+1.2',1,'Nelly Mahu-Lasson && David Durieux && Xavier Caillaud','https://github.com/pluginsGLPI/timelineticket','AGPLv3+'),
(212,'mreporting','Plus de rapports','1.8.11',1,'<a href=\'http://www.teclib.com\'>Teclib\'</a> & <a href=\'http://www.infotel.com\'>Infotel</a>','https://github.com/pluginsGLPI/mreporting','GPLv2+'),
(213,'reports','Rapports','1.16.0',1,'Nelly Mahu-Lasson, Remi Collet','https://github.com/yllen/reports','GPLv3+'),
(233,'tag','Gestion des tags','2.12.5',1,'<a href=\"http://www.teclib.com\">Teclib\'</a> - Infotel conseil','https://github.com/pluginsGLPI/tag','<a href=\"/synairgis/meaemigb/plugins/tag/LICENSE\" target=\"_blank\">GPLv2+</a>'),
(237,'pdf','Impression pdf','4.0.2',1,'Teclib, Remi Collet, Nelly Mahu-Lasson','https://github.com/pluginsGLPI/pdf','GPLv3+'),
(240,'maedi','maedi','3.5.0',1,'Nelly Mahu-Lasson',NULL,NULL),
(241,'behaviors','Comportements','2.7.8',4,'Infotel, Remi Collet, Nelly Mahu-Lasson','https://github.com/InfotelGLPI/behaviors','AGPLv3+'),
(242,'anonymize','Anonymize','2.7.1',1,'<a href=\"https://services.glpi-network.com\">Teclib\'</a>','https://services.glpi-network.com','GPL v3'),
(243,'branding','Branding','3.0.1',1,'<a href=\"http://www.teclib.com\">Teclib\'</a>','http://www.teclib.com','GPL v2+'),
(244,'cleanorphan','cleanorphan','1.0.1',1,'<a href=\"http://www.teclib.com\">Teclib\'</a>','',''),
(245,'localeoverride','Renommer les chaînes de GLPI','1.1.10',1,'<a href=\"http://www.teclib.com\">Teclib\'</a>','','<a href=\"../plugins/localeoverride/LICENSE\" target=\"_blank\">GPLv2</a>'),
(247,'locationtransfer','locationtransfer','1.0.0',1,'<a href=\"http://www.teclib.com\">Teclib\'</a>','',''),
(248,'mobility','mobility','1.1.0',1,'<a href=\"http://www.teclib.com\">Teclib\'</a>','',''),
(249,'order','Gestion des commandes','2.11.3',1,'The plugin order team','https://github.com/pluginsGLPI/order','GPLv2+'),
(250,'simcard','Gestion de cartes SIM','1.5.0',1,'<a href=\'http://www.elsendero.es\'>El Sendero</a>, <a href=\'http://www.teclib.com\'>Walid Nouh</a>, <a href=\'http://www.teclib.com\'>Thierry Bugier Pineau</a>, Anthony Piesset, <a href=\'mailto:dethegeek@gmail.com\'>Dethegeek</a>','https://github.com/pluginsglpi/simcard','GPLv2+'),
(251,'uninstall','Cycle de vie des matériels (uninstall)','2.9.4',1,'Walid Nouh, François Legastelois, Remi Collet','https://github.com/pluginsGLPI/uninstall','GPLv2+'),
(252,'webservices','Services Web','2.0.0',1,'Remi Collet, Nelly Mahu-Lasson','https://forge.glpi-project.org/projects/webservices','GPLv2+'),
(253,'geststock','Gestion du stock','2.1.1',1,'Nelly Mahu-Lasson','https://github.com/yllen/geststock','GPLv3+'),
(254,'advanceddashboard','advanceddashboard','1.6.3',1,'<a href=\"http://www.teclib.com\">Teclib\'</a>','',''),
(255,'escalade','Escalades','2.9.19',1,'<a href=\'http://www.teclib.com\'>Teclib\'</a>','https://github.com/pluginsGLPI/escalade','GPLv2+');

--
-- Table structure for table `glpi_plugs`
--

CREATE TABLE `glpi_plugs` (
  `id` int(10) unsigned NOT NULL AUTO_INCREMENT,
  `name` varchar(255) DEFAULT NULL,
  `comment` mediumtext DEFAULT NULL,
  `date_mod` timestamp NULL DEFAULT NULL,
  `date_creation` timestamp NULL DEFAULT NULL,
  PRIMARY KEY (`id`),
  KEY `name` (`name`),
  KEY `date_mod` (`date_mod`),
  KEY `date_creation` (`date_creation`)
) ENGINE=InnoDB AUTO_INCREMENT=4 DEFAULT CHARSET=utf8mb4 COLLATE=utf8mb4_unicode_ci;

--
-- Dumping data for table `glpi_plugs`
--

INSERT INTO `glpi_plugs` VALUES
(1,'C13',NULL,NULL,NULL),
(2,'C15',NULL,NULL,NULL),
(3,'C19',NULL,NULL,NULL);

--
-- Table structure for table `glpi_printerlogs`
--

CREATE TABLE `glpi_printerlogs` (
  `id` int(10) unsigned NOT NULL AUTO_INCREMENT,
  `printers_id` int(10) unsigned NOT NULL,
  `total_pages` int(11) NOT NULL DEFAULT 0,
  `bw_pages` int(11) NOT NULL DEFAULT 0,
  `color_pages` int(11) NOT NULL DEFAULT 0,
  `rv_pages` int(11) NOT NULL DEFAULT 0,
  `prints` int(11) NOT NULL DEFAULT 0,
  `bw_prints` int(11) NOT NULL DEFAULT 0,
  `color_prints` int(11) NOT NULL DEFAULT 0,
  `copies` int(11) NOT NULL DEFAULT 0,
  `bw_copies` int(11) NOT NULL DEFAULT 0,
  `color_copies` int(11) NOT NULL DEFAULT 0,
  `scanned` int(11) NOT NULL DEFAULT 0,
  `faxed` int(11) NOT NULL DEFAULT 0,
  `date` date DEFAULT NULL,
  `date_creation` timestamp NULL DEFAULT NULL,
  `date_mod` timestamp NULL DEFAULT NULL,
  PRIMARY KEY (`id`),
  UNIQUE KEY `unicity` (`printers_id`,`date`),
  KEY `date` (`date`),
  KEY `date_mod` (`date_mod`),
  KEY `date_creation` (`date_creation`)
) ENGINE=InnoDB AUTO_INCREMENT=8 DEFAULT CHARSET=utf8mb4 COLLATE=utf8mb4_unicode_ci ROW_FORMAT=DYNAMIC;

--
-- Dumping data for table `glpi_printerlogs`
--

INSERT INTO `glpi_printerlogs` VALUES
(1,285,1814,0,1199,351,0,0,0,0,0,0,0,0,'2023-03-29','2023-03-29 14:26:48','2023-03-29 14:26:48'),
(2,285,1814,0,1199,351,0,0,0,0,0,0,0,0,'2023-03-31','2023-03-31 13:16:38','2023-03-31 13:16:38'),
(3,285,1871,0,1250,352,0,0,0,0,0,0,0,0,'2023-06-30','2023-06-30 20:24:11','2023-06-30 20:24:11'),
(4,285,1917,0,1292,352,0,0,0,0,0,0,0,0,'2023-10-16','2023-10-16 16:58:46','2023-10-16 16:58:46'),
(5,285,1917,0,1292,352,0,0,0,0,0,0,0,0,'2023-10-17','2023-10-17 21:24:36','2023-10-17 21:24:36'),
(7,285,1948,0,1323,352,0,0,0,0,0,0,0,0,'2023-12-05','2023-12-05 22:14:02','2023-12-05 22:14:02');

--
-- Table structure for table `glpi_printermodels`
--

CREATE TABLE `glpi_printermodels` (
  `id` int(10) unsigned NOT NULL AUTO_INCREMENT,
  `name` varchar(255) DEFAULT NULL,
  `comment` mediumtext DEFAULT NULL,
  `product_number` varchar(255) DEFAULT NULL,
  `date_mod` timestamp NULL DEFAULT NULL,
  `date_creation` timestamp NULL DEFAULT NULL,
  `picture_front` text DEFAULT NULL,
  `picture_rear` text DEFAULT NULL,
  `pictures` text DEFAULT NULL,
  PRIMARY KEY (`id`),
  KEY `name` (`name`),
  KEY `date_mod` (`date_mod`),
  KEY `date_creation` (`date_creation`),
  KEY `product_number` (`product_number`)
) ENGINE=InnoDB AUTO_INCREMENT=3 DEFAULT CHARSET=utf8mb4 COLLATE=utf8mb4_unicode_ci;

--
-- Dumping data for table `glpi_printermodels`
--

INSERT INTO `glpi_printermodels` VALUES
(1,'LaserJet','','','2020-02-04 19:30:56','2020-02-04 19:30:56',NULL,NULL,NULL),
(2,'HP OfficeJet Pro 9010 series','',NULL,'2021-01-07 13:32:19','2021-01-07 13:32:19',NULL,NULL,NULL);

--
-- Table structure for table `glpi_printers`
--

CREATE TABLE `glpi_printers` (
  `id` int(10) unsigned NOT NULL AUTO_INCREMENT,
  `entities_id` int(10) unsigned NOT NULL DEFAULT 0,
  `is_recursive` tinyint(1) NOT NULL DEFAULT 0,
  `name` varchar(255) DEFAULT NULL,
  `date_mod` timestamp NULL DEFAULT NULL,
  `contact` varchar(255) DEFAULT NULL,
  `contact_num` varchar(255) DEFAULT NULL,
  `users_id_tech` int(10) unsigned NOT NULL DEFAULT 0,
  `groups_id_tech` int(10) unsigned NOT NULL DEFAULT 0,
  `serial` varchar(255) DEFAULT NULL,
  `otherserial` varchar(255) DEFAULT NULL,
  `have_serial` tinyint(1) NOT NULL DEFAULT 0,
  `have_parallel` tinyint(1) NOT NULL DEFAULT 0,
  `have_usb` tinyint(1) NOT NULL DEFAULT 0,
  `have_wifi` tinyint(1) NOT NULL DEFAULT 0,
  `have_ethernet` tinyint(1) NOT NULL DEFAULT 0,
  `comment` mediumtext DEFAULT NULL,
  `memory_size` varchar(255) DEFAULT NULL,
  `locations_id` int(10) unsigned NOT NULL DEFAULT 0,
  `networks_id` int(10) unsigned NOT NULL DEFAULT 0,
  `printertypes_id` int(10) unsigned NOT NULL DEFAULT 0,
  `printermodels_id` int(10) unsigned NOT NULL DEFAULT 0,
  `manufacturers_id` int(10) unsigned NOT NULL DEFAULT 0,
  `is_global` tinyint(1) NOT NULL DEFAULT 0,
  `is_deleted` tinyint(1) NOT NULL DEFAULT 0,
  `is_template` tinyint(1) NOT NULL DEFAULT 0,
  `template_name` varchar(255) DEFAULT NULL,
  `init_pages_counter` int(11) NOT NULL DEFAULT 0,
  `last_pages_counter` int(11) NOT NULL DEFAULT 0,
  `users_id` int(10) unsigned NOT NULL DEFAULT 0,
  `groups_id` int(10) unsigned NOT NULL DEFAULT 0,
  `states_id` int(10) unsigned NOT NULL DEFAULT 0,
  `ticket_tco` decimal(20,4) DEFAULT 0.0000,
  `is_dynamic` tinyint(1) NOT NULL DEFAULT 0,
  `uuid` varchar(255) DEFAULT NULL,
  `date_creation` timestamp NULL DEFAULT NULL,
  `sysdescr` text DEFAULT NULL,
  `last_inventory_update` timestamp NULL DEFAULT NULL,
  `snmpcredentials_id` int(10) unsigned NOT NULL DEFAULT 0,
  `autoupdatesystems_id` int(10) unsigned NOT NULL DEFAULT 0,
  PRIMARY KEY (`id`),
  KEY `name` (`name`),
  KEY `is_template` (`is_template`),
  KEY `is_global` (`is_global`),
  KEY `entities_id` (`entities_id`),
  KEY `manufacturers_id` (`manufacturers_id`),
  KEY `groups_id` (`groups_id`),
  KEY `users_id` (`users_id`),
  KEY `locations_id` (`locations_id`),
  KEY `printermodels_id` (`printermodels_id`),
  KEY `networks_id` (`networks_id`),
  KEY `states_id` (`states_id`),
  KEY `users_id_tech` (`users_id_tech`),
  KEY `printertypes_id` (`printertypes_id`),
  KEY `is_deleted` (`is_deleted`),
  KEY `date_mod` (`date_mod`),
  KEY `groups_id_tech` (`groups_id_tech`),
  KEY `last_pages_counter` (`last_pages_counter`),
  KEY `is_dynamic` (`is_dynamic`),
  KEY `serial` (`serial`),
  KEY `otherserial` (`otherserial`),
  KEY `date_creation` (`date_creation`),
  KEY `snmpcredentials_id` (`snmpcredentials_id`),
  KEY `autoupdatesystems_id` (`autoupdatesystems_id`),
  KEY `is_recursive` (`is_recursive`),
  KEY `uuid` (`uuid`)
) ENGINE=InnoDB AUTO_INCREMENT=428 DEFAULT CHARSET=utf8mb4 COLLATE=utf8mb4_unicode_ci;

--
-- Dumping data for table `glpi_printers`
--

INSERT INTO `glpi_printers` VALUES
(240,8,0,'PRINTER240','2023-08-11 19:53:33',NULL,NULL,0,0,NULL,NULL,0,0,0,0,0,'',NULL,0,0,0,0,0,1,0,0,NULL,0,0,0,0,0,0.0000,1,NULL,'2020-02-06 18:20:41',NULL,NULL,0,0),
(241,8,0,'PRINTER241','2023-08-11 19:53:33',NULL,NULL,0,0,NULL,NULL,0,0,0,0,0,'',NULL,0,0,0,0,0,1,0,0,NULL,0,0,0,0,0,0.0000,1,NULL,'2020-02-06 18:20:41',NULL,NULL,0,0),
(285,5,1,'HPD070E6','2026-03-10 16:23:45',NULL,NULL,0,0,'TH94Q480SZ','12220002222',0,0,0,1,1,'','0',131,0,2,2,2897,0,0,0,NULL,0,1948,0,0,26,0.0000,1,NULL,'2020-05-20 20:04:28','HP ETHERNET MULTI-ENVIRONMENT','2023-12-05 22:20:06',1,6);

--
-- Table structure for table `glpi_printers_cartridgeinfos`
--

CREATE TABLE `glpi_printers_cartridgeinfos` (
  `id` int(10) unsigned NOT NULL AUTO_INCREMENT,
  `printers_id` int(10) unsigned NOT NULL,
  `property` varchar(255) NOT NULL,
  `value` varchar(255) NOT NULL,
  `date_mod` timestamp NULL DEFAULT NULL,
  `date_creation` timestamp NULL DEFAULT NULL,
  PRIMARY KEY (`id`),
  KEY `printers_id` (`printers_id`),
  KEY `date_mod` (`date_mod`),
  KEY `date_creation` (`date_creation`)
) ENGINE=InnoDB AUTO_INCREMENT=5 DEFAULT CHARSET=utf8mb4 COLLATE=utf8mb4_unicode_ci ROW_FORMAT=DYNAMIC;

--
-- Dumping data for table `glpi_printers_cartridgeinfos`
--

INSERT INTO `glpi_printers_cartridgeinfos` VALUES
(1,285,'cartridgeblack','83','2023-12-05 22:14:02','2023-03-29 14:26:48'),
(2,285,'cartridgecyan','70','2023-12-05 22:14:02','2023-03-29 14:26:48'),
(3,285,'cartridgemagenta','84','2023-12-05 22:14:02','2023-03-29 14:26:48'),
(4,285,'cartridgeyellow','69','2023-12-05 22:14:02','2023-03-29 14:26:48');

--
-- Table structure for table `glpi_printertypes`
--

CREATE TABLE `glpi_printertypes` (
  `id` int(10) unsigned NOT NULL AUTO_INCREMENT,
  `name` varchar(255) DEFAULT NULL,
  `comment` mediumtext DEFAULT NULL,
  `date_mod` timestamp NULL DEFAULT NULL,
  `date_creation` timestamp NULL DEFAULT NULL,
  PRIMARY KEY (`id`),
  KEY `name` (`name`),
  KEY `date_mod` (`date_mod`),
  KEY `date_creation` (`date_creation`)
) ENGINE=InnoDB AUTO_INCREMENT=3 DEFAULT CHARSET=utf8mb4 COLLATE=utf8mb4_unicode_ci;

--
-- Dumping data for table `glpi_printertypes`
--

INSERT INTO `glpi_printertypes` VALUES
(1,'En service','','2020-02-04 19:57:44','2020-02-04 19:57:44'),
(2,'Printer','','2022-09-02 20:11:58','2022-09-02 20:11:58');

--
-- Table structure for table `glpi_problemcosts`
--

CREATE TABLE `glpi_problemcosts` (
  `id` int(10) unsigned NOT NULL AUTO_INCREMENT,
  `problems_id` int(10) unsigned NOT NULL DEFAULT 0,
  `name` varchar(255) DEFAULT NULL,
  `comment` mediumtext DEFAULT NULL,
  `begin_date` date DEFAULT NULL,
  `end_date` date DEFAULT NULL,
  `actiontime` int(11) NOT NULL DEFAULT 0,
  `cost_time` decimal(20,4) NOT NULL DEFAULT 0.0000,
  `cost_fixed` decimal(20,4) NOT NULL DEFAULT 0.0000,
  `cost_material` decimal(20,4) NOT NULL DEFAULT 0.0000,
  `budgets_id` int(10) unsigned NOT NULL DEFAULT 0,
  `entities_id` int(10) unsigned NOT NULL DEFAULT 0,
  PRIMARY KEY (`id`),
  KEY `name` (`name`),
  KEY `problems_id` (`problems_id`),
  KEY `begin_date` (`begin_date`),
  KEY `end_date` (`end_date`),
  KEY `entities_id` (`entities_id`),
  KEY `budgets_id` (`budgets_id`)
) ENGINE=InnoDB DEFAULT CHARSET=utf8mb4 COLLATE=utf8mb4_unicode_ci;

--
-- Dumping data for table `glpi_problemcosts`
--


--
-- Table structure for table `glpi_problems`
--

CREATE TABLE `glpi_problems` (
  `id` int(10) unsigned NOT NULL AUTO_INCREMENT,
  `name` varchar(255) DEFAULT NULL,
  `entities_id` int(10) unsigned NOT NULL DEFAULT 0,
  `is_recursive` tinyint(1) NOT NULL DEFAULT 0,
  `is_deleted` tinyint(1) NOT NULL DEFAULT 0,
  `status` int(11) NOT NULL DEFAULT 1,
  `content` longtext DEFAULT NULL,
  `date_mod` timestamp NULL DEFAULT NULL,
  `date` timestamp NULL DEFAULT NULL,
  `solvedate` timestamp NULL DEFAULT NULL,
  `closedate` timestamp NULL DEFAULT NULL,
  `time_to_resolve` timestamp NULL DEFAULT NULL,
  `users_id_recipient` int(10) unsigned NOT NULL DEFAULT 0,
  `users_id_lastupdater` int(10) unsigned NOT NULL DEFAULT 0,
  `urgency` int(11) NOT NULL DEFAULT 1,
  `impact` int(11) NOT NULL DEFAULT 1,
  `priority` int(11) NOT NULL DEFAULT 1,
  `itilcategories_id` int(10) unsigned NOT NULL DEFAULT 0,
  `impactcontent` longtext DEFAULT NULL,
  `causecontent` longtext DEFAULT NULL,
  `symptomcontent` longtext DEFAULT NULL,
  `actiontime` int(11) NOT NULL DEFAULT 0,
  `begin_waiting_date` timestamp NULL DEFAULT NULL,
  `waiting_duration` int(11) NOT NULL DEFAULT 0,
  `close_delay_stat` int(11) NOT NULL DEFAULT 0,
  `solve_delay_stat` int(11) NOT NULL DEFAULT 0,
  `date_creation` timestamp NULL DEFAULT NULL,
  `locations_id` int(10) unsigned NOT NULL DEFAULT 0,
  PRIMARY KEY (`id`),
  KEY `name` (`name`),
  KEY `entities_id` (`entities_id`),
  KEY `is_recursive` (`is_recursive`),
  KEY `is_deleted` (`is_deleted`),
  KEY `date` (`date`),
  KEY `closedate` (`closedate`),
  KEY `status` (`status`),
  KEY `priority` (`priority`),
  KEY `date_mod` (`date_mod`),
  KEY `itilcategories_id` (`itilcategories_id`),
  KEY `users_id_recipient` (`users_id_recipient`),
  KEY `solvedate` (`solvedate`),
  KEY `urgency` (`urgency`),
  KEY `impact` (`impact`),
  KEY `time_to_resolve` (`time_to_resolve`),
  KEY `users_id_lastupdater` (`users_id_lastupdater`),
  KEY `date_creation` (`date_creation`),
  KEY `locations_id` (`locations_id`)
) ENGINE=InnoDB AUTO_INCREMENT=7 DEFAULT CHARSET=utf8mb4 COLLATE=utf8mb4_unicode_ci;

--
-- Dumping data for table `glpi_problems`
--

INSERT INTO `glpi_problems` VALUES
(1,'Test problème solution',0,1,1,5,'Juste un test','2020-08-05 15:25:45','2018-10-12 14:52:20','2018-10-12 14:57:37',NULL,NULL,2,2,3,3,3,0,NULL,NULL,NULL,0,'2018-10-12 14:57:37',0,0,317,'2018-10-12 14:53:09',0),
(2,'Test1234',0,0,1,5,'Test de visibilité autre groupe que observateur','2020-08-05 15:25:45','2018-10-12 17:49:48','2018-10-12 17:50:46',NULL,NULL,18,2,3,3,3,0,NULL,NULL,NULL,0,'2018-10-12 17:50:46',0,0,58,'2018-10-12 17:50:06',0),
(4,'Saturation de l\'espace disque du serveur Web Acacia',0,0,0,5,'&lt;p&gt;Aliquam in viverra odio, vitae porttitor lectus. Nulla ultricies risus sit amet elit sollicitudin porttitor. Maecenas quis nisi aliquet, venenatis ante eget, fermentum eros. Vivamus eu arcu bibendum ipsum mollis suscipit in vel orci. Sed id leo eget nibh vulputate pretium ut vitae eros. Integer vitae auctor neque, et elementum augue. Aliquam consequat augue nisi. Cras fermentum velit elit, non semper sem tristique quis. In vel augue non ipsum malesuada porta vitae ac neque&lt;/p&gt;','2024-11-27 16:09:42','2020-08-04 20:04:32','2020-08-05 12:35:54',NULL,NULL,2,2,5,3,3,0,'Impact affaire: Le département Eolle ne plus créer des commandes','Défaillance de la purge périodique des plus gros fichiers de 250 Mo et plus','La saturation de l\'espace disque ne permet plus aux utilisateurs d\'utiliser l\'application web Documentum hébergé sur le serveur ACACIA',0,'2020-08-05 12:35:54',0,0,10882,'2020-08-04 20:04:38',0),
(5,'Documentum - Instance of North America- Problem with visualisation functionality',0,0,0,1,'&#60;p&#62;A large number of users have reported to us problems viewing documents in the Documentum software.&#60;br /&#62;This greatly penalizes their work.&#60;/p&#62;','2024-11-27 16:00:26','2022-05-05 19:57:12',NULL,NULL,NULL,60,2,3,3,3,0,'&#60;p&#62;All &#60;em&#62;Documentum &#60;/em&#62;users&#60;/p&#62;','','&#60;p&#62;The PDF don\'t show up when user click on the eye (👁) icon.&#60;/p&#62;',0,NULL,0,0,0,'2022-05-05 19:57:12',0),
(6,'Problème de visualisation des documents - instance principale',0,0,0,2,'&#60;p&#62;Les utilisateurs semblent rencontrer un problème de visualisation des documents dans Documentum depuis ce matin.&#60;/p&#62;\r\n&#60;p&#62;Il est nécessaire d\'investiguer.&#60;/p&#62;','2024-11-27 15:19:52','2022-05-18 11:34:03',NULL,NULL,NULL,60,2,3,5,4,0,'&#60;p&#62;La solution Documentum est critique, utilisée par toutes les équipes en opération. Elle contient des documents essentiels.&#60;/p&#62;','&#60;p&#62;à investiguer.&#60;/p&#62;','&#60;p&#62;Les utilisateurs ne semblent pas pouvoir pré-visualiser les documents de type pdf ce qui les ralentit considérablement dans leur travail.&#60;/p&#62;',0,NULL,0,0,0,'2022-05-18 11:34:03',0);

--
-- Table structure for table `glpi_problems_suppliers`
--

CREATE TABLE `glpi_problems_suppliers` (
  `id` int(10) unsigned NOT NULL AUTO_INCREMENT,
  `problems_id` int(10) unsigned NOT NULL DEFAULT 0,
  `suppliers_id` int(10) unsigned NOT NULL DEFAULT 0,
  `type` int(11) NOT NULL DEFAULT 1,
  `use_notification` tinyint(1) NOT NULL DEFAULT 0,
  `alternative_email` varchar(255) DEFAULT NULL,
  PRIMARY KEY (`id`),
  UNIQUE KEY `unicity` (`problems_id`,`type`,`suppliers_id`),
  KEY `group` (`suppliers_id`,`type`)
) ENGINE=InnoDB DEFAULT CHARSET=utf8mb4 COLLATE=utf8mb4_unicode_ci;

--
-- Dumping data for table `glpi_problems_suppliers`
--


--
-- Table structure for table `glpi_problems_tickets`
--

CREATE TABLE `glpi_problems_tickets` (
  `id` int(10) unsigned NOT NULL AUTO_INCREMENT,
  `problems_id` int(10) unsigned NOT NULL DEFAULT 0,
  `tickets_id` int(10) unsigned NOT NULL DEFAULT 0,
  PRIMARY KEY (`id`),
  UNIQUE KEY `unicity` (`problems_id`,`tickets_id`),
  KEY `tickets_id` (`tickets_id`)
) ENGINE=InnoDB AUTO_INCREMENT=12 DEFAULT CHARSET=utf8mb4 COLLATE=utf8mb4_unicode_ci;

--
-- Dumping data for table `glpi_problems_tickets`
--


--
-- Table structure for table `glpi_problems_users`
--

CREATE TABLE `glpi_problems_users` (
  `id` int(10) unsigned NOT NULL AUTO_INCREMENT,
  `problems_id` int(10) unsigned NOT NULL DEFAULT 0,
  `users_id` int(10) unsigned NOT NULL DEFAULT 0,
  `type` int(11) NOT NULL DEFAULT 1,
  `use_notification` tinyint(1) NOT NULL DEFAULT 0,
  `alternative_email` varchar(255) DEFAULT NULL,
  PRIMARY KEY (`id`),
  UNIQUE KEY `unicity` (`problems_id`,`type`,`users_id`,`alternative_email`),
  KEY `user` (`users_id`,`type`)
) ENGINE=InnoDB AUTO_INCREMENT=11 DEFAULT CHARSET=utf8mb4 COLLATE=utf8mb4_unicode_ci;

--
-- Dumping data for table `glpi_problems_users`
--

INSERT INTO `glpi_problems_users` VALUES
(1,1,2,1,1,'glpi-support@addlys.com'),
(2,1,18,2,1,'lsimard@addlys.com'),
(3,2,18,1,1,'lsimard@addlys.com'),
(4,2,2,2,1,'glpi-support@addlys.com'),
(8,5,60,1,0,''),
(10,6,60,1,0,'');

--
-- Table structure for table `glpi_problemtasks`
--

CREATE TABLE `glpi_problemtasks` (
  `id` int(10) unsigned NOT NULL AUTO_INCREMENT,
  `uuid` varchar(255) DEFAULT NULL,
  `problems_id` int(10) unsigned NOT NULL DEFAULT 0,
  `taskcategories_id` int(10) unsigned NOT NULL DEFAULT 0,
  `date` timestamp NULL DEFAULT NULL,
  `begin` timestamp NULL DEFAULT NULL,
  `end` timestamp NULL DEFAULT NULL,
  `users_id` int(10) unsigned NOT NULL DEFAULT 0,
  `users_id_editor` int(10) unsigned NOT NULL DEFAULT 0,
  `users_id_tech` int(10) unsigned NOT NULL DEFAULT 0,
  `groups_id_tech` int(10) unsigned NOT NULL DEFAULT 0,
  `content` longtext DEFAULT NULL,
  `actiontime` int(11) NOT NULL DEFAULT 0,
  `state` int(11) NOT NULL DEFAULT 0,
  `date_mod` timestamp NULL DEFAULT NULL,
  `date_creation` timestamp NULL DEFAULT NULL,
  `tasktemplates_id` int(10) unsigned NOT NULL DEFAULT 0,
  `timeline_position` tinyint(1) NOT NULL DEFAULT 0,
  `is_private` tinyint(1) NOT NULL DEFAULT 0,
  PRIMARY KEY (`id`),
  UNIQUE KEY `uuid` (`uuid`),
  KEY `problems_id` (`problems_id`),
  KEY `users_id` (`users_id`),
  KEY `users_id_editor` (`users_id_editor`),
  KEY `users_id_tech` (`users_id_tech`),
  KEY `groups_id_tech` (`groups_id_tech`),
  KEY `date` (`date`),
  KEY `date_mod` (`date_mod`),
  KEY `date_creation` (`date_creation`),
  KEY `begin` (`begin`),
  KEY `end` (`end`),
  KEY `state` (`state`),
  KEY `taskcategories_id` (`taskcategories_id`),
  KEY `tasktemplates_id` (`tasktemplates_id`),
  KEY `is_private` (`is_private`)
) ENGINE=InnoDB AUTO_INCREMENT=4 DEFAULT CHARSET=utf8mb4 COLLATE=utf8mb4_unicode_ci;

--
-- Dumping data for table `glpi_problemtasks`
--

INSERT INTO `glpi_problemtasks` VALUES
(1,'0f7959be-5f94-4f7a-a478-c604234d33b5',4,0,'2020-08-05 12:31:51',NULL,NULL,2,0,0,0,'&lt;p&gt;&lt;em&gt;Paramétrer une nouvelle alerte Nagios sur le seuil de remplissage du volume à 25%&lt;/em&gt;&lt;/p&gt;',0,1,'2024-11-27 16:09:42','2020-08-05 12:31:51',0,1,0),
(2,'dd4d959d-aa47-455e-adb1-a2e5cb4f6033',5,17,'2022-05-05 22:10:28',NULL,NULL,2,0,0,0,'&#60;p&#62;I start the analysis&#60;/p&#62;',0,1,'2024-11-27 16:00:26','2022-05-05 22:10:28',0,4,0),
(3,'064712e9-0539-497b-b90d-76d5d6403c0d',5,15,'2022-05-05 22:15:03',NULL,NULL,27,0,27,0,'&#60;p&#62;I modified your profil Etienne in the software.&#60;/p&#62;\r\n&#60;p&#62;Good luck for your analysis.&#60;/p&#62;',0,2,'2024-11-27 15:17:39','2022-05-05 22:15:03',0,1,0);

--
-- Table structure for table `glpi_problemtemplatehiddenfields`
--

CREATE TABLE `glpi_problemtemplatehiddenfields` (
  `id` int(10) unsigned NOT NULL AUTO_INCREMENT,
  `problemtemplates_id` int(10) unsigned NOT NULL DEFAULT 0,
  `num` int(11) NOT NULL DEFAULT 0,
  PRIMARY KEY (`id`),
  UNIQUE KEY `unicity` (`problemtemplates_id`,`num`)
) ENGINE=InnoDB DEFAULT CHARSET=utf8mb4 COLLATE=utf8mb4_unicode_ci;

--
-- Dumping data for table `glpi_problemtemplatehiddenfields`
--


--
-- Table structure for table `glpi_problemtemplatemandatoryfields`
--

CREATE TABLE `glpi_problemtemplatemandatoryfields` (
  `id` int(10) unsigned NOT NULL AUTO_INCREMENT,
  `problemtemplates_id` int(10) unsigned NOT NULL DEFAULT 0,
  `num` int(11) NOT NULL DEFAULT 0,
  PRIMARY KEY (`id`),
  UNIQUE KEY `unicity` (`problemtemplates_id`,`num`)
) ENGINE=InnoDB AUTO_INCREMENT=2 DEFAULT CHARSET=utf8mb4 COLLATE=utf8mb4_unicode_ci;

--
-- Dumping data for table `glpi_problemtemplatemandatoryfields`
--

INSERT INTO `glpi_problemtemplatemandatoryfields` VALUES
(1,1,21);

--
-- Table structure for table `glpi_problemtemplatepredefinedfields`
--

CREATE TABLE `glpi_problemtemplatepredefinedfields` (
  `id` int(10) unsigned NOT NULL AUTO_INCREMENT,
  `problemtemplates_id` int(10) unsigned NOT NULL DEFAULT 0,
  `num` int(11) NOT NULL DEFAULT 0,
  `value` mediumtext DEFAULT NULL,
  PRIMARY KEY (`id`),
  KEY `problemtemplates_id` (`problemtemplates_id`)
) ENGINE=InnoDB DEFAULT CHARSET=utf8mb4 COLLATE=utf8mb4_unicode_ci;

--
-- Dumping data for table `glpi_problemtemplatepredefinedfields`
--


--
-- Table structure for table `glpi_problemtemplates`
--

CREATE TABLE `glpi_problemtemplates` (
  `id` int(10) unsigned NOT NULL AUTO_INCREMENT,
  `name` varchar(255) DEFAULT NULL,
  `entities_id` int(10) unsigned NOT NULL DEFAULT 0,
  `is_recursive` tinyint(1) NOT NULL DEFAULT 0,
  `comment` mediumtext DEFAULT NULL,
  PRIMARY KEY (`id`),
  KEY `name` (`name`),
  KEY `entities_id` (`entities_id`),
  KEY `is_recursive` (`is_recursive`)
) ENGINE=InnoDB AUTO_INCREMENT=2 DEFAULT CHARSET=utf8mb4 COLLATE=utf8mb4_unicode_ci;

--
-- Dumping data for table `glpi_problemtemplates`
--

INSERT INTO `glpi_problemtemplates` VALUES
(1,'Default',0,1,NULL);

--
-- Table structure for table `glpi_profilerights`
--

CREATE TABLE `glpi_profilerights` (
  `id` int(10) unsigned NOT NULL AUTO_INCREMENT,
  `profiles_id` int(10) unsigned NOT NULL DEFAULT 0,
  `name` varchar(255) DEFAULT NULL,
  `rights` int(11) NOT NULL DEFAULT 0,
  PRIMARY KEY (`id`),
  UNIQUE KEY `unicity` (`profiles_id`,`name`),
  KEY `name` (`name`)
) ENGINE=InnoDB AUTO_INCREMENT=12069 DEFAULT CHARSET=utf8mb4 COLLATE=utf8mb4_unicode_ci;

--
-- Dumping data for table `glpi_profilerights`
--

INSERT INTO `glpi_profilerights` VALUES
(1,1,'computer',0),
(2,1,'monitor',0),
(3,1,'software',0),
(4,1,'networking',0),
(5,1,'internet',0),
(6,1,'printer',0),
(7,1,'peripheral',0),
(8,1,'cartridge',0),
(9,1,'consumable',0),
(10,1,'phone',0),
(12,1,'contact_enterprise',0),
(13,1,'document',0),
(14,1,'contract',0),
(15,1,'infocom',0),
(16,1,'knowbase',2048),
(20,1,'reservation',0),
(21,1,'reports',0),
(22,1,'dropdown',0),
(24,1,'device',0),
(25,1,'typedoc',0),
(26,1,'link',0),
(27,1,'config',0),
(29,1,'rule_ticket',0),
(30,1,'rule_import',0),
(31,1,'rule_ldap',0),
(32,1,'rule_softwarecategories',0),
(33,1,'search_config',0),
(36,1,'profile',0),
(37,1,'user',0),
(39,1,'group',0),
(40,1,'entity',0),
(41,1,'transfer',0),
(42,1,'logs',0),
(43,1,'reminder_public',0),
(44,1,'rssfeed_public',0),
(45,1,'bookmark_public',0),
(47,1,'ticket',2053),
(51,1,'followup',18439),
(52,1,'task',1),
(64,1,'planning',0),
(67,1,'statistic',0),
(68,1,'password_update',1),
(70,1,'show_group_hardware',0),
(71,1,'rule_dictionnary_software',0),
(72,1,'rule_dictionnary_dropdown',0),
(73,1,'budget',0),
(75,1,'notification',0),
(76,1,'rule_mailcollector',0),
(79,1,'calendar',0),
(80,1,'slm',0),
(81,1,'rule_dictionnary_printer',0),
(84,1,'devicesimcard_pinpuk',0),
(85,1,'problem',0),
(89,1,'itiltemplate',0),
(90,1,'ticketrecurrent',0),
(91,1,'ticketcost',1),
(94,1,'ticketvalidation',3072),
(95,2,'computer',33),
(96,2,'monitor',33),
(97,2,'software',33),
(98,2,'networking',33),
(99,2,'internet',1),
(100,2,'printer',33),
(101,2,'peripheral',33),
(102,2,'cartridge',33),
(103,2,'consumable',33),
(104,2,'phone',33),
(106,2,'contact_enterprise',33),
(107,2,'document',33),
(108,2,'contract',33),
(109,2,'infocom',1),
(110,2,'knowbase',10241),
(114,2,'reservation',1025),
(115,2,'reports',1),
(116,2,'dropdown',0),
(118,2,'device',0),
(119,2,'typedoc',1),
(120,2,'link',1),
(121,2,'config',0),
(123,2,'rule_ticket',0),
(124,2,'rule_import',0),
(125,2,'rule_ldap',0),
(126,2,'rule_softwarecategories',0),
(127,2,'search_config',1024),
(130,2,'profile',0),
(131,2,'user',2049),
(133,2,'group',1),
(134,2,'entity',32),
(135,2,'transfer',0),
(136,2,'logs',0),
(137,2,'reminder_public',128),
(138,2,'rssfeed_public',128),
(139,2,'bookmark_public',0),
(141,2,'ticket',168989),
(145,2,'followup',5),
(146,2,'task',1),
(158,2,'planning',1),
(161,2,'statistic',1),
(162,2,'password_update',1),
(164,2,'show_group_hardware',0),
(165,2,'rule_dictionnary_software',0),
(166,2,'rule_dictionnary_dropdown',0),
(167,2,'budget',33),
(169,2,'notification',0),
(170,2,'rule_mailcollector',0),
(173,2,'calendar',0),
(174,2,'slm',0),
(175,2,'rule_dictionnary_printer',0),
(179,2,'problem',1057),
(183,2,'itiltemplate',0),
(184,2,'ticketrecurrent',0),
(185,2,'ticketcost',1),
(188,2,'ticketvalidation',15384),
(283,4,'computer',255),
(284,4,'monitor',255),
(285,4,'software',255),
(286,4,'networking',255),
(287,4,'internet',159),
(288,4,'printer',255),
(289,4,'peripheral',255),
(290,4,'cartridge',255),
(291,4,'consumable',255),
(292,4,'phone',255),
(294,4,'contact_enterprise',127),
(295,4,'document',127),
(296,4,'contract',127),
(297,4,'infocom',23),
(298,4,'knowbase',15383),
(302,4,'reservation',1047),
(303,4,'reports',1),
(304,4,'dropdown',23),
(306,4,'device',23),
(307,4,'typedoc',23),
(308,4,'link',23),
(309,4,'config',3),
(311,4,'rule_ticket',1047),
(312,4,'rule_import',23),
(313,4,'rule_ldap',23),
(314,4,'rule_softwarecategories',23),
(315,4,'search_config',3072),
(318,4,'profile',23),
(319,4,'user',7199),
(321,4,'group',119),
(322,4,'entity',3191),
(323,4,'transfer',23),
(324,4,'logs',1),
(325,4,'reminder_public',151),
(326,4,'rssfeed_public',151),
(327,4,'bookmark_public',23),
(329,4,'ticket',261151),
(333,4,'followup',15383),
(334,4,'task',13329),
(346,4,'planning',3073),
(349,4,'statistic',1),
(350,4,'password_update',1),
(352,4,'show_group_hardware',0),
(353,4,'rule_dictionnary_software',23),
(354,4,'rule_dictionnary_dropdown',23),
(355,4,'budget',127),
(357,4,'notification',23),
(358,4,'rule_mailcollector',23),
(361,4,'calendar',23),
(362,4,'slm',23),
(363,4,'rule_dictionnary_printer',23),
(367,4,'problem',1151),
(371,4,'itiltemplate',23),
(372,4,'ticketrecurrent',23),
(373,4,'ticketcost',23),
(376,4,'ticketvalidation',15376),
(377,5,'computer',0),
(378,5,'monitor',0),
(379,5,'software',0),
(380,5,'networking',0),
(381,5,'internet',0),
(382,5,'printer',0),
(383,5,'peripheral',0),
(384,5,'cartridge',0),
(385,5,'consumable',0),
(386,5,'phone',0),
(388,5,'contact_enterprise',0),
(389,5,'document',0),
(390,5,'contract',0),
(391,5,'infocom',0),
(392,5,'knowbase',8192),
(396,5,'reservation',0),
(397,5,'reports',0),
(398,5,'dropdown',0),
(400,5,'device',0),
(401,5,'typedoc',0),
(402,5,'link',0),
(403,5,'config',0),
(405,5,'rule_ticket',0),
(406,5,'rule_import',0),
(407,5,'rule_ldap',0),
(408,5,'rule_softwarecategories',0),
(409,5,'search_config',0),
(412,5,'profile',0),
(413,5,'user',1025),
(415,5,'group',0),
(416,5,'entity',0),
(417,5,'transfer',0),
(418,5,'logs',0),
(419,5,'reminder_public',128),
(420,5,'rssfeed_public',128),
(421,5,'bookmark_public',0),
(423,5,'ticket',140295),
(427,5,'followup',12295),
(428,5,'task',8193),
(440,5,'planning',1),
(443,5,'statistic',1),
(444,5,'password_update',1),
(446,5,'show_group_hardware',0),
(447,5,'rule_dictionnary_software',0),
(448,5,'rule_dictionnary_dropdown',0),
(449,5,'budget',0),
(451,5,'notification',0),
(452,5,'rule_mailcollector',0),
(455,5,'calendar',0),
(456,5,'slm',0),
(457,5,'rule_dictionnary_printer',0),
(461,5,'problem',1024),
(465,5,'itiltemplate',1),
(466,5,'ticketrecurrent',0),
(467,5,'ticketcost',31),
(470,5,'ticketvalidation',3088),
(471,6,'computer',127),
(472,6,'monitor',127),
(473,6,'software',127),
(474,6,'networking',127),
(475,6,'internet',31),
(476,6,'printer',127),
(477,6,'peripheral',127),
(478,6,'cartridge',127),
(479,6,'consumable',127),
(480,6,'phone',127),
(482,6,'contact_enterprise',127),
(483,6,'document',127),
(484,6,'contract',127),
(485,6,'infocom',23),
(486,6,'knowbase',14359),
(490,6,'reservation',1024),
(491,6,'reports',1),
(492,6,'dropdown',0),
(494,6,'device',0),
(495,6,'typedoc',0),
(496,6,'link',0),
(497,6,'config',1),
(499,6,'rule_ticket',0),
(500,6,'rule_import',0),
(501,6,'rule_ldap',0),
(502,6,'rule_softwarecategories',0),
(503,6,'search_config',0),
(506,6,'profile',0),
(507,6,'user',1027),
(509,6,'group',1),
(510,6,'entity',97),
(511,6,'transfer',1),
(512,6,'logs',0),
(513,6,'reminder_public',151),
(514,6,'rssfeed_public',128),
(515,6,'bookmark_public',23),
(517,6,'ticket',113678),
(521,6,'followup',31751),
(522,6,'task',13329),
(534,6,'planning',3073),
(537,6,'statistic',1),
(538,6,'password_update',1),
(540,6,'show_group_hardware',1),
(541,6,'rule_dictionnary_software',0),
(542,6,'rule_dictionnary_dropdown',0),
(543,6,'budget',127),
(545,6,'notification',7),
(546,6,'rule_mailcollector',0),
(549,6,'calendar',7),
(550,6,'slm',1),
(551,6,'rule_dictionnary_printer',0),
(555,6,'problem',1151),
(559,6,'itiltemplate',23),
(560,6,'ticketrecurrent',7),
(561,6,'ticketcost',7),
(564,6,'ticketvalidation',15376),
(565,7,'computer',127),
(566,7,'monitor',127),
(567,7,'software',127),
(568,7,'networking',127),
(569,7,'internet',31),
(570,7,'printer',127),
(571,7,'peripheral',127),
(572,7,'cartridge',127),
(573,7,'consumable',127),
(574,7,'phone',127),
(576,7,'contact_enterprise',96),
(577,7,'document',127),
(578,7,'contract',96),
(579,7,'infocom',0),
(580,7,'knowbase',14367),
(584,7,'reservation',1055),
(585,7,'reports',1),
(586,7,'dropdown',0),
(588,7,'device',0),
(589,7,'typedoc',0),
(590,7,'link',0),
(591,7,'config',0),
(593,7,'rule_ticket',1055),
(594,7,'rule_import',0),
(595,7,'rule_ldap',0),
(596,7,'rule_softwarecategories',0),
(597,7,'search_config',0),
(600,7,'profile',0),
(601,7,'user',1055),
(603,7,'group',1),
(604,7,'entity',97),
(605,7,'transfer',1),
(606,7,'logs',1),
(607,7,'reminder_public',159),
(608,7,'rssfeed_public',159),
(609,7,'bookmark_public',0),
(611,7,'ticket',259103),
(615,7,'followup',13335),
(616,7,'task',13329),
(628,7,'planning',2049),
(631,7,'statistic',1),
(632,7,'password_update',1),
(634,7,'show_group_hardware',0),
(635,7,'rule_dictionnary_software',0),
(636,7,'rule_dictionnary_dropdown',0),
(637,7,'budget',96),
(639,7,'notification',0),
(640,7,'rule_mailcollector',31),
(643,7,'calendar',31),
(644,7,'slm',31),
(645,7,'rule_dictionnary_printer',0),
(649,7,'problem',1151),
(653,7,'itiltemplate',31),
(654,7,'ticketrecurrent',31),
(655,7,'ticketcost',31),
(658,7,'ticketvalidation',15384),
(659,1,'change',0),
(660,2,'change',1057),
(662,4,'change',1151),
(663,5,'change',1054),
(664,6,'change',103),
(665,7,'change',1151),
(666,1,'changevalidation',0),
(667,2,'changevalidation',1044),
(669,4,'changevalidation',1044),
(670,5,'changevalidation',20),
(671,6,'changevalidation',0),
(672,7,'changevalidation',1044),
(673,1,'domain',0),
(674,2,'domain',0),
(676,4,'domain',127),
(677,5,'domain',0),
(678,6,'domain',127),
(679,7,'domain',31),
(680,1,'location',0),
(681,2,'location',0),
(683,4,'location',23),
(684,5,'location',0),
(685,6,'location',5),
(686,7,'location',31),
(687,1,'itilcategory',0),
(688,2,'itilcategory',0),
(690,4,'itilcategory',23),
(691,5,'itilcategory',0),
(692,6,'itilcategory',7),
(693,7,'itilcategory',31),
(694,1,'knowbasecategory',0),
(695,2,'knowbasecategory',0),
(697,4,'knowbasecategory',23),
(698,5,'knowbasecategory',0),
(699,6,'knowbasecategory',7),
(700,7,'knowbasecategory',31),
(701,1,'cable_management',0),
(702,2,'cable_management',0),
(704,4,'cable_management',31),
(705,5,'cable_management',0),
(706,6,'cable_management',31),
(707,7,'cable_management',31),
(708,1,'taskcategory',0),
(709,2,'taskcategory',0),
(711,4,'taskcategory',23),
(712,5,'taskcategory',0),
(713,6,'taskcategory',7),
(714,7,'taskcategory',31),
(715,1,'state',0),
(716,2,'state',0),
(718,4,'state',23),
(719,5,'state',0),
(720,6,'state',7),
(721,7,'state',31),
(722,1,'solutiontemplate',0),
(723,2,'solutiontemplate',0),
(725,4,'solutiontemplate',23),
(726,5,'solutiontemplate',0),
(727,6,'solutiontemplate',7),
(728,7,'solutiontemplate',31),
(729,1,'queuednotification',0),
(730,2,'queuednotification',0),
(732,4,'queuednotification',31),
(733,5,'queuednotification',0),
(734,6,'queuednotification',0),
(735,7,'queuednotification',0),
(736,1,'project',0),
(737,2,'project',1025),
(739,4,'project',1151),
(740,5,'project',1150),
(741,6,'project',1151),
(742,7,'project',1151),
(743,1,'projecttask',0),
(744,2,'projecttask',1025),
(746,4,'projecttask',1121),
(747,5,'projecttask',0),
(748,6,'projecttask',1121),
(749,7,'projecttask',1025),
(751,8,'bookmark_public',1),
(752,8,'budget',161),
(753,8,'calendar',1),
(754,8,'cartridge',161),
(755,8,'change',1185),
(756,8,'changevalidation',0),
(757,8,'computer',161),
(758,8,'config',1),
(759,8,'consumable',161),
(760,8,'contact_enterprise',161),
(761,8,'contract',161),
(762,8,'device',0),
(763,8,'document',161),
(764,8,'domain',1),
(765,8,'dropdown',1),
(766,8,'entity',1185),
(767,8,'followup',8193),
(768,8,'global_validation',0),
(769,8,'group',129),
(770,8,'infocom',1),
(771,8,'internet',129),
(772,8,'itilcategory',1),
(773,8,'knowbase',10369),
(774,8,'knowbasecategory',1),
(775,8,'link',129),
(776,8,'location',1),
(777,8,'logs',1),
(778,8,'monitor',161),
(779,8,'cable_management',1),
(780,8,'networking',161),
(781,8,'notification',1),
(782,8,'password_update',0),
(783,8,'peripheral',161),
(784,8,'phone',161),
(785,8,'planning',3073),
(786,8,'printer',161),
(787,8,'problem',1185),
(788,8,'profile',129),
(789,8,'project',1185),
(790,8,'projecttask',1),
(791,8,'queuednotification',1),
(792,8,'reminder_public',129),
(793,8,'reports',1),
(794,8,'reservation',1),
(795,8,'rssfeed_public',129),
(796,8,'rule_dictionnary_dropdown',1),
(797,8,'rule_dictionnary_printer',1),
(798,8,'rule_dictionnary_software',1),
(799,8,'rule_import',1),
(800,8,'rule_ldap',1),
(801,8,'rule_mailcollector',1),
(802,8,'rule_softwarecategories',1),
(803,8,'rule_ticket',1),
(804,8,'search_config',0),
(805,8,'show_group_hardware',1),
(806,8,'slm',1),
(807,8,'software',161),
(808,8,'solutiontemplate',1),
(809,8,'state',1),
(810,8,'statistic',1),
(811,8,'task',8193),
(812,8,'taskcategory',1),
(813,8,'ticket',138369),
(814,8,'ticketcost',1),
(815,8,'ticketrecurrent',1),
(816,8,'itiltemplate',1),
(817,8,'ticketvalidation',0),
(818,8,'transfer',1),
(819,8,'typedoc',1),
(820,8,'user',2177),
(821,1,'license',0),
(822,2,'license',33),
(824,4,'license',127),
(825,5,'license',0),
(826,6,'license',127),
(827,7,'license',127),
(828,8,'license',161),
(829,1,'line',0),
(830,2,'line',33),
(832,4,'line',127),
(833,5,'line',0),
(834,6,'line',127),
(835,7,'line',127),
(836,8,'line',161),
(837,1,'lineoperator',0),
(838,2,'lineoperator',1),
(840,4,'lineoperator',23),
(841,5,'lineoperator',0),
(842,6,'lineoperator',0),
(843,7,'lineoperator',31),
(844,8,'lineoperator',1),
(846,2,'devicesimcard_pinpuk',0),
(848,4,'devicesimcard_pinpuk',3),
(849,5,'devicesimcard_pinpuk',1),
(850,6,'devicesimcard_pinpuk',3),
(851,7,'devicesimcard_pinpuk',0),
(852,8,'devicesimcard_pinpuk',1),
(853,1,'certificate',0),
(854,2,'certificate',33),
(856,4,'certificate',127),
(857,5,'certificate',0),
(858,6,'certificate',127),
(859,7,'certificate',127),
(860,8,'certificate',161),
(861,1,'plugin_fusioninventory_menu',0),
(862,2,'plugin_fusioninventory_menu',0),
(864,4,'plugin_fusioninventory_menu',1),
(865,5,'plugin_fusioninventory_menu',0),
(866,6,'plugin_fusioninventory_menu',1),
(867,7,'plugin_fusioninventory_menu',0),
(868,8,'plugin_fusioninventory_menu',0),
(869,1,'plugin_fusioninventory_agent',0),
(870,2,'plugin_fusioninventory_agent',0),
(872,4,'plugin_fusioninventory_agent',23),
(873,5,'plugin_fusioninventory_agent',0),
(874,6,'plugin_fusioninventory_agent',7),
(875,7,'plugin_fusioninventory_agent',0),
(876,8,'plugin_fusioninventory_agent',0),
(877,1,'plugin_fusioninventory_remotecontrol',0),
(878,2,'plugin_fusioninventory_remotecontrol',0),
(880,4,'plugin_fusioninventory_remotecontrol',1),
(881,5,'plugin_fusioninventory_remotecontrol',0),
(882,6,'plugin_fusioninventory_remotecontrol',1),
(883,7,'plugin_fusioninventory_remotecontrol',0),
(884,8,'plugin_fusioninventory_remotecontrol',0),
(885,1,'plugin_fusioninventory_configuration',0),
(886,2,'plugin_fusioninventory_configuration',0),
(888,4,'plugin_fusioninventory_configuration',3),
(889,5,'plugin_fusioninventory_configuration',0),
(890,6,'plugin_fusioninventory_configuration',3),
(891,7,'plugin_fusioninventory_configuration',0),
(892,8,'plugin_fusioninventory_configuration',0),
(893,1,'plugin_fusioninventory_task',0),
(894,2,'plugin_fusioninventory_task',0),
(896,4,'plugin_fusioninventory_task',23),
(897,5,'plugin_fusioninventory_task',0),
(898,6,'plugin_fusioninventory_task',7),
(899,7,'plugin_fusioninventory_task',0),
(900,8,'plugin_fusioninventory_task',0),
(901,1,'plugin_fusioninventory_wol',0),
(902,2,'plugin_fusioninventory_wol',0),
(904,4,'plugin_fusioninventory_wol',1),
(905,5,'plugin_fusioninventory_wol',0),
(906,6,'plugin_fusioninventory_wol',1),
(907,7,'plugin_fusioninventory_wol',0),
(908,8,'plugin_fusioninventory_wol',0),
(909,1,'plugin_fusioninventory_group',0),
(910,2,'plugin_fusioninventory_group',0),
(912,4,'plugin_fusioninventory_group',23),
(913,5,'plugin_fusioninventory_group',0),
(914,6,'plugin_fusioninventory_group',7),
(915,7,'plugin_fusioninventory_group',0),
(916,8,'plugin_fusioninventory_group',0),
(917,1,'plugin_fusioninventory_collect',0),
(918,2,'plugin_fusioninventory_collect',0),
(920,4,'plugin_fusioninventory_collect',23),
(921,5,'plugin_fusioninventory_collect',0),
(922,6,'plugin_fusioninventory_collect',7),
(923,7,'plugin_fusioninventory_collect',0),
(924,8,'plugin_fusioninventory_collect',0),
(925,1,'plugin_fusioninventory_iprange',0),
(926,2,'plugin_fusioninventory_iprange',0),
(928,4,'plugin_fusioninventory_iprange',23),
(929,5,'plugin_fusioninventory_iprange',0),
(930,6,'plugin_fusioninventory_iprange',7),
(931,7,'plugin_fusioninventory_iprange',0),
(932,8,'plugin_fusioninventory_iprange',0),
(933,1,'plugin_fusioninventory_credential',0),
(934,2,'plugin_fusioninventory_credential',0),
(936,4,'plugin_fusioninventory_credential',23),
(937,5,'plugin_fusioninventory_credential',0),
(938,6,'plugin_fusioninventory_credential',7),
(939,7,'plugin_fusioninventory_credential',0),
(940,8,'plugin_fusioninventory_credential',0),
(941,1,'plugin_fusioninventory_credentialip',0),
(942,2,'plugin_fusioninventory_credentialip',0),
(944,4,'plugin_fusioninventory_credentialip',23),
(945,5,'plugin_fusioninventory_credentialip',0),
(946,6,'plugin_fusioninventory_credentialip',7),
(947,7,'plugin_fusioninventory_credentialip',0),
(948,8,'plugin_fusioninventory_credentialip',0),
(949,1,'plugin_fusioninventory_esx',0),
(950,2,'plugin_fusioninventory_esx',0),
(952,4,'plugin_fusioninventory_esx',23),
(953,5,'plugin_fusioninventory_esx',0),
(954,6,'plugin_fusioninventory_esx',7),
(955,7,'plugin_fusioninventory_esx',0),
(956,8,'plugin_fusioninventory_esx',0),
(957,1,'plugin_fusioninventory_configsecurity',0),
(958,2,'plugin_fusioninventory_configsecurity',0),
(960,4,'plugin_fusioninventory_configsecurity',31),
(961,5,'plugin_fusioninventory_configsecurity',0),
(962,6,'plugin_fusioninventory_configsecurity',7),
(963,7,'plugin_fusioninventory_configsecurity',0),
(964,8,'plugin_fusioninventory_configsecurity',0),
(965,1,'plugin_fusioninventory_networkequipment',0),
(966,2,'plugin_fusioninventory_networkequipment',0),
(968,4,'plugin_fusioninventory_networkequipment',23),
(969,5,'plugin_fusioninventory_networkequipment',0),
(970,6,'plugin_fusioninventory_networkequipment',7),
(971,7,'plugin_fusioninventory_networkequipment',0),
(972,8,'plugin_fusioninventory_networkequipment',0),
(973,1,'plugin_fusioninventory_printer',0),
(974,2,'plugin_fusioninventory_printer',0),
(976,4,'plugin_fusioninventory_printer',23),
(977,5,'plugin_fusioninventory_printer',0),
(978,6,'plugin_fusioninventory_printer',7),
(979,7,'plugin_fusioninventory_printer',0),
(980,8,'plugin_fusioninventory_printer',0),
(981,1,'plugin_fusioninventory_unmanaged',0),
(982,2,'plugin_fusioninventory_unmanaged',0),
(984,4,'plugin_fusioninventory_unmanaged',31),
(985,5,'plugin_fusioninventory_unmanaged',0),
(986,6,'plugin_fusioninventory_unmanaged',7),
(987,7,'plugin_fusioninventory_unmanaged',0),
(988,8,'plugin_fusioninventory_unmanaged',0),
(989,1,'plugin_fusioninventory_importxml',0),
(990,2,'plugin_fusioninventory_importxml',0),
(992,4,'plugin_fusioninventory_importxml',4),
(993,5,'plugin_fusioninventory_importxml',0),
(994,6,'plugin_fusioninventory_importxml',4),
(995,7,'plugin_fusioninventory_importxml',0),
(996,8,'plugin_fusioninventory_importxml',0),
(997,1,'plugin_fusioninventory_reportprinter',0),
(998,2,'plugin_fusioninventory_reportprinter',0),
(1000,4,'plugin_fusioninventory_reportprinter',1),
(1001,5,'plugin_fusioninventory_reportprinter',0),
(1002,6,'plugin_fusioninventory_reportprinter',1),
(1003,7,'plugin_fusioninventory_reportprinter',0),
(1004,8,'plugin_fusioninventory_reportprinter',0),
(1005,1,'plugin_fusioninventory_reportnetworkequipment',0),
(1006,2,'plugin_fusioninventory_reportnetworkequipment',0),
(1008,4,'plugin_fusioninventory_reportnetworkequipment',1),
(1009,5,'plugin_fusioninventory_reportnetworkequipment',0),
(1010,6,'plugin_fusioninventory_reportnetworkequipment',1),
(1011,7,'plugin_fusioninventory_reportnetworkequipment',0),
(1012,8,'plugin_fusioninventory_reportnetworkequipment',0),
(1013,1,'plugin_fusioninventory_lock',0),
(1014,2,'plugin_fusioninventory_lock',0),
(1016,4,'plugin_fusioninventory_lock',23),
(1017,5,'plugin_fusioninventory_lock',0),
(1018,6,'plugin_fusioninventory_lock',7),
(1019,7,'plugin_fusioninventory_lock',0),
(1020,8,'plugin_fusioninventory_lock',0),
(1021,1,'plugin_fusioninventory_ruleimport',0),
(1022,2,'plugin_fusioninventory_ruleimport',0),
(1024,4,'plugin_fusioninventory_ruleimport',23),
(1025,5,'plugin_fusioninventory_ruleimport',0),
(1026,6,'plugin_fusioninventory_ruleimport',7),
(1027,7,'plugin_fusioninventory_ruleimport',0),
(1028,8,'plugin_fusioninventory_ruleimport',0),
(1029,1,'plugin_fusioninventory_ruleentity',0),
(1030,2,'plugin_fusioninventory_ruleentity',0),
(1032,4,'plugin_fusioninventory_ruleentity',23),
(1033,5,'plugin_fusioninventory_ruleentity',0),
(1034,6,'plugin_fusioninventory_ruleentity',7),
(1035,7,'plugin_fusioninventory_ruleentity',0),
(1036,8,'plugin_fusioninventory_ruleentity',0),
(1037,1,'plugin_fusioninventory_rulelocation',0),
(1038,2,'plugin_fusioninventory_rulelocation',0),
(1040,4,'plugin_fusioninventory_rulelocation',23),
(1041,5,'plugin_fusioninventory_rulelocation',0),
(1042,6,'plugin_fusioninventory_rulelocation',7),
(1043,7,'plugin_fusioninventory_rulelocation',0),
(1044,8,'plugin_fusioninventory_rulelocation',0),
(1045,1,'plugin_fusioninventory_blacklist',0),
(1046,2,'plugin_fusioninventory_blacklist',0),
(1048,4,'plugin_fusioninventory_blacklist',23),
(1049,5,'plugin_fusioninventory_blacklist',0),
(1050,6,'plugin_fusioninventory_blacklist',7),
(1051,7,'plugin_fusioninventory_blacklist',0),
(1052,8,'plugin_fusioninventory_blacklist',0),
(1053,1,'plugin_fusioninventory_rulecollect',0),
(1054,2,'plugin_fusioninventory_rulecollect',0),
(1056,4,'plugin_fusioninventory_rulecollect',23),
(1057,5,'plugin_fusioninventory_rulecollect',0),
(1058,6,'plugin_fusioninventory_rulecollect',7),
(1059,7,'plugin_fusioninventory_rulecollect',0),
(1060,8,'plugin_fusioninventory_rulecollect',0),
(1061,1,'plugin_fusioninventory_ignoredimportdevice',0),
(1062,2,'plugin_fusioninventory_ignoredimportdevice',0),
(1064,4,'plugin_fusioninventory_ignoredimportdevice',23),
(1065,5,'plugin_fusioninventory_ignoredimportdevice',0),
(1066,6,'plugin_fusioninventory_ignoredimportdevice',7),
(1067,7,'plugin_fusioninventory_ignoredimportdevice',0),
(1068,8,'plugin_fusioninventory_ignoredimportdevice',0),
(1069,1,'plugin_fusioninventory_package',0),
(1070,2,'plugin_fusioninventory_package',0),
(1072,4,'plugin_fusioninventory_package',23),
(1073,5,'plugin_fusioninventory_package',0),
(1074,6,'plugin_fusioninventory_package',7),
(1075,7,'plugin_fusioninventory_package',0),
(1076,8,'plugin_fusioninventory_package',0),
(1077,1,'plugin_fusioninventory_deploymirror',0),
(1078,2,'plugin_fusioninventory_deploymirror',0),
(1080,4,'plugin_fusioninventory_deploymirror',23),
(1081,5,'plugin_fusioninventory_deploymirror',0),
(1082,6,'plugin_fusioninventory_deploymirror',7),
(1083,7,'plugin_fusioninventory_deploymirror',0),
(1084,8,'plugin_fusioninventory_deploymirror',0),
(1085,1,'plugin_fusioninventory_selfpackage',1),
(1086,2,'plugin_fusioninventory_selfpackage',0),
(1088,4,'plugin_fusioninventory_selfpackage',1),
(1089,5,'plugin_fusioninventory_selfpackage',0),
(1090,6,'plugin_fusioninventory_selfpackage',1),
(1091,7,'plugin_fusioninventory_selfpackage',0),
(1092,8,'plugin_fusioninventory_selfpackage',0),
(1093,4,'global_validation',0),
(1103,1,'plugin_webapplications_open_ticket',0),
(1104,2,'plugin_webapplications_open_ticket',0),
(1107,5,'plugin_webapplications_open_ticket',0),
(1108,6,'plugin_webapplications_open_ticket',0),
(1109,7,'plugin_webapplications_open_ticket',0),
(1110,8,'plugin_webapplications_open_ticket',0),
(1121,1,'plugin_databases_open_ticket',0),
(1122,2,'plugin_databases_open_ticket',0),
(1125,5,'plugin_databases_open_ticket',0),
(1126,6,'plugin_databases_open_ticket',0),
(1127,7,'plugin_databases_open_ticket',0),
(1128,8,'plugin_databases_open_ticket',0),
(1132,1,'global_validation',0),
(1134,2,'global_validation',0),
(1138,5,'global_validation',0),
(1140,6,'global_validation',0),
(1142,7,'global_validation',0),
(1144,4,'plugin_datainjection_model',23),
(1145,4,'plugin_datainjection_use',1),
(1156,1,'plugin_moreticket_justification',0),
(1157,2,'plugin_moreticket_justification',0),
(1160,5,'plugin_moreticket_justification',0),
(1161,6,'plugin_moreticket_justification',1),
(1162,7,'plugin_moreticket_justification',0),
(1163,8,'plugin_moreticket_justification',0),
(1230,1,'plugin_appliances',0),
(1231,2,'plugin_appliances',0),
(1234,5,'plugin_appliances',0),
(1235,6,'plugin_appliances',0),
(1236,7,'plugin_appliances',0),
(1237,8,'plugin_appliances',0),
(1238,1,'plugin_appliances_open_ticket',0),
(1239,2,'plugin_appliances_open_ticket',0),
(1242,5,'plugin_appliances_open_ticket',0),
(1243,6,'plugin_appliances_open_ticket',0),
(1244,7,'plugin_appliances_open_ticket',0),
(1245,8,'plugin_appliances_open_ticket',0),
(1264,1,'plugin_domains_open_ticket',0),
(1265,2,'plugin_domains_open_ticket',0),
(1268,5,'plugin_domains_open_ticket',0),
(1269,6,'plugin_domains_open_ticket',0),
(1270,7,'plugin_domains_open_ticket',0),
(1271,8,'plugin_domains_open_ticket',0),
(1275,1,'plugin_environment',0),
(1276,2,'plugin_environment',0),
(1279,5,'plugin_environment',0),
(1280,6,'plugin_environment',0),
(1281,7,'plugin_environment',0),
(1282,8,'plugin_environment',0),
(1283,1,'plugin_environment_appliances',0),
(1284,2,'plugin_environment_appliances',0),
(1287,5,'plugin_environment_appliances',0),
(1288,6,'plugin_environment_appliances',0),
(1289,7,'plugin_environment_appliances',0),
(1290,8,'plugin_environment_appliances',0),
(1291,1,'plugin_environment_webapplications',0),
(1292,2,'plugin_environment_webapplications',0),
(1295,5,'plugin_environment_webapplications',0),
(1296,6,'plugin_environment_webapplications',0),
(1297,7,'plugin_environment_webapplications',0),
(1298,8,'plugin_environment_webapplications',0),
(1299,1,'plugin_environment_accounts',0),
(1300,2,'plugin_environment_accounts',0),
(1303,5,'plugin_environment_accounts',0),
(1304,6,'plugin_environment_accounts',0),
(1305,7,'plugin_environment_accounts',0),
(1306,8,'plugin_environment_accounts',0),
(1307,1,'plugin_environment_domains',0),
(1308,2,'plugin_environment_domains',0),
(1311,5,'plugin_environment_domains',0),
(1312,6,'plugin_environment_domains',0),
(1313,7,'plugin_environment_domains',0),
(1314,8,'plugin_environment_domains',0),
(1315,1,'plugin_environment_databases',0),
(1316,2,'plugin_environment_databases',0),
(1319,5,'plugin_environment_databases',0),
(1320,6,'plugin_environment_databases',0),
(1321,7,'plugin_environment_databases',0),
(1322,8,'plugin_environment_databases',0),
(1323,1,'plugin_environment_badges',0),
(1324,2,'plugin_environment_badges',0),
(1327,5,'plugin_environment_badges',0),
(1328,6,'plugin_environment_badges',0),
(1329,7,'plugin_environment_badges',0),
(1330,8,'plugin_environment_badges',0),
(1737,1,'plugin_datainjection_model',0),
(1738,1,'plugin_datainjection_use',0),
(1741,4,'plugin_appliances',127),
(1742,4,'plugin_appliances_open_ticket',1),
(1746,4,'plugin_environment',1),
(1747,4,'plugin_environment_appliances',1),
(1748,4,'plugin_environment_webapplications',1),
(1749,4,'plugin_environment_accounts',1),
(1750,4,'plugin_environment_domains',1),
(1751,4,'plugin_environment_databases',1),
(1752,4,'plugin_environment_badges',1),
(1896,1,'plugin_processmaker_config',0),
(1897,1,'plugin_processmaker_deletecase',0),
(1898,6,'plugin_datainjection_model',0),
(1900,13,'bookmark_public',0),
(1901,13,'budget',0),
(1902,13,'calendar',0),
(1903,13,'cartridge',0),
(1904,13,'certificate',0),
(1905,13,'change',0),
(1906,13,'changevalidation',0),
(1907,13,'computer',0),
(1908,13,'config',0),
(1909,13,'consumable',0),
(1910,13,'contact_enterprise',0),
(1911,13,'contract',0),
(1912,13,'device',0),
(1913,13,'devicesimcard_pinpuk',0),
(1914,13,'document',0),
(1915,13,'domain',0),
(1916,13,'dropdown',0),
(1917,13,'entity',0),
(1918,13,'followup',2055),
(1919,13,'global_validation',0),
(1920,13,'group',0),
(1921,13,'infocom',0),
(1922,13,'internet',0),
(1923,13,'itilcategory',0),
(1924,13,'knowbase',2048),
(1925,13,'knowbasecategory',0),
(1926,13,'license',0),
(1927,13,'line',0),
(1928,13,'lineoperator',0),
(1929,13,'link',0),
(1930,13,'location',0),
(1931,13,'logs',0),
(1932,13,'monitor',0),
(1933,13,'cable_management',0),
(1934,13,'networking',0),
(1935,13,'notification',0),
(1936,13,'password_update',0),
(1937,13,'peripheral',0),
(1938,13,'phone',0),
(1939,13,'planning',0),
(1940,13,'plugin_appliances',0),
(1941,13,'plugin_appliances_open_ticket',0),
(1943,13,'plugin_databases_open_ticket',0),
(1944,13,'plugin_datainjection_model',0),
(1945,13,'plugin_datainjection_use',0),
(1948,13,'plugin_domains_open_ticket',0),
(1949,13,'plugin_environment',0),
(1950,13,'plugin_environment_accounts',0),
(1951,13,'plugin_environment_appliances',0),
(1952,13,'plugin_environment_badges',0),
(1953,13,'plugin_environment_databases',0),
(1954,13,'plugin_environment_domains',0),
(1955,13,'plugin_environment_webapplications',0),
(1956,13,'plugin_fusioninventory_agent',0),
(1957,13,'plugin_fusioninventory_blacklist',0),
(1958,13,'plugin_fusioninventory_collect',0),
(1959,13,'plugin_fusioninventory_configsecurity',0),
(1960,13,'plugin_fusioninventory_configuration',0),
(1961,13,'plugin_fusioninventory_credential',0),
(1962,13,'plugin_fusioninventory_credentialip',0),
(1963,13,'plugin_fusioninventory_deploymirror',0),
(1964,13,'plugin_fusioninventory_esx',0),
(1965,13,'plugin_fusioninventory_group',0),
(1966,13,'plugin_fusioninventory_ignoredimportdevice',0),
(1967,13,'plugin_fusioninventory_importxml',0),
(1968,13,'plugin_fusioninventory_iprange',0),
(1969,13,'plugin_fusioninventory_lock',0),
(1970,13,'plugin_fusioninventory_menu',0),
(1971,13,'plugin_fusioninventory_networkequipment',0),
(1972,13,'plugin_fusioninventory_package',0),
(1973,13,'plugin_fusioninventory_printer',0),
(1974,13,'plugin_fusioninventory_remotecontrol',0),
(1975,13,'plugin_fusioninventory_reportnetworkequipment',0),
(1976,13,'plugin_fusioninventory_reportprinter',0),
(1977,13,'plugin_fusioninventory_rulecollect',0),
(1978,13,'plugin_fusioninventory_ruleentity',0),
(1979,13,'plugin_fusioninventory_ruleimport',0),
(1980,13,'plugin_fusioninventory_rulelocation',0),
(1981,13,'plugin_fusioninventory_selfpackage',0),
(1982,13,'plugin_fusioninventory_task',0),
(1983,13,'plugin_fusioninventory_unmanaged',0),
(1984,13,'plugin_fusioninventory_wol',0),
(1987,13,'plugin_moreticket_justification',1),
(1991,13,'plugin_processmaker_config',0),
(1992,13,'plugin_processmaker_deletecase',0),
(1995,13,'plugin_webapplications_open_ticket',0),
(1996,13,'printer',0),
(1997,13,'problem',0),
(1998,13,'profile',0),
(1999,13,'project',0),
(2000,13,'projecttask',0),
(2001,13,'queuednotification',0),
(2002,13,'reminder_public',1),
(2003,13,'reports',0),
(2004,13,'reservation',1024),
(2005,13,'rssfeed_public',0),
(2006,13,'rule_dictionnary_dropdown',0),
(2007,13,'rule_dictionnary_printer',0),
(2008,13,'rule_dictionnary_software',0),
(2009,13,'rule_import',0),
(2010,13,'rule_ldap',0),
(2011,13,'rule_mailcollector',0),
(2012,13,'rule_softwarecategories',0),
(2013,13,'rule_ticket',0),
(2014,13,'search_config',0),
(2015,13,'show_group_hardware',0),
(2016,13,'slm',0),
(2017,13,'software',0),
(2018,13,'solutiontemplate',0),
(2019,13,'state',0),
(2020,13,'statistic',0),
(2021,13,'task',1),
(2022,13,'taskcategory',0),
(2023,13,'ticket',2049),
(2024,13,'ticketcost',1),
(2025,13,'ticketrecurrent',0),
(2026,13,'itiltemplate',0),
(2027,13,'ticketvalidation',15360),
(2028,13,'transfer',0),
(2029,13,'typedoc',0),
(2030,13,'user',0),
(2295,4,'plugin_processmaker_config',3),
(2296,4,'plugin_processmaker_deletecase',8),
(2297,6,'plugin_datainjection_use',0),
(2298,6,'plugin_processmaker_config',0),
(2299,6,'plugin_processmaker_deletecase',0),
(2315,1,'plugin_timelineticket_ticket',3),
(2327,2,'plugin_datainjection_model',0),
(2328,2,'plugin_datainjection_use',0),
(2329,2,'plugin_processmaker_config',0),
(2330,2,'plugin_processmaker_deletecase',0),
(2331,2,'plugin_timelineticket_ticket',0),
(2333,5,'plugin_datainjection_model',0),
(2334,5,'plugin_datainjection_use',0),
(2335,5,'plugin_processmaker_config',0),
(2336,5,'plugin_processmaker_deletecase',0),
(2337,5,'plugin_timelineticket_ticket',0),
(2338,6,'plugin_timelineticket_ticket',3),
(2339,7,'plugin_datainjection_model',0),
(2340,7,'plugin_datainjection_use',0),
(2341,7,'plugin_processmaker_config',0),
(2342,7,'plugin_processmaker_deletecase',0),
(2343,7,'plugin_timelineticket_ticket',3),
(2344,8,'plugin_datainjection_model',0),
(2345,8,'plugin_datainjection_use',0),
(2346,8,'plugin_processmaker_config',0),
(2347,8,'plugin_processmaker_deletecase',0),
(2348,8,'plugin_timelineticket_ticket',0),
(2349,13,'plugin_timelineticket_ticket',3),
(3173,1,'plugin_mydashboard',0),
(3174,2,'plugin_mydashboard',0),
(3177,5,'plugin_mydashboard',0),
(3178,6,'plugin_mydashboard',6),
(3179,7,'plugin_mydashboard',0),
(3180,8,'plugin_mydashboard',0),
(3181,13,'plugin_mydashboard',6),
(3190,1,'plugin_mydashboard_config',0),
(3191,2,'plugin_mydashboard_config',0),
(3194,5,'plugin_mydashboard_config',0),
(3195,6,'plugin_mydashboard_config',0),
(3196,7,'plugin_mydashboard_config',0),
(3197,8,'plugin_mydashboard_config',0),
(3198,13,'plugin_mydashboard_config',0),
(3209,4,'plugin_reports_statticketsbypriority',1),
(3210,4,'plugin_reports_doublons',1),
(3214,4,'plugin_reports_printers',1),
(3216,4,'plugin_reports_listgroups',1),
(3523,1,'plugin_reports_applicationsbylocation',0),
(3524,2,'plugin_reports_applicationsbylocation',0),
(3526,4,'plugin_reports_applicationsbylocation',1),
(3527,5,'plugin_reports_applicationsbylocation',0),
(3528,6,'plugin_reports_applicationsbylocation',1),
(3529,7,'plugin_reports_applicationsbylocation',0),
(3530,8,'plugin_reports_applicationsbylocation',0),
(3531,13,'plugin_reports_applicationsbylocation',0),
(3541,1,'plugin_reports_equipmentbygroups',0),
(3542,2,'plugin_reports_equipmentbygroups',0),
(3544,4,'plugin_reports_equipmentbygroups',1),
(3545,5,'plugin_reports_equipmentbygroups',0),
(3546,6,'plugin_reports_equipmentbygroups',1),
(3547,7,'plugin_reports_equipmentbygroups',0),
(3548,8,'plugin_reports_equipmentbygroups',0),
(3549,13,'plugin_reports_equipmentbygroups',0),
(3559,1,'plugin_reports_equipmentbylocation',0),
(3560,2,'plugin_reports_equipmentbylocation',0),
(3562,4,'plugin_reports_equipmentbylocation',1),
(3563,5,'plugin_reports_equipmentbylocation',0),
(3564,6,'plugin_reports_equipmentbylocation',1),
(3565,7,'plugin_reports_equipmentbylocation',0),
(3566,8,'plugin_reports_equipmentbylocation',0),
(3567,13,'plugin_reports_equipmentbylocation',0),
(3577,1,'plugin_reports_globalhisto',0),
(3578,2,'plugin_reports_globalhisto',0),
(3580,4,'plugin_reports_globalhisto',1),
(3581,5,'plugin_reports_globalhisto',0),
(3582,6,'plugin_reports_globalhisto',1),
(3583,7,'plugin_reports_globalhisto',0),
(3584,8,'plugin_reports_globalhisto',0),
(3585,13,'plugin_reports_globalhisto',0),
(3595,1,'plugin_reports_histohard',0),
(3596,2,'plugin_reports_histohard',0),
(3598,4,'plugin_reports_histohard',1),
(3599,5,'plugin_reports_histohard',0),
(3600,6,'plugin_reports_histohard',1),
(3601,7,'plugin_reports_histohard',0),
(3602,8,'plugin_reports_histohard',0),
(3603,13,'plugin_reports_histohard',0),
(3613,1,'plugin_reports_histoinst',0),
(3614,2,'plugin_reports_histoinst',0),
(3616,4,'plugin_reports_histoinst',1),
(3617,5,'plugin_reports_histoinst',0),
(3618,6,'plugin_reports_histoinst',1),
(3619,7,'plugin_reports_histoinst',0),
(3620,8,'plugin_reports_histoinst',0),
(3621,13,'plugin_reports_histoinst',0),
(3631,1,'plugin_reports_infocom',0),
(3632,2,'plugin_reports_infocom',0),
(3634,4,'plugin_reports_infocom',1),
(3635,5,'plugin_reports_infocom',0),
(3636,6,'plugin_reports_infocom',1),
(3637,7,'plugin_reports_infocom',0),
(3638,8,'plugin_reports_infocom',0),
(3639,13,'plugin_reports_infocom',0),
(3649,1,'plugin_reports_iteminstall',0),
(3650,2,'plugin_reports_iteminstall',0),
(3652,4,'plugin_reports_iteminstall',1),
(3653,5,'plugin_reports_iteminstall',0),
(3654,6,'plugin_reports_iteminstall',1),
(3655,7,'plugin_reports_iteminstall',0),
(3656,8,'plugin_reports_iteminstall',0),
(3657,13,'plugin_reports_iteminstall',0),
(3667,1,'plugin_reports_licenses',0),
(3668,2,'plugin_reports_licenses',0),
(3670,4,'plugin_reports_licenses',1),
(3671,5,'plugin_reports_licenses',0),
(3672,6,'plugin_reports_licenses',1),
(3673,7,'plugin_reports_licenses',0),
(3674,8,'plugin_reports_licenses',0),
(3675,13,'plugin_reports_licenses',0),
(3685,1,'plugin_reports_licensesexpires',0),
(3686,2,'plugin_reports_licensesexpires',0),
(3688,4,'plugin_reports_licensesexpires',1),
(3689,5,'plugin_reports_licensesexpires',0),
(3690,6,'plugin_reports_licensesexpires',1),
(3691,7,'plugin_reports_licensesexpires',0),
(3692,8,'plugin_reports_licensesexpires',0),
(3693,13,'plugin_reports_licensesexpires',0),
(3703,1,'plugin_reports_listequipmentbylocation',0),
(3704,2,'plugin_reports_listequipmentbylocation',0),
(3706,4,'plugin_reports_listequipmentbylocation',1),
(3707,5,'plugin_reports_listequipmentbylocation',0),
(3708,6,'plugin_reports_listequipmentbylocation',1),
(3709,7,'plugin_reports_listequipmentbylocation',0),
(3710,8,'plugin_reports_listequipmentbylocation',0),
(3711,13,'plugin_reports_listequipmentbylocation',0),
(3721,1,'plugin_reports_location',0),
(3722,2,'plugin_reports_location',0),
(3724,4,'plugin_reports_location',1),
(3725,5,'plugin_reports_location',0),
(3726,6,'plugin_reports_location',1),
(3727,7,'plugin_reports_location',0),
(3728,8,'plugin_reports_location',0),
(3729,13,'plugin_reports_location',0),
(3739,1,'plugin_reports_pcsbyentity',0),
(3740,2,'plugin_reports_pcsbyentity',0),
(3742,4,'plugin_reports_pcsbyentity',1),
(3743,5,'plugin_reports_pcsbyentity',0),
(3744,6,'plugin_reports_pcsbyentity',1),
(3745,7,'plugin_reports_pcsbyentity',0),
(3746,8,'plugin_reports_pcsbyentity',0),
(3747,13,'plugin_reports_pcsbyentity',0),
(3757,1,'plugin_reports_rules',0),
(3758,2,'plugin_reports_rules',0),
(3760,4,'plugin_reports_rules',1),
(3761,5,'plugin_reports_rules',0),
(3762,6,'plugin_reports_rules',1),
(3763,7,'plugin_reports_rules',0),
(3764,8,'plugin_reports_rules',0),
(3765,13,'plugin_reports_rules',0),
(3775,1,'plugin_reports_searchinfocom',0),
(3776,2,'plugin_reports_searchinfocom',0),
(3778,4,'plugin_reports_searchinfocom',1),
(3779,5,'plugin_reports_searchinfocom',0),
(3780,6,'plugin_reports_searchinfocom',1),
(3781,7,'plugin_reports_searchinfocom',0),
(3782,8,'plugin_reports_searchinfocom',0),
(3783,13,'plugin_reports_searchinfocom',0),
(3793,1,'plugin_reports_softnotinstalled',0),
(3794,2,'plugin_reports_softnotinstalled',0),
(3796,4,'plugin_reports_softnotinstalled',1),
(3797,5,'plugin_reports_softnotinstalled',0),
(3798,6,'plugin_reports_softnotinstalled',1),
(3799,7,'plugin_reports_softnotinstalled',0),
(3800,8,'plugin_reports_softnotinstalled',0),
(3801,13,'plugin_reports_softnotinstalled',0),
(3811,1,'plugin_reports_softversioninstallations',0),
(3812,2,'plugin_reports_softversioninstallations',0),
(3814,4,'plugin_reports_softversioninstallations',1),
(3815,5,'plugin_reports_softversioninstallations',0),
(3816,6,'plugin_reports_softversioninstallations',1),
(3817,7,'plugin_reports_softversioninstallations',0),
(3818,8,'plugin_reports_softversioninstallations',0),
(3819,13,'plugin_reports_softversioninstallations',0),
(3829,1,'plugin_reports_statnightticketsbypriority',0),
(3830,2,'plugin_reports_statnightticketsbypriority',0),
(3832,4,'plugin_reports_statnightticketsbypriority',1),
(3833,5,'plugin_reports_statnightticketsbypriority',0),
(3834,6,'plugin_reports_statnightticketsbypriority',1),
(3835,7,'plugin_reports_statnightticketsbypriority',0),
(3836,8,'plugin_reports_statnightticketsbypriority',0),
(3837,13,'plugin_reports_statnightticketsbypriority',0),
(3847,1,'plugin_reports_statticketsbyentity',0),
(3848,2,'plugin_reports_statticketsbyentity',0),
(3850,4,'plugin_reports_statticketsbyentity',1),
(3851,5,'plugin_reports_statticketsbyentity',0),
(3852,6,'plugin_reports_statticketsbyentity',1),
(3853,7,'plugin_reports_statticketsbyentity',0),
(3854,8,'plugin_reports_statticketsbyentity',0),
(3855,13,'plugin_reports_statticketsbyentity',0),
(3865,1,'plugin_reports_transferreditems',0),
(3866,2,'plugin_reports_transferreditems',0),
(3868,4,'plugin_reports_transferreditems',1),
(3869,5,'plugin_reports_transferreditems',0),
(3870,6,'plugin_reports_transferreditems',1),
(3871,7,'plugin_reports_transferreditems',0),
(3872,8,'plugin_reports_transferreditems',0),
(3873,13,'plugin_reports_transferreditems',0),
(3883,1,'plugin_reports_zombies',0),
(3884,2,'plugin_reports_zombies',0),
(3886,4,'plugin_reports_zombies',1),
(3887,5,'plugin_reports_zombies',0),
(3888,6,'plugin_reports_zombies',1),
(3889,7,'plugin_reports_zombies',0),
(3890,8,'plugin_reports_zombies',0),
(3891,13,'plugin_reports_zombies',0),
(4067,1,'plugin_reports_doublons',0),
(4068,1,'plugin_reports_listgroups',0),
(4069,1,'plugin_reports_printers',0),
(4070,1,'plugin_reports_statticketsbypriority',0),
(4071,6,'plugin_reports_doublons',1),
(4072,6,'plugin_reports_listgroups',1),
(4073,6,'plugin_reports_printers',1),
(4074,6,'plugin_reports_statticketsbypriority',1),
(5491,4,'plugin_fusioninventory_userinteractiontemplate',31),
(5666,1,'plugin_order_order',0),
(5667,2,'plugin_order_order',0),
(5670,5,'plugin_order_order',0),
(5671,6,'plugin_order_order',16255),
(5672,7,'plugin_order_order',0),
(5673,8,'plugin_order_order',0),
(5674,13,'plugin_order_order',0),
(5694,1,'plugin_order_reference',0),
(5695,2,'plugin_order_reference',0),
(5698,5,'plugin_order_reference',0),
(5699,6,'plugin_order_reference',31),
(5700,7,'plugin_order_reference',0),
(5701,8,'plugin_order_reference',0),
(5702,13,'plugin_order_reference',0),
(5722,1,'plugin_order_bill',0),
(5723,2,'plugin_order_bill',0),
(5726,5,'plugin_order_bill',0),
(5727,6,'plugin_order_bill',23),
(5728,7,'plugin_order_bill',0),
(5729,8,'plugin_order_bill',0),
(5730,13,'plugin_order_bill',0),
(5753,13,'plugin_reports_doublons',0),
(5754,13,'plugin_reports_listgroups',0),
(5755,13,'plugin_reports_printers',0),
(5756,13,'plugin_reports_statticketsbypriority',0),
(5757,13,'plugin_fusioninventory_userinteractiontemplate',0),
(5758,6,'plugin_fusioninventory_userinteractiontemplate',7),
(5759,1,'plugin_fusioninventory_userinteractiontemplate',0),
(5761,1,'datacenter',0),
(5762,2,'datacenter',0),
(5764,4,'datacenter',31),
(5765,5,'datacenter',0),
(5766,6,'datacenter',31),
(5767,7,'datacenter',0),
(5768,8,'datacenter',255),
(5769,13,'datacenter',0),
(5884,1,'plugin_tasklists_see_all',0),
(5885,2,'plugin_tasklists_see_all',0),
(5887,5,'plugin_tasklists_see_all',0),
(5888,6,'plugin_tasklists_see_all',0),
(5889,7,'plugin_tasklists_see_all',0),
(5890,8,'plugin_tasklists_see_all',0),
(5891,13,'plugin_tasklists_see_all',0),
(5940,2,'plugin_fusioninventory_userinteractiontemplate',0),
(5941,2,'plugin_reports_doublons',0),
(5942,2,'plugin_reports_listgroups',0),
(5943,2,'plugin_reports_printers',0),
(5944,2,'plugin_reports_statticketsbypriority',0),
(5946,5,'plugin_fusioninventory_userinteractiontemplate',0),
(5947,5,'plugin_reports_doublons',0),
(5948,5,'plugin_reports_listgroups',0),
(5949,5,'plugin_reports_printers',0),
(5950,5,'plugin_reports_statticketsbypriority',0),
(5951,7,'plugin_fusioninventory_userinteractiontemplate',0),
(5952,7,'plugin_reports_doublons',0),
(5953,7,'plugin_reports_listgroups',0),
(5954,7,'plugin_reports_printers',0),
(5955,7,'plugin_reports_statticketsbypriority',0),
(5956,8,'plugin_fusioninventory_userinteractiontemplate',0),
(5957,8,'plugin_reports_doublons',0),
(5958,8,'plugin_reports_listgroups',0),
(5959,8,'plugin_reports_printers',0),
(5960,8,'plugin_reports_statticketsbypriority',0),
(6280,6,'plugin_moreticket_hide_task_duration',1),
(6288,13,'plugin_moreticket_hide_task_duration',0),
(6296,4,'rule_asset',23),
(6297,1,'personalization',0),
(6298,2,'personalization',0),
(6300,5,'personalization',0),
(6301,6,'personalization',1),
(6302,7,'personalization',3),
(6303,8,'personalization',1),
(6304,13,'personalization',0),
(6324,4,'personalization',3),
(6358,1,'plugin_mydashboard_edit',0),
(6359,2,'plugin_mydashboard_edit',0),
(6361,5,'plugin_mydashboard_edit',0),
(6362,6,'plugin_mydashboard_edit',6),
(6363,7,'plugin_mydashboard_edit',0),
(6364,8,'plugin_mydashboard_edit',0),
(6365,13,'plugin_mydashboard_edit',0),
(6418,1,'plugin_archimap_open_ticket',0),
(6419,2,'plugin_archimap_open_ticket',0),
(6421,5,'plugin_archimap_open_ticket',0),
(6422,6,'plugin_archimap_open_ticket',0),
(6423,7,'plugin_archimap_open_ticket',0),
(6424,8,'plugin_archimap_open_ticket',0),
(6425,13,'plugin_archimap_open_ticket',0),
(6447,4,'plugin_archimap_open_ticket',1),
(6479,1,'plugin_archisw_open_ticket',0),
(6480,2,'plugin_archisw_open_ticket',0),
(6482,5,'plugin_archisw_open_ticket',0),
(6483,6,'plugin_archisw_open_ticket',0),
(6484,7,'plugin_archisw_open_ticket',0),
(6485,8,'plugin_archisw_open_ticket',0),
(6486,13,'plugin_archisw_open_ticket',0),
(6508,4,'plugin_archisw_open_ticket',1),
(6537,1,'plugin_dataflows_open_ticket',0),
(6538,2,'plugin_dataflows_open_ticket',0),
(6540,5,'plugin_dataflows_open_ticket',0),
(6541,6,'plugin_dataflows_open_ticket',0),
(6542,7,'plugin_dataflows_open_ticket',0),
(6543,8,'plugin_dataflows_open_ticket',0),
(6544,13,'plugin_dataflows_open_ticket',0),
(6566,4,'plugin_dataflows_open_ticket',1),
(6595,1,'plugin_archifun_open_ticket',0),
(6596,2,'plugin_archifun_open_ticket',0),
(6598,5,'plugin_archifun_open_ticket',0),
(6599,6,'plugin_archifun_open_ticket',0),
(6600,7,'plugin_archifun_open_ticket',0),
(6601,8,'plugin_archifun_open_ticket',0),
(6602,13,'plugin_archifun_open_ticket',0),
(6624,4,'plugin_archifun_open_ticket',1),
(6628,4,'plugin_archires',31),
(6629,1,'plugin_statecheck',0),
(6630,2,'plugin_statecheck',0),
(6632,5,'plugin_statecheck',0),
(6633,6,'plugin_statecheck',0),
(6634,7,'plugin_statecheck',0),
(6635,8,'plugin_statecheck',0),
(6636,13,'plugin_statecheck',0),
(6657,1,'plugin_statecheck_open_ticket',0),
(6658,2,'plugin_statecheck_open_ticket',0),
(6660,5,'plugin_statecheck_open_ticket',0),
(6661,6,'plugin_statecheck_open_ticket',0),
(6662,7,'plugin_statecheck_open_ticket',0),
(6663,8,'plugin_statecheck_open_ticket',0),
(6664,13,'plugin_statecheck_open_ticket',0),
(6685,4,'plugin_statecheck',127),
(6686,4,'plugin_statecheck_open_ticket',1),
(6694,4,'plugin_addressing',31),
(6695,4,'plugin_addressing_use_ping_in_equipment',1),
(6696,1,'plugin_positions',0),
(6697,2,'plugin_positions',0),
(6699,5,'plugin_positions',0),
(6700,6,'plugin_positions',0),
(6701,7,'plugin_positions',0),
(6702,8,'plugin_positions',0),
(6703,13,'plugin_positions',0),
(6753,1,'plugin_archires',0),
(6754,1,'plugin_moreticket_hide_task_duration',0),
(6755,1,'rule_asset',0),
(6756,1,'plugin_addressing',0),
(6757,1,'plugin_addressing_use_ping_in_equipment',0),
(6758,2,'plugin_addressing',0),
(6759,2,'plugin_addressing_use_ping_in_equipment',0),
(6760,2,'plugin_archires',0),
(6761,2,'plugin_moreticket_hide_task_duration',0),
(6762,2,'rule_asset',0),
(6765,5,'plugin_addressing',0),
(6766,5,'plugin_addressing_use_ping_in_equipment',0),
(6767,5,'plugin_archires',0),
(6768,5,'plugin_moreticket_hide_task_duration',0),
(6769,5,'rule_asset',0),
(6770,6,'plugin_addressing',0),
(6771,6,'plugin_addressing_use_ping_in_equipment',0),
(6772,6,'plugin_archires',0),
(6773,6,'rule_asset',0),
(6774,7,'plugin_addressing',0),
(6775,7,'plugin_addressing_use_ping_in_equipment',0),
(6776,7,'plugin_archires',0),
(6777,7,'plugin_moreticket_hide_task_duration',0),
(6778,7,'rule_asset',0),
(6779,8,'plugin_addressing',0),
(6780,8,'plugin_addressing_use_ping_in_equipment',0),
(6781,8,'plugin_archires',0),
(6782,8,'plugin_moreticket_hide_task_duration',0),
(6783,8,'rule_asset',0),
(6784,13,'plugin_addressing',0),
(6785,13,'plugin_addressing_use_ping_in_equipment',0),
(6786,13,'plugin_archires',0),
(6787,13,'rule_asset',0),
(6937,1,'plugin_typology',0),
(6938,2,'plugin_typology',0),
(6940,5,'plugin_typology',0),
(6941,6,'plugin_typology',0),
(6942,7,'plugin_typology',0),
(6943,8,'plugin_typology',0),
(6944,13,'plugin_typology',0),
(6994,4,'plugin_metademands',31),
(6995,4,'plugin_metademands_requester',1),
(6996,6,'plugin_metademands',0),
(6997,6,'plugin_metademands_requester',0),
(7001,36,'bookmark_public',23),
(7002,36,'budget',255),
(7003,36,'calendar',23),
(7004,36,'cartridge',255),
(7005,36,'certificate',255),
(7006,36,'change',1279),
(7007,36,'changevalidation',1044),
(7008,36,'computer',255),
(7009,36,'config',1),
(7010,36,'consumable',255),
(7011,36,'contact_enterprise',255),
(7012,36,'contract',255),
(7013,36,'datacenter',31),
(7014,36,'device',23),
(7015,36,'devicesimcard_pinpuk',3),
(7016,36,'document',255),
(7017,36,'domain',23),
(7018,36,'dropdown',23),
(7019,36,'entity',3319),
(7020,36,'followup',15383),
(7021,36,'global_validation',0),
(7022,36,'group',247),
(7023,36,'infocom',23),
(7024,36,'internet',159),
(7025,36,'itilcategory',23),
(7026,36,'knowbase',15511),
(7027,36,'knowbasecategory',23),
(7028,36,'license',255),
(7029,36,'line',255),
(7030,36,'lineoperator',23),
(7031,36,'link',23),
(7032,36,'location',23),
(7033,36,'logs',1),
(7034,36,'monitor',255),
(7035,36,'cable_management',31),
(7036,36,'networking',255),
(7037,36,'notification',23),
(7038,36,'password_update',1),
(7039,36,'peripheral',255),
(7040,36,'personalization',3),
(7041,36,'phone',255),
(7042,36,'planning',3073),
(7043,36,'plugin_addressing',0),
(7044,36,'plugin_addressing_use_ping_in_equipment',0),
(7045,36,'plugin_appliances',0),
(7046,36,'plugin_appliances_open_ticket',0),
(7047,36,'plugin_archifun_open_ticket',0),
(7048,36,'plugin_archimap_open_ticket',0),
(7049,36,'plugin_archires',0),
(7050,36,'plugin_archisw_open_ticket',0),
(7052,36,'plugin_databases_open_ticket',0),
(7053,36,'plugin_dataflows_open_ticket',0),
(7054,36,'plugin_datainjection_model',23),
(7055,36,'plugin_datainjection_use',1),
(7058,36,'plugin_domains_open_ticket',0),
(7059,36,'plugin_environment',0),
(7060,36,'plugin_environment_accounts',0),
(7061,36,'plugin_environment_appliances',0),
(7062,36,'plugin_environment_badges',0),
(7063,36,'plugin_environment_databases',0),
(7064,36,'plugin_environment_domains',0),
(7065,36,'plugin_environment_webapplications',0),
(7066,36,'plugin_fusioninventory_agent',23),
(7067,36,'plugin_fusioninventory_blacklist',23),
(7068,36,'plugin_fusioninventory_collect',23),
(7069,36,'plugin_fusioninventory_configsecurity',31),
(7070,36,'plugin_fusioninventory_configuration',3),
(7071,36,'plugin_fusioninventory_credential',23),
(7072,36,'plugin_fusioninventory_credentialip',23),
(7073,36,'plugin_fusioninventory_deploymirror',23),
(7074,36,'plugin_fusioninventory_esx',23),
(7075,36,'plugin_fusioninventory_group',23),
(7076,36,'plugin_fusioninventory_ignoredimportdevice',23),
(7077,36,'plugin_fusioninventory_importxml',4),
(7078,36,'plugin_fusioninventory_iprange',23),
(7079,36,'plugin_fusioninventory_lock',23),
(7080,36,'plugin_fusioninventory_menu',1),
(7081,36,'plugin_fusioninventory_networkequipment',23),
(7082,36,'plugin_fusioninventory_package',23),
(7083,36,'plugin_fusioninventory_printer',23),
(7084,36,'plugin_fusioninventory_remotecontrol',1),
(7085,36,'plugin_fusioninventory_reportnetworkequipment',1),
(7086,36,'plugin_fusioninventory_reportprinter',1),
(7087,36,'plugin_fusioninventory_rulecollect',23),
(7088,36,'plugin_fusioninventory_ruleentity',23),
(7089,36,'plugin_fusioninventory_ruleimport',23),
(7090,36,'plugin_fusioninventory_rulelocation',23),
(7091,36,'plugin_fusioninventory_selfpackage',1),
(7092,36,'plugin_fusioninventory_task',23),
(7093,36,'plugin_fusioninventory_unmanaged',31),
(7094,36,'plugin_fusioninventory_userinteractiontemplate',23),
(7095,36,'plugin_fusioninventory_wol',1),
(7099,36,'plugin_moreticket_hide_task_duration',1),
(7100,36,'plugin_moreticket_justification',1),
(7101,36,'plugin_mydashboard',7),
(7102,36,'plugin_mydashboard_config',6),
(7103,36,'plugin_mydashboard_edit',6),
(7105,36,'plugin_order_bill',23),
(7106,36,'plugin_order_order',16255),
(7107,36,'plugin_order_reference',31),
(7109,36,'plugin_positions',0),
(7110,36,'plugin_processmaker_config',0),
(7111,36,'plugin_processmaker_deletecase',0),
(7112,36,'plugin_reports_applicationsbylocation',1),
(7113,36,'plugin_reports_doublons',1),
(7114,36,'plugin_reports_equipmentbygroups',1),
(7115,36,'plugin_reports_equipmentbylocation',1),
(7116,36,'plugin_reports_globalhisto',1),
(7117,36,'plugin_reports_histohard',1),
(7118,36,'plugin_reports_histoinst',1),
(7119,36,'plugin_reports_infocom',1),
(7120,36,'plugin_reports_iteminstall',1),
(7121,36,'plugin_reports_licenses',1),
(7122,36,'plugin_reports_licensesexpires',1),
(7123,36,'plugin_reports_listequipmentbylocation',1),
(7124,36,'plugin_reports_listgroups',1),
(7125,36,'plugin_reports_location',1),
(7128,36,'plugin_reports_pcsbyentity',1),
(7129,36,'plugin_reports_printers',1),
(7130,36,'plugin_reports_rules',1),
(7131,36,'plugin_reports_searchinfocom',1),
(7132,36,'plugin_reports_softnotinstalled',1),
(7133,36,'plugin_reports_softversioninstallations',1),
(7134,36,'plugin_reports_statnightticketsbypriority',1),
(7135,36,'plugin_reports_statticketsbyentity',1),
(7136,36,'plugin_reports_statticketsbypriority',1),
(7139,36,'plugin_reports_transferreditems',1),
(7141,36,'plugin_reports_zombies',1),
(7142,36,'plugin_statecheck',0),
(7143,36,'plugin_statecheck_open_ticket',0),
(7144,36,'plugin_tasklists_see_all',0),
(7145,36,'plugin_timelineticket_ticket',0),
(7146,36,'plugin_typology',0),
(7148,36,'plugin_webapplications_open_ticket',0),
(7149,36,'printer',255),
(7150,36,'problem',1279),
(7151,36,'profile',151),
(7152,36,'project',1279),
(7153,36,'projecttask',1121),
(7154,36,'queuednotification',31),
(7155,36,'reminder_public',151),
(7156,36,'reports',1),
(7157,36,'reservation',1055),
(7158,36,'rssfeed_public',151),
(7159,36,'rule_asset',1047),
(7160,36,'rule_dictionnary_dropdown',23),
(7161,36,'rule_dictionnary_printer',23),
(7162,36,'rule_dictionnary_software',23),
(7163,36,'rule_import',23),
(7164,36,'rule_ldap',23),
(7165,36,'rule_mailcollector',23),
(7166,36,'rule_softwarecategories',23),
(7167,36,'rule_ticket',1047),
(7168,36,'search_config',3072),
(7169,36,'show_group_hardware',0),
(7170,36,'slm',23),
(7171,36,'software',255),
(7172,36,'solutiontemplate',23),
(7173,36,'state',23),
(7174,36,'statistic',1),
(7175,36,'task',13329),
(7176,36,'taskcategory',23),
(7177,36,'ticket',261279),
(7178,36,'ticketcost',23),
(7179,36,'ticketrecurrent',23),
(7180,36,'itiltemplate',23),
(7181,36,'ticketvalidation',15376),
(7182,36,'transfer',23),
(7183,36,'typedoc',23),
(7184,36,'user',7327),
(7185,36,'plugin_metademands',23),
(7186,36,'plugin_metademands_requester',1),
(7374,4,'plugin_manageentities',31),
(7375,4,'plugin_manageentities_cri_create',31),
(7378,6,'plugin_manageentities',0),
(7379,6,'plugin_manageentities_cri_create',0),
(7380,1,'plugin_ocsinventoryng',0),
(7381,2,'plugin_ocsinventoryng',0),
(7383,5,'plugin_ocsinventoryng',0),
(7384,6,'plugin_ocsinventoryng',0),
(7385,7,'plugin_ocsinventoryng',0),
(7386,8,'plugin_ocsinventoryng',0),
(7387,13,'plugin_ocsinventoryng',0),
(7389,36,'plugin_ocsinventoryng',0),
(7392,1,'plugin_ocsinventoryng_sync',0),
(7393,2,'plugin_ocsinventoryng_sync',0),
(7395,5,'plugin_ocsinventoryng_sync',0),
(7396,6,'plugin_ocsinventoryng_sync',0),
(7397,7,'plugin_ocsinventoryng_sync',0),
(7398,8,'plugin_ocsinventoryng_sync',0),
(7399,13,'plugin_ocsinventoryng_sync',0),
(7401,36,'plugin_ocsinventoryng_sync',0),
(7404,1,'plugin_ocsinventoryng_view',0),
(7405,2,'plugin_ocsinventoryng_view',0),
(7407,5,'plugin_ocsinventoryng_view',0),
(7408,6,'plugin_ocsinventoryng_view',0),
(7409,7,'plugin_ocsinventoryng_view',0),
(7410,8,'plugin_ocsinventoryng_view',0),
(7411,13,'plugin_ocsinventoryng_view',0),
(7413,36,'plugin_ocsinventoryng_view',0),
(7416,1,'plugin_ocsinventoryng_clean',0),
(7417,2,'plugin_ocsinventoryng_clean',0),
(7419,5,'plugin_ocsinventoryng_clean',0),
(7420,6,'plugin_ocsinventoryng_clean',0),
(7421,7,'plugin_ocsinventoryng_clean',0),
(7422,8,'plugin_ocsinventoryng_clean',0),
(7423,13,'plugin_ocsinventoryng_clean',0),
(7425,36,'plugin_ocsinventoryng_clean',0),
(7428,1,'plugin_ocsinventoryng_import',0),
(7429,2,'plugin_ocsinventoryng_import',0),
(7431,5,'plugin_ocsinventoryng_import',0),
(7432,6,'plugin_ocsinventoryng_import',0),
(7433,7,'plugin_ocsinventoryng_import',0),
(7434,8,'plugin_ocsinventoryng_import',0),
(7435,13,'plugin_ocsinventoryng_import',0),
(7437,36,'plugin_ocsinventoryng_import',0),
(7440,1,'plugin_ocsinventoryng_link',0),
(7441,2,'plugin_ocsinventoryng_link',0),
(7443,5,'plugin_ocsinventoryng_link',0),
(7444,6,'plugin_ocsinventoryng_link',0),
(7445,7,'plugin_ocsinventoryng_link',0),
(7446,8,'plugin_ocsinventoryng_link',0),
(7447,13,'plugin_ocsinventoryng_link',0),
(7449,36,'plugin_ocsinventoryng_link',0),
(7452,1,'plugin_ocsinventoryng_rule',0),
(7453,2,'plugin_ocsinventoryng_rule',0),
(7455,5,'plugin_ocsinventoryng_rule',0),
(7456,6,'plugin_ocsinventoryng_rule',0),
(7457,7,'plugin_ocsinventoryng_rule',0),
(7458,8,'plugin_ocsinventoryng_rule',0),
(7459,13,'plugin_ocsinventoryng_rule',0),
(7461,36,'plugin_ocsinventoryng_rule',0),
(7484,1,'plugin_manageentities',0),
(7485,1,'plugin_manageentities_cri_create',0),
(7486,1,'plugin_metademands',0),
(7487,1,'plugin_metademands_requester',0),
(7488,2,'plugin_manageentities',0),
(7489,2,'plugin_manageentities_cri_create',0),
(7490,2,'plugin_metademands',0),
(7491,2,'plugin_metademands_requester',0),
(7496,5,'plugin_manageentities',0),
(7497,5,'plugin_manageentities_cri_create',0),
(7498,5,'plugin_metademands',0),
(7499,5,'plugin_metademands_requester',0),
(7500,7,'plugin_manageentities',0),
(7501,7,'plugin_manageentities_cri_create',0),
(7502,7,'plugin_metademands',0),
(7503,7,'plugin_metademands_requester',0),
(7504,8,'plugin_manageentities',0),
(7505,8,'plugin_manageentities_cri_create',0),
(7506,8,'plugin_metademands',0),
(7507,8,'plugin_metademands_requester',0),
(7508,13,'plugin_manageentities',0),
(7509,13,'plugin_manageentities_cri_create',0),
(7510,13,'plugin_metademands',0),
(7511,13,'plugin_metademands_requester',0),
(7514,36,'plugin_manageentities',0),
(7515,36,'plugin_manageentities_cri_create',0),
(7540,4,'plugin_geninventorynumber',31),
(7541,1,'plugin_consumables',0),
(7542,2,'plugin_consumables',0),
(7544,5,'plugin_consumables',0),
(7545,6,'plugin_consumables',0),
(7546,7,'plugin_consumables',0),
(7547,8,'plugin_consumables',0),
(7548,13,'plugin_consumables',0),
(7550,36,'plugin_consumables',0),
(7553,1,'plugin_consumables_user',0),
(7554,2,'plugin_consumables_user',0),
(7556,5,'plugin_consumables_user',0),
(7557,6,'plugin_consumables_user',0),
(7558,7,'plugin_consumables_user',0),
(7559,8,'plugin_consumables_user',0),
(7560,13,'plugin_consumables_user',0),
(7562,36,'plugin_consumables_user',0),
(7565,1,'plugin_consumables_request',0),
(7566,2,'plugin_consumables_request',0),
(7568,5,'plugin_consumables_request',0),
(7569,6,'plugin_consumables_request',0),
(7570,7,'plugin_consumables_request',0),
(7571,8,'plugin_consumables_request',0),
(7572,13,'plugin_consumables_request',0),
(7574,36,'plugin_consumables_request',0),
(7577,1,'plugin_consumables_group',0),
(7578,2,'plugin_consumables_group',0),
(7580,5,'plugin_consumables_group',0),
(7581,6,'plugin_consumables_group',0),
(7582,7,'plugin_consumables_group',0),
(7583,8,'plugin_consumables_group',0),
(7584,13,'plugin_consumables_group',0),
(7586,36,'plugin_consumables_group',0),
(7589,1,'plugin_consumables_validation',0),
(7590,2,'plugin_consumables_validation',0),
(7592,5,'plugin_consumables_validation',0),
(7593,6,'plugin_consumables_validation',0),
(7594,7,'plugin_consumables_validation',0),
(7595,8,'plugin_consumables_validation',0),
(7596,13,'plugin_consumables_validation',0),
(7598,36,'plugin_consumables_validation',0),
(7601,4,'plugin_consumables',31),
(7602,4,'plugin_consumables_request',1),
(7603,4,'plugin_consumables_user',1),
(7604,4,'plugin_consumables_group',1),
(7605,4,'plugin_consumables_validation',1),
(7606,4,'plugin_printercounters',31),
(7607,4,'plugin_printercounters_update_records',1),
(7608,4,'plugin_printercounters_add_lower_records',1),
(7609,4,'plugin_printercounters_snmpset',1),
(7622,1,'plugin_geninventorynumber',0),
(7623,1,'plugin_printercounters',0),
(7624,1,'plugin_printercounters_add_lower_records',0),
(7625,1,'plugin_printercounters_snmpset',0),
(7626,1,'plugin_printercounters_update_records',0),
(7627,2,'plugin_geninventorynumber',0),
(7628,2,'plugin_printercounters',0),
(7629,2,'plugin_printercounters_add_lower_records',0),
(7630,2,'plugin_printercounters_snmpset',0),
(7631,2,'plugin_printercounters_update_records',0),
(7637,5,'plugin_geninventorynumber',0),
(7638,5,'plugin_printercounters',0),
(7639,5,'plugin_printercounters_add_lower_records',0),
(7640,5,'plugin_printercounters_snmpset',0),
(7641,5,'plugin_printercounters_update_records',0),
(7642,6,'plugin_geninventorynumber',0),
(7643,6,'plugin_printercounters',0),
(7644,6,'plugin_printercounters_add_lower_records',0),
(7645,6,'plugin_printercounters_snmpset',0),
(7646,6,'plugin_printercounters_update_records',0),
(7647,7,'plugin_geninventorynumber',0),
(7648,7,'plugin_printercounters',0),
(7649,7,'plugin_printercounters_add_lower_records',0),
(7650,7,'plugin_printercounters_snmpset',0),
(7651,7,'plugin_printercounters_update_records',0),
(7652,8,'plugin_geninventorynumber',0),
(7653,8,'plugin_printercounters',0),
(7654,8,'plugin_printercounters_add_lower_records',0),
(7655,8,'plugin_printercounters_snmpset',0),
(7656,8,'plugin_printercounters_update_records',0),
(7657,13,'plugin_geninventorynumber',0),
(7658,13,'plugin_printercounters',0),
(7659,13,'plugin_printercounters_add_lower_records',0),
(7660,13,'plugin_printercounters_snmpset',0),
(7661,13,'plugin_printercounters_update_records',0),
(7667,36,'plugin_geninventorynumber',0),
(7668,36,'plugin_printercounters',0),
(7669,36,'plugin_printercounters_add_lower_records',0),
(7670,36,'plugin_printercounters_snmpset',0),
(7671,36,'plugin_printercounters_update_records',0),
(7886,1,'plugin_barcode_config',0),
(7887,2,'plugin_barcode_config',0),
(7889,5,'plugin_barcode_config',0),
(7890,6,'plugin_barcode_config',0),
(7891,7,'plugin_barcode_config',0),
(7892,8,'plugin_barcode_config',0),
(7893,13,'plugin_barcode_config',0),
(7895,36,'plugin_barcode_config',0),
(7898,4,'plugin_barcode_config',2),
(7899,1,'plugin_barcode_barcode',0),
(7900,2,'plugin_barcode_barcode',0),
(7902,5,'plugin_barcode_barcode',0),
(7903,6,'plugin_barcode_barcode',0),
(7904,7,'plugin_barcode_barcode',0),
(7905,8,'plugin_barcode_barcode',0),
(7906,13,'plugin_barcode_barcode',0),
(7908,36,'plugin_barcode_barcode',0),
(7911,4,'plugin_barcode_barcode',4),
(8123,6,'plugin_mydashboard_groupprofile',0),
(8124,1,'plugin_mydashboard_groupprofile',0),
(8125,1,'plugin_timesheet_timesheet',0),
(8126,2,'plugin_timesheet_timesheet',0),
(8128,5,'plugin_timesheet_timesheet',0),
(8129,6,'plugin_timesheet_timesheet',1039),
(8130,7,'plugin_timesheet_timesheet',0),
(8131,8,'plugin_timesheet_timesheet',0),
(8132,13,'plugin_timesheet_timesheet',0),
(8134,36,'plugin_timesheet_timesheet',1039),
(8137,4,'plugin_timesheet_timesheet',1039),
(8138,4,'plugin_mydashboard_groupprofile',0),
(8141,36,'plugin_mydashboard_groupprofile',0),
(8142,13,'plugin_mydashboard_groupprofile',0),
(8144,1,'cluster',0),
(8145,2,'cluster',0),
(8147,5,'cluster',0),
(8148,6,'cluster',31),
(8149,7,'cluster',0),
(8150,8,'cluster',0),
(8151,13,'cluster',0),
(8153,36,'cluster',0),
(8156,4,'cluster',31),
(8157,1,'externalevent',0),
(8158,2,'externalevent',1055),
(8160,5,'externalevent',1055),
(8161,6,'externalevent',1047),
(8162,7,'externalevent',1055),
(8163,8,'externalevent',1047),
(8164,13,'externalevent',0),
(8166,36,'externalevent',1055),
(8169,4,'externalevent',1047),
(8170,1,'dashboard',0),
(8171,2,'dashboard',0),
(8173,5,'dashboard',0),
(8174,6,'dashboard',0),
(8175,7,'dashboard',0),
(8176,8,'dashboard',0),
(8177,13,'dashboard',0),
(8179,36,'dashboard',7),
(8182,4,'dashboard',23),
(8183,1,'appliance',0),
(8184,2,'appliance',0),
(8186,5,'appliance',0),
(8187,6,'appliance',127),
(8188,7,'appliance',0),
(8189,8,'appliance',0),
(8190,13,'appliance',0),
(8192,36,'appliance',0),
(8195,4,'appliance',127),
(8205,4,'plugin_useditemsexport_export',21),
(8212,1,'plugin_tag_tag',7),
(8213,2,'plugin_tag_tag',1),
(8215,5,'plugin_tag_tag',1),
(8216,6,'plugin_tag_tag',7),
(8217,7,'plugin_tag_tag',1),
(8218,8,'plugin_tag_tag',1),
(8219,13,'plugin_tag_tag',7),
(8221,36,'plugin_tag_tag',7),
(8224,4,'plugin_tag_tag',31),
(8225,6,'plugin_uninstall_replace',0),
(8226,6,'plugin_useditemsexport_export',0),
(8227,6,'uninstall:profile',0),
(8228,13,'plugin_uninstall_replace',0),
(8229,13,'plugin_useditemsexport_export',0),
(8230,13,'uninstall:profile',0),
(8231,1,'plugin_uninstall_replace',0),
(8232,1,'plugin_useditemsexport_export',0),
(8233,1,'uninstall:profile',0),
(8234,1,'plugin_mydashboard_stockwidget',0),
(8235,2,'plugin_mydashboard_stockwidget',0),
(8237,5,'plugin_mydashboard_stockwidget',0),
(8238,6,'plugin_mydashboard_stockwidget',0),
(8239,7,'plugin_mydashboard_stockwidget',0),
(8240,8,'plugin_mydashboard_stockwidget',0),
(8241,13,'plugin_mydashboard_stockwidget',0),
(8243,36,'plugin_mydashboard_stockwidget',0),
(8301,1,'plugin_databases',0),
(8302,2,'plugin_databases',0),
(8304,5,'plugin_databases',0),
(8305,6,'plugin_databases',0),
(8306,7,'plugin_databases',0),
(8307,8,'plugin_databases',0),
(8308,13,'plugin_databases',0),
(8310,36,'plugin_databases',0),
(8313,4,'plugin_databases',127),
(8314,4,'plugin_databases_open_ticket',1),
(8331,1,'plugin_badges',0),
(8332,2,'plugin_badges',0),
(8334,5,'plugin_badges',0),
(8335,6,'plugin_badges',0),
(8336,7,'plugin_badges',0),
(8337,8,'plugin_badges',0),
(8338,13,'plugin_badges',0),
(8340,36,'plugin_badges',0),
(8343,1,'plugin_badges_open_ticket',0),
(8344,2,'plugin_badges_open_ticket',0),
(8346,5,'plugin_badges_open_ticket',0),
(8347,6,'plugin_badges_open_ticket',0),
(8348,7,'plugin_badges_open_ticket',0),
(8349,8,'plugin_badges_open_ticket',0),
(8350,13,'plugin_badges_open_ticket',0),
(8352,36,'plugin_badges_open_ticket',0),
(8355,4,'plugin_badges',127),
(8356,4,'plugin_badges_open_ticket',1),
(8369,2,'plugin_mydashboard_groupprofile',0),
(8370,2,'plugin_uninstall_replace',0),
(8371,2,'plugin_useditemsexport_export',0),
(8372,2,'uninstall:profile',0),
(8376,5,'plugin_mydashboard_groupprofile',0),
(8377,5,'plugin_uninstall_replace',0),
(8378,5,'plugin_useditemsexport_export',0),
(8379,5,'uninstall:profile',0),
(8380,7,'plugin_mydashboard_groupprofile',0),
(8381,7,'plugin_uninstall_replace',0),
(8382,7,'plugin_useditemsexport_export',0),
(8383,7,'uninstall:profile',0),
(8384,8,'plugin_mydashboard_groupprofile',0),
(8385,8,'plugin_uninstall_replace',0),
(8386,8,'plugin_useditemsexport_export',0),
(8387,8,'uninstall:profile',0),
(8388,36,'plugin_uninstall_replace',0),
(8389,36,'plugin_useditemsexport_export',0),
(8390,36,'uninstall:profile',0),
(8391,1,'recurrentchange',0),
(8392,2,'recurrentchange',0),
(8394,5,'recurrentchange',31),
(8395,6,'recurrentchange',7),
(8396,7,'recurrentchange',31),
(8397,8,'recurrentchange',0),
(8398,13,'recurrentchange',0),
(8400,36,'recurrentchange',31),
(8402,4,'recurrentchange',23),
(8403,1,'plugin_genericobject_types',0),
(8404,2,'plugin_genericobject_types',0),
(8406,4,'plugin_genericobject_types',23),
(8407,5,'plugin_genericobject_types',0),
(8408,6,'plugin_genericobject_types',0),
(8409,7,'plugin_genericobject_types',0),
(8410,8,'plugin_genericobject_types',0),
(8411,13,'plugin_genericobject_types',0),
(8413,36,'plugin_genericobject_types',0),
(8432,4,'plugin_domains_open_ticket',1),
(8433,38,'appliance',0),
(8434,38,'bookmark_public',0),
(8435,38,'budget',0),
(8436,38,'calendar',0),
(8437,38,'cartridge',0),
(8438,38,'certificate',0),
(8439,38,'change',0),
(8440,38,'changevalidation',0),
(8441,38,'cluster',0),
(8442,38,'computer',1),
(8443,38,'config',0),
(8444,38,'consumable',127),
(8445,38,'contact_enterprise',0),
(8446,38,'contract',0),
(8447,38,'dashboard',0),
(8448,38,'datacenter',0),
(8449,38,'device',0),
(8450,38,'devicesimcard_pinpuk',0),
(8451,38,'document',127),
(8452,38,'domain',0),
(8453,38,'dropdown',0),
(8454,38,'entity',0),
(8455,38,'externalevent',0),
(8456,38,'followup',0),
(8457,38,'global_validation',0),
(8458,38,'group',0),
(8459,38,'infocom',21),
(8460,38,'internet',0),
(8461,38,'itilcategory',0),
(8462,38,'itiltemplate',0),
(8463,38,'knowbase',2048),
(8464,38,'knowbasecategory',0),
(8465,38,'license',0),
(8466,38,'line',0),
(8467,38,'lineoperator',0),
(8468,38,'link',0),
(8469,38,'location',0),
(8470,38,'logs',0),
(8471,38,'monitor',1),
(8472,38,'cable_management',0),
(8473,38,'networking',0),
(8474,38,'notification',0),
(8475,38,'password_update',1),
(8476,38,'peripheral',0),
(8477,38,'personalization',0),
(8478,38,'phone',0),
(8479,38,'planning',0),
(8480,38,'plugin_addressing',0),
(8481,38,'plugin_addressing_use_ping_in_equipment',0),
(8482,38,'plugin_appliances',0),
(8483,38,'plugin_appliances_open_ticket',0),
(8484,38,'plugin_archifun_open_ticket',0),
(8485,38,'plugin_archimap_open_ticket',0),
(8486,38,'plugin_archires',0),
(8487,38,'plugin_archisw_open_ticket',0),
(8488,38,'plugin_badges',0),
(8489,38,'plugin_badges_open_ticket',0),
(8490,38,'plugin_barcode_barcode',0),
(8491,38,'plugin_barcode_config',0),
(8492,38,'plugin_consumables',0),
(8493,38,'plugin_consumables_group',0),
(8494,38,'plugin_consumables_request',0),
(8495,38,'plugin_consumables_user',0),
(8496,38,'plugin_consumables_validation',0),
(8497,38,'plugin_databases',0),
(8498,38,'plugin_databases_open_ticket',0),
(8499,38,'plugin_dataflows_open_ticket',0),
(8500,38,'plugin_datainjection_model',0),
(8501,38,'plugin_datainjection_use',0),
(8502,38,'plugin_domains_open_ticket',0),
(8503,38,'plugin_environment',0),
(8504,38,'plugin_environment_accounts',0),
(8505,38,'plugin_environment_appliances',0),
(8506,38,'plugin_environment_badges',0),
(8507,38,'plugin_environment_databases',0),
(8508,38,'plugin_environment_domains',0),
(8509,38,'plugin_environment_webapplications',0),
(8510,38,'plugin_fusioninventory_agent',0),
(8511,38,'plugin_fusioninventory_blacklist',0),
(8512,38,'plugin_fusioninventory_collect',0),
(8513,38,'plugin_fusioninventory_configsecurity',0),
(8514,38,'plugin_fusioninventory_configuration',0),
(8515,38,'plugin_fusioninventory_credential',0),
(8516,38,'plugin_fusioninventory_credentialip',0),
(8517,38,'plugin_fusioninventory_deploymirror',0),
(8518,38,'plugin_fusioninventory_esx',0),
(8519,38,'plugin_fusioninventory_group',0),
(8520,38,'plugin_fusioninventory_ignoredimportdevice',0),
(8521,38,'plugin_fusioninventory_importxml',0),
(8522,38,'plugin_fusioninventory_iprange',0),
(8523,38,'plugin_fusioninventory_lock',0),
(8524,38,'plugin_fusioninventory_menu',0),
(8525,38,'plugin_fusioninventory_networkequipment',0),
(8526,38,'plugin_fusioninventory_package',0),
(8527,38,'plugin_fusioninventory_printer',0),
(8528,38,'plugin_fusioninventory_remotecontrol',0),
(8529,38,'plugin_fusioninventory_reportnetworkequipment',0),
(8530,38,'plugin_fusioninventory_reportprinter',0),
(8531,38,'plugin_fusioninventory_rulecollect',0),
(8532,38,'plugin_fusioninventory_ruleentity',0),
(8533,38,'plugin_fusioninventory_ruleimport',0),
(8534,38,'plugin_fusioninventory_rulelocation',0),
(8535,38,'plugin_fusioninventory_selfpackage',0),
(8536,38,'plugin_fusioninventory_task',0),
(8537,38,'plugin_fusioninventory_unmanaged',0),
(8538,38,'plugin_fusioninventory_userinteractiontemplate',0),
(8539,38,'plugin_fusioninventory_wol',0),
(8541,38,'plugin_genericobject_types',0),
(8542,38,'plugin_geninventorynumber',0),
(8543,38,'plugin_manageentities',0),
(8544,38,'plugin_manageentities_cri_create',0),
(8545,38,'plugin_metademands',0),
(8546,38,'plugin_metademands_requester',0),
(8548,38,'plugin_moreticket_hide_task_duration',0),
(8549,38,'plugin_moreticket_justification',0),
(8550,38,'plugin_mydashboard',0),
(8551,38,'plugin_mydashboard_config',0),
(8552,38,'plugin_mydashboard_edit',0),
(8553,38,'plugin_mydashboard_groupprofile',0),
(8554,38,'plugin_mydashboard_stockwidget',0),
(8555,38,'plugin_ocsinventoryng',0),
(8556,38,'plugin_ocsinventoryng_clean',0),
(8557,38,'plugin_ocsinventoryng_import',0),
(8558,38,'plugin_ocsinventoryng_link',0),
(8559,38,'plugin_ocsinventoryng_rule',0),
(8560,38,'plugin_ocsinventoryng_sync',0),
(8561,38,'plugin_ocsinventoryng_view',0),
(8562,38,'plugin_order_bill',0),
(8563,38,'plugin_order_order',0),
(8564,38,'plugin_order_reference',0),
(8566,38,'plugin_positions',0),
(8567,38,'plugin_printercounters',0),
(8568,38,'plugin_printercounters_add_lower_records',0),
(8569,38,'plugin_printercounters_snmpset',0),
(8570,38,'plugin_printercounters_update_records',0),
(8571,38,'plugin_processmaker_config',0),
(8572,38,'plugin_processmaker_deletecase',0),
(8573,38,'plugin_reports_applicationsbylocation',0),
(8574,38,'plugin_reports_doublons',0),
(8575,38,'plugin_reports_equipmentbygroups',0),
(8576,38,'plugin_reports_equipmentbylocation',0),
(8577,38,'plugin_reports_globalhisto',0),
(8578,38,'plugin_reports_histohard',0),
(8579,38,'plugin_reports_histoinst',0),
(8580,38,'plugin_reports_infocom',0),
(8581,38,'plugin_reports_iteminstall',0),
(8582,38,'plugin_reports_licenses',0),
(8583,38,'plugin_reports_licensesexpires',0),
(8584,38,'plugin_reports_listequipmentbylocation',0),
(8585,38,'plugin_reports_listgroups',0),
(8586,38,'plugin_reports_location',0),
(8589,38,'plugin_reports_pcsbyentity',0),
(8590,38,'plugin_reports_printers',0),
(8591,38,'plugin_reports_rules',0),
(8592,38,'plugin_reports_searchinfocom',0),
(8593,38,'plugin_reports_softnotinstalled',0),
(8594,38,'plugin_reports_softversioninstallations',0),
(8595,38,'plugin_reports_statnightticketsbypriority',0),
(8596,38,'plugin_reports_statticketsbyentity',0),
(8597,38,'plugin_reports_statticketsbypriority',0),
(8600,38,'plugin_reports_transferreditems',0),
(8601,38,'plugin_reports_zombies',0),
(8603,38,'plugin_statecheck',0),
(8604,38,'plugin_statecheck_open_ticket',0),
(8605,38,'plugin_tag_tag',7),
(8606,38,'plugin_tasklists_see_all',0),
(8607,38,'plugin_timelineticket_ticket',0),
(8608,38,'plugin_timesheet_timesheet',0),
(8609,38,'plugin_typology',0),
(8610,38,'plugin_uninstall_replace',0),
(8611,38,'plugin_useditemsexport_export',0),
(8613,38,'plugin_webapplications_open_ticket',0),
(8614,38,'printer',0),
(8615,38,'problem',0),
(8616,38,'profile',0),
(8617,38,'project',0),
(8618,38,'projecttask',0),
(8619,38,'queuednotification',0),
(8620,38,'recurrentchange',0),
(8621,38,'reminder_public',128),
(8622,38,'reports',0),
(8623,38,'reservation',0),
(8624,38,'rssfeed_public',128),
(8625,38,'rule_asset',0),
(8626,38,'rule_dictionnary_dropdown',0),
(8627,38,'rule_dictionnary_printer',0),
(8628,38,'rule_dictionnary_software',0),
(8629,38,'rule_import',0),
(8630,38,'rule_ldap',0),
(8631,38,'rule_mailcollector',0),
(8632,38,'rule_softwarecategories',0),
(8633,38,'rule_ticket',0),
(8634,38,'search_config',0),
(8635,38,'show_group_hardware',0),
(8636,38,'slm',0),
(8637,38,'software',0),
(8638,38,'solutiontemplate',0),
(8639,38,'state',0),
(8640,38,'statistic',0),
(8641,38,'task',0),
(8642,38,'taskcategory',0),
(8643,38,'ticket',0),
(8644,38,'ticketcost',0),
(8645,38,'ticketrecurrent',0),
(8646,38,'ticketvalidation',0),
(8647,38,'transfer',0),
(8648,38,'typedoc',0),
(8649,38,'uninstall:profile',0),
(8650,38,'user',0),
(8651,2,'plugin_releases_releases',0),
(8654,5,'plugin_releases_releases',0),
(8655,6,'plugin_releases_releases',0),
(8656,7,'plugin_releases_releases',0),
(8657,8,'plugin_releases_releases',0),
(8658,13,'plugin_releases_releases',0),
(8660,36,'plugin_releases_releases',0),
(8662,38,'plugin_releases_releases',0),
(8663,1,'plugin_releases_releases',0),
(8664,2,'plugin_releases_tests',0),
(8667,5,'plugin_releases_tests',0),
(8668,6,'plugin_releases_tests',0),
(8669,7,'plugin_releases_tests',0),
(8670,8,'plugin_releases_tests',0),
(8671,13,'plugin_releases_tests',0),
(8673,36,'plugin_releases_tests',0),
(8675,38,'plugin_releases_tests',0),
(8676,1,'plugin_releases_tests',0),
(8677,2,'plugin_releases_risks',0),
(8680,5,'plugin_releases_risks',0),
(8681,6,'plugin_releases_risks',0),
(8682,7,'plugin_releases_risks',0),
(8683,8,'plugin_releases_risks',0),
(8684,13,'plugin_releases_risks',0),
(8686,36,'plugin_releases_risks',0),
(8688,38,'plugin_releases_risks',0),
(8689,1,'plugin_releases_risks',0),
(8690,2,'plugin_releases_rollbacks',0),
(8693,5,'plugin_releases_rollbacks',0),
(8694,6,'plugin_releases_rollbacks',0),
(8695,7,'plugin_releases_rollbacks',0),
(8696,8,'plugin_releases_rollbacks',0),
(8697,13,'plugin_releases_rollbacks',0),
(8699,36,'plugin_releases_rollbacks',0),
(8701,38,'plugin_releases_rollbacks',0),
(8702,1,'plugin_releases_rollbacks',0),
(8703,2,'plugin_releases_tasks',0),
(8706,5,'plugin_releases_tasks',0),
(8707,6,'plugin_releases_tasks',0),
(8708,7,'plugin_releases_tasks',0),
(8709,8,'plugin_releases_tasks',0),
(8710,13,'plugin_releases_tasks',0),
(8712,36,'plugin_releases_tasks',0),
(8714,38,'plugin_releases_tasks',0),
(8715,1,'plugin_releases_tasks',0),
(8716,4,'plugin_releases_releases',127),
(8717,4,'plugin_releases_tests',23),
(8718,4,'plugin_releases_risks',23),
(8719,4,'plugin_releases_rollbacks',23),
(8720,4,'plugin_releases_tasks',23),
(9002,4,'plugin_positions',15),
(9045,2,'plugin_reports_statusertask',0),
(9047,4,'plugin_reports_statusertask',1),
(9048,5,'plugin_reports_statusertask',0),
(9049,6,'plugin_reports_statusertask',0),
(9050,7,'plugin_reports_statusertask',0),
(9051,8,'plugin_reports_statusertask',0),
(9052,13,'plugin_reports_statusertask',0),
(9054,36,'plugin_reports_statusertask',0),
(9056,38,'plugin_reports_statusertask',0),
(9058,1,'plugin_reports_statusertask',0),
(9376,2,'plugin_accounts',0),
(9379,5,'plugin_accounts',0),
(9380,6,'plugin_accounts',7),
(9381,7,'plugin_accounts',0),
(9382,8,'plugin_accounts',0),
(9383,13,'plugin_accounts',0),
(9385,36,'plugin_accounts',0),
(9387,38,'plugin_accounts',0),
(9390,1,'plugin_accounts',0),
(9391,2,'plugin_accounts_hash',0),
(9394,5,'plugin_accounts_hash',0),
(9395,6,'plugin_accounts_hash',1),
(9396,7,'plugin_accounts_hash',0),
(9397,8,'plugin_accounts_hash',0),
(9398,13,'plugin_accounts_hash',0),
(9400,36,'plugin_accounts_hash',0),
(9402,38,'plugin_accounts_hash',0),
(9405,1,'plugin_accounts_hash',0),
(9406,2,'plugin_accounts_my_groups',0),
(9409,5,'plugin_accounts_my_groups',0),
(9410,6,'plugin_accounts_my_groups',1),
(9411,7,'plugin_accounts_my_groups',0),
(9412,8,'plugin_accounts_my_groups',0),
(9413,13,'plugin_accounts_my_groups',0),
(9415,36,'plugin_accounts_my_groups',0),
(9417,38,'plugin_accounts_my_groups',0),
(9420,1,'plugin_accounts_my_groups',0),
(9421,2,'plugin_accounts_see_all_users',0),
(9424,5,'plugin_accounts_see_all_users',0),
(9425,6,'plugin_accounts_see_all_users',0),
(9426,7,'plugin_accounts_see_all_users',0),
(9427,8,'plugin_accounts_see_all_users',0),
(9428,13,'plugin_accounts_see_all_users',0),
(9430,36,'plugin_accounts_see_all_users',0),
(9432,38,'plugin_accounts_see_all_users',0),
(9435,1,'plugin_accounts_see_all_users',0),
(9436,2,'plugin_accounts_open_ticket',0),
(9439,5,'plugin_accounts_open_ticket',0),
(9440,6,'plugin_accounts_open_ticket',0),
(9441,7,'plugin_accounts_open_ticket',0),
(9442,8,'plugin_accounts_open_ticket',0),
(9443,13,'plugin_accounts_open_ticket',0),
(9445,36,'plugin_accounts_open_ticket',0),
(9447,38,'plugin_accounts_open_ticket',0),
(9450,1,'plugin_accounts_open_ticket',0),
(9703,2,'database',0),
(9705,4,'database',127),
(9706,5,'database',0),
(9707,6,'database',127),
(9708,7,'database',0),
(9709,8,'database',0),
(9710,13,'database',0),
(9712,36,'database',0),
(9714,38,'database',0),
(9718,1,'database',0),
(9719,2,'inventory',0),
(9721,4,'inventory',3073),
(9722,5,'inventory',0),
(9723,6,'inventory',0),
(9724,7,'inventory',0),
(9725,8,'inventory',0),
(9726,13,'inventory',0),
(9728,36,'inventory',0),
(9730,38,'inventory',0),
(9734,1,'inventory',0),
(9735,2,'pendingreason',0),
(9737,4,'pendingreason',23),
(9738,5,'pendingreason',0),
(9739,6,'pendingreason',23),
(9740,7,'pendingreason',31),
(9741,8,'pendingreason',0),
(9742,13,'pendingreason',0),
(9744,36,'pendingreason',31),
(9746,38,'pendingreason',0),
(9750,1,'pendingreason',0),
(9751,2,'itilfollowuptemplate',0),
(9753,4,'itilfollowuptemplate',23),
(9754,5,'itilfollowuptemplate',0),
(9755,6,'itilfollowuptemplate',7),
(9756,7,'itilfollowuptemplate',0),
(9757,8,'itilfollowuptemplate',0),
(9758,13,'itilfollowuptemplate',0),
(9760,36,'itilfollowuptemplate',23),
(9762,38,'itilfollowuptemplate',0),
(9766,1,'itilfollowuptemplate',0),
(9783,4,'plugin_typology',127),
(9793,2,'plugin_glpiinventory_menu',0),
(9795,4,'plugin_glpiinventory_menu',1),
(9796,5,'plugin_glpiinventory_menu',0),
(9797,6,'plugin_glpiinventory_menu',0),
(9798,7,'plugin_glpiinventory_menu',0),
(9799,8,'plugin_glpiinventory_menu',0),
(9800,13,'plugin_glpiinventory_menu',0),
(9802,36,'plugin_glpiinventory_menu',0),
(9804,38,'plugin_glpiinventory_menu',0),
(9808,1,'plugin_glpiinventory_menu',0),
(9809,2,'plugin_glpiinventory_agent',0),
(9811,4,'plugin_glpiinventory_agent',23),
(9812,5,'plugin_glpiinventory_agent',0),
(9813,6,'plugin_glpiinventory_agent',0),
(9814,7,'plugin_glpiinventory_agent',0),
(9815,8,'plugin_glpiinventory_agent',0),
(9816,13,'plugin_glpiinventory_agent',0),
(9818,36,'plugin_glpiinventory_agent',0),
(9820,38,'plugin_glpiinventory_agent',0),
(9824,1,'plugin_glpiinventory_agent',0),
(9825,2,'plugin_glpiinventory_remotecontrol',0),
(9827,4,'plugin_glpiinventory_remotecontrol',1),
(9828,5,'plugin_glpiinventory_remotecontrol',0),
(9829,6,'plugin_glpiinventory_remotecontrol',0),
(9830,7,'plugin_glpiinventory_remotecontrol',0),
(9831,8,'plugin_glpiinventory_remotecontrol',0),
(9832,13,'plugin_glpiinventory_remotecontrol',0),
(9834,36,'plugin_glpiinventory_remotecontrol',0),
(9836,38,'plugin_glpiinventory_remotecontrol',0),
(9840,1,'plugin_glpiinventory_remotecontrol',0),
(9841,2,'plugin_glpiinventory_configuration',0),
(9843,4,'plugin_glpiinventory_configuration',3),
(9844,5,'plugin_glpiinventory_configuration',0),
(9845,6,'plugin_glpiinventory_configuration',0),
(9846,7,'plugin_glpiinventory_configuration',0),
(9847,8,'plugin_glpiinventory_configuration',0),
(9848,13,'plugin_glpiinventory_configuration',0),
(9850,36,'plugin_glpiinventory_configuration',0),
(9852,38,'plugin_glpiinventory_configuration',0),
(9856,1,'plugin_glpiinventory_configuration',0),
(9857,2,'plugin_glpiinventory_task',0),
(9859,4,'plugin_glpiinventory_task',23),
(9860,5,'plugin_glpiinventory_task',0),
(9861,6,'plugin_glpiinventory_task',0),
(9862,7,'plugin_glpiinventory_task',0),
(9863,8,'plugin_glpiinventory_task',0),
(9864,13,'plugin_glpiinventory_task',0),
(9866,36,'plugin_glpiinventory_task',0),
(9868,38,'plugin_glpiinventory_task',0),
(9872,1,'plugin_glpiinventory_task',0),
(9873,2,'plugin_glpiinventory_wol',0),
(9875,4,'plugin_glpiinventory_wol',1),
(9876,5,'plugin_glpiinventory_wol',0),
(9877,6,'plugin_glpiinventory_wol',0),
(9878,7,'plugin_glpiinventory_wol',0),
(9879,8,'plugin_glpiinventory_wol',0),
(9880,13,'plugin_glpiinventory_wol',0),
(9882,36,'plugin_glpiinventory_wol',0),
(9884,38,'plugin_glpiinventory_wol',0),
(9888,1,'plugin_glpiinventory_wol',0),
(9889,2,'plugin_glpiinventory_group',0),
(9891,4,'plugin_glpiinventory_group',23),
(9892,5,'plugin_glpiinventory_group',0),
(9893,6,'plugin_glpiinventory_group',0),
(9894,7,'plugin_glpiinventory_group',0),
(9895,8,'plugin_glpiinventory_group',0),
(9896,13,'plugin_glpiinventory_group',0),
(9898,36,'plugin_glpiinventory_group',0),
(9900,38,'plugin_glpiinventory_group',0),
(9904,1,'plugin_glpiinventory_group',0),
(9905,2,'plugin_glpiinventory_collect',0),
(9907,4,'plugin_glpiinventory_collect',23),
(9908,5,'plugin_glpiinventory_collect',0),
(9909,6,'plugin_glpiinventory_collect',0),
(9910,7,'plugin_glpiinventory_collect',0),
(9911,8,'plugin_glpiinventory_collect',0),
(9912,13,'plugin_glpiinventory_collect',0),
(9914,36,'plugin_glpiinventory_collect',0),
(9916,38,'plugin_glpiinventory_collect',0),
(9920,1,'plugin_glpiinventory_collect',0),
(9921,2,'plugin_glpiinventory_iprange',0),
(9923,4,'plugin_glpiinventory_iprange',23),
(9924,5,'plugin_glpiinventory_iprange',0),
(9925,6,'plugin_glpiinventory_iprange',0),
(9926,7,'plugin_glpiinventory_iprange',0),
(9927,8,'plugin_glpiinventory_iprange',0),
(9928,13,'plugin_glpiinventory_iprange',0),
(9930,36,'plugin_glpiinventory_iprange',0),
(9932,38,'plugin_glpiinventory_iprange',0),
(9936,1,'plugin_glpiinventory_iprange',0),
(9937,2,'plugin_glpiinventory_credential',0),
(9939,4,'plugin_glpiinventory_credential',23),
(9940,5,'plugin_glpiinventory_credential',0),
(9941,6,'plugin_glpiinventory_credential',0),
(9942,7,'plugin_glpiinventory_credential',0),
(9943,8,'plugin_glpiinventory_credential',0),
(9944,13,'plugin_glpiinventory_credential',0),
(9946,36,'plugin_glpiinventory_credential',0),
(9948,38,'plugin_glpiinventory_credential',0),
(9952,1,'plugin_glpiinventory_credential',0),
(9953,2,'plugin_glpiinventory_credentialip',0),
(9955,4,'plugin_glpiinventory_credentialip',23),
(9956,5,'plugin_glpiinventory_credentialip',0),
(9957,6,'plugin_glpiinventory_credentialip',0),
(9958,7,'plugin_glpiinventory_credentialip',0),
(9959,8,'plugin_glpiinventory_credentialip',0),
(9960,13,'plugin_glpiinventory_credentialip',0),
(9962,36,'plugin_glpiinventory_credentialip',0),
(9964,38,'plugin_glpiinventory_credentialip',0),
(9968,1,'plugin_glpiinventory_credentialip',0),
(9969,2,'plugin_glpiinventory_esx',0),
(9971,4,'plugin_glpiinventory_esx',23),
(9972,5,'plugin_glpiinventory_esx',0),
(9973,6,'plugin_glpiinventory_esx',0),
(9974,7,'plugin_glpiinventory_esx',0),
(9975,8,'plugin_glpiinventory_esx',0),
(9976,13,'plugin_glpiinventory_esx',0),
(9978,36,'plugin_glpiinventory_esx',0),
(9980,38,'plugin_glpiinventory_esx',0),
(9984,1,'plugin_glpiinventory_esx',0),
(9985,2,'plugin_glpiinventory_networkequipment',0),
(9987,4,'plugin_glpiinventory_networkequipment',4),
(9988,5,'plugin_glpiinventory_networkequipment',0),
(9989,6,'plugin_glpiinventory_networkequipment',0),
(9990,7,'plugin_glpiinventory_networkequipment',0),
(9991,8,'plugin_glpiinventory_networkequipment',0),
(9992,13,'plugin_glpiinventory_networkequipment',0),
(9994,36,'plugin_glpiinventory_networkequipment',0),
(9996,38,'plugin_glpiinventory_networkequipment',0),
(10000,1,'plugin_glpiinventory_networkequipment',0),
(10001,2,'plugin_glpiinventory_printer',0),
(10003,4,'plugin_glpiinventory_printer',4),
(10004,5,'plugin_glpiinventory_printer',0),
(10005,6,'plugin_glpiinventory_printer',0),
(10006,7,'plugin_glpiinventory_printer',0),
(10007,8,'plugin_glpiinventory_printer',0),
(10008,13,'plugin_glpiinventory_printer',0),
(10010,36,'plugin_glpiinventory_printer',0),
(10012,38,'plugin_glpiinventory_printer',0),
(10016,1,'plugin_glpiinventory_printer',0),
(10017,2,'plugin_glpiinventory_reportprinter',0),
(10019,4,'plugin_glpiinventory_reportprinter',1),
(10020,5,'plugin_glpiinventory_reportprinter',0),
(10021,6,'plugin_glpiinventory_reportprinter',0),
(10022,7,'plugin_glpiinventory_reportprinter',0),
(10023,8,'plugin_glpiinventory_reportprinter',0),
(10024,13,'plugin_glpiinventory_reportprinter',0),
(10026,36,'plugin_glpiinventory_reportprinter',0),
(10028,38,'plugin_glpiinventory_reportprinter',0),
(10032,1,'plugin_glpiinventory_reportprinter',0),
(10033,2,'plugin_glpiinventory_reportnetworkequipment',0),
(10035,4,'plugin_glpiinventory_reportnetworkequipment',1),
(10036,5,'plugin_glpiinventory_reportnetworkequipment',0),
(10037,6,'plugin_glpiinventory_reportnetworkequipment',0),
(10038,7,'plugin_glpiinventory_reportnetworkequipment',0),
(10039,8,'plugin_glpiinventory_reportnetworkequipment',0),
(10040,13,'plugin_glpiinventory_reportnetworkequipment',0),
(10042,36,'plugin_glpiinventory_reportnetworkequipment',0),
(10044,38,'plugin_glpiinventory_reportnetworkequipment',0),
(10048,1,'plugin_glpiinventory_reportnetworkequipment',0),
(10049,2,'plugin_glpiinventory_rulecollect',0),
(10051,4,'plugin_glpiinventory_rulecollect',23),
(10052,5,'plugin_glpiinventory_rulecollect',0),
(10053,6,'plugin_glpiinventory_rulecollect',0),
(10054,7,'plugin_glpiinventory_rulecollect',0),
(10055,8,'plugin_glpiinventory_rulecollect',0),
(10056,13,'plugin_glpiinventory_rulecollect',0),
(10058,36,'plugin_glpiinventory_rulecollect',0),
(10060,38,'plugin_glpiinventory_rulecollect',0),
(10064,1,'plugin_glpiinventory_rulecollect',0),
(10065,2,'plugin_glpiinventory_package',0),
(10067,4,'plugin_glpiinventory_package',23),
(10068,5,'plugin_glpiinventory_package',0),
(10069,6,'plugin_glpiinventory_package',0),
(10070,7,'plugin_glpiinventory_package',0),
(10071,8,'plugin_glpiinventory_package',0),
(10072,13,'plugin_glpiinventory_package',0),
(10074,36,'plugin_glpiinventory_package',0),
(10076,38,'plugin_glpiinventory_package',0),
(10080,1,'plugin_glpiinventory_package',0),
(10081,2,'plugin_glpiinventory_userinteractiontemplate',0),
(10083,4,'plugin_glpiinventory_userinteractiontemplate',23),
(10084,5,'plugin_glpiinventory_userinteractiontemplate',0),
(10085,6,'plugin_glpiinventory_userinteractiontemplate',0),
(10086,7,'plugin_glpiinventory_userinteractiontemplate',0),
(10087,8,'plugin_glpiinventory_userinteractiontemplate',0),
(10088,13,'plugin_glpiinventory_userinteractiontemplate',0),
(10090,36,'plugin_glpiinventory_userinteractiontemplate',0),
(10092,38,'plugin_glpiinventory_userinteractiontemplate',0),
(10096,1,'plugin_glpiinventory_userinteractiontemplate',0),
(10097,2,'plugin_glpiinventory_deploymirror',0),
(10099,4,'plugin_glpiinventory_deploymirror',23),
(10100,5,'plugin_glpiinventory_deploymirror',0),
(10101,6,'plugin_glpiinventory_deploymirror',0),
(10102,7,'plugin_glpiinventory_deploymirror',0),
(10103,8,'plugin_glpiinventory_deploymirror',0),
(10104,13,'plugin_glpiinventory_deploymirror',0),
(10106,36,'plugin_glpiinventory_deploymirror',0),
(10108,38,'plugin_glpiinventory_deploymirror',0),
(10112,1,'plugin_glpiinventory_deploymirror',0),
(10113,2,'plugin_glpiinventory_selfpackage',0),
(10115,4,'plugin_glpiinventory_selfpackage',1),
(10116,5,'plugin_glpiinventory_selfpackage',0),
(10117,6,'plugin_glpiinventory_selfpackage',0),
(10118,7,'plugin_glpiinventory_selfpackage',0),
(10119,8,'plugin_glpiinventory_selfpackage',0),
(10120,13,'plugin_glpiinventory_selfpackage',0),
(10122,36,'plugin_glpiinventory_selfpackage',0),
(10124,38,'plugin_glpiinventory_selfpackage',0),
(10128,1,'plugin_glpiinventory_selfpackage',0),
(10132,2,'rule_location',0),
(10134,4,'rule_location',23),
(10135,5,'rule_location',0),
(10136,6,'rule_location',0),
(10137,7,'rule_location',0),
(10138,8,'rule_location',0),
(10139,13,'rule_location',0),
(10141,36,'rule_location',31),
(10143,38,'rule_location',0),
(10147,1,'rule_location',0),
(10153,2,'plugin_moreticket',0),
(10156,5,'plugin_moreticket',0),
(10157,6,'plugin_moreticket',0),
(10158,7,'plugin_moreticket',0),
(10159,8,'plugin_moreticket',0),
(10160,13,'plugin_moreticket',0),
(10162,36,'plugin_moreticket',0),
(10164,38,'plugin_moreticket',0),
(10168,1,'plugin_moreticket',0),
(10173,2,'plugin_additionalalerts',0),
(10176,5,'plugin_additionalalerts',0),
(10177,6,'plugin_additionalalerts',0),
(10178,7,'plugin_additionalalerts',0),
(10179,8,'plugin_additionalalerts',0),
(10180,13,'plugin_additionalalerts',0),
(10182,36,'plugin_additionalalerts',0),
(10184,38,'plugin_additionalalerts',0),
(10188,1,'plugin_additionalalerts',0),
(10189,4,'plugin_additionalalerts',3),
(10199,2,'plugin_satisfaction',0),
(10202,5,'plugin_satisfaction',0),
(10203,6,'plugin_satisfaction',7),
(10204,7,'plugin_satisfaction',0),
(10205,8,'plugin_satisfaction',0),
(10206,13,'plugin_satisfaction',0),
(10208,36,'plugin_satisfaction',0),
(10210,38,'plugin_satisfaction',0),
(10212,1,'plugin_satisfaction',0),
(10215,2,'plugin_onetimesecret_send',0),
(10217,4,'plugin_onetimesecret_send',1),
(10218,5,'plugin_onetimesecret_send',0),
(10219,6,'plugin_onetimesecret_send',0),
(10220,7,'plugin_onetimesecret_send',0),
(10221,8,'plugin_onetimesecret_send',0),
(10222,13,'plugin_onetimesecret_send',0),
(10224,36,'plugin_onetimesecret_send',0),
(10226,38,'plugin_onetimesecret_send',0),
(10228,1,'plugin_onetimesecret_send',0),
(10234,2,'locked_field',0),
(10236,4,'locked_field',6),
(10237,5,'locked_field',0),
(10238,6,'locked_field',0),
(10239,7,'locked_field',0),
(10240,8,'locked_field',0),
(10241,13,'locked_field',0),
(10243,36,'locked_field',0),
(10245,38,'locked_field',0),
(10247,1,'locked_field',0),
(10248,2,'snmpcredential',0),
(10250,4,'snmpcredential',31),
(10251,5,'snmpcredential',0),
(10252,6,'snmpcredential',0),
(10253,7,'snmpcredential',0),
(10254,8,'snmpcredential',0),
(10255,13,'snmpcredential',0),
(10257,36,'snmpcredential',0),
(10259,38,'snmpcredential',0),
(10261,1,'snmpcredential',0),
(10262,2,'refusedequipment',0),
(10264,4,'refusedequipment',19),
(10265,5,'refusedequipment',0),
(10266,6,'refusedequipment',0),
(10267,7,'refusedequipment',0),
(10268,8,'refusedequipment',0),
(10269,13,'refusedequipment',0),
(10271,36,'refusedequipment',0),
(10273,38,'refusedequipment',0),
(10275,1,'refusedequipment',0),
(10276,2,'agent',0),
(10278,4,'agent',19),
(10279,5,'agent',0),
(10280,6,'agent',0),
(10281,7,'agent',0),
(10282,8,'agent',0),
(10283,13,'agent',0),
(10285,36,'agent',0),
(10287,38,'agent',0),
(10289,1,'agent',0),
(10313,2,'plugin_manufacturersimports',0),
(10316,5,'plugin_manufacturersimports',0),
(10317,6,'plugin_manufacturersimports',0),
(10318,7,'plugin_manufacturersimports',0),
(10319,8,'plugin_manufacturersimports',0),
(10320,13,'plugin_manufacturersimports',0),
(10322,36,'plugin_manufacturersimports',0),
(10324,38,'plugin_manufacturersimports',0),
(10326,1,'plugin_manufacturersimports',0),
(10327,4,'plugin_manufacturersimports',23),
(10328,4,'plugin_ocsinventoryng',23),
(10329,4,'plugin_ocsinventoryng_sync',3),
(10330,4,'plugin_ocsinventoryng_view',1),
(10331,4,'plugin_ocsinventoryng_import',3),
(10332,4,'plugin_ocsinventoryng_link',3),
(10333,4,'plugin_ocsinventoryng_clean',3),
(10334,4,'plugin_ocsinventoryng_rule',3),
(10355,2,'plugin_tasklists_config',0),
(10358,5,'plugin_tasklists_config',0),
(10359,6,'plugin_tasklists_config',0),
(10360,7,'plugin_tasklists_config',0),
(10361,8,'plugin_tasklists_config',0),
(10362,13,'plugin_tasklists_config',0),
(10364,36,'plugin_tasklists_config',0),
(10366,38,'plugin_tasklists_config',0),
(10368,1,'plugin_tasklists_config',0),
(10380,2,'plugin_webapplications',0),
(10383,5,'plugin_webapplications',0),
(10384,6,'plugin_webapplications',0),
(10385,7,'plugin_webapplications',0),
(10386,8,'plugin_webapplications',0),
(10387,13,'plugin_webapplications',0),
(10389,36,'plugin_webapplications',0),
(10391,38,'plugin_webapplications',0),
(10393,1,'plugin_webapplications',0),
(10394,4,'plugin_webapplications',127),
(10395,4,'plugin_webapplications_open_ticket',1),
(10401,2,'plugin_reports_timelineticket_statResolvedSpentTimeByGroup',0),
(10403,4,'plugin_reports_timelineticket_statResolvedSpentTimeByGroup',1),
(10404,5,'plugin_reports_timelineticket_statResolvedSpentTimeByGroup',0),
(10405,6,'plugin_reports_timelineticket_statResolvedSpentTimeByGroup',0),
(10406,7,'plugin_reports_timelineticket_statResolvedSpentTimeByGroup',0),
(10407,8,'plugin_reports_timelineticket_statResolvedSpentTimeByGroup',0),
(10408,13,'plugin_reports_timelineticket_statResolvedSpentTimeByGroup',0),
(10410,36,'plugin_reports_timelineticket_statResolvedSpentTimeByGroup',0),
(10412,38,'plugin_reports_timelineticket_statResolvedSpentTimeByGroup',0),
(10414,1,'plugin_reports_timelineticket_statResolvedSpentTimeByGroup',0),
(10415,2,'plugin_reports_timelineticket_statSpentTimeByGroup',0),
(10417,4,'plugin_reports_timelineticket_statSpentTimeByGroup',1),
(10418,5,'plugin_reports_timelineticket_statSpentTimeByGroup',0),
(10419,6,'plugin_reports_timelineticket_statSpentTimeByGroup',0),
(10420,7,'plugin_reports_timelineticket_statSpentTimeByGroup',0),
(10421,8,'plugin_reports_timelineticket_statSpentTimeByGroup',0),
(10422,13,'plugin_reports_timelineticket_statSpentTimeByGroup',0),
(10424,36,'plugin_reports_timelineticket_statSpentTimeByGroup',0),
(10426,38,'plugin_reports_timelineticket_statSpentTimeByGroup',0),
(10428,1,'plugin_reports_timelineticket_statSpentTimeByGroup',0),
(10429,2,'plugin_reports_timelineticket_statSpentTimeProcessingByGroup',0),
(10431,4,'plugin_reports_timelineticket_statSpentTimeProcessingByGroup',1),
(10432,5,'plugin_reports_timelineticket_statSpentTimeProcessingByGroup',0),
(10433,6,'plugin_reports_timelineticket_statSpentTimeProcessingByGroup',0),
(10434,7,'plugin_reports_timelineticket_statSpentTimeProcessingByGroup',0),
(10435,8,'plugin_reports_timelineticket_statSpentTimeProcessingByGroup',0),
(10436,13,'plugin_reports_timelineticket_statSpentTimeProcessingByGroup',0),
(10438,36,'plugin_reports_timelineticket_statSpentTimeProcessingByGroup',0),
(10440,38,'plugin_reports_timelineticket_statSpentTimeProcessingByGroup',0),
(10442,1,'plugin_reports_timelineticket_statSpentTimeProcessingByGroup',0),
(10457,2,'unmanaged',0),
(10459,4,'unmanaged',27),
(10460,5,'unmanaged',0),
(10461,6,'unmanaged',0),
(10462,7,'unmanaged',0),
(10463,8,'unmanaged',0),
(10464,13,'unmanaged',0),
(10466,36,'unmanaged',0),
(10468,38,'unmanaged',0),
(10470,1,'unmanaged',0),
(10471,2,'plugin_tasklists',0),
(10474,5,'plugin_tasklists',0),
(10475,6,'plugin_tasklists',0),
(10476,7,'plugin_tasklists',0),
(10477,8,'plugin_tasklists',0),
(10478,13,'plugin_tasklists',0),
(10480,36,'plugin_tasklists',0),
(10482,38,'plugin_tasklists',0),
(10484,1,'plugin_tasklists',0),
(10485,4,'plugin_tasklists',127),
(10486,4,'plugin_tasklists_see_all',1),
(10487,4,'plugin_tasklists_config',1),
(10494,1,'plugin_news_alert',1),
(10495,2,'plugin_news_alert',0),
(10496,4,'plugin_news_alert',23),
(10497,5,'plugin_news_alert',0),
(10498,6,'plugin_news_alert',23),
(10499,7,'plugin_news_alert',31),
(10500,8,'plugin_news_alert',1),
(10501,13,'plugin_news_alert',1),
(10503,36,'plugin_news_alert',23),
(10505,38,'plugin_news_alert',0),
(10515,2,'plugin_credit_ticketconfig',0),
(10516,4,'plugin_credit_ticketconfig',3072),
(10517,5,'plugin_credit_ticketconfig',0),
(10518,6,'plugin_credit_ticketconfig',0),
(10519,7,'plugin_credit_ticketconfig',0),
(10520,8,'plugin_credit_ticketconfig',0),
(10521,13,'plugin_credit_ticketconfig',0),
(10523,36,'plugin_credit_ticketconfig',3072),
(10525,38,'plugin_credit_ticketconfig',0),
(10527,1,'plugin_credit_ticketconfig',0),
(10539,2,'plugin_resources',0),
(10541,5,'plugin_resources',0),
(10542,6,'plugin_resources',0),
(10543,7,'plugin_resources',0),
(10544,8,'plugin_resources',0),
(10545,13,'plugin_resources',0),
(10547,36,'plugin_resources',0),
(10549,38,'plugin_resources',0),
(10551,1,'plugin_resources',0),
(10552,2,'plugin_resources_task',0),
(10554,5,'plugin_resources_task',0),
(10555,6,'plugin_resources_task',0),
(10556,7,'plugin_resources_task',0),
(10557,8,'plugin_resources_task',0),
(10558,13,'plugin_resources_task',0),
(10560,36,'plugin_resources_task',0),
(10562,38,'plugin_resources_task',0),
(10564,1,'plugin_resources_task',0),
(10565,2,'plugin_resources_budget',0),
(10567,5,'plugin_resources_budget',0),
(10568,6,'plugin_resources_budget',0),
(10569,7,'plugin_resources_budget',0),
(10570,8,'plugin_resources_budget',0),
(10571,13,'plugin_resources_budget',0),
(10573,36,'plugin_resources_budget',0),
(10575,38,'plugin_resources_budget',0),
(10577,1,'plugin_resources_budget',0),
(10578,2,'plugin_resources_checklist',0),
(10580,5,'plugin_resources_checklist',0),
(10581,6,'plugin_resources_checklist',0),
(10582,7,'plugin_resources_checklist',0),
(10583,8,'plugin_resources_checklist',0),
(10584,13,'plugin_resources_checklist',0),
(10586,36,'plugin_resources_checklist',0),
(10588,38,'plugin_resources_checklist',0),
(10590,1,'plugin_resources_checklist',0),
(10591,2,'plugin_resources_employee',0),
(10593,5,'plugin_resources_employee',0),
(10594,6,'plugin_resources_employee',0),
(10595,7,'plugin_resources_employee',0),
(10596,8,'plugin_resources_employee',0),
(10597,13,'plugin_resources_employee',0),
(10599,36,'plugin_resources_employee',0),
(10601,38,'plugin_resources_employee',0),
(10603,1,'plugin_resources_employee',0),
(10604,2,'plugin_resources_role',0),
(10606,5,'plugin_resources_role',0),
(10607,6,'plugin_resources_role',0),
(10608,7,'plugin_resources_role',0),
(10609,8,'plugin_resources_role',0),
(10610,13,'plugin_resources_role',0),
(10612,36,'plugin_resources_role',0),
(10614,38,'plugin_resources_role',0),
(10616,1,'plugin_resources_role',0),
(10617,2,'plugin_resources_resting',0),
(10619,5,'plugin_resources_resting',0),
(10620,6,'plugin_resources_resting',0),
(10621,7,'plugin_resources_resting',0),
(10622,8,'plugin_resources_resting',0),
(10623,13,'plugin_resources_resting',0),
(10625,36,'plugin_resources_resting',0),
(10627,38,'plugin_resources_resting',0),
(10629,1,'plugin_resources_resting',0),
(10630,2,'plugin_resources_holiday',0),
(10632,5,'plugin_resources_holiday',0),
(10633,6,'plugin_resources_holiday',0),
(10634,7,'plugin_resources_holiday',0),
(10635,8,'plugin_resources_holiday',0),
(10636,13,'plugin_resources_holiday',0),
(10638,36,'plugin_resources_holiday',0),
(10640,38,'plugin_resources_holiday',0),
(10642,1,'plugin_resources_holiday',0),
(10643,2,'plugin_resources_habilitation',0),
(10645,5,'plugin_resources_habilitation',0),
(10646,6,'plugin_resources_habilitation',0),
(10647,7,'plugin_resources_habilitation',0),
(10648,8,'plugin_resources_habilitation',0),
(10649,13,'plugin_resources_habilitation',0),
(10651,36,'plugin_resources_habilitation',0),
(10653,38,'plugin_resources_habilitation',0),
(10655,1,'plugin_resources_habilitation',0),
(10656,2,'plugin_resources_employment',0),
(10658,5,'plugin_resources_employment',0),
(10659,6,'plugin_resources_employment',0),
(10660,7,'plugin_resources_employment',0),
(10661,8,'plugin_resources_employment',0),
(10662,13,'plugin_resources_employment',0),
(10664,36,'plugin_resources_employment',0),
(10666,38,'plugin_resources_employment',0),
(10668,1,'plugin_resources_employment',0),
(10669,2,'plugin_resources_dropdown_public',0),
(10671,5,'plugin_resources_dropdown_public',0),
(10672,6,'plugin_resources_dropdown_public',0),
(10673,7,'plugin_resources_dropdown_public',0),
(10674,8,'plugin_resources_dropdown_public',0),
(10675,13,'plugin_resources_dropdown_public',0),
(10677,36,'plugin_resources_dropdown_public',0),
(10679,38,'plugin_resources_dropdown_public',0),
(10681,1,'plugin_resources_dropdown_public',0),
(10682,2,'plugin_resources_import',0),
(10684,5,'plugin_resources_import',0),
(10685,6,'plugin_resources_import',0),
(10686,7,'plugin_resources_import',0),
(10687,8,'plugin_resources_import',0),
(10688,13,'plugin_resources_import',0),
(10690,36,'plugin_resources_import',0),
(10692,38,'plugin_resources_import',0),
(10694,1,'plugin_resources_import',0),
(10695,2,'plugin_resources_all',0),
(10697,5,'plugin_resources_all',0),
(10698,6,'plugin_resources_all',0),
(10699,7,'plugin_resources_all',0),
(10700,8,'plugin_resources_all',0),
(10701,13,'plugin_resources_all',0),
(10703,36,'plugin_resources_all',0),
(10705,38,'plugin_resources_all',0),
(10707,1,'plugin_resources_all',0),
(10708,2,'plugin_resources_open_ticket',0),
(10710,5,'plugin_resources_open_ticket',0),
(10711,6,'plugin_resources_open_ticket',0),
(10712,7,'plugin_resources_open_ticket',0),
(10713,8,'plugin_resources_open_ticket',0),
(10714,13,'plugin_resources_open_ticket',0),
(10716,36,'plugin_resources_open_ticket',0),
(10718,38,'plugin_resources_open_ticket',0),
(10720,1,'plugin_resources_open_ticket',0),
(10721,2,'plugin_resources_employee_core_form',0),
(10723,5,'plugin_resources_employee_core_form',0),
(10724,6,'plugin_resources_employee_core_form',0),
(10725,7,'plugin_resources_employee_core_form',0),
(10726,8,'plugin_resources_employee_core_form',0),
(10727,13,'plugin_resources_employee_core_form',0),
(10729,36,'plugin_resources_employee_core_form',0),
(10731,38,'plugin_resources_employee_core_form',0),
(10733,1,'plugin_resources_employee_core_form',0),
(10734,4,'plugin_resources',127),
(10735,4,'plugin_resources_task',31),
(10736,4,'plugin_resources_checklist',31),
(10737,4,'plugin_resources_employee',31),
(10738,4,'plugin_resources_role',31),
(10739,4,'plugin_resources_resting',31),
(10740,4,'plugin_resources_holiday',31),
(10741,4,'plugin_resources_habilitation',31),
(10742,4,'plugin_resources_employment',31),
(10743,4,'plugin_resources_budget',31),
(10744,4,'plugin_resources_dropdown_public',31),
(10745,4,'plugin_resources_import',31),
(10746,4,'plugin_resources_open_ticket',1),
(10747,4,'plugin_resources_all',1),
(10748,4,'plugin_resources_employee_core_form',1),
(10749,2,'plugin_pdf',1),
(10751,5,'plugin_pdf',1),
(10752,6,'plugin_pdf',1),
(10753,7,'plugin_pdf',1),
(10754,8,'plugin_pdf',1),
(10755,13,'plugin_pdf',1),
(10757,36,'plugin_pdf',1),
(10759,38,'plugin_pdf',1),
(10761,1,'plugin_pdf',1),
(10762,4,'plugin_pdf',1),
(10763,2,'plugin_vip',0),
(10765,5,'plugin_vip',0),
(10766,6,'plugin_vip',0),
(10767,7,'plugin_vip',0),
(10768,8,'plugin_vip',0),
(10769,13,'plugin_vip',0),
(10771,36,'plugin_vip',0),
(10773,38,'plugin_vip',0),
(10775,1,'plugin_vip',0),
(10776,4,'plugin_vip',31),
(10777,4,'plugin_satisfaction',31),
(10779,4,'plugin_moreticket_justification',1),
(10780,4,'plugin_moreticket',127),
(10781,4,'plugin_moreticket_hide_task_duration',1),
(10782,4,'plugin_accounts',127),
(10783,4,'plugin_accounts_hash',127),
(10784,4,'plugin_accounts_my_groups',1),
(10785,4,'plugin_accounts_open_ticket',1),
(10786,4,'plugin_accounts_see_all_users',1),
(10788,4,'plugin_mydashboard',6),
(10789,4,'plugin_mydashboard_config',22),
(10790,4,'plugin_mydashboard_edit',6),
(10791,4,'plugin_mydashboard_stockwidget',23),
(10792,2,'system_logs',0),
(10793,4,'system_logs',1),
(10794,5,'system_logs',0),
(10795,6,'system_logs',0),
(10796,7,'system_logs',0),
(10797,8,'system_logs',0),
(10798,13,'system_logs',0),
(10800,36,'system_logs',0),
(10802,38,'system_logs',0),
(10804,1,'system_logs',0),
(10810,2,'plugin_maedi',0),
(10812,5,'plugin_maedi',0),
(10813,6,'plugin_maedi',6),
(10814,7,'plugin_maedi',0),
(10815,8,'plugin_maedi',0),
(10816,13,'plugin_maedi',14),
(10817,36,'plugin_maedi',0),
(10818,38,'plugin_maedi',0),
(10819,1,'plugin_maedi',14),
(10820,4,'plugin_maedi',14),
(10821,2,'branding::custompalette',0),
(10822,4,'branding::custompalette',31),
(10823,5,'branding::custompalette',0),
(10824,6,'branding::custompalette',0),
(10825,7,'branding::custompalette',0),
(10826,8,'branding::custompalette',0),
(10827,13,'branding::custompalette',0),
(10828,36,'branding::custompalette',0),
(10829,38,'branding::custompalette',0),
(10830,1,'branding::custompalette',0),
(10834,4,'simcard:simcard',255),
(10838,2,'plugin_geststock',0),
(10840,5,'plugin_geststock',0),
(10841,6,'plugin_geststock',0),
(10842,7,'plugin_geststock',0),
(10843,8,'plugin_geststock',0),
(10844,13,'plugin_geststock',0),
(10845,36,'plugin_geststock',511),
(10846,38,'plugin_geststock',511),
(10847,1,'plugin_geststock',0),
(10848,4,'plugin_geststock',511),
(10849,38,'simcard:simcard',0),
(10850,4,'plugin_reports_maedi_parcimprimantes',1),
(10851,2,'plugin_reports_maedi_centralparc01',0),
(10852,4,'plugin_reports_maedi_centralparc01',1),
(10853,5,'plugin_reports_maedi_centralparc01',0),
(10854,6,'plugin_reports_maedi_centralparc01',0),
(10855,7,'plugin_reports_maedi_centralparc01',0),
(10856,8,'plugin_reports_maedi_centralparc01',0),
(10857,13,'plugin_reports_maedi_centralparc01',0),
(10858,36,'plugin_reports_maedi_centralparc01',0),
(10859,38,'plugin_reports_maedi_centralparc01',0),
(10860,1,'plugin_reports_maedi_centralparc01',0),
(10861,2,'plugin_reports_maedi_centralparc02',0),
(10862,4,'plugin_reports_maedi_centralparc02',1),
(10863,5,'plugin_reports_maedi_centralparc02',0),
(10864,6,'plugin_reports_maedi_centralparc02',0),
(10865,7,'plugin_reports_maedi_centralparc02',0),
(10866,8,'plugin_reports_maedi_centralparc02',0),
(10867,13,'plugin_reports_maedi_centralparc02',0),
(10868,36,'plugin_reports_maedi_centralparc02',0),
(10869,38,'plugin_reports_maedi_centralparc02',0),
(10870,1,'plugin_reports_maedi_centralparc02',0),
(10871,2,'plugin_reports_maedi_centralparc03',0),
(10872,4,'plugin_reports_maedi_centralparc03',1),
(10873,5,'plugin_reports_maedi_centralparc03',0),
(10874,6,'plugin_reports_maedi_centralparc03',0),
(10875,7,'plugin_reports_maedi_centralparc03',0),
(10876,8,'plugin_reports_maedi_centralparc03',0),
(10877,13,'plugin_reports_maedi_centralparc03',0),
(10878,36,'plugin_reports_maedi_centralparc03',0),
(10879,38,'plugin_reports_maedi_centralparc03',0),
(10880,1,'plugin_reports_maedi_centralparc03',0),
(10881,2,'plugin_reports_maedi_centralparc05',0),
(10882,4,'plugin_reports_maedi_centralparc05',1),
(10883,5,'plugin_reports_maedi_centralparc05',0),
(10884,6,'plugin_reports_maedi_centralparc05',0),
(10885,7,'plugin_reports_maedi_centralparc05',0),
(10886,8,'plugin_reports_maedi_centralparc05',0),
(10887,13,'plugin_reports_maedi_centralparc05',0),
(10888,36,'plugin_reports_maedi_centralparc05',0),
(10889,38,'plugin_reports_maedi_centralparc05',0),
(10890,1,'plugin_reports_maedi_centralparc05',0),
(10891,2,'plugin_reports_maedi_centralparc06',0),
(10892,4,'plugin_reports_maedi_centralparc06',1),
(10893,5,'plugin_reports_maedi_centralparc06',0),
(10894,6,'plugin_reports_maedi_centralparc06',0),
(10895,7,'plugin_reports_maedi_centralparc06',0),
(10896,8,'plugin_reports_maedi_centralparc06',0),
(10897,13,'plugin_reports_maedi_centralparc06',0),
(10898,36,'plugin_reports_maedi_centralparc06',0),
(10899,38,'plugin_reports_maedi_centralparc06',0),
(10900,1,'plugin_reports_maedi_centralparc06',0),
(10901,2,'plugin_reports_maedi_centralparc07',0),
(10902,4,'plugin_reports_maedi_centralparc07',1),
(10903,5,'plugin_reports_maedi_centralparc07',0),
(10904,6,'plugin_reports_maedi_centralparc07',0),
(10905,7,'plugin_reports_maedi_centralparc07',0),
(10906,8,'plugin_reports_maedi_centralparc07',0),
(10907,13,'plugin_reports_maedi_centralparc07',0),
(10908,36,'plugin_reports_maedi_centralparc07',0),
(10909,38,'plugin_reports_maedi_centralparc07',0),
(10910,1,'plugin_reports_maedi_centralparc07',0),
(10911,2,'plugin_reports_maedi_centralparc08',0),
(10912,4,'plugin_reports_maedi_centralparc08',1),
(10913,5,'plugin_reports_maedi_centralparc08',0),
(10914,6,'plugin_reports_maedi_centralparc08',0),
(10915,7,'plugin_reports_maedi_centralparc08',0),
(10916,8,'plugin_reports_maedi_centralparc08',0),
(10917,13,'plugin_reports_maedi_centralparc08',0),
(10918,36,'plugin_reports_maedi_centralparc08',0),
(10919,38,'plugin_reports_maedi_centralparc08',0),
(10920,1,'plugin_reports_maedi_centralparc08',0),
(10921,2,'plugin_reports_maedi_centralparc09',0),
(10922,4,'plugin_reports_maedi_centralparc09',1),
(10923,5,'plugin_reports_maedi_centralparc09',0),
(10924,6,'plugin_reports_maedi_centralparc09',0),
(10925,7,'plugin_reports_maedi_centralparc09',0),
(10926,8,'plugin_reports_maedi_centralparc09',0),
(10927,13,'plugin_reports_maedi_centralparc09',0),
(10928,36,'plugin_reports_maedi_centralparc09',0),
(10929,38,'plugin_reports_maedi_centralparc09',0),
(10930,1,'plugin_reports_maedi_centralparc09',0),
(10931,2,'plugin_reports_maedi_centralparc10',0),
(10932,4,'plugin_reports_maedi_centralparc10',1),
(10933,5,'plugin_reports_maedi_centralparc10',0),
(10934,6,'plugin_reports_maedi_centralparc10',0),
(10935,7,'plugin_reports_maedi_centralparc10',0),
(10936,8,'plugin_reports_maedi_centralparc10',0),
(10937,13,'plugin_reports_maedi_centralparc10',0),
(10938,36,'plugin_reports_maedi_centralparc10',0),
(10939,38,'plugin_reports_maedi_centralparc10',0),
(10940,1,'plugin_reports_maedi_centralparc10',0),
(10941,2,'plugin_reports_maedi_centralparc11',0),
(10942,4,'plugin_reports_maedi_centralparc11',1),
(10943,5,'plugin_reports_maedi_centralparc11',0),
(10944,6,'plugin_reports_maedi_centralparc11',0),
(10945,7,'plugin_reports_maedi_centralparc11',0),
(10946,8,'plugin_reports_maedi_centralparc11',0),
(10947,13,'plugin_reports_maedi_centralparc11',0),
(10948,36,'plugin_reports_maedi_centralparc11',0),
(10949,38,'plugin_reports_maedi_centralparc11',0),
(10950,1,'plugin_reports_maedi_centralparc11',0),
(10951,2,'plugin_reports_maedi_centralparc12',0),
(10952,4,'plugin_reports_maedi_centralparc12',1),
(10953,5,'plugin_reports_maedi_centralparc12',0),
(10954,6,'plugin_reports_maedi_centralparc12',0),
(10955,7,'plugin_reports_maedi_centralparc12',0),
(10956,8,'plugin_reports_maedi_centralparc12',0),
(10957,13,'plugin_reports_maedi_centralparc12',0),
(10958,36,'plugin_reports_maedi_centralparc12',0),
(10959,38,'plugin_reports_maedi_centralparc12',0),
(10960,1,'plugin_reports_maedi_centralparc12',0),
(10961,2,'plugin_reports_maedi_centralparc13',0),
(10962,4,'plugin_reports_maedi_centralparc13',1),
(10963,5,'plugin_reports_maedi_centralparc13',0),
(10964,6,'plugin_reports_maedi_centralparc13',0),
(10965,7,'plugin_reports_maedi_centralparc13',0),
(10966,8,'plugin_reports_maedi_centralparc13',0),
(10967,13,'plugin_reports_maedi_centralparc13',0),
(10968,36,'plugin_reports_maedi_centralparc13',0),
(10969,38,'plugin_reports_maedi_centralparc13',0),
(10970,1,'plugin_reports_maedi_centralparc13',0),
(10971,2,'plugin_reports_maedi_centralparc14',0),
(10972,4,'plugin_reports_maedi_centralparc14',1),
(10973,5,'plugin_reports_maedi_centralparc14',0),
(10974,6,'plugin_reports_maedi_centralparc14',0),
(10975,7,'plugin_reports_maedi_centralparc14',0),
(10976,8,'plugin_reports_maedi_centralparc14',0),
(10977,13,'plugin_reports_maedi_centralparc14',0),
(10978,36,'plugin_reports_maedi_centralparc14',0),
(10979,38,'plugin_reports_maedi_centralparc14',0),
(10980,1,'plugin_reports_maedi_centralparc14',0),
(10981,2,'plugin_reports_maedi_centralparc16',0),
(10982,4,'plugin_reports_maedi_centralparc16',1),
(10983,5,'plugin_reports_maedi_centralparc16',0),
(10984,6,'plugin_reports_maedi_centralparc16',0),
(10985,7,'plugin_reports_maedi_centralparc16',0),
(10986,8,'plugin_reports_maedi_centralparc16',0),
(10987,13,'plugin_reports_maedi_centralparc16',0),
(10988,36,'plugin_reports_maedi_centralparc16',0),
(10989,38,'plugin_reports_maedi_centralparc16',0),
(10990,1,'plugin_reports_maedi_centralparc16',0),
(10991,2,'plugin_reports_maedi_listecommandedetail',0),
(10992,4,'plugin_reports_maedi_listecommandedetail',1),
(10993,5,'plugin_reports_maedi_listecommandedetail',0),
(10994,6,'plugin_reports_maedi_listecommandedetail',0),
(10995,7,'plugin_reports_maedi_listecommandedetail',0),
(10996,8,'plugin_reports_maedi_listecommandedetail',0),
(10997,13,'plugin_reports_maedi_listecommandedetail',0),
(10998,36,'plugin_reports_maedi_listecommandedetail',0),
(10999,38,'plugin_reports_maedi_listecommandedetail',0),
(11000,1,'plugin_reports_maedi_listecommandedetail',0),
(11001,2,'plugin_reports_maedi_listecommandedetailplus',0),
(11002,4,'plugin_reports_maedi_listecommandedetailplus',1),
(11003,5,'plugin_reports_maedi_listecommandedetailplus',0),
(11004,6,'plugin_reports_maedi_listecommandedetailplus',0),
(11005,7,'plugin_reports_maedi_listecommandedetailplus',0),
(11006,8,'plugin_reports_maedi_listecommandedetailplus',0),
(11007,13,'plugin_reports_maedi_listecommandedetailplus',0),
(11008,36,'plugin_reports_maedi_listecommandedetailplus',0),
(11009,38,'plugin_reports_maedi_listecommandedetailplus',0),
(11010,1,'plugin_reports_maedi_listecommandedetailplus',0),
(11011,2,'plugin_reports_maedi_listerapatriementslisteparincidents',0),
(11012,4,'plugin_reports_maedi_listerapatriementslisteparincidents',1),
(11013,5,'plugin_reports_maedi_listerapatriementslisteparincidents',0),
(11014,6,'plugin_reports_maedi_listerapatriementslisteparincidents',0),
(11015,7,'plugin_reports_maedi_listerapatriementslisteparincidents',0),
(11016,8,'plugin_reports_maedi_listerapatriementslisteparincidents',0),
(11017,13,'plugin_reports_maedi_listerapatriementslisteparincidents',0),
(11018,36,'plugin_reports_maedi_listerapatriementslisteparincidents',0),
(11019,38,'plugin_reports_maedi_listerapatriementslisteparincidents',0),
(11020,1,'plugin_reports_maedi_listerapatriementslisteparincidents',0),
(11021,2,'plugin_reports_maedi_listerapatriementstotalalivrerpardestination',0),
(11022,4,'plugin_reports_maedi_listerapatriementstotalalivrerpardestination',1),
(11023,5,'plugin_reports_maedi_listerapatriementstotalalivrerpardestination',0),
(11024,6,'plugin_reports_maedi_listerapatriementstotalalivrerpardestination',0),
(11025,7,'plugin_reports_maedi_listerapatriementstotalalivrerpardestination',0),
(11026,8,'plugin_reports_maedi_listerapatriementstotalalivrerpardestination',0),
(11027,13,'plugin_reports_maedi_listerapatriementstotalalivrerpardestination',0),
(11028,36,'plugin_reports_maedi_listerapatriementstotalalivrerpardestination',0),
(11029,38,'plugin_reports_maedi_listerapatriementstotalalivrerpardestination',0),
(11030,1,'plugin_reports_maedi_listerapatriementstotalalivrerpardestination',0),
(11031,2,'plugin_reports_maedi_listeticketbacklog',0),
(11032,4,'plugin_reports_maedi_listeticketbacklog',1),
(11033,5,'plugin_reports_maedi_listeticketbacklog',0),
(11034,6,'plugin_reports_maedi_listeticketbacklog',0),
(11035,7,'plugin_reports_maedi_listeticketbacklog',0),
(11036,8,'plugin_reports_maedi_listeticketbacklog',0),
(11037,13,'plugin_reports_maedi_listeticketbacklog',0),
(11038,36,'plugin_reports_maedi_listeticketbacklog',0),
(11039,38,'plugin_reports_maedi_listeticketbacklog',0),
(11040,1,'plugin_reports_maedi_listeticketbacklog',0),
(11041,2,'plugin_reports_maedi_materielAEFE',0),
(11042,4,'plugin_reports_maedi_materielAEFE',1),
(11043,5,'plugin_reports_maedi_materielAEFE',0),
(11044,6,'plugin_reports_maedi_materielAEFE',0),
(11045,7,'plugin_reports_maedi_materielAEFE',0),
(11046,8,'plugin_reports_maedi_materielAEFE',0),
(11047,13,'plugin_reports_maedi_materielAEFE',0),
(11048,36,'plugin_reports_maedi_materielAEFE',0),
(11049,38,'plugin_reports_maedi_materielAEFE',0),
(11050,1,'plugin_reports_maedi_materielAEFE',0),
(11051,2,'plugin_reports_maedi_parcbureautiquedsi',0),
(11052,4,'plugin_reports_maedi_parcbureautiquedsi',1),
(11053,5,'plugin_reports_maedi_parcbureautiquedsi',0),
(11054,6,'plugin_reports_maedi_parcbureautiquedsi',0),
(11055,7,'plugin_reports_maedi_parcbureautiquedsi',0),
(11056,8,'plugin_reports_maedi_parcbureautiquedsi',0),
(11057,13,'plugin_reports_maedi_parcbureautiquedsi',0),
(11058,36,'plugin_reports_maedi_parcbureautiquedsi',0),
(11059,38,'plugin_reports_maedi_parcbureautiquedsi',0),
(11060,1,'plugin_reports_maedi_parcbureautiquedsi',0),
(11061,2,'plugin_reports_maedi_parcoperationneldetailcentrale',0),
(11062,4,'plugin_reports_maedi_parcoperationneldetailcentrale',1),
(11063,5,'plugin_reports_maedi_parcoperationneldetailcentrale',0),
(11064,6,'plugin_reports_maedi_parcoperationneldetailcentrale',0),
(11065,7,'plugin_reports_maedi_parcoperationneldetailcentrale',0),
(11066,8,'plugin_reports_maedi_parcoperationneldetailcentrale',0),
(11067,13,'plugin_reports_maedi_parcoperationneldetailcentrale',0),
(11068,36,'plugin_reports_maedi_parcoperationneldetailcentrale',0),
(11069,38,'plugin_reports_maedi_parcoperationneldetailcentrale',0),
(11070,1,'plugin_reports_maedi_parcoperationneldetailcentrale',0),
(11071,2,'plugin_reports_maedi_parcoperationneldetailetranger',0),
(11072,4,'plugin_reports_maedi_parcoperationneldetailetranger',1),
(11073,5,'plugin_reports_maedi_parcoperationneldetailetranger',0),
(11074,6,'plugin_reports_maedi_parcoperationneldetailetranger',0),
(11075,7,'plugin_reports_maedi_parcoperationneldetailetranger',0),
(11076,8,'plugin_reports_maedi_parcoperationneldetailetranger',0),
(11077,13,'plugin_reports_maedi_parcoperationneldetailetranger',0),
(11078,36,'plugin_reports_maedi_parcoperationneldetailetranger',0),
(11079,38,'plugin_reports_maedi_parcoperationneldetailetranger',0),
(11080,1,'plugin_reports_maedi_parcoperationneldetailetranger',0),
(11081,2,'plugin_reports_maedi_parcoperationnelparcategoriecentrale',0),
(11082,4,'plugin_reports_maedi_parcoperationnelparcategoriecentrale',1),
(11083,5,'plugin_reports_maedi_parcoperationnelparcategoriecentrale',0),
(11084,6,'plugin_reports_maedi_parcoperationnelparcategoriecentrale',0),
(11085,7,'plugin_reports_maedi_parcoperationnelparcategoriecentrale',0),
(11086,8,'plugin_reports_maedi_parcoperationnelparcategoriecentrale',0),
(11087,13,'plugin_reports_maedi_parcoperationnelparcategoriecentrale',0),
(11088,36,'plugin_reports_maedi_parcoperationnelparcategoriecentrale',0),
(11089,38,'plugin_reports_maedi_parcoperationnelparcategoriecentrale',0),
(11090,1,'plugin_reports_maedi_parcoperationnelparcategoriecentrale',0),
(11091,2,'plugin_reports_maedi_parcoperationnelparcategorieetranger',0),
(11092,4,'plugin_reports_maedi_parcoperationnelparcategorieetranger',1),
(11093,5,'plugin_reports_maedi_parcoperationnelparcategorieetranger',0),
(11094,6,'plugin_reports_maedi_parcoperationnelparcategorieetranger',0),
(11095,7,'plugin_reports_maedi_parcoperationnelparcategorieetranger',0),
(11096,8,'plugin_reports_maedi_parcoperationnelparcategorieetranger',0),
(11097,13,'plugin_reports_maedi_parcoperationnelparcategorieetranger',0),
(11098,36,'plugin_reports_maedi_parcoperationnelparcategorieetranger',0),
(11099,38,'plugin_reports_maedi_parcoperationnelparcategorieetranger',0),
(11100,1,'plugin_reports_maedi_parcoperationnelparcategorieetranger',0),
(11101,2,'plugin_reports_maedi_parcoperationnelparmodelecentrale',0),
(11102,4,'plugin_reports_maedi_parcoperationnelparmodelecentrale',1),
(11103,5,'plugin_reports_maedi_parcoperationnelparmodelecentrale',0),
(11104,6,'plugin_reports_maedi_parcoperationnelparmodelecentrale',0),
(11105,7,'plugin_reports_maedi_parcoperationnelparmodelecentrale',0),
(11106,8,'plugin_reports_maedi_parcoperationnelparmodelecentrale',0),
(11107,13,'plugin_reports_maedi_parcoperationnelparmodelecentrale',0),
(11108,36,'plugin_reports_maedi_parcoperationnelparmodelecentrale',0),
(11109,38,'plugin_reports_maedi_parcoperationnelparmodelecentrale',0),
(11110,1,'plugin_reports_maedi_parcoperationnelparmodelecentrale',0),
(11111,2,'plugin_reports_maedi_parcoperationnelparmodeleetranger',0),
(11112,4,'plugin_reports_maedi_parcoperationnelparmodeleetranger',1),
(11113,5,'plugin_reports_maedi_parcoperationnelparmodeleetranger',0),
(11114,6,'plugin_reports_maedi_parcoperationnelparmodeleetranger',0),
(11115,7,'plugin_reports_maedi_parcoperationnelparmodeleetranger',0),
(11116,8,'plugin_reports_maedi_parcoperationnelparmodeleetranger',0),
(11117,13,'plugin_reports_maedi_parcoperationnelparmodeleetranger',0),
(11118,36,'plugin_reports_maedi_parcoperationnelparmodeleetranger',0),
(11119,38,'plugin_reports_maedi_parcoperationnelparmodeleetranger',0),
(11120,1,'plugin_reports_maedi_parcoperationnelparmodeleetranger',0),
(11121,2,'plugin_reports_maedi_parcopmodelcentral',0),
(11122,4,'plugin_reports_maedi_parcopmodelcentral',1),
(11123,5,'plugin_reports_maedi_parcopmodelcentral',0),
(11124,6,'plugin_reports_maedi_parcopmodelcentral',0),
(11125,7,'plugin_reports_maedi_parcopmodelcentral',0),
(11126,8,'plugin_reports_maedi_parcopmodelcentral',0),
(11127,13,'plugin_reports_maedi_parcopmodelcentral',0),
(11128,36,'plugin_reports_maedi_parcopmodelcentral',0),
(11129,38,'plugin_reports_maedi_parcopmodelcentral',0),
(11130,1,'plugin_reports_maedi_parcopmodelcentral',0),
(11131,2,'plugin_reports_maedi_parcparceole',0),
(11132,4,'plugin_reports_maedi_parcparceole',1),
(11133,5,'plugin_reports_maedi_parcparceole',0),
(11134,6,'plugin_reports_maedi_parcparceole',0),
(11135,7,'plugin_reports_maedi_parcparceole',0),
(11136,8,'plugin_reports_maedi_parcparceole',0),
(11137,13,'plugin_reports_maedi_parcparceole',0),
(11138,36,'plugin_reports_maedi_parcparceole',0),
(11139,38,'plugin_reports_maedi_parcparceole',0),
(11140,1,'plugin_reports_maedi_parcparceole',0),
(11141,2,'plugin_reports_maedi_parcsynthese',0),
(11142,4,'plugin_reports_maedi_parcsynthese',1),
(11143,5,'plugin_reports_maedi_parcsynthese',0),
(11144,6,'plugin_reports_maedi_parcsynthese',0),
(11145,7,'plugin_reports_maedi_parcsynthese',0),
(11146,8,'plugin_reports_maedi_parcsynthese',0),
(11147,13,'plugin_reports_maedi_parcsynthese',0),
(11148,36,'plugin_reports_maedi_parcsynthese',0),
(11149,38,'plugin_reports_maedi_parcsynthese',0),
(11150,1,'plugin_reports_maedi_parcsynthese',0),
(11151,2,'plugin_reports_maedi_rapatriementstotalalivrerpardestinationdate',0),
(11152,4,'plugin_reports_maedi_rapatriementstotalalivrerpardestinationdate',1),
(11153,5,'plugin_reports_maedi_rapatriementstotalalivrerpardestinationdate',0),
(11154,6,'plugin_reports_maedi_rapatriementstotalalivrerpardestinationdate',0),
(11155,7,'plugin_reports_maedi_rapatriementstotalalivrerpardestinationdate',0),
(11156,8,'plugin_reports_maedi_rapatriementstotalalivrerpardestinationdate',0),
(11157,13,'plugin_reports_maedi_rapatriementstotalalivrerpardestinationdate',0),
(11158,36,'plugin_reports_maedi_rapatriementstotalalivrerpardestinationdate',0),
(11159,38,'plugin_reports_maedi_rapatriementstotalalivrerpardestinationdate',0),
(11160,1,'plugin_reports_maedi_rapatriementstotalalivrerpardestinationdate',0),
(11161,2,'plugin_reports_maedi_rapatriementvillabeglobal',0),
(11162,4,'plugin_reports_maedi_rapatriementvillabeglobal',1),
(11163,5,'plugin_reports_maedi_rapatriementvillabeglobal',0),
(11164,6,'plugin_reports_maedi_rapatriementvillabeglobal',0),
(11165,7,'plugin_reports_maedi_rapatriementvillabeglobal',0),
(11166,8,'plugin_reports_maedi_rapatriementvillabeglobal',0),
(11167,13,'plugin_reports_maedi_rapatriementvillabeglobal',0),
(11168,36,'plugin_reports_maedi_rapatriementvillabeglobal',0),
(11169,38,'plugin_reports_maedi_rapatriementvillabeglobal',0),
(11170,1,'plugin_reports_maedi_rapatriementvillabeglobal',0),
(11171,2,'plugin_reports_maedi_rapatriementvillabeincidents',0),
(11172,4,'plugin_reports_maedi_rapatriementvillabeincidents',1),
(11173,5,'plugin_reports_maedi_rapatriementvillabeincidents',0),
(11174,6,'plugin_reports_maedi_rapatriementvillabeincidents',0),
(11175,7,'plugin_reports_maedi_rapatriementvillabeincidents',0),
(11176,8,'plugin_reports_maedi_rapatriementvillabeincidents',0),
(11177,13,'plugin_reports_maedi_rapatriementvillabeincidents',0),
(11178,36,'plugin_reports_maedi_rapatriementvillabeincidents',0),
(11179,38,'plugin_reports_maedi_rapatriementvillabeincidents',0),
(11180,1,'plugin_reports_maedi_rapatriementvillabeincidents',0),
(11181,2,'plugin_reports_maedi_remisesvalisesynthesecolis',0),
(11182,4,'plugin_reports_maedi_remisesvalisesynthesecolis',1),
(11183,5,'plugin_reports_maedi_remisesvalisesynthesecolis',0),
(11184,6,'plugin_reports_maedi_remisesvalisesynthesecolis',0),
(11185,7,'plugin_reports_maedi_remisesvalisesynthesecolis',0),
(11186,8,'plugin_reports_maedi_remisesvalisesynthesecolis',0),
(11187,13,'plugin_reports_maedi_remisesvalisesynthesecolis',0),
(11188,36,'plugin_reports_maedi_remisesvalisesynthesecolis',0),
(11189,38,'plugin_reports_maedi_remisesvalisesynthesecolis',0),
(11190,1,'plugin_reports_maedi_remisesvalisesynthesecolis',0),
(11191,2,'plugin_reports_maedi_remisesvalisetempsreelcolis',0),
(11192,4,'plugin_reports_maedi_remisesvalisetempsreelcolis',1),
(11193,5,'plugin_reports_maedi_remisesvalisetempsreelcolis',0),
(11194,6,'plugin_reports_maedi_remisesvalisetempsreelcolis',0),
(11195,7,'plugin_reports_maedi_remisesvalisetempsreelcolis',0),
(11196,8,'plugin_reports_maedi_remisesvalisetempsreelcolis',0),
(11197,13,'plugin_reports_maedi_remisesvalisetempsreelcolis',0),
(11198,36,'plugin_reports_maedi_remisesvalisetempsreelcolis',0),
(11199,38,'plugin_reports_maedi_remisesvalisetempsreelcolis',0),
(11200,1,'plugin_reports_maedi_remisesvalisetempsreelcolis',0),
(11201,2,'plugin_reports_maedi_remisesvalisetempsreelremisesvalise',0),
(11202,4,'plugin_reports_maedi_remisesvalisetempsreelremisesvalise',1),
(11203,5,'plugin_reports_maedi_remisesvalisetempsreelremisesvalise',0),
(11204,6,'plugin_reports_maedi_remisesvalisetempsreelremisesvalise',0),
(11205,7,'plugin_reports_maedi_remisesvalisetempsreelremisesvalise',0),
(11206,8,'plugin_reports_maedi_remisesvalisetempsreelremisesvalise',0),
(11207,13,'plugin_reports_maedi_remisesvalisetempsreelremisesvalise',0),
(11208,36,'plugin_reports_maedi_remisesvalisetempsreelremisesvalise',0),
(11209,38,'plugin_reports_maedi_remisesvalisetempsreelremisesvalise',0),
(11210,1,'plugin_reports_maedi_remisesvalisetempsreelremisesvalise',0),
(11211,2,'plugin_reports_maedi_remisesvalisetempsreelsynthese',0),
(11212,4,'plugin_reports_maedi_remisesvalisetempsreelsynthese',1),
(11213,5,'plugin_reports_maedi_remisesvalisetempsreelsynthese',0),
(11214,6,'plugin_reports_maedi_remisesvalisetempsreelsynthese',0),
(11215,7,'plugin_reports_maedi_remisesvalisetempsreelsynthese',0),
(11216,8,'plugin_reports_maedi_remisesvalisetempsreelsynthese',0),
(11217,13,'plugin_reports_maedi_remisesvalisetempsreelsynthese',0),
(11218,36,'plugin_reports_maedi_remisesvalisetempsreelsynthese',0),
(11219,38,'plugin_reports_maedi_remisesvalisetempsreelsynthese',0),
(11220,1,'plugin_reports_maedi_remisesvalisetempsreelsynthese',0),
(11221,2,'plugin_reports_maedi_stockneufglobalimprimante',0),
(11222,4,'plugin_reports_maedi_stockneufglobalimprimante',1),
(11223,5,'plugin_reports_maedi_stockneufglobalimprimante',0),
(11224,6,'plugin_reports_maedi_stockneufglobalimprimante',0),
(11225,7,'plugin_reports_maedi_stockneufglobalimprimante',0),
(11226,8,'plugin_reports_maedi_stockneufglobalimprimante',0),
(11227,13,'plugin_reports_maedi_stockneufglobalimprimante',0),
(11228,36,'plugin_reports_maedi_stockneufglobalimprimante',0),
(11229,38,'plugin_reports_maedi_stockneufglobalimprimante',0),
(11230,1,'plugin_reports_maedi_stockneufglobalimprimante',0),
(11231,2,'plugin_reports_maedi_stockneufglobalmoniteur',0),
(11232,4,'plugin_reports_maedi_stockneufglobalmoniteur',1),
(11233,5,'plugin_reports_maedi_stockneufglobalmoniteur',0),
(11234,6,'plugin_reports_maedi_stockneufglobalmoniteur',0),
(11235,7,'plugin_reports_maedi_stockneufglobalmoniteur',0),
(11236,8,'plugin_reports_maedi_stockneufglobalmoniteur',0),
(11237,13,'plugin_reports_maedi_stockneufglobalmoniteur',0),
(11238,36,'plugin_reports_maedi_stockneufglobalmoniteur',0),
(11239,38,'plugin_reports_maedi_stockneufglobalmoniteur',0),
(11240,1,'plugin_reports_maedi_stockneufglobalmoniteur',0),
(11241,2,'plugin_reports_maedi_stockneufglobalordinateur',0),
(11242,4,'plugin_reports_maedi_stockneufglobalordinateur',1),
(11243,5,'plugin_reports_maedi_stockneufglobalordinateur',0),
(11244,6,'plugin_reports_maedi_stockneufglobalordinateur',0),
(11245,7,'plugin_reports_maedi_stockneufglobalordinateur',0),
(11246,8,'plugin_reports_maedi_stockneufglobalordinateur',0),
(11247,13,'plugin_reports_maedi_stockneufglobalordinateur',0),
(11248,36,'plugin_reports_maedi_stockneufglobalordinateur',0),
(11249,38,'plugin_reports_maedi_stockneufglobalordinateur',0),
(11250,1,'plugin_reports_maedi_stockneufglobalordinateur',0),
(11251,2,'plugin_reports_maedi_stockneufglobalperipherique',0),
(11252,4,'plugin_reports_maedi_stockneufglobalperipherique',1),
(11253,5,'plugin_reports_maedi_stockneufglobalperipherique',0),
(11254,6,'plugin_reports_maedi_stockneufglobalperipherique',0),
(11255,7,'plugin_reports_maedi_stockneufglobalperipherique',0),
(11256,8,'plugin_reports_maedi_stockneufglobalperipherique',0),
(11257,13,'plugin_reports_maedi_stockneufglobalperipherique',0),
(11258,36,'plugin_reports_maedi_stockneufglobalperipherique',0),
(11259,38,'plugin_reports_maedi_stockneufglobalperipherique',0),
(11260,1,'plugin_reports_maedi_stockneufglobalperipherique',0),
(11261,2,'plugin_reports_maedi_stockneufglobalreseau',0),
(11262,4,'plugin_reports_maedi_stockneufglobalreseau',1),
(11263,5,'plugin_reports_maedi_stockneufglobalreseau',0),
(11264,6,'plugin_reports_maedi_stockneufglobalreseau',0),
(11265,7,'plugin_reports_maedi_stockneufglobalreseau',0),
(11266,8,'plugin_reports_maedi_stockneufglobalreseau',0),
(11267,13,'plugin_reports_maedi_stockneufglobalreseau',0),
(11268,36,'plugin_reports_maedi_stockneufglobalreseau',0),
(11269,38,'plugin_reports_maedi_stockneufglobalreseau',0),
(11270,1,'plugin_reports_maedi_stockneufglobalreseau',0),
(11271,2,'plugin_reports_maedi_stockneufglobaltelephone',0),
(11272,4,'plugin_reports_maedi_stockneufglobaltelephone',1),
(11273,5,'plugin_reports_maedi_stockneufglobaltelephone',0),
(11274,6,'plugin_reports_maedi_stockneufglobaltelephone',0),
(11275,7,'plugin_reports_maedi_stockneufglobaltelephone',0),
(11276,8,'plugin_reports_maedi_stockneufglobaltelephone',0),
(11277,13,'plugin_reports_maedi_stockneufglobaltelephone',0),
(11278,36,'plugin_reports_maedi_stockneufglobaltelephone',0),
(11279,38,'plugin_reports_maedi_stockneufglobaltelephone',0),
(11280,1,'plugin_reports_maedi_stockneufglobaltelephone',0),
(11281,2,'plugin_reports_maedi_stockneufimpimantermodele',0),
(11282,4,'plugin_reports_maedi_stockneufimpimantermodele',1),
(11283,5,'plugin_reports_maedi_stockneufimpimantermodele',0),
(11284,6,'plugin_reports_maedi_stockneufimpimantermodele',0),
(11285,7,'plugin_reports_maedi_stockneufimpimantermodele',0),
(11286,8,'plugin_reports_maedi_stockneufimpimantermodele',0),
(11287,13,'plugin_reports_maedi_stockneufimpimantermodele',0),
(11288,36,'plugin_reports_maedi_stockneufimpimantermodele',0),
(11289,38,'plugin_reports_maedi_stockneufimpimantermodele',0),
(11290,1,'plugin_reports_maedi_stockneufimpimantermodele',0),
(11291,2,'plugin_reports_maedi_stockneufimprimantetype',0),
(11292,4,'plugin_reports_maedi_stockneufimprimantetype',1),
(11293,5,'plugin_reports_maedi_stockneufimprimantetype',0),
(11294,6,'plugin_reports_maedi_stockneufimprimantetype',0),
(11295,7,'plugin_reports_maedi_stockneufimprimantetype',0),
(11296,8,'plugin_reports_maedi_stockneufimprimantetype',0),
(11297,13,'plugin_reports_maedi_stockneufimprimantetype',0),
(11298,36,'plugin_reports_maedi_stockneufimprimantetype',0),
(11299,38,'plugin_reports_maedi_stockneufimprimantetype',0),
(11300,1,'plugin_reports_maedi_stockneufimprimantetype',0),
(11301,2,'plugin_reports_maedi_stockneufimprimantetypemodelelieu',0),
(11302,4,'plugin_reports_maedi_stockneufimprimantetypemodelelieu',1),
(11303,5,'plugin_reports_maedi_stockneufimprimantetypemodelelieu',0),
(11304,6,'plugin_reports_maedi_stockneufimprimantetypemodelelieu',0),
(11305,7,'plugin_reports_maedi_stockneufimprimantetypemodelelieu',0),
(11306,8,'plugin_reports_maedi_stockneufimprimantetypemodelelieu',0),
(11307,13,'plugin_reports_maedi_stockneufimprimantetypemodelelieu',0),
(11308,36,'plugin_reports_maedi_stockneufimprimantetypemodelelieu',0),
(11309,38,'plugin_reports_maedi_stockneufimprimantetypemodelelieu',0),
(11310,1,'plugin_reports_maedi_stockneufimprimantetypemodelelieu',0),
(11311,2,'plugin_reports_maedi_stockneufmoniteurmodele',0),
(11312,4,'plugin_reports_maedi_stockneufmoniteurmodele',1),
(11313,5,'plugin_reports_maedi_stockneufmoniteurmodele',0),
(11314,6,'plugin_reports_maedi_stockneufmoniteurmodele',0),
(11315,7,'plugin_reports_maedi_stockneufmoniteurmodele',0),
(11316,8,'plugin_reports_maedi_stockneufmoniteurmodele',0),
(11317,13,'plugin_reports_maedi_stockneufmoniteurmodele',0),
(11318,36,'plugin_reports_maedi_stockneufmoniteurmodele',0),
(11319,38,'plugin_reports_maedi_stockneufmoniteurmodele',0),
(11320,1,'plugin_reports_maedi_stockneufmoniteurmodele',0),
(11321,2,'plugin_reports_maedi_stockneufmoniteurtype',0),
(11322,4,'plugin_reports_maedi_stockneufmoniteurtype',1),
(11323,5,'plugin_reports_maedi_stockneufmoniteurtype',0),
(11324,6,'plugin_reports_maedi_stockneufmoniteurtype',0),
(11325,7,'plugin_reports_maedi_stockneufmoniteurtype',0),
(11326,8,'plugin_reports_maedi_stockneufmoniteurtype',0),
(11327,13,'plugin_reports_maedi_stockneufmoniteurtype',0),
(11328,36,'plugin_reports_maedi_stockneufmoniteurtype',0),
(11329,38,'plugin_reports_maedi_stockneufmoniteurtype',0),
(11330,1,'plugin_reports_maedi_stockneufmoniteurtype',0),
(11331,2,'plugin_reports_maedi_stockneufmonitortypemodelelieu',0),
(11332,4,'plugin_reports_maedi_stockneufmonitortypemodelelieu',1),
(11333,5,'plugin_reports_maedi_stockneufmonitortypemodelelieu',0),
(11334,6,'plugin_reports_maedi_stockneufmonitortypemodelelieu',0),
(11335,7,'plugin_reports_maedi_stockneufmonitortypemodelelieu',0),
(11336,8,'plugin_reports_maedi_stockneufmonitortypemodelelieu',0),
(11337,13,'plugin_reports_maedi_stockneufmonitortypemodelelieu',0),
(11338,36,'plugin_reports_maedi_stockneufmonitortypemodelelieu',0),
(11339,38,'plugin_reports_maedi_stockneufmonitortypemodelelieu',0),
(11340,1,'plugin_reports_maedi_stockneufmonitortypemodelelieu',0),
(11341,2,'plugin_reports_maedi_stockneufordinateurmodele',0),
(11342,4,'plugin_reports_maedi_stockneufordinateurmodele',1),
(11343,5,'plugin_reports_maedi_stockneufordinateurmodele',0),
(11344,6,'plugin_reports_maedi_stockneufordinateurmodele',0),
(11345,7,'plugin_reports_maedi_stockneufordinateurmodele',0),
(11346,8,'plugin_reports_maedi_stockneufordinateurmodele',0),
(11347,13,'plugin_reports_maedi_stockneufordinateurmodele',0),
(11348,36,'plugin_reports_maedi_stockneufordinateurmodele',0),
(11349,38,'plugin_reports_maedi_stockneufordinateurmodele',0),
(11350,1,'plugin_reports_maedi_stockneufordinateurmodele',0),
(11351,2,'plugin_reports_maedi_stockneufordinateurtype',0),
(11352,4,'plugin_reports_maedi_stockneufordinateurtype',1),
(11353,5,'plugin_reports_maedi_stockneufordinateurtype',0),
(11354,6,'plugin_reports_maedi_stockneufordinateurtype',0),
(11355,7,'plugin_reports_maedi_stockneufordinateurtype',0),
(11356,8,'plugin_reports_maedi_stockneufordinateurtype',0),
(11357,13,'plugin_reports_maedi_stockneufordinateurtype',0),
(11358,36,'plugin_reports_maedi_stockneufordinateurtype',0),
(11359,38,'plugin_reports_maedi_stockneufordinateurtype',0),
(11360,1,'plugin_reports_maedi_stockneufordinateurtype',0),
(11361,2,'plugin_reports_maedi_stockneufordinateurtypemodelelieu',0),
(11362,4,'plugin_reports_maedi_stockneufordinateurtypemodelelieu',1),
(11363,5,'plugin_reports_maedi_stockneufordinateurtypemodelelieu',0),
(11364,6,'plugin_reports_maedi_stockneufordinateurtypemodelelieu',0),
(11365,7,'plugin_reports_maedi_stockneufordinateurtypemodelelieu',0),
(11366,8,'plugin_reports_maedi_stockneufordinateurtypemodelelieu',0),
(11367,13,'plugin_reports_maedi_stockneufordinateurtypemodelelieu',0),
(11368,36,'plugin_reports_maedi_stockneufordinateurtypemodelelieu',0),
(11369,38,'plugin_reports_maedi_stockneufordinateurtypemodelelieu',0),
(11370,1,'plugin_reports_maedi_stockneufordinateurtypemodelelieu',0),
(11371,2,'plugin_reports_maedi_stockneufperipheriquemodele',0),
(11372,4,'plugin_reports_maedi_stockneufperipheriquemodele',1),
(11373,5,'plugin_reports_maedi_stockneufperipheriquemodele',0),
(11374,6,'plugin_reports_maedi_stockneufperipheriquemodele',0),
(11375,7,'plugin_reports_maedi_stockneufperipheriquemodele',0),
(11376,8,'plugin_reports_maedi_stockneufperipheriquemodele',0),
(11377,13,'plugin_reports_maedi_stockneufperipheriquemodele',0),
(11378,36,'plugin_reports_maedi_stockneufperipheriquemodele',0),
(11379,38,'plugin_reports_maedi_stockneufperipheriquemodele',0),
(11380,1,'plugin_reports_maedi_stockneufperipheriquemodele',0),
(11381,2,'plugin_reports_maedi_stockneufperipheriquetype',0),
(11382,4,'plugin_reports_maedi_stockneufperipheriquetype',1),
(11383,5,'plugin_reports_maedi_stockneufperipheriquetype',0),
(11384,6,'plugin_reports_maedi_stockneufperipheriquetype',0),
(11385,7,'plugin_reports_maedi_stockneufperipheriquetype',0),
(11386,8,'plugin_reports_maedi_stockneufperipheriquetype',0),
(11387,13,'plugin_reports_maedi_stockneufperipheriquetype',0),
(11388,36,'plugin_reports_maedi_stockneufperipheriquetype',0),
(11389,38,'plugin_reports_maedi_stockneufperipheriquetype',0),
(11390,1,'plugin_reports_maedi_stockneufperipheriquetype',0),
(11391,2,'plugin_reports_maedi_stockneufperipheriquetypemodelelieu',0),
(11392,4,'plugin_reports_maedi_stockneufperipheriquetypemodelelieu',1),
(11393,5,'plugin_reports_maedi_stockneufperipheriquetypemodelelieu',0),
(11394,6,'plugin_reports_maedi_stockneufperipheriquetypemodelelieu',0),
(11395,7,'plugin_reports_maedi_stockneufperipheriquetypemodelelieu',0),
(11396,8,'plugin_reports_maedi_stockneufperipheriquetypemodelelieu',0),
(11397,13,'plugin_reports_maedi_stockneufperipheriquetypemodelelieu',0),
(11398,36,'plugin_reports_maedi_stockneufperipheriquetypemodelelieu',0),
(11399,38,'plugin_reports_maedi_stockneufperipheriquetypemodelelieu',0),
(11400,1,'plugin_reports_maedi_stockneufperipheriquetypemodelelieu',0),
(11401,2,'plugin_reports_maedi_stockneufperiphriquetype',0),
(11402,4,'plugin_reports_maedi_stockneufperiphriquetype',1),
(11403,5,'plugin_reports_maedi_stockneufperiphriquetype',0),
(11404,6,'plugin_reports_maedi_stockneufperiphriquetype',0),
(11405,7,'plugin_reports_maedi_stockneufperiphriquetype',0),
(11406,8,'plugin_reports_maedi_stockneufperiphriquetype',0),
(11407,13,'plugin_reports_maedi_stockneufperiphriquetype',0),
(11408,36,'plugin_reports_maedi_stockneufperiphriquetype',0),
(11409,38,'plugin_reports_maedi_stockneufperiphriquetype',0),
(11410,1,'plugin_reports_maedi_stockneufperiphriquetype',0),
(11411,2,'plugin_reports_maedi_stockneufreseaumodele',0),
(11412,4,'plugin_reports_maedi_stockneufreseaumodele',1),
(11413,5,'plugin_reports_maedi_stockneufreseaumodele',0),
(11414,6,'plugin_reports_maedi_stockneufreseaumodele',0),
(11415,7,'plugin_reports_maedi_stockneufreseaumodele',0),
(11416,8,'plugin_reports_maedi_stockneufreseaumodele',0),
(11417,13,'plugin_reports_maedi_stockneufreseaumodele',0),
(11418,36,'plugin_reports_maedi_stockneufreseaumodele',0),
(11419,38,'plugin_reports_maedi_stockneufreseaumodele',0),
(11420,1,'plugin_reports_maedi_stockneufreseaumodele',0),
(11421,2,'plugin_reports_maedi_stockneufreseautype',0),
(11422,4,'plugin_reports_maedi_stockneufreseautype',1),
(11423,5,'plugin_reports_maedi_stockneufreseautype',0),
(11424,6,'plugin_reports_maedi_stockneufreseautype',0),
(11425,7,'plugin_reports_maedi_stockneufreseautype',0),
(11426,8,'plugin_reports_maedi_stockneufreseautype',0),
(11427,13,'plugin_reports_maedi_stockneufreseautype',0),
(11428,36,'plugin_reports_maedi_stockneufreseautype',0),
(11429,38,'plugin_reports_maedi_stockneufreseautype',0),
(11430,1,'plugin_reports_maedi_stockneufreseautype',0),
(11431,2,'plugin_reports_maedi_stockneufreseautypemodelelieu',0),
(11432,4,'plugin_reports_maedi_stockneufreseautypemodelelieu',1),
(11433,5,'plugin_reports_maedi_stockneufreseautypemodelelieu',0),
(11434,6,'plugin_reports_maedi_stockneufreseautypemodelelieu',0),
(11435,7,'plugin_reports_maedi_stockneufreseautypemodelelieu',0),
(11436,8,'plugin_reports_maedi_stockneufreseautypemodelelieu',0),
(11437,13,'plugin_reports_maedi_stockneufreseautypemodelelieu',0),
(11438,36,'plugin_reports_maedi_stockneufreseautypemodelelieu',0),
(11439,38,'plugin_reports_maedi_stockneufreseautypemodelelieu',0),
(11440,1,'plugin_reports_maedi_stockneufreseautypemodelelieu',0),
(11441,2,'plugin_reports_maedi_stockneuftelephonemodele',0),
(11442,4,'plugin_reports_maedi_stockneuftelephonemodele',1),
(11443,5,'plugin_reports_maedi_stockneuftelephonemodele',0),
(11444,6,'plugin_reports_maedi_stockneuftelephonemodele',0),
(11445,7,'plugin_reports_maedi_stockneuftelephonemodele',0),
(11446,8,'plugin_reports_maedi_stockneuftelephonemodele',0),
(11447,13,'plugin_reports_maedi_stockneuftelephonemodele',0),
(11448,36,'plugin_reports_maedi_stockneuftelephonemodele',0),
(11449,38,'plugin_reports_maedi_stockneuftelephonemodele',0),
(11450,1,'plugin_reports_maedi_stockneuftelephonemodele',0),
(11451,2,'plugin_reports_maedi_stockneuftelephonetype',0),
(11452,4,'plugin_reports_maedi_stockneuftelephonetype',1),
(11453,5,'plugin_reports_maedi_stockneuftelephonetype',0),
(11454,6,'plugin_reports_maedi_stockneuftelephonetype',0),
(11455,7,'plugin_reports_maedi_stockneuftelephonetype',0),
(11456,8,'plugin_reports_maedi_stockneuftelephonetype',0),
(11457,13,'plugin_reports_maedi_stockneuftelephonetype',0),
(11458,36,'plugin_reports_maedi_stockneuftelephonetype',0),
(11459,38,'plugin_reports_maedi_stockneuftelephonetype',0),
(11460,1,'plugin_reports_maedi_stockneuftelephonetype',0),
(11461,2,'plugin_reports_maedi_stockneuftelephonetypemodelelieu',0),
(11462,4,'plugin_reports_maedi_stockneuftelephonetypemodelelieu',1),
(11463,5,'plugin_reports_maedi_stockneuftelephonetypemodelelieu',0),
(11464,6,'plugin_reports_maedi_stockneuftelephonetypemodelelieu',0),
(11465,7,'plugin_reports_maedi_stockneuftelephonetypemodelelieu',0),
(11466,8,'plugin_reports_maedi_stockneuftelephonetypemodelelieu',0),
(11467,13,'plugin_reports_maedi_stockneuftelephonetypemodelelieu',0),
(11468,36,'plugin_reports_maedi_stockneuftelephonetypemodelelieu',0),
(11469,38,'plugin_reports_maedi_stockneuftelephonetypemodelelieu',0),
(11470,1,'plugin_reports_maedi_stockneuftelephonetypemodelelieu',0),
(11471,2,'plugin_reports_maedi_stockrecycleglobalimprimante',0),
(11472,4,'plugin_reports_maedi_stockrecycleglobalimprimante',1),
(11473,5,'plugin_reports_maedi_stockrecycleglobalimprimante',0),
(11474,6,'plugin_reports_maedi_stockrecycleglobalimprimante',0),
(11475,7,'plugin_reports_maedi_stockrecycleglobalimprimante',0),
(11476,8,'plugin_reports_maedi_stockrecycleglobalimprimante',0),
(11477,13,'plugin_reports_maedi_stockrecycleglobalimprimante',0),
(11478,36,'plugin_reports_maedi_stockrecycleglobalimprimante',0),
(11479,38,'plugin_reports_maedi_stockrecycleglobalimprimante',0),
(11480,1,'plugin_reports_maedi_stockrecycleglobalimprimante',0),
(11481,2,'plugin_reports_maedi_stockrecycleglobalmoniteur',0),
(11482,4,'plugin_reports_maedi_stockrecycleglobalmoniteur',1),
(11483,5,'plugin_reports_maedi_stockrecycleglobalmoniteur',0),
(11484,6,'plugin_reports_maedi_stockrecycleglobalmoniteur',0),
(11485,7,'plugin_reports_maedi_stockrecycleglobalmoniteur',0),
(11486,8,'plugin_reports_maedi_stockrecycleglobalmoniteur',0),
(11487,13,'plugin_reports_maedi_stockrecycleglobalmoniteur',0),
(11488,36,'plugin_reports_maedi_stockrecycleglobalmoniteur',0),
(11489,38,'plugin_reports_maedi_stockrecycleglobalmoniteur',0),
(11490,1,'plugin_reports_maedi_stockrecycleglobalmoniteur',0),
(11491,2,'plugin_reports_maedi_stockrecycleglobalordinateur',0),
(11492,4,'plugin_reports_maedi_stockrecycleglobalordinateur',1),
(11493,5,'plugin_reports_maedi_stockrecycleglobalordinateur',0),
(11494,6,'plugin_reports_maedi_stockrecycleglobalordinateur',0),
(11495,7,'plugin_reports_maedi_stockrecycleglobalordinateur',0),
(11496,8,'plugin_reports_maedi_stockrecycleglobalordinateur',0),
(11497,13,'plugin_reports_maedi_stockrecycleglobalordinateur',0),
(11498,36,'plugin_reports_maedi_stockrecycleglobalordinateur',0),
(11499,38,'plugin_reports_maedi_stockrecycleglobalordinateur',0),
(11500,1,'plugin_reports_maedi_stockrecycleglobalordinateur',0),
(11501,2,'plugin_reports_maedi_stockrecycleglobalperipherique',0),
(11502,4,'plugin_reports_maedi_stockrecycleglobalperipherique',1),
(11503,5,'plugin_reports_maedi_stockrecycleglobalperipherique',0),
(11504,6,'plugin_reports_maedi_stockrecycleglobalperipherique',0),
(11505,7,'plugin_reports_maedi_stockrecycleglobalperipherique',0),
(11506,8,'plugin_reports_maedi_stockrecycleglobalperipherique',0),
(11507,13,'plugin_reports_maedi_stockrecycleglobalperipherique',0),
(11508,36,'plugin_reports_maedi_stockrecycleglobalperipherique',0),
(11509,38,'plugin_reports_maedi_stockrecycleglobalperipherique',0),
(11510,1,'plugin_reports_maedi_stockrecycleglobalperipherique',0),
(11511,2,'plugin_reports_maedi_stockrecycleglobalreseau',0),
(11512,4,'plugin_reports_maedi_stockrecycleglobalreseau',1),
(11513,5,'plugin_reports_maedi_stockrecycleglobalreseau',0),
(11514,6,'plugin_reports_maedi_stockrecycleglobalreseau',0),
(11515,7,'plugin_reports_maedi_stockrecycleglobalreseau',0),
(11516,8,'plugin_reports_maedi_stockrecycleglobalreseau',0),
(11517,13,'plugin_reports_maedi_stockrecycleglobalreseau',0),
(11518,36,'plugin_reports_maedi_stockrecycleglobalreseau',0),
(11519,38,'plugin_reports_maedi_stockrecycleglobalreseau',0),
(11520,1,'plugin_reports_maedi_stockrecycleglobalreseau',0),
(11521,2,'plugin_reports_maedi_stockrecycleglobaltelephone',0),
(11522,4,'plugin_reports_maedi_stockrecycleglobaltelephone',1),
(11523,5,'plugin_reports_maedi_stockrecycleglobaltelephone',0),
(11524,6,'plugin_reports_maedi_stockrecycleglobaltelephone',0),
(11525,7,'plugin_reports_maedi_stockrecycleglobaltelephone',0),
(11526,8,'plugin_reports_maedi_stockrecycleglobaltelephone',0),
(11527,13,'plugin_reports_maedi_stockrecycleglobaltelephone',0),
(11528,36,'plugin_reports_maedi_stockrecycleglobaltelephone',0),
(11529,38,'plugin_reports_maedi_stockrecycleglobaltelephone',0),
(11530,1,'plugin_reports_maedi_stockrecycleglobaltelephone',0),
(11531,2,'plugin_reports_maedi_ticketsSLAsemaine',0),
(11532,4,'plugin_reports_maedi_ticketsSLAsemaine',1),
(11533,5,'plugin_reports_maedi_ticketsSLAsemaine',0),
(11534,6,'plugin_reports_maedi_ticketsSLAsemaine',0),
(11535,7,'plugin_reports_maedi_ticketsSLAsemaine',0),
(11536,8,'plugin_reports_maedi_ticketsSLAsemaine',0),
(11537,13,'plugin_reports_maedi_ticketsSLAsemaine',0),
(11538,36,'plugin_reports_maedi_ticketsSLAsemaine',0),
(11539,38,'plugin_reports_maedi_ticketsSLAsemaine',0),
(11540,1,'plugin_reports_maedi_ticketsSLAsemaine',0),
(11541,2,'plugin_reports_maedi_ticketsbyequipment',0),
(11542,4,'plugin_reports_maedi_ticketsbyequipment',1),
(11543,5,'plugin_reports_maedi_ticketsbyequipment',0),
(11544,6,'plugin_reports_maedi_ticketsbyequipment',0),
(11545,7,'plugin_reports_maedi_ticketsbyequipment',0),
(11546,8,'plugin_reports_maedi_ticketsbyequipment',0),
(11547,13,'plugin_reports_maedi_ticketsbyequipment',0),
(11548,36,'plugin_reports_maedi_ticketsbyequipment',0),
(11549,38,'plugin_reports_maedi_ticketsbyequipment',0),
(11550,1,'plugin_reports_maedi_ticketsbyequipment',0),
(11551,2,'plugin_reports_maedi_ticketsclossemaine',0),
(11552,4,'plugin_reports_maedi_ticketsclossemaine',1),
(11553,5,'plugin_reports_maedi_ticketsclossemaine',0),
(11554,6,'plugin_reports_maedi_ticketsclossemaine',0),
(11555,7,'plugin_reports_maedi_ticketsclossemaine',0),
(11556,8,'plugin_reports_maedi_ticketsclossemaine',0),
(11557,13,'plugin_reports_maedi_ticketsclossemaine',0),
(11558,36,'plugin_reports_maedi_ticketsclossemaine',0),
(11559,38,'plugin_reports_maedi_ticketsclossemaine',0),
(11560,1,'plugin_reports_maedi_ticketsclossemaine',0),
(11561,2,'plugin_reports_maedi_ticketsclostrimestre',0),
(11562,4,'plugin_reports_maedi_ticketsclostrimestre',1),
(11563,5,'plugin_reports_maedi_ticketsclostrimestre',0),
(11564,6,'plugin_reports_maedi_ticketsclostrimestre',0),
(11565,7,'plugin_reports_maedi_ticketsclostrimestre',0),
(11566,8,'plugin_reports_maedi_ticketsclostrimestre',0),
(11567,13,'plugin_reports_maedi_ticketsclostrimestre',0),
(11568,36,'plugin_reports_maedi_ticketsclostrimestre',0),
(11569,38,'plugin_reports_maedi_ticketsclostrimestre',0),
(11570,1,'plugin_reports_maedi_ticketsclostrimestre',0),
(11571,2,'plugin_reports_maedi_ticketsouvertsAEFE',0),
(11572,4,'plugin_reports_maedi_ticketsouvertsAEFE',1),
(11573,5,'plugin_reports_maedi_ticketsouvertsAEFE',0),
(11574,6,'plugin_reports_maedi_ticketsouvertsAEFE',0),
(11575,7,'plugin_reports_maedi_ticketsouvertsAEFE',0),
(11576,8,'plugin_reports_maedi_ticketsouvertsAEFE',0),
(11577,13,'plugin_reports_maedi_ticketsouvertsAEFE',0),
(11578,36,'plugin_reports_maedi_ticketsouvertsAEFE',0),
(11579,38,'plugin_reports_maedi_ticketsouvertsAEFE',0),
(11580,1,'plugin_reports_maedi_ticketsouvertsAEFE',0),
(11581,2,'plugin_reports_maedi_ticketsouvertsHLsemaine',0),
(11582,4,'plugin_reports_maedi_ticketsouvertsHLsemaine',1),
(11583,5,'plugin_reports_maedi_ticketsouvertsHLsemaine',0),
(11584,6,'plugin_reports_maedi_ticketsouvertsHLsemaine',0),
(11585,7,'plugin_reports_maedi_ticketsouvertsHLsemaine',0),
(11586,8,'plugin_reports_maedi_ticketsouvertsHLsemaine',0),
(11587,13,'plugin_reports_maedi_ticketsouvertsHLsemaine',0),
(11588,36,'plugin_reports_maedi_ticketsouvertsHLsemaine',0),
(11589,38,'plugin_reports_maedi_ticketsouvertsHLsemaine',0),
(11590,1,'plugin_reports_maedi_ticketsouvertsHLsemaine',0),
(11591,2,'plugin_reports_maedi_ticketsouvertsHLtrimestre',0),
(11592,4,'plugin_reports_maedi_ticketsouvertsHLtrimestre',1),
(11593,5,'plugin_reports_maedi_ticketsouvertsHLtrimestre',0),
(11594,6,'plugin_reports_maedi_ticketsouvertsHLtrimestre',0),
(11595,7,'plugin_reports_maedi_ticketsouvertsHLtrimestre',0),
(11596,8,'plugin_reports_maedi_ticketsouvertsHLtrimestre',0),
(11597,13,'plugin_reports_maedi_ticketsouvertsHLtrimestre',0),
(11598,36,'plugin_reports_maedi_ticketsouvertsHLtrimestre',0),
(11599,38,'plugin_reports_maedi_ticketsouvertsHLtrimestre',0),
(11600,1,'plugin_reports_maedi_ticketsouvertsHLtrimestre',0),
(11601,2,'plugin_reports_maedi_ticketsouvertssemaine',0),
(11602,4,'plugin_reports_maedi_ticketsouvertssemaine',1),
(11603,5,'plugin_reports_maedi_ticketsouvertssemaine',0),
(11604,6,'plugin_reports_maedi_ticketsouvertssemaine',0),
(11605,7,'plugin_reports_maedi_ticketsouvertssemaine',0),
(11606,8,'plugin_reports_maedi_ticketsouvertssemaine',0),
(11607,13,'plugin_reports_maedi_ticketsouvertssemaine',0),
(11608,36,'plugin_reports_maedi_ticketsouvertssemaine',0),
(11609,38,'plugin_reports_maedi_ticketsouvertssemaine',0),
(11610,1,'plugin_reports_maedi_ticketsouvertssemaine',0),
(11611,2,'plugin_reports_maedi_ticketsouvertstrimestre',0),
(11612,4,'plugin_reports_maedi_ticketsouvertstrimestre',1),
(11613,5,'plugin_reports_maedi_ticketsouvertstrimestre',0),
(11614,6,'plugin_reports_maedi_ticketsouvertstrimestre',0),
(11615,7,'plugin_reports_maedi_ticketsouvertstrimestre',0),
(11616,8,'plugin_reports_maedi_ticketsouvertstrimestre',0),
(11617,13,'plugin_reports_maedi_ticketsouvertstrimestre',0),
(11618,36,'plugin_reports_maedi_ticketsouvertstrimestre',0),
(11619,38,'plugin_reports_maedi_ticketsouvertstrimestre',0),
(11620,1,'plugin_reports_maedi_ticketsouvertstrimestre',0),
(11621,2,'plugin_reports_maedi_ticketsresolussemaine',0),
(11622,4,'plugin_reports_maedi_ticketsresolussemaine',1),
(11623,5,'plugin_reports_maedi_ticketsresolussemaine',0),
(11624,6,'plugin_reports_maedi_ticketsresolussemaine',0),
(11625,7,'plugin_reports_maedi_ticketsresolussemaine',0),
(11626,8,'plugin_reports_maedi_ticketsresolussemaine',0),
(11627,13,'plugin_reports_maedi_ticketsresolussemaine',0),
(11628,36,'plugin_reports_maedi_ticketsresolussemaine',0),
(11629,38,'plugin_reports_maedi_ticketsresolussemaine',0),
(11630,1,'plugin_reports_maedi_ticketsresolussemaine',0),
(11631,2,'plugin_reports_maedi_ticketsresolustrimestre',0),
(11632,4,'plugin_reports_maedi_ticketsresolustrimestre',1),
(11633,5,'plugin_reports_maedi_ticketsresolustrimestre',0),
(11634,6,'plugin_reports_maedi_ticketsresolustrimestre',0),
(11635,7,'plugin_reports_maedi_ticketsresolustrimestre',0),
(11636,8,'plugin_reports_maedi_ticketsresolustrimestre',0),
(11637,13,'plugin_reports_maedi_ticketsresolustrimestre',0),
(11638,36,'plugin_reports_maedi_ticketsresolustrimestre',0),
(11639,38,'plugin_reports_maedi_ticketsresolustrimestre',0),
(11640,1,'plugin_reports_maedi_ticketsresolustrimestre',0),
(11641,2,'plugin_reports_maedi_ticketssignalesMOAsemaine',0),
(11642,4,'plugin_reports_maedi_ticketssignalesMOAsemaine',1),
(11643,5,'plugin_reports_maedi_ticketssignalesMOAsemaine',0),
(11644,6,'plugin_reports_maedi_ticketssignalesMOAsemaine',0),
(11645,7,'plugin_reports_maedi_ticketssignalesMOAsemaine',0),
(11646,8,'plugin_reports_maedi_ticketssignalesMOAsemaine',0),
(11647,13,'plugin_reports_maedi_ticketssignalesMOAsemaine',0),
(11648,36,'plugin_reports_maedi_ticketssignalesMOAsemaine',0),
(11649,38,'plugin_reports_maedi_ticketssignalesMOAsemaine',0),
(11650,1,'plugin_reports_maedi_ticketssignalesMOAsemaine',0),
(11651,2,'plugin_reports_maedi_ticketssignalesMOAtrimestre',0),
(11652,4,'plugin_reports_maedi_ticketssignalesMOAtrimestre',1),
(11653,5,'plugin_reports_maedi_ticketssignalesMOAtrimestre',0),
(11654,6,'plugin_reports_maedi_ticketssignalesMOAtrimestre',0),
(11655,7,'plugin_reports_maedi_ticketssignalesMOAtrimestre',0),
(11656,8,'plugin_reports_maedi_ticketssignalesMOAtrimestre',0),
(11657,13,'plugin_reports_maedi_ticketssignalesMOAtrimestre',0),
(11658,36,'plugin_reports_maedi_ticketssignalesMOAtrimestre',0),
(11659,38,'plugin_reports_maedi_ticketssignalesMOAtrimestre',0),
(11660,1,'plugin_reports_maedi_ticketssignalesMOAtrimestre',0),
(11661,2,'plugin_reports_order_deliveryinfos',0),
(11662,4,'plugin_reports_order_deliveryinfos',1),
(11663,5,'plugin_reports_order_deliveryinfos',0),
(11664,6,'plugin_reports_order_deliveryinfos',0),
(11665,7,'plugin_reports_order_deliveryinfos',0),
(11666,8,'plugin_reports_order_deliveryinfos',0),
(11667,13,'plugin_reports_order_deliveryinfos',0),
(11668,36,'plugin_reports_order_deliveryinfos',0),
(11669,38,'plugin_reports_order_deliveryinfos',0),
(11670,1,'plugin_reports_order_deliveryinfos',0),
(11671,2,'plugin_reports_order_orderdelivery',0),
(11672,4,'plugin_reports_order_orderdelivery',1),
(11673,5,'plugin_reports_order_orderdelivery',0),
(11674,6,'plugin_reports_order_orderdelivery',0),
(11675,7,'plugin_reports_order_orderdelivery',0),
(11676,8,'plugin_reports_order_orderdelivery',0),
(11677,13,'plugin_reports_order_orderdelivery',0),
(11678,36,'plugin_reports_order_orderdelivery',0),
(11679,38,'plugin_reports_order_orderdelivery',0),
(11680,1,'plugin_reports_order_orderdelivery',0),
(11681,6,'plugin_reports_maedi_parcimprimantes',0),
(11682,6,'simcard:simcard',0),
(11683,42,'agent',0),
(11684,42,'appliance',127),
(11685,42,'bookmark_public',23),
(11686,42,'branding::custompalette',0),
(11687,42,'budget',0),
(11688,42,'cable_management',0),
(11689,42,'calendar',0),
(11690,42,'cartridge',0),
(11691,42,'certificate',0),
(11692,42,'change',0),
(11693,42,'changevalidation',0),
(11694,42,'cluster',0),
(11695,42,'computer',0),
(11696,42,'config',0),
(11697,42,'consumable',0),
(11698,42,'contact_enterprise',0),
(11699,42,'contract',0),
(11700,42,'dashboard',1),
(11701,42,'database',0),
(11702,42,'datacenter',0),
(11703,42,'device',0),
(11704,42,'devicesimcard_pinpuk',0),
(11705,42,'document',127),
(11706,42,'domain',0),
(11707,42,'dropdown',0),
(11708,42,'entity',0),
(11709,42,'externalevent',0),
(11710,42,'followup',31767),
(11711,42,'global_validation',0),
(11712,42,'group',33),
(11713,42,'infocom',0),
(11714,42,'internet',0),
(11715,42,'inventory',0),
(11716,42,'itilcategory',0),
(11717,42,'itilfollowuptemplate',0),
(11718,42,'itiltemplate',0),
(11719,42,'knowbase',0),
(11720,42,'knowbasecategory',0),
(11721,42,'license',0),
(11722,42,'line',0),
(11723,42,'lineoperator',0),
(11724,42,'link',0),
(11725,42,'location',0),
(11726,42,'locked_field',0),
(11727,42,'logs',0),
(11728,42,'monitor',0),
(11729,42,'networking',0),
(11730,42,'notification',0),
(11731,42,'password_update',1),
(11732,42,'pendingreason',0),
(11733,42,'peripheral',0),
(11734,42,'personalization',0),
(11735,42,'phone',0),
(11736,42,'planning',0),
(11737,42,'plugin_accounts',0),
(11738,42,'plugin_accounts_hash',0),
(11739,42,'plugin_accounts_my_groups',0),
(11740,42,'plugin_accounts_open_ticket',0),
(11741,42,'plugin_accounts_see_all_users',0),
(11742,42,'plugin_additionalalerts',0),
(11743,42,'plugin_addressing',0),
(11744,42,'plugin_addressing_use_ping_in_equipment',0),
(11745,42,'plugin_appliances',0),
(11746,42,'plugin_appliances_open_ticket',0),
(11747,42,'plugin_archifun_open_ticket',0),
(11748,42,'plugin_archimap_open_ticket',0),
(11749,42,'plugin_archires',0),
(11750,42,'plugin_archisw_open_ticket',0),
(11751,42,'plugin_badges',0),
(11752,42,'plugin_badges_open_ticket',0),
(11753,42,'plugin_barcode_barcode',0),
(11754,42,'plugin_barcode_config',0),
(11755,42,'plugin_consumables',0),
(11756,42,'plugin_consumables_group',0),
(11757,42,'plugin_consumables_request',0),
(11758,42,'plugin_consumables_user',0),
(11759,42,'plugin_consumables_validation',0),
(11760,42,'plugin_credit_ticketconfig',0),
(11761,42,'plugin_databases',0),
(11762,42,'plugin_databases_open_ticket',0),
(11763,42,'plugin_dataflows_open_ticket',0),
(11764,42,'plugin_datainjection_model',0),
(11765,42,'plugin_datainjection_use',0),
(11766,42,'plugin_domains_open_ticket',0),
(11767,42,'plugin_environment',0),
(11768,42,'plugin_environment_accounts',0),
(11769,42,'plugin_environment_appliances',0),
(11770,42,'plugin_environment_badges',0),
(11771,42,'plugin_environment_databases',0),
(11772,42,'plugin_environment_domains',0),
(11773,42,'plugin_environment_webapplications',0),
(11774,42,'plugin_fusioninventory_agent',0),
(11775,42,'plugin_fusioninventory_blacklist',0),
(11776,42,'plugin_fusioninventory_collect',0),
(11777,42,'plugin_fusioninventory_configsecurity',0),
(11778,42,'plugin_fusioninventory_configuration',0),
(11779,42,'plugin_fusioninventory_credential',0),
(11780,42,'plugin_fusioninventory_credentialip',0),
(11781,42,'plugin_fusioninventory_deploymirror',0),
(11782,42,'plugin_fusioninventory_esx',0),
(11783,42,'plugin_fusioninventory_group',0),
(11784,42,'plugin_fusioninventory_ignoredimportdevice',0),
(11785,42,'plugin_fusioninventory_importxml',0),
(11786,42,'plugin_fusioninventory_iprange',0),
(11787,42,'plugin_fusioninventory_lock',0),
(11788,42,'plugin_fusioninventory_menu',0),
(11789,42,'plugin_fusioninventory_networkequipment',0),
(11790,42,'plugin_fusioninventory_package',0),
(11791,42,'plugin_fusioninventory_printer',0),
(11792,42,'plugin_fusioninventory_remotecontrol',0),
(11793,42,'plugin_fusioninventory_reportnetworkequipment',0),
(11794,42,'plugin_fusioninventory_reportprinter',0),
(11795,42,'plugin_fusioninventory_rulecollect',0),
(11796,42,'plugin_fusioninventory_ruleentity',0),
(11797,42,'plugin_fusioninventory_ruleimport',0),
(11798,42,'plugin_fusioninventory_rulelocation',0),
(11799,42,'plugin_fusioninventory_selfpackage',0),
(11800,42,'plugin_fusioninventory_task',0),
(11801,42,'plugin_fusioninventory_unmanaged',0),
(11802,42,'plugin_fusioninventory_userinteractiontemplate',0),
(11803,42,'plugin_fusioninventory_wol',0),
(11804,42,'plugin_genericobject_types',0),
(11805,42,'plugin_geninventorynumber',0),
(11806,42,'plugin_geststock',0),
(11807,42,'plugin_glpiinventory_agent',0),
(11808,42,'plugin_glpiinventory_collect',0),
(11809,42,'plugin_glpiinventory_configuration',0),
(11810,42,'plugin_glpiinventory_credential',0),
(11811,42,'plugin_glpiinventory_credentialip',0),
(11812,42,'plugin_glpiinventory_deploymirror',0),
(11813,42,'plugin_glpiinventory_esx',0),
(11814,42,'plugin_glpiinventory_group',0),
(11815,42,'plugin_glpiinventory_iprange',0),
(11816,42,'plugin_glpiinventory_menu',0),
(11817,42,'plugin_glpiinventory_networkequipment',0),
(11818,42,'plugin_glpiinventory_package',0),
(11819,42,'plugin_glpiinventory_printer',0),
(11820,42,'plugin_glpiinventory_remotecontrol',0),
(11821,42,'plugin_glpiinventory_reportnetworkequipment',0),
(11822,42,'plugin_glpiinventory_reportprinter',0),
(11823,42,'plugin_glpiinventory_rulecollect',0),
(11824,42,'plugin_glpiinventory_selfpackage',0),
(11825,42,'plugin_glpiinventory_task',0),
(11826,42,'plugin_glpiinventory_userinteractiontemplate',0),
(11827,42,'plugin_glpiinventory_wol',0),
(11828,42,'plugin_maedi',0),
(11829,42,'plugin_manageentities',0),
(11830,42,'plugin_manageentities_cri_create',0),
(11831,42,'plugin_manufacturersimports',0),
(11832,42,'plugin_metademands',0),
(11833,42,'plugin_metademands_requester',0),
(11834,42,'plugin_moreticket',0),
(11835,42,'plugin_moreticket_hide_task_duration',0),
(11836,42,'plugin_moreticket_justification',0),
(11837,42,'plugin_mydashboard',0),
(11838,42,'plugin_mydashboard_config',0),
(11839,42,'plugin_mydashboard_edit',0),
(11840,42,'plugin_mydashboard_groupprofile',0),
(11841,42,'plugin_mydashboard_stockwidget',0),
(11842,42,'plugin_news_alert',0),
(11843,42,'plugin_ocsinventoryng',0),
(11844,42,'plugin_ocsinventoryng_clean',0),
(11845,42,'plugin_ocsinventoryng_import',0),
(11846,42,'plugin_ocsinventoryng_link',0),
(11847,42,'plugin_ocsinventoryng_rule',0),
(11848,42,'plugin_ocsinventoryng_sync',0),
(11849,42,'plugin_ocsinventoryng_view',0),
(11850,42,'plugin_onetimesecret_send',0),
(11851,42,'plugin_order_bill',0),
(11852,42,'plugin_order_order',0),
(11853,42,'plugin_order_reference',0),
(11854,42,'plugin_pdf',0),
(11855,42,'plugin_positions',0),
(11856,42,'plugin_printercounters',0),
(11857,42,'plugin_printercounters_add_lower_records',0),
(11858,42,'plugin_printercounters_snmpset',0),
(11859,42,'plugin_printercounters_update_records',0),
(11860,42,'plugin_processmaker_config',0),
(11861,42,'plugin_processmaker_deletecase',0),
(11862,42,'plugin_releases_releases',0),
(11863,42,'plugin_releases_risks',0),
(11864,42,'plugin_releases_rollbacks',0),
(11865,42,'plugin_releases_tasks',0),
(11866,42,'plugin_releases_tests',0),
(11867,42,'plugin_reports_applicationsbylocation',0),
(11868,42,'plugin_reports_doublons',0),
(11869,42,'plugin_reports_equipmentbygroups',0),
(11870,42,'plugin_reports_equipmentbylocation',0),
(11871,42,'plugin_reports_globalhisto',0),
(11872,42,'plugin_reports_histohard',0),
(11873,42,'plugin_reports_histoinst',0),
(11874,42,'plugin_reports_infocom',0),
(11875,42,'plugin_reports_iteminstall',0),
(11876,42,'plugin_reports_licenses',0),
(11877,42,'plugin_reports_licensesexpires',0),
(11878,42,'plugin_reports_listequipmentbylocation',0),
(11879,42,'plugin_reports_listgroups',0),
(11880,42,'plugin_reports_location',0),
(11881,42,'plugin_reports_maedi_centralparc01',0),
(11882,42,'plugin_reports_maedi_centralparc02',0),
(11883,42,'plugin_reports_maedi_centralparc03',0),
(11884,42,'plugin_reports_maedi_centralparc05',0),
(11885,42,'plugin_reports_maedi_centralparc06',0),
(11886,42,'plugin_reports_maedi_centralparc07',0),
(11887,42,'plugin_reports_maedi_centralparc08',0),
(11888,42,'plugin_reports_maedi_centralparc09',0),
(11889,42,'plugin_reports_maedi_centralparc10',0),
(11890,42,'plugin_reports_maedi_centralparc11',0),
(11891,42,'plugin_reports_maedi_centralparc12',0),
(11892,42,'plugin_reports_maedi_centralparc13',0),
(11893,42,'plugin_reports_maedi_centralparc14',0),
(11894,42,'plugin_reports_maedi_centralparc16',0),
(11895,42,'plugin_reports_maedi_listecommandedetail',0),
(11896,42,'plugin_reports_maedi_listecommandedetailplus',0),
(11897,42,'plugin_reports_maedi_listerapatriementslisteparincidents',0),
(11898,42,'plugin_reports_maedi_listerapatriementstotalalivrerpardestination',0),
(11899,42,'plugin_reports_maedi_listeticketbacklog',0),
(11900,42,'plugin_reports_maedi_materielAEFE',0),
(11901,42,'plugin_reports_maedi_parcbureautiquedsi',0),
(11902,42,'plugin_reports_maedi_parcimprimantes',0),
(11903,42,'plugin_reports_maedi_parcoperationneldetailcentrale',0),
(11904,42,'plugin_reports_maedi_parcoperationneldetailetranger',0),
(11905,42,'plugin_reports_maedi_parcoperationnelparcategoriecentrale',0),
(11906,42,'plugin_reports_maedi_parcoperationnelparcategorieetranger',0),
(11907,42,'plugin_reports_maedi_parcoperationnelparmodelecentrale',0),
(11908,42,'plugin_reports_maedi_parcoperationnelparmodeleetranger',0),
(11909,42,'plugin_reports_maedi_parcopmodelcentral',0),
(11910,42,'plugin_reports_maedi_parcparceole',0),
(11911,42,'plugin_reports_maedi_parcsynthese',0),
(11912,42,'plugin_reports_maedi_rapatriementstotalalivrerpardestinationdate',0),
(11913,42,'plugin_reports_maedi_rapatriementvillabeglobal',0),
(11914,42,'plugin_reports_maedi_rapatriementvillabeincidents',0),
(11915,42,'plugin_reports_maedi_remisesvalisesynthesecolis',0),
(11916,42,'plugin_reports_maedi_remisesvalisetempsreelcolis',0),
(11917,42,'plugin_reports_maedi_remisesvalisetempsreelremisesvalise',0),
(11918,42,'plugin_reports_maedi_remisesvalisetempsreelsynthese',0),
(11919,42,'plugin_reports_maedi_stockneufglobalimprimante',0),
(11920,42,'plugin_reports_maedi_stockneufglobalmoniteur',0),
(11921,42,'plugin_reports_maedi_stockneufglobalordinateur',0),
(11922,42,'plugin_reports_maedi_stockneufglobalperipherique',0),
(11923,42,'plugin_reports_maedi_stockneufglobalreseau',0),
(11924,42,'plugin_reports_maedi_stockneufglobaltelephone',0),
(11925,42,'plugin_reports_maedi_stockneufimpimantermodele',0),
(11926,42,'plugin_reports_maedi_stockneufimprimantetype',0),
(11927,42,'plugin_reports_maedi_stockneufimprimantetypemodelelieu',0),
(11928,42,'plugin_reports_maedi_stockneufmoniteurmodele',0),
(11929,42,'plugin_reports_maedi_stockneufmoniteurtype',0),
(11930,42,'plugin_reports_maedi_stockneufmonitortypemodelelieu',0),
(11931,42,'plugin_reports_maedi_stockneufordinateurmodele',0),
(11932,42,'plugin_reports_maedi_stockneufordinateurtype',0),
(11933,42,'plugin_reports_maedi_stockneufordinateurtypemodelelieu',0),
(11934,42,'plugin_reports_maedi_stockneufperipheriquemodele',0),
(11935,42,'plugin_reports_maedi_stockneufperipheriquetype',0),
(11936,42,'plugin_reports_maedi_stockneufperipheriquetypemodelelieu',0),
(11937,42,'plugin_reports_maedi_stockneufperiphriquetype',0),
(11938,42,'plugin_reports_maedi_stockneufreseaumodele',0),
(11939,42,'plugin_reports_maedi_stockneufreseautype',0),
(11940,42,'plugin_reports_maedi_stockneufreseautypemodelelieu',0),
(11941,42,'plugin_reports_maedi_stockneuftelephonemodele',0),
(11942,42,'plugin_reports_maedi_stockneuftelephonetype',0),
(11943,42,'plugin_reports_maedi_stockneuftelephonetypemodelelieu',0),
(11944,42,'plugin_reports_maedi_stockrecycleglobalimprimante',0),
(11945,42,'plugin_reports_maedi_stockrecycleglobalmoniteur',0),
(11946,42,'plugin_reports_maedi_stockrecycleglobalordinateur',0),
(11947,42,'plugin_reports_maedi_stockrecycleglobalperipherique',0),
(11948,42,'plugin_reports_maedi_stockrecycleglobalreseau',0),
(11949,42,'plugin_reports_maedi_stockrecycleglobaltelephone',0),
(11950,42,'plugin_reports_maedi_ticketsbyequipment',0),
(11951,42,'plugin_reports_maedi_ticketsclossemaine',0),
(11952,42,'plugin_reports_maedi_ticketsclostrimestre',0),
(11953,42,'plugin_reports_maedi_ticketsouvertsAEFE',0),
(11954,42,'plugin_reports_maedi_ticketsouvertsHLsemaine',0),
(11955,42,'plugin_reports_maedi_ticketsouvertsHLtrimestre',0),
(11956,42,'plugin_reports_maedi_ticketsouvertssemaine',0),
(11957,42,'plugin_reports_maedi_ticketsouvertstrimestre',0),
(11958,42,'plugin_reports_maedi_ticketsresolussemaine',0),
(11959,42,'plugin_reports_maedi_ticketsresolustrimestre',0),
(11960,42,'plugin_reports_maedi_ticketssignalesMOAsemaine',0),
(11961,42,'plugin_reports_maedi_ticketssignalesMOAtrimestre',0),
(11962,42,'plugin_reports_maedi_ticketsSLAsemaine',0),
(11963,42,'plugin_reports_order_deliveryinfos',0),
(11964,42,'plugin_reports_order_orderdelivery',0),
(11965,42,'plugin_reports_pcsbyentity',0),
(11966,42,'plugin_reports_printers',0),
(11967,42,'plugin_reports_rules',0),
(11968,42,'plugin_reports_searchinfocom',0),
(11969,42,'plugin_reports_softnotinstalled',0),
(11970,42,'plugin_reports_softversioninstallations',0),
(11971,42,'plugin_reports_statnightticketsbypriority',0),
(11972,42,'plugin_reports_statticketsbyentity',0),
(11973,42,'plugin_reports_statticketsbypriority',0),
(11974,42,'plugin_reports_statusertask',0),
(11975,42,'plugin_reports_timelineticket_statResolvedSpentTimeByGroup',0),
(11976,42,'plugin_reports_timelineticket_statSpentTimeByGroup',0),
(11977,42,'plugin_reports_timelineticket_statSpentTimeProcessingByGroup',0),
(11978,42,'plugin_reports_transferreditems',0),
(11979,42,'plugin_reports_zombies',0),
(11980,42,'plugin_resources',0),
(11981,42,'plugin_resources_all',0),
(11982,42,'plugin_resources_budget',0),
(11983,42,'plugin_resources_checklist',0),
(11984,42,'plugin_resources_dropdown_public',0),
(11985,42,'plugin_resources_employee',0),
(11986,42,'plugin_resources_employee_core_form',0),
(11987,42,'plugin_resources_employment',0),
(11988,42,'plugin_resources_habilitation',0),
(11989,42,'plugin_resources_holiday',0),
(11990,42,'plugin_resources_import',0),
(11991,42,'plugin_resources_open_ticket',0),
(11992,42,'plugin_resources_resting',0),
(11993,42,'plugin_resources_role',0),
(11994,42,'plugin_resources_task',0),
(11995,42,'plugin_satisfaction',0),
(11996,42,'plugin_statecheck',0),
(11997,42,'plugin_statecheck_open_ticket',0),
(11998,42,'plugin_tag_tag',0),
(11999,42,'plugin_tasklists',0),
(12000,42,'plugin_tasklists_config',0),
(12001,42,'plugin_tasklists_see_all',0),
(12002,42,'plugin_timelineticket_ticket',0),
(12003,42,'plugin_timesheet_timesheet',0),
(12004,42,'plugin_typology',0),
(12005,42,'plugin_uninstall_replace',0),
(12006,42,'plugin_useditemsexport_export',0),
(12007,42,'plugin_vip',0),
(12008,42,'plugin_webapplications',0),
(12009,42,'plugin_webapplications_open_ticket',0),
(12010,42,'printer',0),
(12011,42,'problem',0),
(12012,42,'profile',0),
(12013,42,'project',0),
(12014,42,'projecttask',0),
(12015,42,'queuednotification',0),
(12016,42,'recurrentchange',0),
(12017,42,'refusedequipment',0),
(12018,42,'reminder_public',0),
(12019,42,'reports',0),
(12020,42,'reservation',0),
(12021,42,'rssfeed_public',0),
(12022,42,'rule_asset',0),
(12023,42,'rule_dictionnary_dropdown',0),
(12024,42,'rule_dictionnary_printer',0),
(12025,42,'rule_dictionnary_software',0),
(12026,42,'rule_import',0),
(12027,42,'rule_ldap',0),
(12028,42,'rule_location',0),
(12029,42,'rule_mailcollector',0),
(12030,42,'rule_softwarecategories',0),
(12031,42,'rule_ticket',0),
(12032,42,'search_config',0),
(12033,42,'show_group_hardware',1),
(12034,42,'simcard:simcard',0),
(12035,42,'slm',0),
(12036,42,'snmpcredential',0),
(12037,42,'software',0),
(12038,42,'solutiontemplate',0),
(12039,42,'state',0),
(12040,42,'statistic',1),
(12041,42,'system_logs',0),
(12042,42,'task',13329),
(12043,42,'taskcategory',0),
(12044,42,'ticket',243743),
(12045,42,'ticketcost',23),
(12046,42,'ticketrecurrent',23),
(12047,42,'ticketvalidation',15376),
(12048,42,'transfer',0),
(12049,42,'typedoc',0),
(12050,42,'uninstall:profile',0),
(12051,42,'unmanaged',0),
(12052,42,'user',0),
(12054,4,'uninstall:profile',131),
(12055,4,'plugin_uninstall_replace',1),
(12056,4,'plugin_order_order',16255),
(12057,4,'plugin_order_bill',127),
(12058,4,'plugin_order_reference',127),
(12059,13,'plugin_reports_maedi_parcimprimantes',0),
(12060,13,'simcard:simcard',0),
(12063,4,'plugin_timelineticket_ticket',3),
(12064,38,'plugin_reports_maedi_parcimprimantes',0),
(12065,36,'plugin_reports_maedi_parcimprimantes',0),
(12066,36,'simcard:simcard',0),
(12067,1,'plugin_reports_maedi_parcimprimantes',0),
(12068,1,'simcard:simcard',0);

--
