-- Table structure for table `glpi_fieldblacklists`
--

CREATE TABLE `glpi_fieldblacklists` (
  `id` int(10) unsigned NOT NULL AUTO_INCREMENT,
  `name` varchar(255) NOT NULL DEFAULT '',
  `field` varchar(255) NOT NULL DEFAULT '',
  `value` varchar(255) NOT NULL DEFAULT '',
  `itemtype` varchar(255) NOT NULL DEFAULT '',
  `entities_id` int(10) unsigned NOT NULL DEFAULT 0,
  `is_recursive` tinyint(1) NOT NULL DEFAULT 0,
  `comment` mediumtext DEFAULT NULL,
  `date_mod` timestamp NULL DEFAULT NULL,
  `date_creation` timestamp NULL DEFAULT NULL,
  PRIMARY KEY (`id`),
  KEY `name` (`name`),
  KEY `date_mod` (`date_mod`),
  KEY `date_creation` (`date_creation`),
  KEY `entities_id` (`entities_id`),
  KEY `is_recursive` (`is_recursive`)
) ENGINE=InnoDB DEFAULT CHARSET=utf8mb4 COLLATE=utf8mb4_unicode_ci;

--
-- Dumping data for table `glpi_fieldblacklists`
--


--
-- Table structure for table `glpi_fieldunicities`
--

CREATE TABLE `glpi_fieldunicities` (
  `id` int(10) unsigned NOT NULL AUTO_INCREMENT,
  `name` varchar(255) NOT NULL DEFAULT '',
  `is_recursive` tinyint(1) NOT NULL DEFAULT 0,
  `itemtype` varchar(255) NOT NULL DEFAULT '',
  `entities_id` int(10) unsigned NOT NULL DEFAULT 0,
  `fields` mediumtext DEFAULT NULL,
  `is_active` tinyint(1) NOT NULL DEFAULT 0,
  `action_refuse` tinyint(1) NOT NULL DEFAULT 0,
  `action_notify` tinyint(1) NOT NULL DEFAULT 0,
  `comment` mediumtext DEFAULT NULL,
  `date_mod` timestamp NULL DEFAULT NULL,
  `date_creation` timestamp NULL DEFAULT NULL,
  PRIMARY KEY (`id`),
  KEY `date_mod` (`date_mod`),
  KEY `date_creation` (`date_creation`),
  KEY `entities_id` (`entities_id`),
  KEY `is_active` (`is_active`),
  KEY `is_recursive` (`is_recursive`),
  KEY `name` (`name`)
) ENGINE=InnoDB AUTO_INCREMENT=3 DEFAULT CHARSET=utf8mb4 COLLATE=utf8mb4_unicode_ci COMMENT='Stores field unicity criterias';

--
-- Dumping data for table `glpi_fieldunicities`
--

INSERT INTO `glpi_fieldunicities` VALUES
(2,'ComputerName',1,'Computer',0,'name',1,0,1,'','2023-09-26 18:00:19','2023-09-05 15:26:28');

--
-- Table structure for table `glpi_filesystems`
--

CREATE TABLE `glpi_filesystems` (
  `id` int(10) unsigned NOT NULL AUTO_INCREMENT,
  `name` varchar(255) DEFAULT NULL,
  `comment` mediumtext DEFAULT NULL,
  `date_mod` timestamp NULL DEFAULT NULL,
  `date_creation` timestamp NULL DEFAULT NULL,
  PRIMARY KEY (`id`),
  KEY `name` (`name`),
  KEY `date_mod` (`date_mod`),
  KEY `date_creation` (`date_creation`)
) ENGINE=InnoDB AUTO_INCREMENT=25 DEFAULT CHARSET=utf8mb4 COLLATE=utf8mb4_unicode_ci;

--
-- Dumping data for table `glpi_filesystems`
--

INSERT INTO `glpi_filesystems` VALUES
(1,'ext',NULL,NULL,NULL),
(2,'ext2',NULL,NULL,NULL),
(3,'ext3',NULL,NULL,NULL),
(4,'ext4',NULL,NULL,NULL),
(5,'FAT',NULL,NULL,NULL),
(6,'FAT32',NULL,NULL,NULL),
(7,'VFAT',NULL,NULL,NULL),
(8,'HFS',NULL,NULL,NULL),
(9,'HPFS',NULL,NULL,NULL),
(10,'HTFS',NULL,NULL,NULL),
(11,'JFS',NULL,NULL,NULL),
(12,'JFS2',NULL,NULL,NULL),
(13,'NFS',NULL,NULL,NULL),
(14,'NTFS',NULL,NULL,NULL),
(15,'ReiserFS',NULL,NULL,NULL),
(16,'SMBFS',NULL,NULL,NULL),
(17,'UDF',NULL,NULL,NULL),
(18,'UFS',NULL,NULL,NULL),
(19,'XFS',NULL,NULL,NULL),
(20,'ZFS',NULL,NULL,NULL),
(21,'devtmpfs','','2017-11-17 16:06:12','2017-11-17 16:06:12'),
(22,'APFS',NULL,NULL,NULL),
(23,'CIFS','','2022-07-19 18:01:40','2022-07-19 18:01:40'),
(24,'VBoxSharedFolderFS','','2022-07-19 20:47:29','2022-07-19 20:47:29');

--
-- Table structure for table `glpi_fqdns`
--

CREATE TABLE `glpi_fqdns` (
  `id` int(10) unsigned NOT NULL AUTO_INCREMENT,
  `entities_id` int(10) unsigned NOT NULL DEFAULT 0,
  `is_recursive` tinyint(1) NOT NULL DEFAULT 0,
  `name` varchar(255) DEFAULT NULL,
  `fqdn` varchar(255) DEFAULT NULL,
  `comment` mediumtext DEFAULT NULL,
  `date_mod` timestamp NULL DEFAULT NULL,
  `date_creation` timestamp NULL DEFAULT NULL,
  PRIMARY KEY (`id`),
  KEY `entities_id` (`entities_id`),
  KEY `name` (`name`),
  KEY `fqdn` (`fqdn`),
  KEY `is_recursive` (`is_recursive`),
  KEY `date_mod` (`date_mod`),
  KEY `date_creation` (`date_creation`)
) ENGINE=InnoDB DEFAULT CHARSET=utf8mb4 COLLATE=utf8mb4_unicode_ci;

--
-- Dumping data for table `glpi_fqdns`
--


--
-- Table structure for table `glpi_groups`
--

CREATE TABLE `glpi_groups` (
  `id` int(10) unsigned NOT NULL AUTO_INCREMENT,
  `entities_id` int(10) unsigned NOT NULL DEFAULT 0,
  `is_recursive` tinyint(1) NOT NULL DEFAULT 0,
  `name` varchar(255) DEFAULT NULL,
  `comment` mediumtext DEFAULT NULL,
  `ldap_field` varchar(255) DEFAULT NULL,
  `ldap_value` mediumtext DEFAULT NULL,
  `ldap_group_dn` mediumtext DEFAULT NULL,
  `date_mod` timestamp NULL DEFAULT NULL,
  `groups_id` int(10) unsigned NOT NULL DEFAULT 0,
  `completename` mediumtext DEFAULT NULL,
  `level` int(11) NOT NULL DEFAULT 0,
  `ancestors_cache` longtext DEFAULT NULL,
  `sons_cache` longtext DEFAULT NULL,
  `is_requester` tinyint(1) NOT NULL DEFAULT 1,
  `is_watcher` tinyint(1) NOT NULL DEFAULT 1,
  `is_assign` tinyint(1) NOT NULL DEFAULT 1,
  `is_task` tinyint(1) NOT NULL DEFAULT 1,
  `is_notify` tinyint(1) NOT NULL DEFAULT 1,
  `is_itemgroup` tinyint(1) NOT NULL DEFAULT 1,
  `is_usergroup` tinyint(1) NOT NULL DEFAULT 1,
  `is_manager` tinyint(1) NOT NULL DEFAULT 1,
  `date_creation` timestamp NULL DEFAULT NULL,
  PRIMARY KEY (`id`),
  KEY `name` (`name`),
  KEY `ldap_field` (`ldap_field`),
  KEY `entities_id` (`entities_id`),
  KEY `date_mod` (`date_mod`),
  KEY `ldap_value` (`ldap_value`(200)),
  KEY `ldap_group_dn` (`ldap_group_dn`(200)),
  KEY `groups_id` (`groups_id`),
  KEY `is_requester` (`is_requester`),
  KEY `is_assign` (`is_assign`),
  KEY `is_notify` (`is_notify`),
  KEY `is_itemgroup` (`is_itemgroup`),
  KEY `is_usergroup` (`is_usergroup`),
  KEY `is_manager` (`is_manager`),
  KEY `date_creation` (`date_creation`),
  KEY `is_watcher` (`is_watcher`),
  KEY `is_recursive` (`is_recursive`),
  KEY `level` (`level`)
) ENGINE=InnoDB AUTO_INCREMENT=256 DEFAULT CHARSET=utf8mb4 COLLATE=utf8mb4_unicode_ci;

--
-- Dumping data for table `glpi_groups`
--

INSERT INTO `glpi_groups` VALUES
(209,0,1,'2-GR-Centre contact client (SPIE)','',NULL,NULL,NULL,'2025-03-26 17:54:55',0,'2-GR-Centre contact client (SPIE)',1,NULL,'{\"209\":209}',0,1,1,1,1,1,1,1,'2018-05-15 21:45:30'),
(228,0,1,'4-GR2-Gestion des actifs et des configurations','Groupe de personnes spécialisées dans la gestion des actifs et des configurations sous tous ces aspects.',NULL,NULL,NULL,'2025-04-03 20:17:28',0,'4-GR2-Gestion des actifs et des configurations',1,NULL,'{\"228\":228}',0,1,1,1,1,1,1,1,'2023-03-31 09:41:49'),
(231,0,1,'Personnel prioritaire','',NULL,NULL,NULL,'2025-03-06 15:01:24',0,'Personnel prioritaire',1,'[]','{\"231\":231}',1,1,0,0,1,0,1,1,'2023-11-15 17:41:21'),
(243,0,1,'3-GR-SPIE_GLPI',NULL,NULL,NULL,NULL,'2025-02-11 22:35:32',0,'3-GR-SPIE_GLPI',1,NULL,NULL,0,1,1,1,1,1,1,0,'2024-02-01 14:26:46'),
(247,0,1,'5-GR3-Groupe exploitation MEAE','',NULL,NULL,NULL,'2025-02-12 09:46:20',0,'5-GR3-Groupe exploitation MEAE',1,NULL,NULL,0,1,1,1,1,1,1,0,'2025-02-12 09:46:07'),
(248,0,1,'Hautes Personnalités','',NULL,NULL,NULL,'2025-03-26 13:49:34',0,'Hautes Personnalités',1,NULL,'{\"248\":248}',1,1,0,0,1,0,1,1,'2025-03-06 08:38:40'),
(249,0,1,'BOETH/RQTH','',NULL,NULL,NULL,'2025-03-26 13:49:53',0,'BOETH/RQTH',1,'[]',NULL,1,1,0,0,1,0,1,1,'2025-03-06 08:49:29'),
(250,0,1,'GR-DAF-support et assistance','',NULL,NULL,NULL,'2025-09-24 09:12:22',0,'GR-DAF-support et assistance',1,'[]','{\"250\":250}',1,1,1,1,1,1,1,0,'2025-09-24 04:18:59'),
(251,13,0,'GR-DAF-Gestion','',NULL,NULL,NULL,'2025-09-24 04:20:43',0,'GR-DAF-Gestion',1,'[]','{\"251\":251}',1,1,1,1,1,1,1,1,'2025-09-24 04:20:43'),
(252,0,1,'GR-DINUM-Exploitation','',NULL,NULL,NULL,'2025-09-24 08:59:27',0,'GR-DINUM-Exploitation',1,'[]','{\"252\":252}',1,1,1,1,1,1,1,0,'2025-09-24 08:49:21'),
(253,0,1,'CDSn1','',NULL,NULL,NULL,'2026-03-09 19:00:58',0,'CDSn1',1,'[]','{\"253\":253}',1,1,1,1,1,1,1,1,'2025-12-30 15:44:40'),
(254,0,1,'HL2','',NULL,NULL,NULL,'2025-12-30 15:45:10',0,'HL2',1,'[]','{\"254\":254}',0,1,1,1,1,1,1,1,'2025-12-30 15:45:10'),
(255,0,1,'HL3','',NULL,NULL,NULL,'2025-12-30 15:45:37',0,'HL3',1,'[]','{\"255\":255}',0,1,1,1,1,1,1,1,'2025-12-30 15:45:37');

--
-- Table structure for table `glpi_groups_knowbaseitems`
--

CREATE TABLE `glpi_groups_knowbaseitems` (
  `id` int(10) unsigned NOT NULL AUTO_INCREMENT,
  `knowbaseitems_id` int(10) unsigned NOT NULL DEFAULT 0,
  `groups_id` int(10) unsigned NOT NULL DEFAULT 0,
  `entities_id` int(10) unsigned DEFAULT NULL,
  `is_recursive` tinyint(1) NOT NULL DEFAULT 0,
  `no_entity_restriction` tinyint(4) NOT NULL DEFAULT 0,
  PRIMARY KEY (`id`),
  KEY `knowbaseitems_id` (`knowbaseitems_id`),
  KEY `groups_id` (`groups_id`),
  KEY `entities_id` (`entities_id`),
  KEY `is_recursive` (`is_recursive`)
) ENGINE=InnoDB AUTO_INCREMENT=7 DEFAULT CHARSET=utf8mb4 COLLATE=utf8mb4_unicode_ci;

--
-- Dumping data for table `glpi_groups_knowbaseitems`
--


--
-- Table structure for table `glpi_groups_problems`
--

CREATE TABLE `glpi_groups_problems` (
  `id` int(10) unsigned NOT NULL AUTO_INCREMENT,
  `problems_id` int(10) unsigned NOT NULL DEFAULT 0,
  `groups_id` int(10) unsigned NOT NULL DEFAULT 0,
  `type` int(11) NOT NULL DEFAULT 1,
  PRIMARY KEY (`id`),
  UNIQUE KEY `unicity` (`problems_id`,`type`,`groups_id`),
  KEY `group` (`groups_id`,`type`)
) ENGINE=InnoDB AUTO_INCREMENT=3 DEFAULT CHARSET=utf8mb4 COLLATE=utf8mb4_unicode_ci;

--
-- Dumping data for table `glpi_groups_problems`
--


--
-- Table structure for table `glpi_groups_reminders`
--

CREATE TABLE `glpi_groups_reminders` (
  `id` int(10) unsigned NOT NULL AUTO_INCREMENT,
  `reminders_id` int(10) unsigned NOT NULL DEFAULT 0,
  `groups_id` int(10) unsigned NOT NULL DEFAULT 0,
  `entities_id` int(10) unsigned DEFAULT NULL,
  `is_recursive` tinyint(1) NOT NULL DEFAULT 0,
  `no_entity_restriction` tinyint(4) NOT NULL DEFAULT 0,
  PRIMARY KEY (`id`),
  KEY `reminders_id` (`reminders_id`),
  KEY `groups_id` (`groups_id`),
  KEY `entities_id` (`entities_id`),
  KEY `is_recursive` (`is_recursive`)
) ENGINE=InnoDB DEFAULT CHARSET=utf8mb4 COLLATE=utf8mb4_unicode_ci;

--
-- Dumping data for table `glpi_groups_reminders`
--


--
-- Table structure for table `glpi_groups_rssfeeds`
--

CREATE TABLE `glpi_groups_rssfeeds` (
  `id` int(10) unsigned NOT NULL AUTO_INCREMENT,
  `rssfeeds_id` int(10) unsigned NOT NULL DEFAULT 0,
  `groups_id` int(10) unsigned NOT NULL DEFAULT 0,
  `entities_id` int(10) unsigned DEFAULT NULL,
  `is_recursive` tinyint(1) NOT NULL DEFAULT 0,
  `no_entity_restriction` tinyint(4) NOT NULL DEFAULT 0,
  PRIMARY KEY (`id`),
  KEY `rssfeeds_id` (`rssfeeds_id`),
  KEY `groups_id` (`groups_id`),
  KEY `entities_id` (`entities_id`),
  KEY `is_recursive` (`is_recursive`)
) ENGINE=InnoDB DEFAULT CHARSET=utf8mb4 COLLATE=utf8mb4_unicode_ci;

--
-- Dumping data for table `glpi_groups_rssfeeds`
--


--
-- Table structure for table `glpi_groups_tickets`
--

CREATE TABLE `glpi_groups_tickets` (
  `id` int(10) unsigned NOT NULL AUTO_INCREMENT,
  `tickets_id` int(10) unsigned NOT NULL DEFAULT 0,
  `groups_id` int(10) unsigned NOT NULL DEFAULT 0,
  `type` int(11) NOT NULL DEFAULT 1,
  PRIMARY KEY (`id`),
  UNIQUE KEY `unicity` (`tickets_id`,`type`,`groups_id`),
  KEY `group` (`groups_id`,`type`)
) ENGINE=InnoDB AUTO_INCREMENT=757 DEFAULT CHARSET=utf8mb4 COLLATE=utf8mb4_unicode_ci;

--
-- Dumping data for table `glpi_groups_tickets`
--

INSERT INTO `glpi_groups_tickets` VALUES
(595,218,243,2),
(606,260,209,2),
(618,262,209,2),
(612,262,247,2),
(613,262,209,3),
(601,263,243,2),
(602,264,243,2),
(619,266,247,2),
(620,266,209,3),
(608,267,209,2),
(609,268,209,2),
(605,274,209,2),
(604,275,209,2),
(610,276,209,2),
(611,277,209,2),
(614,278,209,2),
(615,279,209,2),
(616,280,209,2),
(617,281,209,2),
(671,282,209,2),
(625,283,247,2),
(626,284,209,2),
(684,285,209,2),
(627,286,209,2),
(628,287,209,2),
(629,288,209,2),
(630,289,209,2),
(635,290,209,2),
(632,291,209,2),
(633,292,209,2),
(634,293,209,2),
(685,304,209,2),
(638,314,209,2),
(639,316,209,2),
(640,317,209,2),
(641,318,209,2),
(642,319,209,2),
(643,320,209,2),
(644,321,209,2),
(645,322,209,2),
(646,323,209,2),
(647,324,209,2),
(660,325,209,2),
(649,326,209,2),
(650,327,209,2),
(651,328,231,1),
(652,328,209,2),
(653,329,231,1),
(654,329,249,1),
(655,329,209,2),
(662,330,247,2),
(665,331,209,2),
(664,331,247,2),
(668,333,209,2),
(667,333,247,2),
(670,334,209,2),
(672,335,209,2),
(677,336,209,2),
(678,337,209,2),
(679,338,209,2),
(686,339,247,2),
(682,339,250,2),
(687,340,250,2),
(689,340,252,2),
(691,341,250,2),
(690,341,252,2),
(692,342,250,2),
(693,342,252,2),
(694,343,250,2),
(695,343,252,2),
(696,344,250,2),
(745,345,253,2),
(711,345,254,2),
(721,346,255,2),
(730,347,254,2),
(727,348,253,2),
(729,349,253,2),
(735,350,253,2),
(736,351,252,2),
(737,353,209,2),
(738,354,209,2),
(754,369,243,2),
(739,380,253,2),
(740,380,254,3),
(744,381,255,2),
(747,382,254,2),
(749,383,253,2),
(756,386,254,2);

--
-- Table structure for table `glpi_groups_users`
--

CREATE TABLE `glpi_groups_users` (
  `id` int(10) unsigned NOT NULL AUTO_INCREMENT,
  `users_id` int(10) unsigned NOT NULL DEFAULT 0,
  `groups_id` int(10) unsigned NOT NULL DEFAULT 0,
  `is_dynamic` tinyint(1) NOT NULL DEFAULT 0,
  `is_manager` tinyint(1) NOT NULL DEFAULT 0,
  `is_userdelegate` tinyint(1) NOT NULL DEFAULT 0,
  PRIMARY KEY (`id`),
  UNIQUE KEY `unicity` (`users_id`,`groups_id`),
  KEY `groups_id` (`groups_id`),
  KEY `is_manager` (`is_manager`),
  KEY `is_userdelegate` (`is_userdelegate`),
  KEY `is_dynamic` (`is_dynamic`)
) ENGINE=InnoDB AUTO_INCREMENT=254 DEFAULT CHARSET=utf8mb4 COLLATE=utf8mb4_unicode_ci;

--
-- Dumping data for table `glpi_groups_users`
--

INSERT INTO `glpi_groups_users` VALUES
(197,60,228,0,0,0),
(234,22,231,0,0,1),
(236,16,231,0,0,0),
(238,41,247,0,0,0),
(240,86,248,0,0,0),
(241,87,248,0,0,0),
(242,88,249,0,0,0),
(243,89,249,0,0,0),
(244,16,249,0,0,0),
(246,84,209,0,0,0),
(247,91,250,0,0,0),
(248,41,252,0,0,0),
(249,27,253,0,0,0),
(250,91,254,0,0,0),
(251,18,255,0,0,0),
(252,27,255,0,0,0),
(253,91,253,0,0,0);

--
-- Table structure for table `glpi_holidays`
--

CREATE TABLE `glpi_holidays` (
  `id` int(10) unsigned NOT NULL AUTO_INCREMENT,
  `name` varchar(255) DEFAULT NULL,
  `entities_id` int(10) unsigned NOT NULL DEFAULT 0,
  `is_recursive` tinyint(1) NOT NULL DEFAULT 0,
  `comment` mediumtext DEFAULT NULL,
  `begin_date` date DEFAULT NULL,
  `end_date` date DEFAULT NULL,
  `is_perpetual` tinyint(1) NOT NULL DEFAULT 0,
  `date_mod` timestamp NULL DEFAULT NULL,
  `date_creation` timestamp NULL DEFAULT NULL,
  PRIMARY KEY (`id`),
  KEY `name` (`name`),
  KEY `begin_date` (`begin_date`),
  KEY `end_date` (`end_date`),
  KEY `is_perpetual` (`is_perpetual`),
  KEY `date_mod` (`date_mod`),
  KEY `date_creation` (`date_creation`),
  KEY `entities_id` (`entities_id`),
  KEY `is_recursive` (`is_recursive`)
) ENGINE=InnoDB AUTO_INCREMENT=5 DEFAULT CHARSET=utf8mb4 COLLATE=utf8mb4_unicode_ci;

--
-- Dumping data for table `glpi_holidays`
--

INSERT INTO `glpi_holidays` VALUES
(1,'Jour de l\'an',0,1,'','2025-01-01','2025-01-01',1,'2025-03-04 14:57:07','2020-05-04 19:19:58'),
(2,'Noël',0,1,'','2025-12-25','2025-12-25',1,'2025-03-04 14:57:26','2020-05-04 19:21:05'),
(3,'Lundi de Pâques',0,1,'','2025-04-21','2025-04-21',0,'2025-03-04 14:58:42','2020-05-04 19:22:10'),
(4,'Fête nationale française',0,1,'','2025-07-14','2025-07-14',1,'2025-03-04 14:56:44','2020-05-04 19:22:48');

--
-- Table structure for table `glpi_imageformats`
--

CREATE TABLE `glpi_imageformats` (
  `id` int(10) unsigned NOT NULL AUTO_INCREMENT,
  `name` varchar(255) DEFAULT NULL,
  `date_mod` timestamp NULL DEFAULT NULL,
  `comment` text DEFAULT NULL,
  `date_creation` timestamp NULL DEFAULT NULL,
  `entities_id` int(10) unsigned NOT NULL DEFAULT 0,
  `is_recursive` tinyint(4) NOT NULL DEFAULT 0,
  PRIMARY KEY (`id`),
  UNIQUE KEY `unicity` (`name`),
  KEY `date_mod` (`date_mod`),
  KEY `entities_id` (`entities_id`),
  KEY `is_recursive` (`is_recursive`),
  KEY `date_creation` (`date_creation`)
) ENGINE=InnoDB DEFAULT CHARSET=utf8mb4 COLLATE=utf8mb4_unicode_ci ROW_FORMAT=DYNAMIC;

--
-- Dumping data for table `glpi_imageformats`
--


--
-- Table structure for table `glpi_imageresolutions`
--

CREATE TABLE `glpi_imageresolutions` (
  `id` int(10) unsigned NOT NULL AUTO_INCREMENT,
  `name` varchar(255) DEFAULT NULL,
  `is_video` tinyint(4) NOT NULL DEFAULT 0,
  `date_mod` timestamp NULL DEFAULT NULL,
  `comment` text DEFAULT NULL,
  `date_creation` timestamp NULL DEFAULT NULL,
  `entities_id` int(10) unsigned NOT NULL DEFAULT 0,
  `is_recursive` tinyint(4) NOT NULL DEFAULT 0,
  PRIMARY KEY (`id`),
  UNIQUE KEY `unicity` (`name`),
  KEY `date_mod` (`date_mod`),
  KEY `is_video` (`is_video`),
  KEY `entities_id` (`entities_id`),
  KEY `is_recursive` (`is_recursive`),
  KEY `date_creation` (`date_creation`)
) ENGINE=InnoDB DEFAULT CHARSET=utf8mb4 COLLATE=utf8mb4_unicode_ci ROW_FORMAT=DYNAMIC;

--
-- Dumping data for table `glpi_imageresolutions`
--


--
-- Table structure for table `glpi_impactcompounds`
--

CREATE TABLE `glpi_impactcompounds` (
  `id` int(10) unsigned NOT NULL AUTO_INCREMENT,
  `name` varchar(255) DEFAULT '',
  `color` varchar(255) NOT NULL DEFAULT '',
  PRIMARY KEY (`id`),
  KEY `name` (`name`)
) ENGINE=InnoDB DEFAULT CHARSET=utf8mb4 COLLATE=utf8mb4_unicode_ci;

--
-- Dumping data for table `glpi_impactcompounds`
--


--
-- Table structure for table `glpi_impactcontexts`
--

CREATE TABLE `glpi_impactcontexts` (
  `id` int(10) unsigned NOT NULL AUTO_INCREMENT,
  `positions` mediumtext NOT NULL,
  `zoom` float NOT NULL DEFAULT 0,
  `pan_x` float NOT NULL DEFAULT 0,
  `pan_y` float NOT NULL DEFAULT 0,
  `impact_color` varchar(255) NOT NULL DEFAULT '',
  `depends_color` varchar(255) NOT NULL DEFAULT '',
  `impact_and_depends_color` varchar(255) NOT NULL DEFAULT '',
  `show_depends` tinyint(1) NOT NULL DEFAULT 1,
  `show_impact` tinyint(1) NOT NULL DEFAULT 1,
  `max_depth` int(11) NOT NULL DEFAULT 5,
  PRIMARY KEY (`id`)
) ENGINE=InnoDB AUTO_INCREMENT=7 DEFAULT CHARSET=utf8mb4 COLLATE=utf8mb4_unicode_ci;

--
-- Dumping data for table `glpi_impactcontexts`
--

INSERT INTO `glpi_impactcontexts` VALUES
(3,'{\"Appliance::3\":{\"x\":49.26440694603339,\"y\":-53.84913450740207},\"Computer::9922\":{\"x\":-78,\"y\":-42}}',2.3,711.678,400.007,'#ff3418','#1c76ff','#ca29ff',1,1,5),
(4,'{\"Domain::5\":{\"x\":15,\"y\":15},\"Appliance::4\":{\"x\":10.991294338381097,\"y\":-60.97676109634809}}',2.3,509.5,294.9,'#ff3418','#1c76ff','#ca29ff',1,1,5),
(5,'{\"Appliance::4\":{\"x\":-42,\"y\":-30},\"Domain::5\":{\"x\":-138,\"y\":30},\"Computer::33825\":{\"x\":6,\"y\":102},\"Software::10838\":{\"x\":-114,\"y\":90}}',2.3,509.5,294.9,'#ff3418','#1c76ff','#ca29ff',1,1,5),
(6,'{\"Computer::33951\":{\"x\":15,\"y\":15}}',2.3,572.5,278.9,'#ff3418','#1c76ff','#ca29ff',1,1,5);

--
-- Table structure for table `glpi_impactitems`
--

CREATE TABLE `glpi_impactitems` (
  `id` int(10) unsigned NOT NULL AUTO_INCREMENT,
  `itemtype` varchar(255) NOT NULL DEFAULT '',
  `items_id` int(10) unsigned NOT NULL DEFAULT 0,
  `parent_id` int(10) unsigned NOT NULL DEFAULT 0,
  `impactcontexts_id` int(10) unsigned NOT NULL DEFAULT 0,
  `is_slave` tinyint(1) NOT NULL DEFAULT 1,
  PRIMARY KEY (`id`),
  UNIQUE KEY `unicity` (`itemtype`,`items_id`),
  KEY `source` (`itemtype`,`items_id`),
  KEY `parent_id` (`parent_id`),
  KEY `impactcontexts_id` (`impactcontexts_id`)
) ENGINE=InnoDB AUTO_INCREMENT=78 DEFAULT CHARSET=utf8mb4 COLLATE=utf8mb4_unicode_ci;

--
-- Dumping data for table `glpi_impactitems`
--

INSERT INTO `glpi_impactitems` VALUES
(1,'Computer',10039,0,0,0),
(3,'Computer',10044,0,0,1),
(8,'Phone',3,0,0,1),
(13,'Computer',10046,0,0,1),
(15,'Computer',9922,0,0,0),
(16,'Appliance',3,0,3,0),
(18,'PluginDatabasesDatabase',1,0,0,1),
(21,'Domain',4,0,0,1),
(22,'Appliance',1,0,0,1),
(28,'Appliance',2,0,0,1),
(42,'Rack',1,0,0,1),
(44,'PDU',1,0,0,1),
(45,'NetworkEquipment',2,0,0,1),
(49,'NetworkEquipment',11,0,0,1),
(51,'Datacenter',1,0,0,1),
(52,'Printer',285,0,0,1),
(53,'NetworkEquipment',52,0,0,1),
(56,'Enclosure',1,0,0,1),
(58,'DCRoom',1,0,0,1),
(61,'Appliance',4,0,5,0),
(62,'Domain',5,0,4,0),
(65,'Project',5,0,0,1),
(66,'Project',4,0,0,1),
(67,'User',73,0,0,1),
(68,'ITILCategory',167,0,0,1),
(69,'CronTask',92,0,0,1),
(71,'User',18,0,0,1),
(72,'Software',10790,0,0,1),
(73,'Computer',33825,0,5,1),
(74,'Software',10838,0,5,1),
(76,'User',2,0,0,1);

--
-- Table structure for table `glpi_impactrelations`
--

CREATE TABLE `glpi_impactrelations` (
  `id` int(10) unsigned NOT NULL AUTO_INCREMENT,
  `itemtype_source` varchar(255) NOT NULL DEFAULT '',
  `items_id_source` int(10) unsigned NOT NULL DEFAULT 0,
  `itemtype_impacted` varchar(255) NOT NULL DEFAULT '',
  `items_id_impacted` int(10) unsigned NOT NULL DEFAULT 0,
  PRIMARY KEY (`id`),
  UNIQUE KEY `unicity` (`itemtype_source`,`items_id_source`,`itemtype_impacted`,`items_id_impacted`),
  KEY `impacted_asset` (`itemtype_impacted`,`items_id_impacted`)
) ENGINE=InnoDB AUTO_INCREMENT=12 DEFAULT CHARSET=utf8mb4 COLLATE=utf8mb4_unicode_ci;

--
-- Dumping data for table `glpi_impactrelations`
--

INSERT INTO `glpi_impactrelations` VALUES
(2,'Computer',9922,'Appliance',3),
(4,'Computer',9922,'PluginDatabasesDatabase',1),
(8,'Computer',33825,'Appliance',4),
(10,'Computer',33825,'Software',10838),
(7,'Domain',5,'Appliance',4),
(6,'NetworkEquipment',2,'Computer',9922),
(5,'PluginDatabasesDatabase',1,'Appliance',3),
(11,'Software',10838,'Appliance',4);

--
-- Table structure for table `glpi_infocoms`
--

CREATE TABLE `glpi_infocoms` (
  `id` int(10) unsigned NOT NULL AUTO_INCREMENT,
  `items_id` int(10) unsigned NOT NULL DEFAULT 0,
  `itemtype` varchar(100) NOT NULL,
  `entities_id` int(10) unsigned NOT NULL DEFAULT 0,
  `is_recursive` tinyint(1) NOT NULL DEFAULT 0,
  `buy_date` date DEFAULT NULL,
  `use_date` date DEFAULT NULL,
  `warranty_duration` int(11) NOT NULL DEFAULT 0,
  `warranty_info` varchar(255) DEFAULT NULL,
  `suppliers_id` int(10) unsigned NOT NULL DEFAULT 0,
  `order_number` varchar(255) DEFAULT NULL,
  `delivery_number` varchar(255) DEFAULT NULL,
  `immo_number` varchar(255) DEFAULT NULL,
  `value` decimal(20,4) NOT NULL DEFAULT 0.0000,
  `warranty_value` decimal(20,4) NOT NULL DEFAULT 0.0000,
  `sink_time` int(11) NOT NULL DEFAULT 0,
  `sink_type` int(11) NOT NULL DEFAULT 0,
  `sink_coeff` float NOT NULL DEFAULT 0,
  `comment` mediumtext DEFAULT NULL,
  `bill` varchar(255) DEFAULT NULL,
  `budgets_id` int(10) unsigned NOT NULL DEFAULT 0,
  `alert` int(11) NOT NULL DEFAULT 0,
  `order_date` date DEFAULT NULL,
  `delivery_date` date DEFAULT NULL,
  `inventory_date` date DEFAULT NULL,
  `warranty_date` date DEFAULT NULL,
  `date_mod` timestamp NULL DEFAULT NULL,
  `date_creation` timestamp NULL DEFAULT NULL,
  `decommission_date` timestamp NULL DEFAULT NULL,
  `businesscriticities_id` int(10) unsigned NOT NULL DEFAULT 0,
  PRIMARY KEY (`id`),
  UNIQUE KEY `unicity` (`itemtype`,`items_id`),
  KEY `buy_date` (`buy_date`),
  KEY `alert` (`alert`),
  KEY `budgets_id` (`budgets_id`),
  KEY `suppliers_id` (`suppliers_id`),
  KEY `entities_id` (`entities_id`),
  KEY `is_recursive` (`is_recursive`),
  KEY `date_mod` (`date_mod`),
  KEY `date_creation` (`date_creation`),
  KEY `businesscriticities_id` (`businesscriticities_id`)
) ENGINE=InnoDB AUTO_INCREMENT=30303 DEFAULT CHARSET=utf8mb4 COLLATE=utf8mb4_unicode_ci;

--
-- Dumping data for table `glpi_infocoms`
--

INSERT INTO `glpi_infocoms` VALUES
(3,1,'CartridgeItem',0,1,NULL,NULL,0,NULL,0,NULL,NULL,NULL,0.0000,0.0000,0,0,0,NULL,NULL,0,0,NULL,NULL,NULL,NULL,'2018-05-29 14:32:37','2018-05-29 14:32:37',NULL,0),
(46,9922,'Computer',5,1,'2020-05-20',NULL,0,NULL,4,'COM-12678','',NULL,1300.0000,0.0000,1,1,1.75,NULL,NULL,1,0,'2027-02-04','2017-02-04',NULL,NULL,'2026-03-10 16:23:45','2020-02-04 17:22:19',NULL,2),
(51,1,'Phone',0,0,'2020-07-21',NULL,0,NULL,1,'TEL20200721001',NULL,NULL,680.0000,0.0000,0,0,0,NULL,NULL,1,0,'2020-07-21','2020-07-21',NULL,NULL,'2024-11-27 15:19:52','2020-07-21 18:44:35',NULL,0),
(52,2,'Phone',0,0,'2020-07-21',NULL,0,NULL,1,'TEL20200721001',NULL,NULL,680.0000,0.0000,0,0,0,NULL,NULL,1,0,'2020-07-21','2020-07-21',NULL,NULL,'2024-11-27 15:19:52','2020-07-21 18:44:35',NULL,0),
(53,3,'Phone',0,0,'2020-07-21',NULL,0,NULL,1,'TEL20200721001',NULL,NULL,680.0000,0.0000,0,0,0,NULL,NULL,1,0,'2020-07-21','2020-07-21',NULL,NULL,'2024-11-27 15:19:52','2020-07-21 18:45:53',NULL,0),
(27380,33696,'Computer',0,1,'2019-09-18',NULL,0,NULL,0,NULL,NULL,NULL,483.6400,0.0000,4,1,0.25,NULL,NULL,0,0,NULL,NULL,NULL,NULL,'2025-06-10 20:36:27','2021-08-06 20:04:51',NULL,0),
(27381,23670,'Item_DeviceProcessor',0,0,NULL,NULL,0,NULL,0,NULL,NULL,NULL,0.0000,0.0000,0,0,0,NULL,NULL,0,0,NULL,NULL,NULL,NULL,'2024-11-27 15:19:52','2021-08-06 20:04:51',NULL,0),
(27382,19424,'Item_DeviceMemory',0,0,NULL,NULL,0,NULL,0,NULL,NULL,NULL,0.0000,0.0000,0,0,0,NULL,NULL,0,0,NULL,NULL,NULL,NULL,'2024-11-27 15:19:52','2021-08-06 20:04:51',NULL,0),
(27879,2,'NetworkEquipment',5,1,'2021-05-01',NULL,0,NULL,0,NULL,NULL,NULL,245.3300,0.0000,0,0,0,NULL,NULL,0,0,NULL,NULL,NULL,NULL,'2026-02-26 19:35:39','2021-08-10 14:49:45',NULL,0),
(27880,3,'NetworkEquipment',0,0,'2021-05-01',NULL,0,NULL,0,NULL,NULL,NULL,1789.1000,0.0000,0,0,0,NULL,NULL,0,0,NULL,NULL,NULL,NULL,'2024-11-27 15:19:52','2021-08-10 14:49:45',NULL,0),
(27881,4,'NetworkEquipment',0,0,'2021-05-01',NULL,0,NULL,0,NULL,NULL,NULL,245.3300,0.0000,0,0,0,NULL,NULL,0,0,NULL,NULL,NULL,NULL,'2024-11-27 15:19:52','2021-08-10 14:49:45',NULL,0),
(27882,5,'NetworkEquipment',0,0,'2021-05-01',NULL,0,NULL,0,NULL,NULL,NULL,245.3300,0.0000,0,0,0,NULL,NULL,0,0,NULL,NULL,NULL,NULL,'2024-11-27 15:19:52','2021-08-10 14:49:45',NULL,0),
(27883,6,'NetworkEquipment',0,0,'2021-05-01',NULL,0,NULL,0,NULL,NULL,NULL,1789.1000,0.0000,0,0,0,NULL,NULL,0,0,NULL,NULL,NULL,NULL,'2024-11-27 15:19:52','2021-08-10 14:49:45',NULL,0),
(27884,7,'NetworkEquipment',0,0,'2021-05-01',NULL,0,NULL,0,NULL,NULL,NULL,3528.2200,0.0000,0,0,0,NULL,NULL,0,0,NULL,NULL,NULL,NULL,'2024-11-27 15:19:52','2021-08-10 14:49:45',NULL,0),
(27885,8,'NetworkEquipment',0,0,'2021-05-01',NULL,0,NULL,0,NULL,NULL,NULL,3528.2200,0.0000,0,0,0,NULL,NULL,0,0,NULL,NULL,NULL,NULL,'2024-11-27 15:19:52','2021-08-10 14:49:45',NULL,0),
(27886,9,'NetworkEquipment',0,0,'2021-05-01',NULL,0,NULL,0,NULL,NULL,NULL,1545.3800,0.0000,0,0,0,NULL,NULL,0,0,NULL,NULL,NULL,NULL,'2024-11-27 15:19:52','2021-08-10 14:49:45',NULL,0),
(27887,10,'NetworkEquipment',0,0,'2021-05-01',NULL,0,NULL,0,NULL,NULL,NULL,1545.3800,0.0000,0,0,0,NULL,NULL,0,0,NULL,NULL,NULL,NULL,'2024-11-27 15:19:52','2021-08-10 14:49:45',NULL,0),
(27888,11,'NetworkEquipment',5,1,'2021-05-01',NULL,0,NULL,0,NULL,NULL,NULL,2115.8700,0.0000,0,0,0,NULL,NULL,0,0,NULL,NULL,NULL,NULL,'2026-03-10 16:39:49','2021-08-10 14:49:45',NULL,0),
(27889,12,'NetworkEquipment',0,0,'2021-05-01',NULL,0,NULL,0,NULL,NULL,NULL,1789.1000,0.0000,0,0,0,NULL,NULL,0,0,NULL,NULL,NULL,NULL,'2024-11-27 15:19:52','2021-08-10 14:49:45',NULL,0),
(27890,13,'NetworkEquipment',0,0,'2021-05-01',NULL,0,NULL,0,NULL,NULL,NULL,1789.1000,0.0000,0,0,0,NULL,NULL,0,0,NULL,NULL,NULL,NULL,'2024-11-27 15:19:52','2021-08-10 14:49:45',NULL,0),
(27891,14,'NetworkEquipment',0,0,'2021-05-01',NULL,0,NULL,0,NULL,NULL,NULL,2115.8700,0.0000,0,0,0,NULL,NULL,0,0,NULL,NULL,NULL,NULL,'2024-11-27 15:19:52','2021-08-10 14:49:45',NULL,0),
(27892,15,'NetworkEquipment',0,0,'2021-05-01',NULL,0,NULL,0,NULL,NULL,NULL,1789.1000,0.0000,0,0,0,NULL,NULL,0,0,NULL,NULL,NULL,NULL,'2024-11-27 15:19:52','2021-08-10 14:49:45',NULL,0),
(27893,16,'NetworkEquipment',0,0,'2021-05-01',NULL,0,NULL,0,NULL,NULL,NULL,1789.1000,0.0000,0,0,0,NULL,NULL,0,0,NULL,NULL,NULL,NULL,'2024-11-27 15:19:52','2021-08-10 14:49:45',NULL,0),
(27894,17,'NetworkEquipment',0,0,'2021-05-01',NULL,0,NULL,0,NULL,NULL,NULL,245.3300,0.0000,0,0,0,NULL,NULL,0,0,NULL,NULL,NULL,NULL,'2024-11-27 15:19:52','2021-08-10 14:49:45',NULL,0),
(27895,18,'NetworkEquipment',0,0,'2021-05-01',NULL,0,NULL,0,NULL,NULL,NULL,1789.1000,0.0000,0,0,0,NULL,NULL,0,0,NULL,NULL,NULL,NULL,'2024-11-27 15:19:52','2021-08-10 14:49:45',NULL,0),
(27896,19,'NetworkEquipment',0,0,'2021-05-01',NULL,0,NULL,0,NULL,NULL,NULL,1763.2300,0.0000,0,0,0,NULL,NULL,0,0,NULL,NULL,NULL,NULL,'2024-11-27 15:19:52','2021-08-10 14:49:45',NULL,0),
(27897,20,'NetworkEquipment',0,0,'2021-05-01',NULL,0,NULL,0,NULL,NULL,NULL,1763.2300,0.0000,0,0,0,NULL,NULL,0,0,NULL,NULL,NULL,NULL,'2024-11-27 15:19:52','2021-08-10 14:49:45',NULL,0),
(27898,21,'NetworkEquipment',0,0,'2021-05-01',NULL,0,NULL,0,NULL,NULL,NULL,3812.3900,0.0000,0,0,0,NULL,NULL,0,0,NULL,NULL,NULL,NULL,'2024-11-27 15:19:52','2021-08-10 14:49:45',NULL,0),
(27899,22,'NetworkEquipment',0,0,'2021-05-01',NULL,0,NULL,0,NULL,NULL,NULL,3812.3900,0.0000,0,0,0,NULL,NULL,0,0,NULL,NULL,NULL,NULL,'2024-11-27 15:19:52','2021-08-10 14:49:45',NULL,0),
(27900,23,'NetworkEquipment',0,0,'2021-05-01',NULL,0,NULL,0,NULL,NULL,NULL,2115.8700,0.0000,0,0,0,NULL,NULL,0,0,NULL,NULL,NULL,NULL,'2024-11-27 15:19:52','2021-08-10 14:49:45',NULL,0),
(27901,24,'NetworkEquipment',0,0,'2021-05-01',NULL,0,NULL,0,NULL,NULL,NULL,2115.8700,0.0000,0,0,0,NULL,NULL,0,0,NULL,NULL,NULL,NULL,'2024-11-27 15:19:52','2021-08-10 14:49:45',NULL,0),
(27902,25,'NetworkEquipment',0,0,'2021-05-01',NULL,0,NULL,0,NULL,NULL,NULL,1789.1000,0.0000,0,0,0,NULL,NULL,0,0,NULL,NULL,NULL,NULL,'2024-11-27 15:19:52','2021-08-10 14:49:45',NULL,0),
(27903,26,'NetworkEquipment',0,0,'2021-05-01',NULL,0,NULL,0,NULL,NULL,NULL,2115.8700,0.0000,0,0,0,NULL,NULL,0,0,NULL,NULL,NULL,NULL,'2024-11-27 15:19:52','2021-08-10 14:49:45',NULL,0),
(27941,282,'Item_DeviceSoundCard',0,0,NULL,NULL,0,NULL,0,NULL,NULL,NULL,0.0000,0.0000,0,0,0,NULL,NULL,0,0,NULL,NULL,NULL,NULL,'2021-08-19 20:29:10','2021-08-19 20:29:10',NULL,0),
(28029,58,'PluginGenericobjectCar',0,0,NULL,NULL,0,NULL,0,'50126',NULL,NULL,0.0000,0.0000,0,0,0,NULL,NULL,0,0,'2021-09-20','2022-04-30',NULL,NULL,'2022-01-11 17:45:26','2021-12-09 21:37:48',NULL,0),
(28030,59,'PluginGenericobjectCar',0,0,NULL,NULL,0,NULL,0,'50126',NULL,NULL,0.0000,0.0000,0,0,0,NULL,NULL,0,0,'2021-09-20','2022-04-30',NULL,NULL,'2022-01-11 17:45:26','2021-12-09 21:37:48',NULL,0),
(28031,60,'PluginGenericobjectCar',0,0,NULL,NULL,0,NULL,0,'50126',NULL,NULL,0.0000,0.0000,0,0,0,NULL,NULL,0,0,'2021-09-20','2022-04-30',NULL,NULL,'2022-01-11 17:45:26','2021-12-09 21:37:48',NULL,0),
(28032,61,'PluginGenericobjectCar',0,0,NULL,NULL,0,NULL,0,'50126',NULL,NULL,0.0000,0.0000,0,0,0,NULL,NULL,0,0,'2021-09-20','2022-04-30',NULL,NULL,'2022-01-11 17:45:26','2021-12-09 21:37:48',NULL,0),
(28033,62,'PluginGenericobjectCar',0,0,NULL,NULL,0,NULL,0,'50126',NULL,NULL,0.0000,0.0000,0,0,0,NULL,NULL,0,0,'2021-09-20','2022-04-30',NULL,NULL,'2022-01-11 17:45:26','2021-12-09 21:37:48',NULL,0),
(28155,68,'Monitor',0,0,NULL,NULL,0,NULL,0,NULL,NULL,NULL,0.0000,0.0000,0,0,0,NULL,NULL,0,0,NULL,NULL,NULL,NULL,'2023-05-15 16:06:51','2022-02-07 13:40:08',NULL,0),
(28162,69,'Monitor',5,1,NULL,NULL,0,NULL,0,NULL,NULL,NULL,0.0000,0.0000,0,0,0,NULL,NULL,0,0,NULL,NULL,NULL,NULL,'2025-06-10 21:36:41','2022-02-11 14:10:00',NULL,0),
(28168,7,'SoftwareLicense',0,0,NULL,NULL,0,NULL,0,NULL,NULL,NULL,0.0000,0.0000,0,0,0,NULL,NULL,0,0,NULL,NULL,NULL,NULL,'2022-02-15 15:58:05','2022-02-15 15:58:05',NULL,0),
(28169,8,'SoftwareLicense',0,0,NULL,NULL,0,NULL,0,NULL,NULL,NULL,0.0000,0.0000,0,0,0,NULL,NULL,0,0,NULL,NULL,NULL,NULL,'2022-02-15 16:01:39','2022-02-15 16:01:39',NULL,0),
(28205,1,'Rack',0,0,NULL,NULL,0,NULL,0,NULL,NULL,NULL,0.0000,0.0000,0,0,0,NULL,NULL,0,0,NULL,NULL,NULL,NULL,'2022-03-07 15:02:00','2022-03-07 15:02:00',NULL,0),
(28206,1,'Enclosure',0,0,NULL,NULL,0,NULL,0,NULL,NULL,NULL,0.0000,0.0000,0,0,0,NULL,NULL,0,0,NULL,NULL,NULL,NULL,'2022-03-07 15:09:24','2022-03-07 15:09:24',NULL,0),
(28211,2,'Domain',0,0,NULL,NULL,0,NULL,0,NULL,NULL,NULL,0.0000,0.0000,0,0,0,NULL,NULL,0,0,NULL,NULL,NULL,NULL,'2022-03-12 11:51:58','2022-03-12 11:51:58',NULL,0),
(29765,33825,'Computer',5,1,'2021-07-19',NULL,0,NULL,4,'EOELLE00007','BL123-01',NULL,1210.0000,0.0000,0,0,0,NULL,NULL,1,0,'2021-07-19','2021-07-19',NULL,NULL,'2025-06-10 20:24:38','2022-04-15 12:46:18',NULL,0),
(29766,19339,'Item_DeviceHardDrive',0,0,NULL,NULL,0,NULL,0,NULL,NULL,NULL,0.0000,0.0000,0,0,0,NULL,NULL,0,0,NULL,NULL,NULL,NULL,'2023-12-08 21:22:28','2022-04-15 12:46:18',NULL,0),
(29767,287,'Item_DeviceSoundCard',0,0,NULL,NULL,0,NULL,0,NULL,NULL,NULL,0.0000,0.0000,0,0,0,NULL,NULL,0,0,NULL,NULL,NULL,NULL,'2023-12-08 21:22:28','2022-04-15 12:46:18',NULL,0),
(29892,1,'ConsumableItem',0,0,NULL,NULL,0,NULL,0,NULL,NULL,NULL,0.0000,0.0000,0,0,0,NULL,NULL,0,0,NULL,NULL,NULL,NULL,'2022-04-26 15:06:32','2022-04-26 15:06:32',NULL,0),
(29894,3,'Consumable',0,0,NULL,NULL,0,NULL,0,NULL,NULL,NULL,0.0000,0.0000,0,0,0,NULL,NULL,0,0,NULL,NULL,NULL,NULL,'2022-04-26 15:09:33','2022-04-26 15:09:33',NULL,0),
(29895,1,'PassiveDCEquipment',0,0,NULL,NULL,0,NULL,0,NULL,NULL,NULL,0.0000,0.0000,0,0,0,NULL,NULL,0,0,NULL,NULL,NULL,NULL,'2022-04-26 15:36:07','2022-04-26 15:36:07',NULL,0),
(29896,13,'Cartridge',0,0,NULL,NULL,0,NULL,0,NULL,NULL,NULL,0.0000,0.0000,0,0,0,NULL,NULL,0,0,NULL,NULL,NULL,NULL,'2022-04-29 14:09:45','2022-04-29 14:09:45',NULL,0),
(29897,14,'Cartridge',0,0,NULL,NULL,0,NULL,0,NULL,NULL,NULL,0.0000,0.0000,0,0,0,NULL,NULL,0,0,NULL,NULL,NULL,NULL,'2022-04-29 14:10:58','2022-04-29 14:10:58',NULL,0),
(29898,2,'ConsumableItem',0,1,'2022-05-02',NULL,0,NULL,5,'9903301683',NULL,NULL,54.0000,0.0000,0,0,0,NULL,'400007758',2,0,'2022-05-02','2022-05-04','2022-05-04',NULL,'2024-09-27 18:36:29','2022-05-05 14:30:23',NULL,0),
(30001,3,'ConsumableItem',0,1,NULL,NULL,0,NULL,5,NULL,NULL,NULL,0.0000,0.0000,0,0,0,NULL,NULL,2,0,NULL,NULL,NULL,NULL,'2022-05-05 14:59:52','2022-05-05 14:48:12',NULL,0),
(30002,109,'Consumable',0,0,NULL,NULL,0,NULL,5,NULL,NULL,NULL,0.0000,0.0000,0,0,0,NULL,NULL,2,0,NULL,NULL,NULL,NULL,'2022-05-05 14:48:47','2022-05-05 14:48:47',NULL,0),
(30003,110,'Consumable',0,0,NULL,NULL,0,NULL,5,NULL,NULL,NULL,0.0000,0.0000,0,0,0,NULL,NULL,2,0,NULL,NULL,NULL,NULL,'2022-05-05 14:48:57','2022-05-05 14:48:57',NULL,0),
(30004,111,'Consumable',0,0,NULL,NULL,0,NULL,5,NULL,NULL,NULL,0.0000,0.0000,0,0,0,NULL,NULL,2,0,NULL,NULL,NULL,NULL,'2022-05-05 14:48:57','2022-05-05 14:48:57',NULL,0),
(30005,112,'Consumable',0,0,NULL,NULL,0,NULL,5,NULL,NULL,NULL,0.0000,0.0000,0,0,0,NULL,NULL,2,0,NULL,NULL,NULL,NULL,'2022-05-05 14:48:57','2022-05-05 14:48:57',NULL,0),
(30006,113,'Consumable',0,0,NULL,NULL,0,NULL,5,NULL,NULL,NULL,0.0000,0.0000,0,0,0,NULL,NULL,2,0,NULL,NULL,NULL,NULL,'2022-05-05 14:48:57','2022-05-05 14:48:57',NULL,0),
(30007,114,'Consumable',0,0,NULL,NULL,0,NULL,5,NULL,NULL,NULL,0.0000,0.0000,0,0,0,NULL,NULL,2,0,NULL,NULL,NULL,NULL,'2022-05-05 14:48:57','2022-05-05 14:48:57',NULL,0),
(30008,115,'Consumable',0,0,NULL,NULL,0,NULL,5,NULL,NULL,NULL,0.0000,0.0000,0,0,0,NULL,NULL,2,0,NULL,NULL,NULL,NULL,'2022-05-05 14:48:57','2022-05-05 14:48:57',NULL,0),
(30009,404,'Peripheral',5,0,NULL,NULL,0,NULL,0,NULL,NULL,NULL,0.0000,0.0000,0,0,0,NULL,NULL,0,0,NULL,NULL,NULL,NULL,'2026-03-10 16:23:45','2022-05-05 14:59:08',NULL,0),
(30011,405,'Peripheral',5,0,NULL,NULL,0,NULL,0,NULL,NULL,NULL,0.0000,0.0000,0,0,0,NULL,NULL,0,0,NULL,NULL,NULL,NULL,'2023-04-26 15:03:14','2022-05-06 13:44:54',NULL,0),
(30030,406,'Peripheral',0,0,NULL,NULL,0,NULL,0,NULL,NULL,NULL,0.0000,0.0000,0,0,0,NULL,NULL,0,0,NULL,NULL,NULL,NULL,'2024-03-18 20:47:14','2022-05-13 19:39:21',NULL,0),
(30031,407,'Peripheral',5,0,NULL,NULL,0,NULL,0,NULL,NULL,NULL,0.0000,0.0000,0,0,0,NULL,NULL,0,0,NULL,NULL,NULL,NULL,'2023-04-26 15:03:14','2022-05-13 19:39:21',NULL,0),
(30148,1,'DatabaseInstance',0,0,NULL,NULL,0,NULL,0,NULL,NULL,NULL,0.0000,0.0000,0,0,0,NULL,NULL,0,0,NULL,NULL,NULL,NULL,'2022-06-01 20:50:13','2022-06-01 20:50:13',NULL,0),
(30149,9,'SoftwareLicense',0,0,NULL,NULL,0,NULL,0,NULL,NULL,NULL,0.0000,0.0000,0,0,0,NULL,NULL,0,0,NULL,NULL,NULL,NULL,'2022-06-02 15:20:33','2022-06-02 15:20:33',NULL,0),
(30278,4,'Phone',0,0,'2020-07-21',NULL,0,NULL,1,'TEL20200721001',NULL,NULL,680.0000,0.0000,0,0,0,NULL,NULL,1,4,'2020-07-21','2021-02-16',NULL,NULL,'2024-11-27 15:19:52','2022-08-02 15:01:19',NULL,0),
(30283,5,'Domain',0,0,NULL,NULL,0,NULL,0,NULL,NULL,NULL,0.0000,0.0000,0,0,0,NULL,NULL,0,4,NULL,NULL,NULL,NULL,'2023-03-31 14:12:13','2023-03-31 14:12:13',NULL,0),
(30284,116,'Consumable',0,0,'2022-05-02',NULL,0,NULL,5,'9903301683',NULL,NULL,54.0000,0.0000,0,0,0,NULL,'400007758',2,4,'2022-05-02','2022-05-04','2022-05-04',NULL,'2023-04-26 15:18:12','2023-04-26 15:18:12',NULL,0),
(30285,117,'Consumable',0,0,'2022-05-02',NULL,0,NULL,5,'9903301683',NULL,NULL,54.0000,0.0000,0,0,0,NULL,'400007758',2,4,'2022-05-02','2022-05-04','2022-05-04',NULL,'2023-04-26 15:18:12','2023-04-26 15:18:12',NULL,0),
(30287,119,'Consumable',0,0,'2022-05-02',NULL,0,NULL,5,'9903301683',NULL,NULL,54.0000,0.0000,0,0,0,NULL,'400007758',2,4,'2022-05-02','2022-05-04','2022-05-04',NULL,'2023-04-26 15:18:12','2023-04-26 15:18:12',NULL,0),
(30288,120,'Consumable',0,0,'2022-05-02',NULL,0,NULL,5,'9903301683',NULL,NULL,54.0000,0.0000,0,0,0,NULL,'400007758',2,4,'2022-05-02','2022-05-04','2022-05-04',NULL,'2023-04-26 15:18:12','2023-04-26 15:18:12',NULL,0),
(30289,121,'Consumable',0,0,'2022-05-02',NULL,0,NULL,5,'9903301683',NULL,NULL,54.0000,0.0000,0,0,0,NULL,'400007758',2,4,'2022-05-02','2022-05-04','2022-05-04',NULL,'2023-04-26 15:18:12','2023-04-26 15:18:12',NULL,0),
(30290,122,'Consumable',0,0,'2022-05-02',NULL,0,NULL,5,'9903301683',NULL,NULL,54.0000,0.0000,0,0,0,NULL,'400007758',2,4,'2022-05-02','2022-05-04','2022-05-04',NULL,'2023-04-26 15:18:12','2023-04-26 15:18:12',NULL,0),
(30291,123,'Consumable',0,0,'2022-05-02',NULL,0,NULL,5,'9903301683',NULL,NULL,54.0000,0.0000,0,0,0,NULL,'400007758',2,4,'2022-05-02','2022-05-04','2022-05-04',NULL,'2023-04-26 15:18:12','2023-04-26 15:18:12',NULL,0),
(30292,124,'Consumable',0,0,'2022-05-02',NULL,0,NULL,5,'9903301683',NULL,NULL,54.0000,0.0000,0,0,0,NULL,'400007758',2,4,'2022-05-02','2022-05-04','2022-05-04',NULL,'2023-04-26 15:18:12','2023-04-26 15:18:12',NULL,0),
(30293,125,'Consumable',0,0,'2022-05-02',NULL,0,NULL,5,'9903301683',NULL,NULL,54.0000,0.0000,0,0,0,NULL,'400007758',2,4,'2022-05-02','2022-05-04','2022-05-04',NULL,'2023-04-26 15:18:12','2023-04-26 15:18:12',NULL,0),
(30294,126,'Consumable',0,0,'2022-05-02',NULL,0,NULL,5,'9903301683',NULL,NULL,54.0000,0.0000,0,0,0,NULL,'400007758',2,4,'2022-05-02','2022-05-04','2022-05-04',NULL,'2023-04-26 15:18:12','2023-04-26 15:18:12',NULL,0),
(30295,127,'Consumable',0,0,'2022-05-02',NULL,0,NULL,5,'9903301683',NULL,NULL,54.0000,0.0000,0,0,0,NULL,'400007758',2,4,'2022-05-02','2022-05-04','2022-05-04',NULL,'2023-04-26 15:18:12','2023-04-26 15:18:12',NULL,0),
(30296,128,'Consumable',0,0,'2022-05-02',NULL,0,NULL,5,'9903301683',NULL,NULL,54.0000,0.0000,0,0,0,NULL,'400007758',2,4,'2022-05-02','2022-05-04','2022-05-04',NULL,'2023-04-26 15:18:12','2023-04-26 15:18:12',NULL,0),
(30297,129,'Consumable',0,0,'2022-05-02',NULL,0,NULL,5,'9903301683',NULL,NULL,54.0000,0.0000,0,0,0,NULL,'400007758',2,4,'2022-05-02','2022-05-04','2022-05-04',NULL,'2023-04-26 15:18:12','2023-04-26 15:18:12',NULL,0),
(30298,130,'Consumable',0,0,'2022-05-02',NULL,0,NULL,5,'9903301683',NULL,NULL,54.0000,0.0000,0,0,0,NULL,'400007758',2,4,'2022-05-02','2022-05-04','2022-05-04',NULL,'2023-04-26 15:18:12','2023-04-26 15:18:12',NULL,0),
(30300,11,'SoftwareLicense',5,0,NULL,NULL,0,NULL,0,NULL,NULL,NULL,0.0000,0.0000,0,0,0,NULL,NULL,0,4,NULL,NULL,NULL,NULL,'2023-09-07 13:25:38','2023-09-07 13:25:38',NULL,0),
(30302,1,'Item_DeviceSimcard',0,0,NULL,NULL,0,NULL,0,NULL,NULL,NULL,0.0000,0.0000,0,0,0,NULL,NULL,0,4,NULL,NULL,NULL,NULL,'2026-02-10 22:35:06','2026-02-10 22:35:06',NULL,0);

--
-- Table structure for table `glpi_interfacetypes`
--

CREATE TABLE `glpi_interfacetypes` (
  `id` int(10) unsigned NOT NULL AUTO_INCREMENT,
  `name` varchar(255) DEFAULT NULL,
  `comment` mediumtext DEFAULT NULL,
  `date_mod` timestamp NULL DEFAULT NULL,
  `date_creation` timestamp NULL DEFAULT NULL,
  PRIMARY KEY (`id`),
  KEY `name` (`name`),
  KEY `date_mod` (`date_mod`),
  KEY `date_creation` (`date_creation`)
) ENGINE=InnoDB AUTO_INCREMENT=559 DEFAULT CHARSET=utf8mb4 COLLATE=utf8mb4_unicode_ci;

--
-- Dumping data for table `glpi_interfacetypes`
--

INSERT INTO `glpi_interfacetypes` VALUES
(1,'IDE',NULL,NULL,NULL),
(2,'SATA',NULL,NULL,NULL),
(3,'SCSI',NULL,NULL,NULL),
(4,'USB',NULL,NULL,NULL),
(5,'AGP','',NULL,NULL),
(6,'PCI','',NULL,NULL),
(7,'PCIe','',NULL,NULL),
(8,'PCI-X','',NULL,NULL),
(89,'Standard NVM Express Controller','','2022-05-13 19:39:21','2022-05-13 19:39:21'),
(90,'Intel(R) USB 3.0 eXtensible Host Controller - 1.0 (Microsoft)','','2022-05-13 19:39:21','2022-05-13 19:39:21'),
(91,'Mobile 6th/7th Generation Intel(R) Processor Family I/O PCI Express Root Port #11 - 9D1A','','2022-05-13 19:39:21','2022-05-13 19:39:21'),
(92,'Synaptics SMBus Driver','','2022-05-13 19:39:21','2022-05-13 19:39:21'),
(93,'Mobile 6th/7th Generation Intel(R) Processor Family I/O PCI Express Root Port #7 - 9D16','','2022-05-13 19:39:21','2022-05-13 19:39:21'),
(94,'Intel(R) Dual Band Wireless-AC 8265','','2022-05-13 19:39:21','2022-05-13 19:39:21'),
(95,'Mobile 6th/7th Generation Intel(R) Processor Family I/O Thermal subsystem - 9D31','','2022-05-13 19:39:21','2022-05-13 19:39:21'),
(96,'Intel(R) HD Graphics 620','','2022-05-13 19:39:21','2022-05-13 19:39:21'),
(97,'Intel(R) Ethernet Connection (4) I219-V','','2022-05-13 19:39:21','2022-05-13 19:39:21'),
(98,'Intel(R) Management Engine Interface','','2022-05-13 19:39:21','2022-05-13 19:39:21'),
(99,'Mobile 6th/7th Generation Intel(R) Processor Family I/O PCI Express Root Port #1 - 9D10','','2022-05-13 19:39:21','2022-05-13 19:39:21'),
(100,'Mobile 6th/7th Generation Intel(R) Processor Family I/O PCI Express Root Port #9 - 9D18','','2022-05-13 19:39:21','2022-05-13 19:39:21'),
(101,'Mobile 7th Generation Intel(R) Processor Family I/O LPC Controller (U Premium) - 9D58','','2022-05-13 19:39:21','2022-05-13 19:39:21'),
(102,'Intel(R) Xeon(R) E3 - 1200 v6/7th Gen Intel(R) Core(TM) Host Bridge/DRAM Registers - 5904','','2022-05-13 19:39:21','2022-05-13 19:39:21'),
(103,'Mobile 6th/7th Generation Intel(R) Processor Family I/O PMC - 9D21','','2022-05-13 19:39:21','2022-05-13 19:39:21'),
(104,'High Definition Audio Controller','','2022-05-13 19:39:21','2022-05-13 19:39:21'),
(499,'Host bridge','','2022-06-28 20:59:52','2022-06-28 20:59:52'),
(500,'ISA bridge','','2022-06-28 20:59:52','2022-06-28 20:59:52'),
(501,'IDE interface','','2022-06-28 20:59:52','2022-06-28 20:59:52'),
(502,'USB controller','','2022-06-28 20:59:52','2022-06-28 20:59:52'),
(503,'Bridge','','2022-06-28 20:59:52','2022-06-28 20:59:52'),
(504,'VGA compatible controller','','2022-06-28 20:59:52','2022-06-28 20:59:52'),
(505,'Ethernet controller','','2022-06-28 20:59:52','2022-06-28 20:59:52'),
(506,'SCSI storage controller','','2022-06-28 20:59:52','2022-06-28 20:59:52'),
(507,'Communication controller','','2022-06-28 20:59:52','2022-06-28 20:59:52'),
(508,'Unclassified device','','2022-06-28 20:59:52','2022-06-28 20:59:52'),
(509,'BayHubTech Integrated MMC/SD controller','','2022-06-29 12:29:42','2022-06-29 12:29:42'),
(510,'Contrôleur hôte Intel(R) USB 3.1 eXtensible - 1.10 (Microsoft)','','2022-06-29 12:29:42','2022-06-29 12:29:42'),
(511,'Intel(R) Dynamic Tuning Processor Participant','','2022-06-29 12:29:42','2022-06-29 12:29:42'),
(512,'Intel(R) PCI Express Root Port #13 - 02B4','','2022-06-29 12:29:42','2022-06-29 12:29:42'),
(513,'Intel(R) Shared SRAM - 02EF','','2022-06-29 12:29:42','2022-06-29 12:29:42'),
(514,'Intel(R) SPI (flash) Controller - 02A4','','2022-06-29 12:29:42','2022-06-29 12:29:42'),
(515,'Intel(R) PCI Express Root Port #10 - 02B1','','2022-06-29 12:29:42','2022-06-29 12:29:42'),
(516,'Intel(R) Management Engine Interface #1','','2022-06-29 12:29:42','2022-06-29 12:29:42'),
(517,'Intel(R) UHD Graphics','','2022-06-29 12:29:42','2022-06-29 12:29:42'),
(518,'Intel(R) Serial IO I2C Host Controller - 02E8','','2022-06-29 12:29:42','2022-06-29 12:29:42'),
(519,'Intel(R) Gaussian Mixture Model - 1911','','2022-06-29 12:29:42','2022-06-29 12:29:42'),
(520,'Intel(R) Thermal Subsytem - 02F9','','2022-06-29 12:29:42','2022-06-29 12:29:42'),
(521,'Intel(R) Host Bridge/DRAM Registers - 9B61','','2022-06-29 12:29:42','2022-06-29 12:29:42'),
(522,'I/O LPC Controller - 0284 for Intel(R) On-Package Platform Controller Hub','','2022-06-29 12:29:42','2022-06-29 12:29:42'),
(523,'Intel(R) PCI Express Root Port #12 - 02B3','','2022-06-29 12:29:42','2022-06-29 12:29:42'),
(524,'Contrôleur audio de la technologie Intel(R) Smart Sound','','2022-06-29 12:29:42','2022-06-29 12:29:42'),
(525,'Intel(R) Wi-Fi 6 AX200 160MHz','','2022-06-29 12:29:42','2022-06-29 12:29:42'),
(526,'Intel(R) XMM7360-P WWAN','','2022-06-29 12:29:42','2022-06-29 12:29:42'),
(527,'Intel(R) PCI Express Root Port #11 - 02B2','','2022-06-29 12:29:42','2022-06-29 12:29:42'),
(528,'Intel(R) Ethernet Connection (10) I219-V','','2022-06-29 12:29:42','2022-06-29 12:29:42'),
(529,'Intel(R) Serial IO I2C Host Controller - 02EA','','2022-06-29 12:29:42','2022-06-29 12:29:42'),
(530,'Intel(R) PCI Express Root Port #9 - 02B0','','2022-06-29 12:29:42','2022-06-29 12:29:42'),
(531,'Intel(R) USB 3.1 eXtensible Host Controller - 1.10 (Microsoft)','','2022-06-30 19:53:16','2022-06-30 19:53:16'),
(532,'PCI-to-PCI Bridge','','2022-06-30 19:53:16','2022-06-30 19:53:16'),
(533,'Intel(R) 82371AB/EB PCI Bus Master IDE Controller','','2022-07-19 18:01:40','2022-07-19 18:01:40'),
(534,'Standard SATA AHCI Controller','','2022-07-19 18:01:40','2022-07-19 18:01:40'),
(535,'VirtualBox Graphics Adapter (WDDM)','','2022-07-19 18:01:40','2022-07-19 18:01:40'),
(536,'Intel(R) PRO/1000 MT Desktop Adapter','','2022-07-19 18:01:40','2022-07-19 18:01:40'),
(537,'PCI to ISA Bridge','','2022-07-19 18:01:40','2022-07-19 18:01:40'),
(538,'VirtualBox Guest Device','','2022-07-19 18:01:40','2022-07-19 18:01:40'),
(539,'CPU to PCI Bridge','','2022-07-19 18:01:40','2022-07-19 18:01:40'),
(540,'UNKNOWN','','2022-07-19 18:01:40','2022-07-19 18:01:40'),
(552,'Intel(R) NVMe Controller','','2023-02-22 13:08:16','2023-02-22 13:08:16'),
(553,'Intel(R) Host Bridge/DRAM Registers - 5904','','2023-07-12 13:44:00','2023-07-12 13:44:00'),
(554,'Mobile 6th/7th Generation Intel(R) Processor Family I/O PCI Express Root Port #3 - 9D12','','2023-07-12 13:44:00','2023-07-12 13:44:00'),
(555,'Intel(R) Xeon(R) E3 - 1200/1500 v5/6th Gen Intel(R) Core(TM) Gaussian Mixture Model - 1911','','2023-07-12 13:44:00','2023-07-12 13:44:00'),
(556,'Mobile 6th/7th Generation Intel(R) Processor Family I/O PCI Express Root Port #5 - 9D14','','2023-07-12 13:44:00','2023-07-12 13:44:00'),
(557,'Realtek PCIE CardReader','','2023-07-12 13:44:00','2023-07-12 13:44:00'),
(558,'NVME','','2023-07-12 13:44:00','2023-07-12 13:44:00');

--
-- Table structure for table `glpi_ipaddresses`
--

CREATE TABLE `glpi_ipaddresses` (
  `id` int(10) unsigned NOT NULL AUTO_INCREMENT,
  `entities_id` int(10) unsigned NOT NULL DEFAULT 0,
  `items_id` int(10) unsigned NOT NULL DEFAULT 0,
  `itemtype` varchar(100) NOT NULL,
  `version` tinyint(3) unsigned DEFAULT 0,
  `name` varchar(255) DEFAULT NULL,
  `binary_0` int(10) unsigned NOT NULL DEFAULT 0,
  `binary_1` int(10) unsigned NOT NULL DEFAULT 0,
  `binary_2` int(10) unsigned NOT NULL DEFAULT 0,
  `binary_3` int(10) unsigned NOT NULL DEFAULT 0,
  `is_deleted` tinyint(1) NOT NULL DEFAULT 0,
  `is_dynamic` tinyint(1) NOT NULL DEFAULT 0,
  `mainitems_id` int(10) unsigned NOT NULL DEFAULT 0,
  `mainitemtype` varchar(255) DEFAULT NULL,
  PRIMARY KEY (`id`),
  KEY `entities_id` (`entities_id`),
  KEY `binary` (`binary_0`,`binary_1`,`binary_2`,`binary_3`),
  KEY `is_deleted` (`is_deleted`),
  KEY `is_dynamic` (`is_dynamic`),
  KEY `item` (`itemtype`,`items_id`,`is_deleted`),
  KEY `mainitem` (`mainitemtype`,`mainitems_id`,`is_deleted`),
  KEY `name` (`name`)
) ENGINE=InnoDB AUTO_INCREMENT=6225 DEFAULT CHARSET=utf8mb4 COLLATE=utf8mb4_unicode_ci;

--
-- Dumping data for table `glpi_ipaddresses`
--

INSERT INTO `glpi_ipaddresses` VALUES
(337,8,330,'NetworkName',4,'192.168.1.120',0,0,65535,3232235896,0,1,10044,'Computer'),
(338,8,331,'NetworkName',4,'192.168.10.102',0,0,65535,3232238182,0,1,10044,'Computer'),
(339,8,332,'NetworkName',4,'192.168.10.102',0,0,65535,3232238182,0,1,10044,'Computer'),
(340,8,333,'NetworkName',4,'192.168.10.102',0,0,65535,3232238182,0,1,10044,'Computer'),
(341,8,334,'NetworkName',4,'192.168.10.102',0,0,65535,3232238182,0,1,10044,'Computer'),
(342,8,335,'NetworkName',4,'192.168.10.102',0,0,65535,3232238182,0,1,10044,'Computer'),
(343,8,336,'NetworkName',4,'192.168.10.102',0,0,65535,3232238182,0,1,10044,'Computer'),
(344,8,337,'NetworkName',4,'192.168.1.109',0,0,65535,3232235885,0,1,0,NULL),
(351,8,344,'NetworkName',6,'2001:0:9d38:6abd:3027:1be5:b5c6:c64',536936448,2637720253,807869413,3049655396,0,1,0,NULL),
(358,8,351,'NetworkName',4,'10.10.10.1',0,0,65535,168430081,0,1,10046,'Computer'),
(359,8,352,'NetworkName',4,'192.168.0.49',0,0,65535,3232235569,0,1,10046,'Computer'),
(682,8,329,'NetworkName',0,'',0,0,0,0,0,1,0,NULL),
(683,8,338,'NetworkName',0,'',0,0,0,0,0,1,0,NULL),
(684,8,339,'NetworkName',0,'',0,0,0,0,0,1,0,NULL),
(685,8,340,'NetworkName',0,'',0,0,0,0,0,1,0,NULL),
(686,8,341,'NetworkName',0,'',0,0,0,0,0,1,0,NULL),
(687,8,342,'NetworkName',0,'',0,0,0,0,0,1,0,NULL),
(688,8,343,'NetworkName',0,'',0,0,0,0,0,1,0,NULL),
(689,8,345,'NetworkName',0,'',0,0,0,0,0,1,0,NULL),
(690,8,346,'NetworkName',0,'',0,0,0,0,0,1,0,NULL),
(691,8,347,'NetworkName',0,'',0,0,0,0,0,1,0,NULL),
(692,8,348,'NetworkName',0,'',0,0,0,0,0,1,0,NULL),
(693,8,349,'NetworkName',0,'',0,0,0,0,0,1,0,NULL),
(694,8,350,'NetworkName',0,'',0,0,0,0,0,1,0,NULL),
(717,5,370,'NetworkName',4,'192.168.1.244',0,0,65535,3232236020,0,0,285,'Printer'),
(736,0,382,'NetworkName',4,'192.168.1.104',0,0,65535,3232235880,0,1,10039,'Computer'),
(737,0,382,'NetworkName',6,'fe80::1cb8:f701:e855:1a08',4269801472,0,481883905,3897891336,0,1,10039,'Computer'),
(741,0,386,'NetworkName',6,'fe80::71d6:58a3:a39e:d6cf',4269801472,0,1909872803,2745095887,0,1,10039,'Computer'),
(750,0,378,'NetworkName',4,'172.31.0.22',0,0,65535,2887712790,0,1,10039,'Computer'),
(751,0,378,'NetworkName',6,'fe80::a995:5ac6:978b:f300',4269801472,0,2845137606,2542531328,0,1,10039,'Computer'),
(752,0,386,'NetworkName',4,'192.168.0.176',0,0,65535,3232235696,0,1,10039,'Computer'),
(753,0,391,'NetworkName',4,'192.168.56.1',0,0,65535,3232249857,0,1,10039,'Computer'),
(754,0,391,'NetworkName',6,'fe80::d966:66b2:7f2b:8428',4269801472,0,3647366834,2133558312,0,1,10039,'Computer'),
(755,0,395,'NetworkName',4,'192.168.56.1',0,0,65535,3232249857,0,1,7,'Computer'),
(756,0,395,'NetworkName',6,'fe80::d966:66b2:7f2b:8428',4269801472,0,3647366834,2133558312,0,1,7,'Computer'),
(757,0,396,'NetworkName',4,'192.168.0.176',0,0,65535,3232235696,0,1,7,'Computer'),
(758,0,396,'NetworkName',6,'fe80::71d6:58a3:a39e:d6cf',4269801472,0,1909872803,2745095887,0,1,7,'Computer'),
(1056,0,437,'NetworkName',4,'192.168.1.128',0,0,65535,3232235904,0,1,33871,'Computer'),
(1628,0,560,'NetworkName',4,'192.168.1.93',0,0,65535,3232235869,0,1,1,'Unmanaged'),
(1629,5,561,'NetworkName',4,'192.168.1.103',0,0,65535,3232235879,0,1,53,'NetworkEquipment'),
(1630,5,562,'NetworkName',4,'192.168.1.156',0,0,65535,3232235932,0,1,54,'NetworkEquipment'),
(1631,5,563,'NetworkName',4,'192.168.1.197',0,0,65535,3232235973,0,1,55,'NetworkEquipment'),
(1632,5,564,'NetworkName',4,'192.168.1.217',0,0,65535,3232235993,0,1,56,'NetworkEquipment'),
(1648,5,578,'NetworkName',4,'192.168.1.165',0,0,65535,3232235941,0,1,57,'NetworkEquipment'),
(1652,0,580,'NetworkName',4,'192.168.1.73',0,0,65535,3232235849,0,1,8,'Unmanaged'),
(1653,5,581,'NetworkName',4,'192.168.1.244',0,0,65535,3232236020,0,1,285,'Printer'),
(1654,5,582,'NetworkName',4,'192.168.223.1',0,0,65535,3232292609,0,1,285,'Printer'),
(1667,0,583,'NetworkName',4,'192.168.1.103',0,0,65535,3232235879,0,1,9,'Unmanaged'),
(1728,0,629,'NetworkName',4,'192.168.1.76',0,0,65535,3232235852,0,1,10,'Unmanaged'),
(1729,0,630,'NetworkName',4,'192.168.1.189',0,0,65535,3232235965,0,1,11,'Unmanaged'),
(1766,0,653,'NetworkName',4,'192.168.1.156',0,0,65535,3232235932,0,1,12,'Unmanaged'),
(1767,0,654,'NetworkName',4,'192.168.1.165',0,0,65535,3232235941,0,1,13,'Unmanaged'),
(1768,0,655,'NetworkName',4,'192.168.1.217',0,0,65535,3232235993,0,1,14,'Unmanaged'),
(1771,0,656,'NetworkName',4,'192.168.1.197',0,0,65535,3232235973,0,1,15,'Unmanaged'),
(1807,0,660,'NetworkName',4,'192.168.1.114',0,0,65535,3232235890,0,1,16,'Unmanaged'),
(1819,0,663,'NetworkName',4,'192.168.1.148',0,0,65535,3232235924,0,1,17,'Unmanaged'),
(2158,0,719,'NetworkName',4,'192.168.1.104',0,0,65535,3232235880,0,1,18,'Unmanaged'),
(2161,0,720,'NetworkName',4,'192.168.1.127',0,0,65535,3232235903,0,1,19,'Unmanaged'),
(2162,0,721,'NetworkName',4,'192.168.1.127',0,0,65535,3232235903,0,1,20,'Unmanaged'),
(2203,0,746,'NetworkName',0,'',0,0,0,0,0,1,0,NULL),
(2204,0,747,'NetworkName',0,'',0,0,0,0,0,1,0,NULL),
(2205,0,748,'NetworkName',0,'',0,0,0,0,0,1,0,NULL),
(2206,0,749,'NetworkName',0,'',0,0,0,0,0,1,0,NULL),
(2207,0,750,'NetworkName',0,'',0,0,0,0,0,1,0,NULL),
(2208,0,751,'NetworkName',0,'',0,0,0,0,0,1,0,NULL),
(2209,0,752,'NetworkName',0,'',0,0,0,0,0,1,0,NULL),
(2210,0,753,'NetworkName',0,'',0,0,0,0,0,1,0,NULL),
(2211,0,754,'NetworkName',0,'',0,0,0,0,0,1,0,NULL),
(2212,0,755,'NetworkName',0,'',0,0,0,0,0,1,0,NULL),
(2213,0,756,'NetworkName',0,'',0,0,0,0,0,1,0,NULL),
(2214,0,757,'NetworkName',0,'',0,0,0,0,0,1,0,NULL),
(2215,0,758,'NetworkName',0,'',0,0,0,0,0,1,0,NULL),
(2216,0,759,'NetworkName',0,'',0,0,0,0,0,1,0,NULL),
(2217,0,760,'NetworkName',0,'',0,0,0,0,0,1,0,NULL),
(2218,0,761,'NetworkName',0,'',0,0,0,0,0,1,0,NULL),
(2219,0,762,'NetworkName',0,'',0,0,0,0,0,1,0,NULL),
(2220,0,763,'NetworkName',0,'',0,0,0,0,0,1,0,NULL),
(2221,0,764,'NetworkName',0,'',0,0,0,0,0,1,0,NULL),
(2222,0,765,'NetworkName',0,'',0,0,0,0,0,1,0,NULL),
(2223,0,766,'NetworkName',4,'192.168.1.64',0,0,65535,3232235840,0,0,0,NULL),
(2224,0,766,'NetworkName',4,'192.168.1.64',0,0,65535,3232235840,0,0,0,NULL),
(2225,0,767,'NetworkName',4,'192.168.1.64',0,0,65535,3232235840,0,0,0,NULL),
(2226,0,768,'NetworkName',0,'',0,0,0,0,0,1,0,NULL),
(2227,0,769,'NetworkName',0,'',0,0,0,0,0,1,0,NULL),
(2228,0,770,'NetworkName',0,'',0,0,0,0,0,1,0,NULL),
(2229,0,771,'NetworkName',0,'',0,0,0,0,0,1,0,NULL),
(2230,0,772,'NetworkName',0,'',0,0,0,0,0,1,0,NULL),
(2231,0,773,'NetworkName',4,'192.168.56.1',0,0,65535,3232249857,0,0,0,NULL),
(2232,0,774,'NetworkName',0,'',0,0,0,0,0,1,0,NULL),
(2233,0,775,'NetworkName',0,'',0,0,0,0,0,1,0,NULL),
(2234,0,776,'NetworkName',0,'',0,0,0,0,0,1,0,NULL),
(2235,0,777,'NetworkName',0,'',0,0,0,0,0,1,0,NULL),
(2236,0,778,'NetworkName',0,'',0,0,0,0,0,1,0,NULL),
(2237,0,779,'NetworkName',0,'',0,0,0,0,0,1,0,NULL),
(2238,0,780,'NetworkName',0,'',0,0,0,0,0,1,0,NULL),
(2239,0,781,'NetworkName',0,'',0,0,0,0,0,1,0,NULL),
(2240,0,782,'NetworkName',0,'',0,0,0,0,0,1,0,NULL),
(2241,0,783,'NetworkName',0,'',0,0,0,0,0,1,0,NULL),
(2242,0,784,'NetworkName',0,'',0,0,0,0,0,1,0,NULL),
(2243,0,785,'NetworkName',0,'',0,0,0,0,0,1,0,NULL),
(2244,0,786,'NetworkName',0,'',0,0,0,0,0,1,0,NULL),
(2245,0,787,'NetworkName',0,'',0,0,0,0,0,1,0,NULL),
(2246,0,788,'NetworkName',0,'',0,0,0,0,0,1,0,NULL),
(2247,0,789,'NetworkName',0,'',0,0,0,0,0,1,0,NULL),
(2248,0,790,'NetworkName',0,'',0,0,0,0,0,1,0,NULL),
(2249,0,791,'NetworkName',0,'',0,0,0,0,0,1,0,NULL),
(2250,0,792,'NetworkName',0,'',0,0,0,0,0,1,0,NULL),
(2251,0,793,'NetworkName',0,'',0,0,0,0,0,1,0,NULL),
(2252,0,794,'NetworkName',0,'',0,0,0,0,0,1,0,NULL),
(2253,0,795,'NetworkName',0,'',0,0,0,0,0,1,0,NULL),
(2254,0,796,'NetworkName',0,'',0,0,0,0,0,1,0,NULL),
(2255,0,797,'NetworkName',0,'',0,0,0,0,0,1,0,NULL),
(2256,0,798,'NetworkName',0,'',0,0,0,0,0,1,0,NULL),
(2257,0,799,'NetworkName',0,'',0,0,0,0,0,1,0,NULL),
(2258,0,800,'NetworkName',0,'',0,0,0,0,0,1,0,NULL),
(2259,0,801,'NetworkName',0,'',0,0,0,0,0,1,0,NULL),
(2260,0,802,'NetworkName',0,'',0,0,0,0,0,1,0,NULL),
(2261,0,803,'NetworkName',0,'',0,0,0,0,0,1,0,NULL),
(2262,0,804,'NetworkName',0,'',0,0,0,0,0,1,0,NULL),
(2263,0,805,'NetworkName',0,'',0,0,0,0,0,1,0,NULL),
(2264,0,806,'NetworkName',0,'',0,0,0,0,0,1,0,NULL),
(2265,0,807,'NetworkName',0,'',0,0,0,0,0,1,0,NULL),
(2266,0,808,'NetworkName',0,'',0,0,0,0,0,1,0,NULL),
(2267,0,809,'NetworkName',4,'192.168.56.1',0,0,65535,3232249857,0,0,0,NULL),
(2268,0,810,'NetworkName',0,'',0,0,0,0,0,1,0,NULL),
(2269,0,811,'NetworkName',0,'',0,0,0,0,0,1,0,NULL),
(2270,0,812,'NetworkName',0,'',0,0,0,0,0,1,0,NULL),
(2271,0,813,'NetworkName',0,'',0,0,0,0,0,1,0,NULL),
(2272,0,814,'NetworkName',0,'',0,0,0,0,0,1,0,NULL),
(2273,0,815,'NetworkName',0,'',0,0,0,0,0,1,0,NULL),
(2274,0,816,'NetworkName',0,'',0,0,0,0,0,1,0,NULL),
(2275,0,817,'NetworkName',4,'172.20.10.2',0,0,65535,2886994434,0,0,0,NULL),
(2276,0,817,'NetworkName',4,'172.20.10.2',0,0,65535,2886994434,0,0,0,NULL),
(2277,0,818,'NetworkName',4,'172.20.10.2',0,0,65535,2886994434,0,0,0,NULL),
(2278,0,819,'NetworkName',0,'',0,0,0,0,0,1,0,NULL),
(2279,0,820,'NetworkName',0,'',0,0,0,0,0,1,0,NULL),
(2280,0,821,'NetworkName',0,'',0,0,0,0,0,1,0,NULL),
(2281,0,822,'NetworkName',0,'',0,0,0,0,0,1,0,NULL),
(2282,0,823,'NetworkName',0,'',0,0,0,0,0,1,0,NULL),
(2283,0,824,'NetworkName',0,'',0,0,0,0,0,1,0,NULL),
(2284,0,825,'NetworkName',0,'',0,0,0,0,0,1,0,NULL),
(2285,0,826,'NetworkName',0,'',0,0,0,0,0,1,0,NULL),
(2286,0,827,'NetworkName',0,'',0,0,0,0,0,1,0,NULL),
(2287,0,828,'NetworkName',0,'',0,0,0,0,0,1,0,NULL),
(2288,0,829,'NetworkName',0,'',0,0,0,0,0,1,0,NULL),
(2289,0,830,'NetworkName',0,'',0,0,0,0,0,1,0,NULL),
(2290,0,831,'NetworkName',0,'',0,0,0,0,0,1,0,NULL),
(2291,0,832,'NetworkName',0,'',0,0,0,0,0,1,0,NULL),
(2292,0,833,'NetworkName',0,'',0,0,0,0,0,1,0,NULL),
(2293,0,834,'NetworkName',0,'',0,0,0,0,0,1,0,NULL),
(2294,0,835,'NetworkName',0,'',0,0,0,0,0,1,0,NULL),
(2295,0,836,'NetworkName',0,'',0,0,0,0,0,1,0,NULL),
(2296,0,837,'NetworkName',0,'',0,0,0,0,0,1,0,NULL),
(2297,0,838,'NetworkName',0,'',0,0,0,0,0,1,0,NULL),
(2298,0,839,'NetworkName',0,'',0,0,0,0,0,1,0,NULL),
(2299,0,840,'NetworkName',0,'',0,0,0,0,0,1,0,NULL),
(2300,0,841,'NetworkName',4,'192.168.86.14',0,0,65535,3232257550,0,0,0,NULL),
(2301,0,841,'NetworkName',4,'192.168.86.14',0,0,65535,3232257550,0,0,0,NULL),
(2302,0,842,'NetworkName',4,'192.168.86.14',0,0,65535,3232257550,0,0,0,NULL),
(2303,0,843,'NetworkName',0,'',0,0,0,0,0,1,0,NULL),
(2304,0,844,'NetworkName',0,'',0,0,0,0,0,1,0,NULL),
(2305,0,845,'NetworkName',0,'',0,0,0,0,0,1,0,NULL),
(2306,0,846,'NetworkName',0,'',0,0,0,0,0,1,0,NULL),
(2307,0,847,'NetworkName',0,'',0,0,0,0,0,1,0,NULL),
(2308,0,848,'NetworkName',0,'',0,0,0,0,0,1,0,NULL),
(2309,0,849,'NetworkName',4,'192.168.2.192',0,0,65535,3232236224,0,0,0,NULL),
(2310,0,850,'NetworkName',0,'',0,0,0,0,0,1,0,NULL),
(2311,0,851,'NetworkName',4,'192.168.254.152',0,0,65535,3232300696,0,0,0,NULL),
(2312,0,852,'NetworkName',4,'192.168.254.152',0,0,65535,3232300696,0,0,0,NULL),
(2313,0,853,'NetworkName',4,'192.168.254.152',0,0,65535,3232300696,0,0,0,NULL),
(2314,0,854,'NetworkName',4,'192.168.254.152',0,0,65535,3232300696,0,0,0,NULL),
(2315,0,855,'NetworkName',4,'192.168.254.152',0,0,65535,3232300696,0,0,0,NULL),
(2316,0,856,'NetworkName',0,'',0,0,0,0,0,1,0,NULL),
(2317,0,857,'NetworkName',0,'',0,0,0,0,0,1,0,NULL),
(2318,0,858,'NetworkName',0,'',0,0,0,0,0,1,0,NULL),
(2319,0,859,'NetworkName',0,'',0,0,0,0,0,1,0,NULL),
(2320,0,860,'NetworkName',4,'192.168.254.152',0,0,65535,3232300696,0,0,0,NULL),
(2321,0,861,'NetworkName',0,'',0,0,0,0,0,1,0,NULL),
(2322,0,862,'NetworkName',0,'',0,0,0,0,0,1,0,NULL),
(2323,0,863,'NetworkName',0,'',0,0,0,0,0,1,0,NULL),
(2324,0,864,'NetworkName',0,'',0,0,0,0,0,1,0,NULL),
(2325,0,865,'NetworkName',0,'',0,0,0,0,0,1,0,NULL),
(2326,0,866,'NetworkName',4,'192.168.2.185',0,0,65535,3232236217,0,0,0,NULL),
(2327,0,867,'NetworkName',0,'',0,0,0,0,0,1,0,NULL),
(2328,0,868,'NetworkName',0,'',0,0,0,0,0,1,0,NULL),
(2329,0,869,'NetworkName',4,'192.168.254.180',0,0,65535,3232300724,0,0,0,NULL),
(2330,0,870,'NetworkName',4,'192.168.254.180',0,0,65535,3232300724,0,0,0,NULL),
(2331,0,871,'NetworkName',4,'192.168.254.180',0,0,65535,3232300724,0,0,0,NULL),
(2332,0,872,'NetworkName',4,'192.168.254.180',0,0,65535,3232300724,0,0,0,NULL),
(2333,0,873,'NetworkName',4,'192.168.254.180',0,0,65535,3232300724,0,0,0,NULL),
(2334,0,874,'NetworkName',0,'',0,0,0,0,0,1,0,NULL),
(2335,0,875,'NetworkName',0,'',0,0,0,0,0,1,0,NULL),
(2336,0,876,'NetworkName',0,'',0,0,0,0,0,1,0,NULL),
(2337,0,877,'NetworkName',0,'',0,0,0,0,0,1,0,NULL),
(2338,0,878,'NetworkName',4,'192.168.254.180',0,0,65535,3232300724,0,0,0,NULL),
(2339,0,879,'NetworkName',0,'',0,0,0,0,0,1,0,NULL),
(2340,0,880,'NetworkName',0,'',0,0,0,0,0,1,0,NULL),
(2341,0,881,'NetworkName',0,'',0,0,0,0,0,1,0,NULL),
(2342,0,882,'NetworkName',0,'',0,0,0,0,0,1,0,NULL),
(2343,0,883,'NetworkName',0,'',0,0,0,0,0,1,0,NULL),
(2344,0,884,'NetworkName',0,'',0,0,0,0,0,1,0,NULL),
(2345,0,885,'NetworkName',0,'',0,0,0,0,0,1,0,NULL),
(2346,0,886,'NetworkName',0,'',0,0,0,0,0,1,0,NULL),
(2347,0,887,'NetworkName',0,'',0,0,0,0,0,1,0,NULL),
(2348,0,888,'NetworkName',0,'',0,0,0,0,0,1,0,NULL),
(2349,0,889,'NetworkName',0,'',0,0,0,0,0,1,0,NULL),
(2350,0,890,'NetworkName',0,'',0,0,0,0,0,1,0,NULL),
(2351,0,891,'NetworkName',0,'',0,0,0,0,0,1,0,NULL),
(2352,0,892,'NetworkName',0,'',0,0,0,0,0,1,0,NULL),
(2353,0,893,'NetworkName',0,'',0,0,0,0,0,1,0,NULL),
(2354,0,894,'NetworkName',0,'',0,0,0,0,0,1,0,NULL),
(2355,0,895,'NetworkName',0,'',0,0,0,0,0,1,0,NULL),
(2356,0,896,'NetworkName',0,'',0,0,0,0,0,1,0,NULL),
(2357,0,897,'NetworkName',4,'192.168.40.55',0,0,65535,3232245815,0,0,0,NULL),
(2358,0,897,'NetworkName',4,'192.168.40.55',0,0,65535,3232245815,0,0,0,NULL),
(2359,0,897,'NetworkName',4,'192.168.40.55',0,0,65535,3232245815,0,0,0,NULL),
(2360,0,897,'NetworkName',4,'192.168.40.55',0,0,65535,3232245815,0,0,0,NULL),
(2361,0,897,'NetworkName',4,'192.168.40.55',0,0,65535,3232245815,0,0,0,NULL),
(2362,0,898,'NetworkName',4,'192.168.40.55',0,0,65535,3232245815,0,0,0,NULL),
(2363,0,899,'NetworkName',0,'',0,0,0,0,0,1,0,NULL),
(2364,0,900,'NetworkName',0,'',0,0,0,0,0,1,0,NULL),
(2365,0,901,'NetworkName',0,'',0,0,0,0,0,1,0,NULL),
(2366,0,902,'NetworkName',0,'',0,0,0,0,0,1,0,NULL),
(2367,0,903,'NetworkName',0,'',0,0,0,0,0,1,0,NULL),
(2368,0,904,'NetworkName',0,'',0,0,0,0,0,1,0,NULL),
(2369,0,905,'NetworkName',0,'',0,0,0,0,0,1,0,NULL),
(2370,0,906,'NetworkName',0,'',0,0,0,0,0,1,0,NULL),
(2371,0,907,'NetworkName',0,'',0,0,0,0,0,1,0,NULL),
(2372,0,908,'NetworkName',0,'',0,0,0,0,0,1,0,NULL),
(2373,0,909,'NetworkName',0,'',0,0,0,0,0,1,0,NULL),
(2374,0,910,'NetworkName',0,'',0,0,0,0,0,1,0,NULL),
(2375,0,911,'NetworkName',0,'',0,0,0,0,0,1,0,NULL),
(2376,0,912,'NetworkName',0,'',0,0,0,0,0,1,0,NULL),
(2377,0,913,'NetworkName',0,'',0,0,0,0,0,1,0,NULL),
(2378,0,914,'NetworkName',0,'',0,0,0,0,0,1,0,NULL),
(2379,0,915,'NetworkName',0,'',0,0,0,0,0,1,0,NULL),
(2380,0,916,'NetworkName',0,'',0,0,0,0,0,1,0,NULL),
(2381,0,917,'NetworkName',0,'',0,0,0,0,0,1,0,NULL),
(2382,0,918,'NetworkName',0,'',0,0,0,0,0,1,0,NULL),
(2383,0,919,'NetworkName',4,'192.168.1.47',0,0,65535,3232235823,0,0,0,NULL),
(2384,0,919,'NetworkName',4,'192.168.1.47',0,0,65535,3232235823,0,0,0,NULL),
(2385,0,920,'NetworkName',4,'192.168.1.47',0,0,65535,3232235823,0,0,0,NULL),
(2386,0,921,'NetworkName',0,'',0,0,0,0,0,1,0,NULL),
(2387,0,922,'NetworkName',0,'',0,0,0,0,0,1,0,NULL),
(2388,0,923,'NetworkName',0,'',0,0,0,0,0,1,0,NULL),
(2389,0,924,'NetworkName',0,'',0,0,0,0,0,1,0,NULL),
(2390,0,925,'NetworkName',0,'',0,0,0,0,0,1,0,NULL),
(2391,0,926,'NetworkName',0,'',0,0,0,0,0,1,0,NULL),
(2392,0,927,'NetworkName',0,'',0,0,0,0,0,1,0,NULL),
(2393,0,928,'NetworkName',0,'',0,0,0,0,0,1,0,NULL),
(2394,0,929,'NetworkName',0,'',0,0,0,0,0,1,0,NULL),
(2395,0,930,'NetworkName',0,'',0,0,0,0,0,1,0,NULL),
(2396,0,931,'NetworkName',4,'192.168.254.170',0,0,65535,3232300714,0,0,0,NULL),
(2397,0,932,'NetworkName',4,'192.168.254.170',0,0,65535,3232300714,0,0,0,NULL),
(2398,0,933,'NetworkName',4,'192.168.254.170',0,0,65535,3232300714,0,0,0,NULL),
(2399,0,934,'NetworkName',4,'192.168.254.170',0,0,65535,3232300714,0,0,0,NULL),
(2400,0,935,'NetworkName',4,'192.168.254.170',0,0,65535,3232300714,0,0,0,NULL),
(2401,0,936,'NetworkName',0,'',0,0,0,0,0,1,0,NULL),
(2402,0,937,'NetworkName',4,'192.168.1.170',0,0,65535,3232235946,0,0,0,NULL),
(2403,0,938,'NetworkName',0,'',0,0,0,0,0,1,0,NULL),
(2404,0,939,'NetworkName',0,'',0,0,0,0,0,1,0,NULL),
(2405,0,940,'NetworkName',4,'172.28.19.86',0,0,65535,2887521110,0,0,0,NULL),
(2406,0,941,'NetworkName',4,'172.28.19.86',0,0,65535,2887521110,0,0,0,NULL),
(2407,0,942,'NetworkName',4,'172.28.19.86',0,0,65535,2887521110,0,0,0,NULL),
(2408,0,943,'NetworkName',4,'172.28.19.86',0,0,65535,2887521110,0,0,0,NULL),
(2409,0,944,'NetworkName',4,'172.28.19.86',0,0,65535,2887521110,0,0,0,NULL),
(2410,0,945,'NetworkName',4,'172.28.19.86',0,0,65535,2887521110,0,0,0,NULL),
(2411,0,946,'NetworkName',0,'',0,0,0,0,0,1,0,NULL),
(2412,0,947,'NetworkName',0,'',0,0,0,0,0,1,0,NULL),
(2413,0,948,'NetworkName',0,'',0,0,0,0,0,1,0,NULL),
(2414,0,949,'NetworkName',0,'',0,0,0,0,0,1,0,NULL),
(2415,0,950,'NetworkName',0,'',0,0,0,0,0,1,0,NULL),
(2416,0,951,'NetworkName',0,'',0,0,0,0,0,1,0,NULL),
(2417,0,952,'NetworkName',0,'',0,0,0,0,0,1,0,NULL),
(2418,0,953,'NetworkName',0,'',0,0,0,0,0,1,0,NULL),
(2419,0,954,'NetworkName',0,'',0,0,0,0,0,1,0,NULL),
(2420,0,955,'NetworkName',0,'',0,0,0,0,0,1,0,NULL),
(2421,0,956,'NetworkName',4,'172.28.19.86',0,0,65535,2887521110,0,0,0,NULL),
(2422,0,957,'NetworkName',0,'',0,0,0,0,0,1,0,NULL),
(2423,0,958,'NetworkName',0,'',0,0,0,0,0,1,0,NULL),
(2424,0,959,'NetworkName',0,'',0,0,0,0,0,1,0,NULL),
(2425,0,960,'NetworkName',0,'',0,0,0,0,0,1,0,NULL),
(2426,0,961,'NetworkName',0,'',0,0,0,0,0,1,0,NULL),
(2427,0,962,'NetworkName',0,'',0,0,0,0,0,1,0,NULL),
(2428,0,963,'NetworkName',0,'',0,0,0,0,0,1,0,NULL),
(2429,0,964,'NetworkName',0,'',0,0,0,0,0,1,0,NULL),
(2430,0,965,'NetworkName',0,'',0,0,0,0,0,1,0,NULL),
(2431,0,966,'NetworkName',0,'',0,0,0,0,0,1,0,NULL),
(2432,0,967,'NetworkName',0,'',0,0,0,0,0,1,0,NULL),
(2433,0,968,'NetworkName',0,'',0,0,0,0,0,1,0,NULL),
(2434,0,969,'NetworkName',0,'',0,0,0,0,0,1,0,NULL),
(2435,0,970,'NetworkName',0,'',0,0,0,0,0,1,0,NULL),
(2436,0,971,'NetworkName',0,'',0,0,0,0,0,1,0,NULL),
(2437,0,972,'NetworkName',0,'',0,0,0,0,0,1,0,NULL),
(2438,0,973,'NetworkName',0,'',0,0,0,0,0,1,0,NULL),
(2439,0,974,'NetworkName',0,'',0,0,0,0,0,1,0,NULL),
(2440,0,975,'NetworkName',0,'',0,0,0,0,0,1,0,NULL),
(2441,0,976,'NetworkName',0,'',0,0,0,0,0,1,0,NULL),
(2442,0,977,'NetworkName',4,'172.16.156.116',0,0,65535,2886769780,0,0,0,NULL),
(2443,0,978,'NetworkName',0,'',0,0,0,0,0,1,0,NULL),
(2444,0,979,'NetworkName',0,'',0,0,0,0,0,1,0,NULL),
(2445,0,980,'NetworkName',0,'',0,0,0,0,0,1,0,NULL),
(2446,0,981,'NetworkName',0,'',0,0,0,0,0,1,0,NULL),
(2447,0,982,'NetworkName',0,'',0,0,0,0,0,1,0,NULL),
(2448,0,983,'NetworkName',0,'',0,0,0,0,0,1,0,NULL),
(2449,0,984,'NetworkName',0,'',0,0,0,0,0,1,0,NULL),
(2450,0,985,'NetworkName',0,'',0,0,0,0,0,1,0,NULL),
(2451,0,986,'NetworkName',0,'',0,0,0,0,0,1,0,NULL),
(2452,0,987,'NetworkName',0,'',0,0,0,0,0,1,0,NULL),
(2453,0,988,'NetworkName',0,'',0,0,0,0,0,1,0,NULL),
(2454,0,989,'NetworkName',0,'',0,0,0,0,0,1,0,NULL),
(2455,0,990,'NetworkName',0,'',0,0,0,0,0,1,0,NULL),
(2456,0,991,'NetworkName',0,'',0,0,0,0,0,1,0,NULL),
(2457,0,992,'NetworkName',0,'',0,0,0,0,0,1,0,NULL),
(2458,0,993,'NetworkName',0,'',0,0,0,0,0,1,0,NULL),
(2459,0,994,'NetworkName',4,'192.168.254.186',0,0,65535,3232300730,0,0,0,NULL),
(2460,0,995,'NetworkName',4,'192.168.56.1',0,0,65535,3232249857,0,0,0,NULL),
(2461,0,996,'NetworkName',0,'',0,0,0,0,0,1,0,NULL),
(2462,0,997,'NetworkName',0,'',0,0,0,0,0,1,0,NULL),
(2463,0,998,'NetworkName',0,'',0,0,0,0,0,1,0,NULL),
(2464,0,999,'NetworkName',0,'',0,0,0,0,0,1,0,NULL),
(2465,0,1000,'NetworkName',0,'',0,0,0,0,0,1,0,NULL),
(2466,0,1001,'NetworkName',0,'',0,0,0,0,0,1,0,NULL),
(2467,0,1002,'NetworkName',0,'',0,0,0,0,0,1,0,NULL),
(2468,0,1003,'NetworkName',0,'',0,0,0,0,0,1,0,NULL),
(2469,0,1004,'NetworkName',0,'',0,0,0,0,0,1,0,NULL),
(2470,0,1005,'NetworkName',0,'',0,0,0,0,0,1,0,NULL),
(2471,0,1006,'NetworkName',0,'',0,0,0,0,0,1,0,NULL),
(2472,0,1007,'NetworkName',0,'',0,0,0,0,0,1,0,NULL),
(2473,0,1008,'NetworkName',4,'192.168.1.13',0,0,65535,3232235789,0,0,0,NULL),
(2474,0,1009,'NetworkName',0,'',0,0,0,0,0,1,0,NULL),
(2475,0,1010,'NetworkName',0,'',0,0,0,0,0,1,0,NULL),
(2476,0,1011,'NetworkName',0,'',0,0,0,0,0,1,0,NULL),
(2477,0,1012,'NetworkName',0,'',0,0,0,0,0,1,0,NULL),
(2478,0,1013,'NetworkName',0,'',0,0,0,0,0,1,0,NULL),
(2479,0,1014,'NetworkName',0,'',0,0,0,0,0,1,0,NULL),
(2523,0,1058,'NetworkName',0,'',0,0,0,0,0,1,0,NULL),
(2524,0,1059,'NetworkName',0,'',0,0,0,0,0,1,0,NULL),
(2525,0,1060,'NetworkName',0,'',0,0,0,0,0,1,0,NULL),
(2526,0,1061,'NetworkName',0,'',0,0,0,0,0,1,0,NULL),
(2527,0,1062,'NetworkName',0,'',0,0,0,0,0,1,0,NULL),
(2528,0,1063,'NetworkName',0,'',0,0,0,0,0,1,0,NULL),
(2529,0,1064,'NetworkName',0,'',0,0,0,0,0,1,0,NULL),
(2530,0,1065,'NetworkName',0,'',0,0,0,0,0,1,0,NULL),
(2531,0,1066,'NetworkName',0,'',0,0,0,0,0,1,0,NULL),
(2532,0,1067,'NetworkName',0,'',0,0,0,0,0,1,0,NULL),
(2533,0,1068,'NetworkName',0,'',0,0,0,0,0,1,0,NULL),
(2534,0,1069,'NetworkName',0,'',0,0,0,0,0,1,0,NULL),
(2535,0,1070,'NetworkName',0,'',0,0,0,0,0,1,0,NULL),
(2536,0,1071,'NetworkName',0,'',0,0,0,0,0,1,0,NULL),
(2537,0,1072,'NetworkName',4,'192.168.1.25',0,0,65535,3232235801,0,0,0,NULL),
(2538,0,1072,'NetworkName',4,'192.168.1.25',0,0,65535,3232235801,0,0,0,NULL),
(2539,0,1072,'NetworkName',4,'192.168.1.25',0,0,65535,3232235801,0,0,0,NULL),
(2540,0,1072,'NetworkName',4,'192.168.1.25',0,0,65535,3232235801,0,0,0,NULL),
(2541,0,1072,'NetworkName',4,'192.168.1.25',0,0,65535,3232235801,0,0,0,NULL),
(2542,0,1072,'NetworkName',4,'192.168.1.25',0,0,65535,3232235801,0,0,0,NULL),
(2543,0,1073,'NetworkName',4,'192.168.1.25',0,0,65535,3232235801,0,0,0,NULL),
(2544,0,1074,'NetworkName',0,'',0,0,0,0,0,1,0,NULL),
(2545,0,1075,'NetworkName',0,'',0,0,0,0,0,1,0,NULL),
(2546,0,1076,'NetworkName',0,'',0,0,0,0,0,1,0,NULL),
(2547,0,1077,'NetworkName',0,'',0,0,0,0,0,1,0,NULL),
(2548,0,1078,'NetworkName',0,'',0,0,0,0,0,1,0,NULL),
(2549,0,1079,'NetworkName',0,'',0,0,0,0,0,1,0,NULL),
(2550,0,1080,'NetworkName',0,'',0,0,0,0,0,1,0,NULL),
(2551,0,1081,'NetworkName',0,'',0,0,0,0,0,1,0,NULL),
(2552,0,1082,'NetworkName',0,'',0,0,0,0,0,1,0,NULL),
(2553,0,1083,'NetworkName',0,'',0,0,0,0,0,1,0,NULL),
(2554,0,1084,'NetworkName',0,'',0,0,0,0,0,1,0,NULL),
(2555,0,1085,'NetworkName',4,'192.168.1.151',0,0,65535,3232235927,0,0,0,NULL),
(2556,0,1086,'NetworkName',0,'',0,0,0,0,0,1,0,NULL),
(2557,0,1087,'NetworkName',0,'',0,0,0,0,0,1,0,NULL),
(2558,0,1088,'NetworkName',0,'',0,0,0,0,0,1,0,NULL),
(2559,0,1089,'NetworkName',0,'',0,0,0,0,0,1,0,NULL),
(2560,0,1090,'NetworkName',0,'',0,0,0,0,0,1,0,NULL),
(2561,0,1091,'NetworkName',0,'',0,0,0,0,0,1,0,NULL),
(2562,0,1092,'NetworkName',0,'',0,0,0,0,0,1,0,NULL),
(2563,0,1093,'NetworkName',0,'',0,0,0,0,0,1,0,NULL),
(2564,0,1094,'NetworkName',0,'',0,0,0,0,0,1,0,NULL),
(2565,0,1095,'NetworkName',0,'',0,0,0,0,0,1,0,NULL),
(2566,0,1096,'NetworkName',0,'',0,0,0,0,0,1,0,NULL),
(2567,0,1097,'NetworkName',0,'',0,0,0,0,0,1,0,NULL),
(2568,0,1098,'NetworkName',0,'',0,0,0,0,0,1,0,NULL),
(2569,0,1099,'NetworkName',0,'',0,0,0,0,0,1,0,NULL),
(2570,0,1100,'NetworkName',0,'',0,0,0,0,0,1,0,NULL),
(2571,0,1101,'NetworkName',0,'',0,0,0,0,0,1,0,NULL),
(2572,0,1102,'NetworkName',0,'',0,0,0,0,0,1,0,NULL),
(2573,0,1103,'NetworkName',0,'',0,0,0,0,0,1,0,NULL),
(2574,0,1104,'NetworkName',0,'',0,0,0,0,0,1,0,NULL),
(2575,0,1105,'NetworkName',0,'',0,0,0,0,0,1,0,NULL),
(2576,0,1106,'NetworkName',0,'',0,0,0,0,0,1,0,NULL),
(2577,0,1107,'NetworkName',0,'',0,0,0,0,0,1,0,NULL),
(2578,0,1108,'NetworkName',0,'',0,0,0,0,0,1,0,NULL),
(2579,0,1109,'NetworkName',0,'',0,0,0,0,0,1,0,NULL),
(2580,0,1110,'NetworkName',0,'',0,0,0,0,0,1,0,NULL),
(2581,0,1111,'NetworkName',0,'',0,0,0,0,0,1,0,NULL),
(2582,0,1112,'NetworkName',0,'',0,0,0,0,0,1,0,NULL),
(2583,0,1113,'NetworkName',0,'',0,0,0,0,0,1,0,NULL),
(2584,0,1114,'NetworkName',0,'',0,0,0,0,0,1,0,NULL),
(2585,0,1115,'NetworkName',4,'192.168.0.80',0,0,65535,3232235600,0,0,0,NULL),
(2586,0,1116,'NetworkName',0,'',0,0,0,0,0,1,0,NULL),
(2587,0,1117,'NetworkName',0,'',0,0,0,0,0,1,0,NULL),
(2588,0,1118,'NetworkName',0,'',0,0,0,0,0,1,0,NULL),
(2589,0,1119,'NetworkName',0,'',0,0,0,0,0,1,0,NULL),
(2590,0,1120,'NetworkName',0,'',0,0,0,0,0,1,0,NULL),
(2591,0,1121,'NetworkName',0,'',0,0,0,0,0,1,0,NULL),
(2592,0,1122,'NetworkName',0,'',0,0,0,0,0,1,0,NULL),
(2593,0,1123,'NetworkName',0,'',0,0,0,0,0,1,0,NULL),
(2594,0,1124,'NetworkName',0,'',0,0,0,0,0,1,0,NULL),
(2595,0,1125,'NetworkName',0,'',0,0,0,0,0,1,0,NULL),
(2596,0,1126,'NetworkName',0,'',0,0,0,0,0,1,0,NULL),
(2597,0,1127,'NetworkName',4,'192.168.1.120',0,0,65535,3232235896,0,0,0,NULL),
(2598,0,1128,'NetworkName',0,'',0,0,0,0,0,1,0,NULL),
(2599,0,1129,'NetworkName',0,'',0,0,0,0,0,1,0,NULL),
(2600,0,1130,'NetworkName',4,'192.168.2.121',0,0,65535,3232236153,0,0,0,NULL),
(2601,0,1131,'NetworkName',4,'192.168.2.121',0,0,65535,3232236153,0,0,0,NULL),
(2602,0,1132,'NetworkName',4,'192.168.2.121',0,0,65535,3232236153,0,0,0,NULL),
(2603,0,1133,'NetworkName',4,'192.168.2.121',0,0,65535,3232236153,0,0,0,NULL),
(2604,0,1134,'NetworkName',4,'192.168.2.121',0,0,65535,3232236153,0,0,0,NULL),
(2605,0,1135,'NetworkName',0,'',0,0,0,0,0,1,0,NULL),
(2606,0,1136,'NetworkName',0,'',0,0,0,0,0,1,0,NULL),
(2607,0,1137,'NetworkName',0,'',0,0,0,0,0,1,0,NULL),
(2608,0,1138,'NetworkName',0,'',0,0,0,0,0,1,0,NULL),
(2609,0,1139,'NetworkName',0,'',0,0,0,0,0,1,0,NULL),
(2610,0,1140,'NetworkName',0,'',0,0,0,0,0,1,0,NULL),
(2611,0,1141,'NetworkName',0,'',0,0,0,0,0,1,0,NULL),
(2612,0,1142,'NetworkName',0,'',0,0,0,0,0,1,0,NULL),
(2613,0,1143,'NetworkName',4,'192.168.2.121',0,0,65535,3232236153,0,0,0,NULL),
(2614,0,1144,'NetworkName',0,'',0,0,0,0,0,1,0,NULL),
(2615,0,1145,'NetworkName',0,'',0,0,0,0,0,1,0,NULL),
(2616,0,1146,'NetworkName',0,'',0,0,0,0,0,1,0,NULL),
(2617,0,1147,'NetworkName',0,'',0,0,0,0,0,1,0,NULL),
(2618,0,1148,'NetworkName',0,'',0,0,0,0,0,1,0,NULL),
(2619,0,1149,'NetworkName',0,'',0,0,0,0,0,1,0,NULL),
(2620,0,1150,'NetworkName',0,'',0,0,0,0,0,1,0,NULL),
(2621,0,1151,'NetworkName',0,'',0,0,0,0,0,1,0,NULL),
(2622,0,1152,'NetworkName',0,'',0,0,0,0,0,1,0,NULL),
(2623,0,1153,'NetworkName',0,'',0,0,0,0,0,1,0,NULL),
(2624,0,1154,'NetworkName',0,'',0,0,0,0,0,1,0,NULL),
(2625,0,1155,'NetworkName',4,'192.168.1.105',0,0,65535,3232235881,0,0,0,NULL),
(2626,0,1156,'NetworkName',0,'',0,0,0,0,0,1,0,NULL),
(2627,0,1157,'NetworkName',0,'',0,0,0,0,0,1,0,NULL),
(2628,0,1158,'NetworkName',4,'192.168.0.17',0,0,65535,3232235537,0,0,0,NULL),
(2629,0,1159,'NetworkName',4,'192.168.0.17',0,0,65535,3232235537,0,0,0,NULL),
(2630,0,1160,'NetworkName',4,'192.168.0.17',0,0,65535,3232235537,0,0,0,NULL),
(2631,0,1161,'NetworkName',4,'192.168.0.17',0,0,65535,3232235537,0,0,0,NULL),
(2632,0,1162,'NetworkName',4,'192.168.0.17',0,0,65535,3232235537,0,0,0,NULL),
(2633,0,1163,'NetworkName',0,'',0,0,0,0,0,1,0,NULL),
(2634,0,1164,'NetworkName',0,'',0,0,0,0,0,1,0,NULL),
(2635,0,1165,'NetworkName',0,'',0,0,0,0,0,1,0,NULL),
(2636,0,1166,'NetworkName',0,'',0,0,0,0,0,1,0,NULL),
(2637,0,1167,'NetworkName',4,'192.168.0.17',0,0,65535,3232235537,0,0,0,NULL),
(2638,0,1168,'NetworkName',0,'',0,0,0,0,0,1,0,NULL),
(2639,0,1169,'NetworkName',0,'',0,0,0,0,0,1,0,NULL),
(2640,0,1170,'NetworkName',0,'',0,0,0,0,0,1,0,NULL),
(2641,0,1171,'NetworkName',0,'',0,0,0,0,0,1,0,NULL),
(2642,0,1172,'NetworkName',0,'',0,0,0,0,0,1,0,NULL),
(2643,0,1173,'NetworkName',0,'',0,0,0,0,0,1,0,NULL),
(2644,0,1174,'NetworkName',0,'',0,0,0,0,0,1,0,NULL),
(2645,0,1175,'NetworkName',0,'',0,0,0,0,0,1,0,NULL),
(2646,0,1176,'NetworkName',0,'',0,0,0,0,0,1,0,NULL),
(2647,0,1177,'NetworkName',0,'',0,0,0,0,0,1,0,NULL),
(2648,0,1178,'NetworkName',0,'',0,0,0,0,0,1,0,NULL),
(2649,0,1179,'NetworkName',0,'',0,0,0,0,0,1,0,NULL),
(2650,0,1180,'NetworkName',0,'',0,0,0,0,0,1,0,NULL),
(2651,0,1181,'NetworkName',0,'',0,0,0,0,0,1,0,NULL),
(2652,0,1182,'NetworkName',0,'',0,0,0,0,0,1,0,NULL),
(2653,0,1183,'NetworkName',0,'',0,0,0,0,0,1,0,NULL),
(2654,0,1184,'NetworkName',0,'',0,0,0,0,0,1,0,NULL),
(2655,0,1185,'NetworkName',0,'',0,0,0,0,0,1,0,NULL),
(2656,0,1186,'NetworkName',0,'',0,0,0,0,0,1,0,NULL),
(2657,0,1187,'NetworkName',4,'192.168.1.130',0,0,65535,3232235906,0,0,0,NULL),
(2658,0,1188,'NetworkName',0,'',0,0,0,0,0,1,0,NULL),
(2659,0,1189,'NetworkName',0,'',0,0,0,0,0,1,0,NULL),
(2660,0,1190,'NetworkName',0,'',0,0,0,0,0,1,0,NULL),
(2661,0,1191,'NetworkName',0,'',0,0,0,0,0,1,0,NULL),
(2662,0,1192,'NetworkName',0,'',0,0,0,0,0,1,0,NULL),
(2663,0,1193,'NetworkName',0,'',0,0,0,0,0,1,0,NULL),
(2664,0,1194,'NetworkName',0,'',0,0,0,0,0,1,0,NULL),
(2665,0,1195,'NetworkName',0,'',0,0,0,0,0,1,0,NULL),
(2666,0,1196,'NetworkName',0,'',0,0,0,0,0,1,0,NULL),
(2667,0,1197,'NetworkName',0,'',0,0,0,0,0,1,0,NULL),
(2668,0,1198,'NetworkName',0,'',0,0,0,0,0,1,0,NULL),
(2669,0,1199,'NetworkName',0,'',0,0,0,0,0,1,0,NULL),
(2670,0,1200,'NetworkName',0,'',0,0,0,0,0,1,0,NULL),
(2671,0,1201,'NetworkName',0,'',0,0,0,0,0,1,0,NULL),
(2672,0,1202,'NetworkName',0,'',0,0,0,0,0,1,0,NULL),
(2673,0,1203,'NetworkName',0,'',0,0,0,0,0,1,0,NULL),
(2674,0,1204,'NetworkName',4,'192.168.10.214',0,0,65535,3232238294,0,0,0,NULL),
(2675,0,1205,'NetworkName',0,'',0,0,0,0,0,1,0,NULL),
(2676,0,1206,'NetworkName',0,'',0,0,0,0,0,1,0,NULL),
(2677,0,1207,'NetworkName',0,'',0,0,0,0,0,1,0,NULL),
(2678,0,1208,'NetworkName',0,'',0,0,0,0,0,1,0,NULL),
(2679,0,1209,'NetworkName',0,'',0,0,0,0,0,1,0,NULL),
(2680,0,1210,'NetworkName',0,'',0,0,0,0,0,1,0,NULL),
(2681,0,1211,'NetworkName',0,'',0,0,0,0,0,1,0,NULL),
(2682,0,1212,'NetworkName',0,'',0,0,0,0,0,1,0,NULL),
(2683,0,1213,'NetworkName',0,'',0,0,0,0,0,1,0,NULL),
(2684,0,1214,'NetworkName',0,'',0,0,0,0,0,1,0,NULL),
(2685,0,1215,'NetworkName',0,'',0,0,0,0,0,1,0,NULL),
(2686,0,1216,'NetworkName',0,'',0,0,0,0,0,1,0,NULL),
(2687,0,1217,'NetworkName',0,'',0,0,0,0,0,1,0,NULL),
(2688,0,1218,'NetworkName',0,'',0,0,0,0,0,1,0,NULL),
(2689,0,1219,'NetworkName',0,'',0,0,0,0,0,1,0,NULL),
(2690,0,1220,'NetworkName',4,'192.168.10.114',0,0,65535,3232238194,0,0,0,NULL),
(2691,0,1221,'NetworkName',0,'',0,0,0,0,0,1,0,NULL),
(2692,0,1222,'NetworkName',0,'',0,0,0,0,0,1,0,NULL),
(2693,0,1223,'NetworkName',0,'',0,0,0,0,0,1,0,NULL),
(2694,0,1224,'NetworkName',0,'',0,0,0,0,0,1,0,NULL),
(2695,0,1225,'NetworkName',0,'',0,0,0,0,0,1,0,NULL),
(2696,0,1226,'NetworkName',0,'',0,0,0,0,0,1,0,NULL),
(2697,0,1227,'NetworkName',0,'',0,0,0,0,0,1,0,NULL),
(2698,0,1228,'NetworkName',0,'',0,0,0,0,0,1,0,NULL),
(2699,0,1229,'NetworkName',0,'',0,0,0,0,0,1,0,NULL),
(2700,0,1230,'NetworkName',0,'',0,0,0,0,0,1,0,NULL),
(2701,0,1231,'NetworkName',4,'192.168.1.113',0,0,65535,3232235889,0,0,0,NULL),
(2702,0,1232,'NetworkName',0,'',0,0,0,0,0,1,0,NULL),
(2703,0,1233,'NetworkName',4,'192.168.0.105',0,0,65535,3232235625,0,0,0,NULL),
(2704,0,1234,'NetworkName',4,'192.168.0.105',0,0,65535,3232235625,0,0,0,NULL),
(2705,0,1235,'NetworkName',4,'192.168.0.105',0,0,65535,3232235625,0,0,0,NULL),
(2706,0,1236,'NetworkName',4,'192.168.0.105',0,0,65535,3232235625,0,0,0,NULL),
(2707,0,1237,'NetworkName',4,'192.168.0.105',0,0,65535,3232235625,0,0,0,NULL),
(2708,0,1238,'NetworkName',0,'',0,0,0,0,0,1,0,NULL),
(2709,0,1239,'NetworkName',0,'',0,0,0,0,0,1,0,NULL),
(2710,0,1240,'NetworkName',0,'',0,0,0,0,0,1,0,NULL),
(2711,0,1241,'NetworkName',0,'',0,0,0,0,0,1,0,NULL),
(2712,0,1242,'NetworkName',4,'192.168.0.105',0,0,65535,3232235625,0,0,0,NULL),
(2713,0,1243,'NetworkName',0,'',0,0,0,0,0,1,0,NULL),
(2714,0,1244,'NetworkName',0,'',0,0,0,0,0,1,0,NULL),
(2715,0,1245,'NetworkName',0,'',0,0,0,0,0,1,0,NULL),
(2716,0,1246,'NetworkName',0,'',0,0,0,0,0,1,0,NULL),
(2717,0,1247,'NetworkName',0,'',0,0,0,0,0,1,0,NULL),
(2718,0,1248,'NetworkName',0,'',0,0,0,0,0,1,0,NULL),
(2719,0,1249,'NetworkName',4,'192.168.1.102',0,0,65535,3232235878,0,0,0,NULL),
(2720,0,1250,'NetworkName',0,'',0,0,0,0,0,1,0,NULL),
(2721,0,1251,'NetworkName',4,'192.168.0.54',0,0,65535,3232235574,0,0,0,NULL),
(2722,0,1252,'NetworkName',4,'192.168.0.54',0,0,65535,3232235574,0,0,0,NULL),
(2723,0,1253,'NetworkName',4,'192.168.0.54',0,0,65535,3232235574,0,0,0,NULL),
(2724,0,1254,'NetworkName',4,'192.168.0.54',0,0,65535,3232235574,0,0,0,NULL),
(2725,0,1255,'NetworkName',4,'192.168.0.54',0,0,65535,3232235574,0,0,0,NULL),
(2726,0,1256,'NetworkName',0,'',0,0,0,0,0,1,0,NULL),
(2727,0,1257,'NetworkName',0,'',0,0,0,0,0,1,0,NULL),
(2728,0,1258,'NetworkName',0,'',0,0,0,0,0,1,0,NULL),
(2729,0,1259,'NetworkName',0,'',0,0,0,0,0,1,0,NULL),
(2730,0,1260,'NetworkName',4,'192.168.0.54',0,0,65535,3232235574,0,0,0,NULL),
(2731,0,1261,'NetworkName',0,'',0,0,0,0,0,1,0,NULL),
(2732,0,1262,'NetworkName',0,'',0,0,0,0,0,1,0,NULL),
(2733,0,1263,'NetworkName',0,'',0,0,0,0,0,1,0,NULL),
(2734,0,1264,'NetworkName',0,'',0,0,0,0,0,1,0,NULL),
(2735,0,1265,'NetworkName',0,'',0,0,0,0,0,1,0,NULL),
(2736,0,1266,'NetworkName',4,'192.168.1.6',0,0,65535,3232235782,0,0,0,NULL),
(2737,0,1267,'NetworkName',0,'',0,0,0,0,0,1,0,NULL),
(2738,0,1268,'NetworkName',0,'',0,0,0,0,0,1,0,NULL),
(2739,0,1269,'NetworkName',0,'',0,0,0,0,0,1,0,NULL),
(2740,0,1270,'NetworkName',0,'',0,0,0,0,0,1,0,NULL),
(2741,0,1271,'NetworkName',0,'',0,0,0,0,0,1,0,NULL),
(2742,0,1272,'NetworkName',0,'',0,0,0,0,0,1,0,NULL),
(2743,0,1273,'NetworkName',0,'',0,0,0,0,0,1,0,NULL),
(2744,0,1274,'NetworkName',0,'',0,0,0,0,0,1,0,NULL),
(2745,0,1275,'NetworkName',0,'',0,0,0,0,0,1,0,NULL),
(2746,0,1276,'NetworkName',0,'',0,0,0,0,0,1,0,NULL),
(2747,0,1277,'NetworkName',0,'',0,0,0,0,0,1,0,NULL),
(2748,0,1278,'NetworkName',0,'',0,0,0,0,0,1,0,NULL),
(2749,0,1279,'NetworkName',0,'',0,0,0,0,0,1,0,NULL),
(2750,0,1280,'NetworkName',0,'',0,0,0,0,0,1,0,NULL),
(2751,0,1281,'NetworkName',0,'',0,0,0,0,0,1,0,NULL),
(2752,0,1282,'NetworkName',0,'',0,0,0,0,0,1,0,NULL),
(2753,0,1283,'NetworkName',0,'',0,0,0,0,0,1,0,NULL),
(2754,0,1284,'NetworkName',0,'',0,0,0,0,0,1,0,NULL),
(2755,0,1285,'NetworkName',4,'192.168.1.113',0,0,65535,3232235889,0,0,0,NULL),
(2756,0,1286,'NetworkName',0,'',0,0,0,0,0,1,0,NULL),
(2757,0,1287,'NetworkName',4,'192.168.1.145',0,0,65535,3232235921,0,0,0,NULL),
(2758,0,1288,'NetworkName',4,'192.168.1.145',0,0,65535,3232235921,0,0,0,NULL),
(2759,0,1289,'NetworkName',4,'192.168.1.145',0,0,65535,3232235921,0,0,0,NULL),
(2760,0,1290,'NetworkName',4,'192.168.1.145',0,0,65535,3232235921,0,0,0,NULL),
(2761,0,1291,'NetworkName',4,'192.168.1.145',0,0,65535,3232235921,0,0,0,NULL),
(2762,0,1292,'NetworkName',0,'',0,0,0,0,0,1,0,NULL),
(2763,0,1293,'NetworkName',0,'',0,0,0,0,0,1,0,NULL),
(2764,0,1294,'NetworkName',0,'',0,0,0,0,0,1,0,NULL),
(2765,0,1295,'NetworkName',0,'',0,0,0,0,0,1,0,NULL),
(2766,0,1296,'NetworkName',4,'192.168.1.145',0,0,65535,3232235921,0,0,0,NULL),
(2767,0,1297,'NetworkName',0,'',0,0,0,0,0,1,0,NULL),
(2768,0,1298,'NetworkName',0,'',0,0,0,0,0,1,0,NULL),
(2769,0,1299,'NetworkName',0,'',0,0,0,0,0,1,0,NULL),
(2770,0,1300,'NetworkName',0,'',0,0,0,0,0,1,0,NULL),
(2771,0,1301,'NetworkName',0,'',0,0,0,0,0,1,0,NULL),
(2772,0,1302,'NetworkName',0,'',0,0,0,0,0,1,0,NULL),
(2773,0,1303,'NetworkName',0,'',0,0,0,0,0,1,0,NULL),
(2774,0,1304,'NetworkName',0,'',0,0,0,0,0,1,0,NULL),
(2775,0,1305,'NetworkName',0,'',0,0,0,0,0,1,0,NULL),
(2776,0,1306,'NetworkName',0,'',0,0,0,0,0,1,0,NULL),
(2777,0,1307,'NetworkName',0,'',0,0,0,0,0,1,0,NULL),
(2778,0,1308,'NetworkName',0,'',0,0,0,0,0,1,0,NULL),
(2779,0,1309,'NetworkName',0,'',0,0,0,0,0,1,0,NULL),
(2780,0,1310,'NetworkName',0,'',0,0,0,0,0,1,0,NULL),
(2781,0,1311,'NetworkName',0,'',0,0,0,0,0,1,0,NULL),
(2782,0,1312,'NetworkName',4,'10.0.0.95',0,0,65535,167772255,0,0,0,NULL),
(2783,0,1313,'NetworkName',0,'',0,0,0,0,0,1,0,NULL),
(2784,0,1314,'NetworkName',0,'',0,0,0,0,0,1,0,NULL),
(2785,0,1315,'NetworkName',0,'',0,0,0,0,0,1,0,NULL),
(2786,0,1316,'NetworkName',0,'',0,0,0,0,0,1,0,NULL),
(2787,0,1317,'NetworkName',0,'',0,0,0,0,0,1,0,NULL),
(2788,0,1318,'NetworkName',0,'',0,0,0,0,0,1,0,NULL),
(2789,0,1319,'NetworkName',0,'',0,0,0,0,0,1,0,NULL),
(2790,0,1320,'NetworkName',0,'',0,0,0,0,0,1,0,NULL),
(2791,0,1321,'NetworkName',0,'',0,0,0,0,0,1,0,NULL),
(2792,0,1322,'NetworkName',0,'',0,0,0,0,0,1,0,NULL),
(2793,0,1323,'NetworkName',0,'',0,0,0,0,0,1,0,NULL),
(2794,0,1324,'NetworkName',0,'',0,0,0,0,0,1,0,NULL),
(2795,0,1325,'NetworkName',0,'',0,0,0,0,0,1,0,NULL),
(2796,0,1326,'NetworkName',0,'',0,0,0,0,0,1,0,NULL),
(2797,0,1327,'NetworkName',0,'',0,0,0,0,0,1,0,NULL),
(2798,0,1328,'NetworkName',0,'',0,0,0,0,0,1,0,NULL),
(2799,0,1329,'NetworkName',0,'',0,0,0,0,0,1,0,NULL),
(2800,0,1330,'NetworkName',0,'',0,0,0,0,0,1,0,NULL),
(2801,0,1331,'NetworkName',0,'',0,0,0,0,0,1,0,NULL),
(2802,0,1332,'NetworkName',0,'',0,0,0,0,0,1,0,NULL),
(2803,0,1333,'NetworkName',0,'',0,0,0,0,0,1,0,NULL),
(2804,0,1334,'NetworkName',0,'',0,0,0,0,0,1,0,NULL),
(2805,0,1335,'NetworkName',0,'',0,0,0,0,0,1,0,NULL),
(2806,0,1336,'NetworkName',0,'',0,0,0,0,0,1,0,NULL),
(2807,0,1337,'NetworkName',0,'',0,0,0,0,0,1,0,NULL),
(2808,0,1338,'NetworkName',0,'',0,0,0,0,0,1,0,NULL),
(2809,0,1339,'NetworkName',0,'',0,0,0,0,0,1,0,NULL),
(2810,0,1340,'NetworkName',4,'192.168.0.11',0,0,65535,3232235531,0,0,0,NULL),
(2811,0,1341,'NetworkName',0,'',0,0,0,0,0,1,0,NULL),
(2812,0,1342,'NetworkName',0,'',0,0,0,0,0,1,0,NULL),
(2813,0,1343,'NetworkName',0,'',0,0,0,0,0,1,0,NULL),
(2814,0,1344,'NetworkName',0,'',0,0,0,0,0,1,0,NULL),
(2815,0,1345,'NetworkName',0,'',0,0,0,0,0,1,0,NULL),
(2816,0,1346,'NetworkName',0,'',0,0,0,0,0,1,0,NULL),
(2817,0,1347,'NetworkName',0,'',0,0,0,0,0,1,0,NULL),
(2818,0,1348,'NetworkName',0,'',0,0,0,0,0,1,0,NULL),
(2819,0,1349,'NetworkName',0,'',0,0,0,0,0,1,0,NULL),
(2820,0,1350,'NetworkName',0,'',0,0,0,0,0,1,0,NULL),
(2821,0,1351,'NetworkName',0,'',0,0,0,0,0,1,0,NULL),
(2822,0,1352,'NetworkName',0,'',0,0,0,0,0,1,0,NULL),
(2823,0,1353,'NetworkName',0,'',0,0,0,0,0,1,0,NULL),
(2824,0,1354,'NetworkName',0,'',0,0,0,0,0,1,0,NULL),
(2825,0,1355,'NetworkName',0,'',0,0,0,0,0,1,0,NULL),
(2826,0,1356,'NetworkName',0,'',0,0,0,0,0,1,0,NULL),
(2827,0,1357,'NetworkName',4,'192.168.1.136',0,0,65535,3232235912,0,0,0,NULL),
(2828,0,1358,'NetworkName',0,'',0,0,0,0,0,1,0,NULL),
(2829,0,1359,'NetworkName',0,'',0,0,0,0,0,1,0,NULL),
(2830,0,1360,'NetworkName',0,'',0,0,0,0,0,1,0,NULL),
(2831,0,1361,'NetworkName',0,'',0,0,0,0,0,1,0,NULL),
(2832,0,1362,'NetworkName',0,'',0,0,0,0,0,1,0,NULL),
(2833,0,1363,'NetworkName',0,'',0,0,0,0,0,1,0,NULL),
(2834,0,1364,'NetworkName',0,'',0,0,0,0,0,1,0,NULL),
(2835,0,1365,'NetworkName',0,'',0,0,0,0,0,1,0,NULL),
(2836,0,1366,'NetworkName',0,'',0,0,0,0,0,1,0,NULL),
(2837,0,1367,'NetworkName',0,'',0,0,0,0,0,1,0,NULL),
(2838,0,1368,'NetworkName',0,'',0,0,0,0,0,1,0,NULL),
(2839,0,1369,'NetworkName',0,'',0,0,0,0,0,1,0,NULL),
(2840,0,1370,'NetworkName',0,'',0,0,0,0,0,1,0,NULL),
(2841,0,1371,'NetworkName',0,'',0,0,0,0,0,1,0,NULL),
(2842,0,1372,'NetworkName',0,'',0,0,0,0,0,1,0,NULL),
(2843,0,1373,'NetworkName',4,'192.168.0.31',0,0,65535,3232235551,0,0,0,NULL),
(2844,0,1374,'NetworkName',0,'',0,0,0,0,0,1,0,NULL),
(2845,0,1375,'NetworkName',0,'',0,0,0,0,0,1,0,NULL),
(2846,0,1376,'NetworkName',0,'',0,0,0,0,0,1,0,NULL),
(2847,0,1377,'NetworkName',0,'',0,0,0,0,0,1,0,NULL),
(2848,0,1378,'NetworkName',0,'',0,0,0,0,0,1,0,NULL),
(2849,0,1379,'NetworkName',0,'',0,0,0,0,0,1,0,NULL),
(2850,0,1380,'NetworkName',0,'',0,0,0,0,0,1,0,NULL),
(2851,0,1381,'NetworkName',0,'',0,0,0,0,0,1,0,NULL),
(2852,0,1382,'NetworkName',0,'',0,0,0,0,0,1,0,NULL),
(2853,0,1383,'NetworkName',0,'',0,0,0,0,0,1,0,NULL),
(2854,0,1384,'NetworkName',0,'',0,0,0,0,0,1,0,NULL),
(2855,0,1385,'NetworkName',0,'',0,0,0,0,0,1,0,NULL),
(2856,0,1386,'NetworkName',0,'',0,0,0,0,0,1,0,NULL),
(2857,0,1387,'NetworkName',0,'',0,0,0,0,0,1,0,NULL),
(2858,0,1388,'NetworkName',4,'172.16.152.41',0,0,65535,2886768681,0,0,0,NULL),
(2859,0,1389,'NetworkName',0,'',0,0,0,0,0,1,0,NULL),
(2860,0,1390,'NetworkName',0,'',0,0,0,0,0,1,0,NULL),
(2861,0,1391,'NetworkName',0,'',0,0,0,0,0,1,0,NULL),
(2862,0,1392,'NetworkName',0,'',0,0,0,0,0,1,0,NULL),
(2863,0,1393,'NetworkName',0,'',0,0,0,0,0,1,0,NULL),
(2864,0,1394,'NetworkName',0,'',0,0,0,0,0,1,0,NULL),
(2865,0,1395,'NetworkName',0,'',0,0,0,0,0,1,0,NULL),
(2866,0,1396,'NetworkName',0,'',0,0,0,0,0,1,0,NULL),
(2867,0,1397,'NetworkName',0,'',0,0,0,0,0,1,0,NULL),
(2868,0,1398,'NetworkName',0,'',0,0,0,0,0,1,0,NULL),
(2869,0,1399,'NetworkName',4,'192.168.0.6',0,0,65535,3232235526,0,0,0,NULL),
(2870,0,1399,'NetworkName',4,'192.168.0.6',0,0,65535,3232235526,0,0,0,NULL),
(2871,0,1399,'NetworkName',4,'192.168.0.6',0,0,65535,3232235526,0,0,0,NULL),
(2872,0,1400,'NetworkName',4,'192.168.0.6',0,0,65535,3232235526,0,0,0,NULL),
(2873,0,1401,'NetworkName',0,'',0,0,0,0,0,1,0,NULL),
(2874,0,1402,'NetworkName',0,'',0,0,0,0,0,1,0,NULL),
(2875,0,1403,'NetworkName',0,'',0,0,0,0,0,1,0,NULL),
(2876,0,1404,'NetworkName',0,'',0,0,0,0,0,1,0,NULL),
(2877,0,1405,'NetworkName',0,'',0,0,0,0,0,1,0,NULL),
(2878,0,1406,'NetworkName',0,'',0,0,0,0,0,1,0,NULL),
(2879,0,1407,'NetworkName',0,'',0,0,0,0,0,1,0,NULL),
(2880,0,1408,'NetworkName',0,'',0,0,0,0,0,1,0,NULL),
(2881,0,1409,'NetworkName',0,'',0,0,0,0,0,1,0,NULL),
(2882,0,1410,'NetworkName',0,'',0,0,0,0,0,1,0,NULL),
(2883,0,1411,'NetworkName',0,'',0,0,0,0,0,1,0,NULL),
(2884,0,1412,'NetworkName',0,'',0,0,0,0,0,1,0,NULL),
(2885,0,1413,'NetworkName',0,'',0,0,0,0,0,1,0,NULL),
(2886,0,1414,'NetworkName',0,'',0,0,0,0,0,1,0,NULL),
(2887,0,1415,'NetworkName',0,'',0,0,0,0,0,1,0,NULL),
(2888,0,1416,'NetworkName',0,'',0,0,0,0,0,1,0,NULL),
(2889,0,1417,'NetworkName',4,'192.168.2.14',0,0,65535,3232236046,0,0,0,NULL),
(2890,0,1418,'NetworkName',0,'',0,0,0,0,0,1,0,NULL),
(2891,0,1419,'NetworkName',0,'',0,0,0,0,0,1,0,NULL),
(2892,0,1420,'NetworkName',0,'',0,0,0,0,0,1,0,NULL),
(2893,0,1421,'NetworkName',0,'',0,0,0,0,0,1,0,NULL),
(2894,0,1422,'NetworkName',0,'',0,0,0,0,0,1,0,NULL),
(2895,0,1423,'NetworkName',0,'',0,0,0,0,0,1,0,NULL),
(2896,0,1424,'NetworkName',0,'',0,0,0,0,0,1,0,NULL),
(2897,0,1425,'NetworkName',0,'',0,0,0,0,0,1,0,NULL),
(2898,0,1426,'NetworkName',0,'',0,0,0,0,0,1,0,NULL),
(2899,0,1427,'NetworkName',0,'',0,0,0,0,0,1,0,NULL),
(2900,0,1428,'NetworkName',0,'',0,0,0,0,0,1,0,NULL),
(2901,0,1429,'NetworkName',0,'',0,0,0,0,0,1,0,NULL),
(2902,0,1430,'NetworkName',0,'',0,0,0,0,0,1,0,NULL),
(2903,0,1431,'NetworkName',0,'',0,0,0,0,0,1,0,NULL),
(2904,0,1432,'NetworkName',0,'',0,0,0,0,0,1,0,NULL),
(2905,0,1433,'NetworkName',0,'',0,0,0,0,0,1,0,NULL),
(2906,0,1434,'NetworkName',0,'',0,0,0,0,0,1,0,NULL),
(2907,0,1435,'NetworkName',0,'',0,0,0,0,0,1,0,NULL),
(2908,0,1436,'NetworkName',0,'',0,0,0,0,0,1,0,NULL),
(2909,0,1437,'NetworkName',0,'',0,0,0,0,0,1,0,NULL),
(2910,0,1438,'NetworkName',0,'',0,0,0,0,0,1,0,NULL),
(2911,0,1439,'NetworkName',4,'192.168.1.101',0,0,65535,3232235877,0,0,0,NULL),
(2912,0,1440,'NetworkName',0,'',0,0,0,0,0,1,0,NULL),
(2913,0,1441,'NetworkName',4,'192.168.1.120',0,0,65535,3232235896,0,0,0,NULL),
(2914,0,1442,'NetworkName',4,'192.168.1.120',0,0,65535,3232235896,0,0,0,NULL),
(2915,0,1443,'NetworkName',4,'192.168.1.120',0,0,65535,3232235896,0,0,0,NULL),
(2916,0,1444,'NetworkName',4,'192.168.1.120',0,0,65535,3232235896,0,0,0,NULL),
(2917,0,1445,'NetworkName',4,'192.168.1.120',0,0,65535,3232235896,0,0,0,NULL),
(2918,0,1446,'NetworkName',0,'',0,0,0,0,0,1,0,NULL),
(2919,0,1447,'NetworkName',0,'',0,0,0,0,0,1,0,NULL),
(2920,0,1448,'NetworkName',0,'',0,0,0,0,0,1,0,NULL),
(2921,0,1449,'NetworkName',0,'',0,0,0,0,0,1,0,NULL),
(2922,0,1450,'NetworkName',4,'192.168.1.120',0,0,65535,3232235896,0,0,0,NULL),
(2923,0,1451,'NetworkName',0,'',0,0,0,0,0,1,0,NULL),
(2924,0,1452,'NetworkName',0,'',0,0,0,0,0,1,0,NULL),
(2925,0,1453,'NetworkName',0,'',0,0,0,0,0,1,0,NULL),
(2926,0,1454,'NetworkName',0,'',0,0,0,0,0,1,0,NULL),
(2927,0,1455,'NetworkName',0,'',0,0,0,0,0,1,0,NULL),
(2928,0,1456,'NetworkName',0,'',0,0,0,0,0,1,0,NULL),
(2929,0,1457,'NetworkName',0,'',0,0,0,0,0,1,0,NULL),
(2930,0,1458,'NetworkName',0,'',0,0,0,0,0,1,0,NULL),
(2931,0,1459,'NetworkName',0,'',0,0,0,0,0,1,0,NULL),
(2932,0,1460,'NetworkName',0,'',0,0,0,0,0,1,0,NULL),
(2933,0,1461,'NetworkName',0,'',0,0,0,0,0,1,0,NULL),
(2934,0,1462,'NetworkName',0,'',0,0,0,0,0,1,0,NULL),
(2935,0,1463,'NetworkName',0,'',0,0,0,0,0,1,0,NULL),
(2936,0,1464,'NetworkName',0,'',0,0,0,0,0,1,0,NULL),
(2937,0,1465,'NetworkName',0,'',0,0,0,0,0,1,0,NULL),
(2938,0,1466,'NetworkName',0,'',0,0,0,0,0,1,0,NULL),
(2939,0,1467,'NetworkName',0,'',0,0,0,0,0,1,0,NULL),
(2940,0,1468,'NetworkName',0,'',0,0,0,0,0,1,0,NULL),
(2941,0,1469,'NetworkName',0,'',0,0,0,0,0,1,0,NULL),
(2942,0,1470,'NetworkName',0,'',0,0,0,0,0,1,0,NULL),
(2943,0,1471,'NetworkName',0,'',0,0,0,0,0,1,0,NULL),
(2944,0,1472,'NetworkName',0,'',0,0,0,0,0,1,0,NULL),
(2945,0,1473,'NetworkName',0,'',0,0,0,0,0,1,0,NULL),
(2946,0,1474,'NetworkName',0,'',0,0,0,0,0,1,0,NULL),
(2947,0,1475,'NetworkName',0,'',0,0,0,0,0,1,0,NULL),
(2948,0,1476,'NetworkName',4,'192.168.10.202',0,0,65535,3232238282,0,0,0,NULL),
(2949,0,1477,'NetworkName',4,'192.168.10.202',0,0,65535,3232238282,0,0,0,NULL),
(2950,0,1478,'NetworkName',0,'',0,0,0,0,0,1,0,NULL),
(2951,0,1479,'NetworkName',0,'',0,0,0,0,0,1,0,NULL),
(2952,0,1480,'NetworkName',0,'',0,0,0,0,0,1,0,NULL),
(2953,0,1481,'NetworkName',0,'',0,0,0,0,0,1,0,NULL),
(2954,0,1482,'NetworkName',0,'',0,0,0,0,0,1,0,NULL),
(2955,0,1483,'NetworkName',0,'',0,0,0,0,0,1,0,NULL),
(2956,0,1484,'NetworkName',0,'',0,0,0,0,0,1,0,NULL),
(2957,0,1485,'NetworkName',0,'',0,0,0,0,0,1,0,NULL),
(2958,0,1486,'NetworkName',0,'',0,0,0,0,0,1,0,NULL),
(2959,0,1487,'NetworkName',0,'',0,0,0,0,0,1,0,NULL),
(2960,0,1488,'NetworkName',0,'',0,0,0,0,0,1,0,NULL),
(2961,0,1489,'NetworkName',0,'',0,0,0,0,0,1,0,NULL),
(2962,0,1490,'NetworkName',0,'',0,0,0,0,0,1,0,NULL),
(2963,0,1491,'NetworkName',0,'',0,0,0,0,0,1,0,NULL),
(2964,0,1492,'NetworkName',0,'',0,0,0,0,0,1,0,NULL),
(2965,0,1493,'NetworkName',0,'',0,0,0,0,0,1,0,NULL),
(2966,0,1494,'NetworkName',0,'',0,0,0,0,0,1,0,NULL),
(2967,0,1495,'NetworkName',0,'',0,0,0,0,0,1,0,NULL),
(2968,0,1496,'NetworkName',0,'',0,0,0,0,0,1,0,NULL),
(2969,0,1497,'NetworkName',0,'',0,0,0,0,0,1,0,NULL),
(2970,0,1498,'NetworkName',4,'192.168.10.203',0,0,65535,3232238283,0,0,0,NULL),
(2971,0,1499,'NetworkName',0,'',0,0,0,0,0,1,0,NULL),
(2972,0,1500,'NetworkName',0,'',0,0,0,0,0,1,0,NULL),
(2973,0,1501,'NetworkName',0,'',0,0,0,0,0,1,0,NULL),
(2974,0,1502,'NetworkName',0,'',0,0,0,0,0,1,0,NULL),
(2975,0,1503,'NetworkName',0,'',0,0,0,0,0,1,0,NULL),
(2976,0,1504,'NetworkName',0,'',0,0,0,0,0,1,0,NULL),
(2977,0,1505,'NetworkName',4,'192.168.1.108',0,0,65535,3232235884,0,0,0,NULL),
(2978,0,1506,'NetworkName',4,'192.168.1.108',0,0,65535,3232235884,0,0,0,NULL),
(2979,0,1507,'NetworkName',4,'192.168.1.108',0,0,65535,3232235884,0,0,0,NULL),
(2980,0,1508,'NetworkName',4,'192.168.1.108',0,0,65535,3232235884,0,0,0,NULL),
(2981,0,1509,'NetworkName',0,'',0,0,0,0,0,1,0,NULL),
(2982,0,1510,'NetworkName',4,'192.168.1.115',0,0,65535,3232235891,0,0,0,NULL),
(2983,0,1511,'NetworkName',0,'',0,0,0,0,0,1,0,NULL),
(2984,0,1512,'NetworkName',4,'192.168.10.234',0,0,65535,3232238314,0,0,0,NULL),
(2985,0,1513,'NetworkName',4,'192.168.10.234',0,0,65535,3232238314,0,0,0,NULL),
(2986,0,1514,'NetworkName',4,'192.168.10.234',0,0,65535,3232238314,0,0,0,NULL),
(2987,0,1515,'NetworkName',4,'192.168.10.234',0,0,65535,3232238314,0,0,0,NULL),
(2988,0,1516,'NetworkName',4,'192.168.10.234',0,0,65535,3232238314,0,0,0,NULL),
(2989,0,1517,'NetworkName',0,'',0,0,0,0,0,1,0,NULL),
(2990,0,1518,'NetworkName',0,'',0,0,0,0,0,1,0,NULL),
(2991,0,1519,'NetworkName',0,'',0,0,0,0,0,1,0,NULL),
(2992,0,1520,'NetworkName',0,'',0,0,0,0,0,1,0,NULL),
(2993,0,1521,'NetworkName',0,'',0,0,0,0,0,1,0,NULL),
(2994,0,1522,'NetworkName',0,'',0,0,0,0,0,1,0,NULL),
(2995,0,1523,'NetworkName',0,'',0,0,0,0,0,1,0,NULL),
(2996,0,1524,'NetworkName',0,'',0,0,0,0,0,1,0,NULL),
(2997,0,1525,'NetworkName',4,'192.168.10.234',0,0,65535,3232238314,0,0,0,NULL),
(2998,0,1526,'NetworkName',0,'',0,0,0,0,0,1,0,NULL),
(2999,0,1527,'NetworkName',0,'',0,0,0,0,0,1,0,NULL),
(3000,0,1528,'NetworkName',0,'',0,0,0,0,0,1,0,NULL),
(3001,0,1529,'NetworkName',0,'',0,0,0,0,0,1,0,NULL),
(3002,0,1530,'NetworkName',0,'',0,0,0,0,0,1,0,NULL),
(3003,0,1531,'NetworkName',0,'',0,0,0,0,0,1,0,NULL),
(3004,0,1532,'NetworkName',0,'',0,0,0,0,0,1,0,NULL),
(3005,0,1533,'NetworkName',0,'',0,0,0,0,0,1,0,NULL),
(3006,0,1534,'NetworkName',0,'',0,0,0,0,0,1,0,NULL),
(3007,0,1535,'NetworkName',0,'',0,0,0,0,0,1,0,NULL),
(3008,0,1536,'NetworkName',0,'',0,0,0,0,0,1,0,NULL),
(3009,0,1537,'NetworkName',0,'',0,0,0,0,0,1,0,NULL),
(3010,0,1538,'NetworkName',0,'',0,0,0,0,0,1,0,NULL),
(3011,0,1539,'NetworkName',0,'',0,0,0,0,0,1,0,NULL),
(3012,0,1540,'NetworkName',0,'',0,0,0,0,0,1,0,NULL),
(3013,0,1541,'NetworkName',0,'',0,0,0,0,0,1,0,NULL),
(3014,0,1542,'NetworkName',0,'',0,0,0,0,0,1,0,NULL),
(3015,0,1543,'NetworkName',0,'',0,0,0,0,0,1,0,NULL),
(3016,0,1544,'NetworkName',0,'',0,0,0,0,0,1,0,NULL),
(3017,0,1545,'NetworkName',0,'',0,0,0,0,0,1,0,NULL),
(3018,0,1546,'NetworkName',0,'',0,0,0,0,0,1,0,NULL),
(3019,0,1547,'NetworkName',0,'',0,0,0,0,0,1,0,NULL),
(3020,0,1548,'NetworkName',0,'',0,0,0,0,0,1,0,NULL),
(3021,0,1549,'NetworkName',0,'',0,0,0,0,0,1,0,NULL),
(3022,0,1550,'NetworkName',4,'192.168.0.199',0,0,65535,3232235719,0,0,0,NULL),
(3023,0,1551,'NetworkName',0,'',0,0,0,0,0,1,0,NULL),
(3024,0,1552,'NetworkName',0,'',0,0,0,0,0,1,0,NULL),
(3025,0,1553,'NetworkName',0,'',0,0,0,0,0,1,0,NULL),
(3026,0,1554,'NetworkName',0,'',0,0,0,0,0,1,0,NULL),
(3027,0,1555,'NetworkName',0,'',0,0,0,0,0,1,0,NULL),
(3028,0,1556,'NetworkName',0,'',0,0,0,0,0,1,0,NULL),
(3029,0,1557,'NetworkName',0,'',0,0,0,0,0,1,0,NULL),
(3030,0,1558,'NetworkName',0,'',0,0,0,0,0,1,0,NULL),
(3031,0,1559,'NetworkName',0,'',0,0,0,0,0,1,0,NULL),
(3032,0,1560,'NetworkName',0,'',0,0,0,0,0,1,0,NULL),
(3033,0,1561,'NetworkName',0,'',0,0,0,0,0,1,0,NULL),
(3034,0,1562,'NetworkName',0,'',0,0,0,0,0,1,0,NULL),
(3035,0,1563,'NetworkName',0,'',0,0,0,0,0,1,0,NULL),
(3036,0,1564,'NetworkName',0,'',0,0,0,0,0,1,0,NULL),
(3037,0,1565,'NetworkName',0,'',0,0,0,0,0,1,0,NULL),
(3038,0,1566,'NetworkName',0,'',0,0,0,0,0,1,0,NULL),
(3039,0,1567,'NetworkName',0,'',0,0,0,0,0,1,0,NULL),
(3040,0,1568,'NetworkName',0,'',0,0,0,0,0,1,0,NULL),
(3041,0,1569,'NetworkName',0,'',0,0,0,0,0,1,0,NULL),
(3042,0,1570,'NetworkName',0,'',0,0,0,0,0,1,0,NULL),
(3043,0,1571,'NetworkName',0,'',0,0,0,0,0,1,0,NULL),
(3044,0,1572,'NetworkName',0,'',0,0,0,0,0,1,0,NULL),
(3045,0,1573,'NetworkName',0,'',0,0,0,0,0,1,0,NULL),
(3046,0,1574,'NetworkName',0,'',0,0,0,0,0,1,0,NULL),
(3047,0,1575,'NetworkName',4,'192.168.2.31',0,0,65535,3232236063,0,0,0,NULL),
(3048,0,1576,'NetworkName',0,'',0,0,0,0,0,1,0,NULL),
(3049,0,1577,'NetworkName',0,'',0,0,0,0,0,1,0,NULL),
(3050,0,1578,'NetworkName',0,'',0,0,0,0,0,1,0,NULL),
(3051,0,1579,'NetworkName',0,'',0,0,0,0,0,1,0,NULL),
(3052,0,1580,'NetworkName',0,'',0,0,0,0,0,1,0,NULL),
(3053,0,1581,'NetworkName',4,'192.168.1.136',0,0,65535,3232235912,0,0,0,NULL),
(3054,0,1582,'NetworkName',0,'',0,0,0,0,0,1,0,NULL),
(3055,0,1583,'NetworkName',0,'',0,0,0,0,0,1,0,NULL),
(3056,0,1584,'NetworkName',4,'192.168.1.157',0,0,65535,3232235933,0,0,0,NULL),
(3057,0,1585,'NetworkName',4,'192.168.1.157',0,0,65535,3232235933,0,0,0,NULL),
(3058,0,1586,'NetworkName',4,'192.168.1.157',0,0,65535,3232235933,0,0,0,NULL),
(3059,0,1587,'NetworkName',4,'192.168.1.157',0,0,65535,3232235933,0,0,0,NULL),
(3060,0,1588,'NetworkName',4,'192.168.1.157',0,0,65535,3232235933,0,0,0,NULL),
(3061,0,1589,'NetworkName',4,'192.168.1.157',0,0,65535,3232235933,0,0,0,NULL),
(3062,0,1590,'NetworkName',0,'',0,0,0,0,0,1,0,NULL),
(3063,0,1591,'NetworkName',0,'',0,0,0,0,0,1,0,NULL),
(3064,0,1592,'NetworkName',0,'',0,0,0,0,0,1,0,NULL),
(3065,0,1593,'NetworkName',0,'',0,0,0,0,0,1,0,NULL),
(3066,0,1594,'NetworkName',0,'',0,0,0,0,0,1,0,NULL),
(3067,0,1595,'NetworkName',0,'',0,0,0,0,0,1,0,NULL),
(3068,0,1596,'NetworkName',0,'',0,0,0,0,0,1,0,NULL),
(3069,0,1597,'NetworkName',0,'',0,0,0,0,0,1,0,NULL),
(3070,0,1598,'NetworkName',0,'',0,0,0,0,0,1,0,NULL),
(3071,0,1599,'NetworkName',0,'',0,0,0,0,0,1,0,NULL),
(3072,0,1600,'NetworkName',4,'169.254.150.149',0,0,65535,2852034197,0,0,0,NULL),
(3073,0,1601,'NetworkName',4,'169.254.150.149',0,0,65535,2852034197,0,0,0,NULL),
(3074,0,1602,'NetworkName',0,'',0,0,0,0,0,1,0,NULL),
(3075,0,1603,'NetworkName',0,'',0,0,0,0,0,1,0,NULL),
(3076,0,1604,'NetworkName',0,'',0,0,0,0,0,1,0,NULL),
(3077,0,1605,'NetworkName',0,'',0,0,0,0,0,1,0,NULL),
(3078,0,1606,'NetworkName',4,'54.39.186.209',0,0,65535,908573393,0,0,0,NULL),
(3079,0,1606,'NetworkName',6,'fe80::f816:3eff:fede:1cb',4269801472,0,4162207487,4275962315,0,0,0,NULL),
(3080,0,1607,'NetworkName',4,'192.99.246.125',0,0,65535,3227776637,0,0,0,NULL),
(3081,0,1607,'NetworkName',6,'fe80::f816:3eff:fe81:5dab',4269801472,0,4162207487,4269890987,0,0,0,NULL),
(6129,0,579,'NetworkName',4,'192.168.1.220',0,0,65535,3232235996,0,1,7,'Unmanaged');

--
-- Table structure for table `glpi_ipaddresses_ipnetworks`
--

CREATE TABLE `glpi_ipaddresses_ipnetworks` (
  `id` int(10) unsigned NOT NULL AUTO_INCREMENT,
  `ipaddresses_id` int(10) unsigned NOT NULL DEFAULT 0,
  `ipnetworks_id` int(10) unsigned NOT NULL DEFAULT 0,
  PRIMARY KEY (`id`),
  UNIQUE KEY `unicity` (`ipaddresses_id`,`ipnetworks_id`),
  KEY `ipnetworks_id` (`ipnetworks_id`)
) ENGINE=InnoDB AUTO_INCREMENT=5380 DEFAULT CHARSET=utf8mb4 COLLATE=utf8mb4_unicode_ci;

--
-- Dumping data for table `glpi_ipaddresses_ipnetworks`
--

INSERT INTO `glpi_ipaddresses_ipnetworks` VALUES
(3485,337,1),
(3502,337,28),
(3486,338,2),
(3487,339,2),
(3488,340,2),
(3489,341,2),
(3490,342,2),
(3491,343,2),
(3492,344,1),
(3503,344,28),
(3493,351,6),
(3495,351,7),
(3496,351,11),
(3494,351,12),
(3497,358,10),
(3498,359,3),
(3448,717,1),
(3504,717,28),
(5362,736,1),
(5363,736,17),
(5364,737,11),
(5365,737,21),
(5366,741,11),
(5367,741,21),
(5368,751,11),
(5369,751,21),
(5370,752,3),
(5371,752,15),
(5372,754,11),
(5373,754,21),
(5374,756,11),
(5375,756,21),
(5376,757,3),
(5377,757,15),
(5378,758,11),
(5379,758,21),
(5360,1056,1),
(5361,1056,17),
(3260,1628,1),
(3507,1628,28),
(3480,1629,1),
(3508,1629,28),
(3481,1630,1),
(3509,1630,28),
(3482,1631,1),
(3510,1631,28),
(3483,1632,1),
(3511,1632,28),
(3484,1648,1),
(3512,1648,28),
(3286,1652,1),
(3514,1652,28),
(3449,1653,1),
(3515,1653,28),
(3336,1667,1),
(3516,1667,28),
(3394,1728,1),
(3517,1728,28),
(3395,1729,1),
(3518,1729,28),
(3499,1766,1),
(3520,1766,28),
(3500,1767,1),
(3521,1767,28),
(3501,1768,1),
(3522,1768,28),
(3531,1771,1),
(3684,1807,1),
(3721,1819,1),
(4444,2158,1),
(4448,2161,1),
(4449,2162,1),
(4484,2223,1),
(4485,2224,1),
(4486,2225,1),
(4487,2275,27),
(4488,2276,27),
(4489,2277,27),
(4490,2300,30),
(4491,2301,30),
(4492,2302,30),
(4493,2309,8),
(4494,2311,31),
(4495,2312,31),
(4496,2313,31),
(4497,2314,31),
(4498,2315,31),
(4499,2320,31),
(4500,2326,8),
(4501,2329,31),
(4502,2330,31),
(4503,2331,31),
(4504,2332,31),
(4505,2333,31),
(4506,2338,31),
(4507,2357,32),
(4508,2358,32),
(4509,2359,32),
(4510,2360,32),
(4511,2361,32),
(4512,2362,32),
(4513,2383,1),
(4514,2384,1),
(4515,2385,1),
(4516,2396,31),
(4517,2397,31),
(4518,2398,31),
(4519,2399,31),
(4520,2400,31),
(4521,2402,1),
(4522,2405,33),
(4523,2406,33),
(4524,2407,33),
(4525,2408,33),
(4526,2409,33),
(4527,2410,33),
(4528,2421,33),
(4529,2442,34),
(4530,2459,31),
(4531,2473,1),
(4533,2537,1),
(4534,2538,1),
(4535,2539,1),
(4536,2540,1),
(4537,2541,1),
(4538,2542,1),
(4539,2543,1),
(4540,2555,1),
(4541,2585,3),
(4542,2597,1),
(4543,2600,8),
(4544,2601,8),
(4545,2602,8),
(4546,2603,8),
(4547,2604,8),
(4548,2613,8),
(4549,2625,1),
(4550,2628,3),
(4551,2629,3),
(4552,2630,3),
(4553,2631,3),
(4554,2632,3),
(4555,2637,3),
(4556,2657,1),
(4557,2674,2),
(4558,2690,2),
(4559,2701,1),
(4560,2703,3),
(4561,2704,3),
(4562,2705,3),
(4563,2706,3),
(4564,2707,3),
(4565,2712,3),
(4566,2719,1),
(4567,2721,3),
(4568,2722,3),
(4569,2723,3),
(4570,2724,3),
(4571,2725,3),
(4572,2730,3),
(4573,2736,1),
(4574,2755,1),
(4575,2757,1),
(4576,2758,1),
(4577,2759,1),
(4578,2760,1),
(4579,2761,1),
(4580,2766,1),
(4581,2782,35),
(4582,2810,3),
(4583,2827,1),
(4584,2843,3),
(4585,2858,34),
(4586,2869,3),
(4587,2870,3),
(4588,2871,3),
(4589,2872,3),
(4590,2889,8),
(4591,2911,1),
(4592,2913,1),
(4593,2914,1),
(4594,2915,1),
(4595,2916,1),
(4596,2917,1),
(4597,2922,1),
(4598,2948,2),
(4599,2949,2),
(4600,2970,2),
(4601,2977,1),
(4602,2978,1),
(4603,2979,1),
(4604,2980,1),
(4605,2982,1),
(4606,2984,2),
(4607,2985,2),
(4608,2986,2),
(4609,2987,2),
(4610,2988,2),
(4611,2997,2),
(4612,3022,3),
(4613,3047,8),
(4614,3053,1),
(4615,3056,1),
(4616,3057,1),
(4617,3058,1),
(4618,3059,1),
(4619,3060,1),
(4620,3061,1),
(4621,3079,11),
(4622,3080,36),
(4623,3081,11),
(5161,6129,1);

--
-- Table structure for table `glpi_ipnetworks`
--

CREATE TABLE `glpi_ipnetworks` (
  `id` int(10) unsigned NOT NULL AUTO_INCREMENT,
  `entities_id` int(10) unsigned NOT NULL DEFAULT 0,
  `is_recursive` tinyint(1) NOT NULL DEFAULT 0,
  `ipnetworks_id` int(10) unsigned NOT NULL DEFAULT 0,
  `completename` mediumtext DEFAULT NULL,
  `level` int(11) NOT NULL DEFAULT 0,
  `ancestors_cache` longtext DEFAULT NULL,
  `sons_cache` longtext DEFAULT NULL,
  `addressable` tinyint(1) NOT NULL DEFAULT 0,
  `version` tinyint(3) unsigned DEFAULT 0,
  `name` varchar(255) DEFAULT NULL,
  `address` varchar(40) DEFAULT NULL,
  `address_0` int(10) unsigned NOT NULL DEFAULT 0,
  `address_1` int(10) unsigned NOT NULL DEFAULT 0,
  `address_2` int(10) unsigned NOT NULL DEFAULT 0,
  `address_3` int(10) unsigned NOT NULL DEFAULT 0,
  `netmask` varchar(40) DEFAULT NULL,
  `netmask_0` int(10) unsigned NOT NULL DEFAULT 0,
  `netmask_1` int(10) unsigned NOT NULL DEFAULT 0,
  `netmask_2` int(10) unsigned NOT NULL DEFAULT 0,
  `netmask_3` int(10) unsigned NOT NULL DEFAULT 0,
  `gateway` varchar(40) DEFAULT NULL,
  `gateway_0` int(10) unsigned NOT NULL DEFAULT 0,
  `gateway_1` int(10) unsigned NOT NULL DEFAULT 0,
  `gateway_2` int(10) unsigned NOT NULL DEFAULT 0,
  `gateway_3` int(10) unsigned NOT NULL DEFAULT 0,
  `comment` mediumtext DEFAULT NULL,
  `date_mod` timestamp NULL DEFAULT NULL,
  `date_creation` timestamp NULL DEFAULT NULL,
  PRIMARY KEY (`id`),
  KEY `network_definition` (`entities_id`,`address`,`netmask`),
  KEY `address` (`address_0`,`address_1`,`address_2`,`address_3`),
  KEY `netmask` (`netmask_0`,`netmask_1`,`netmask_2`,`netmask_3`),
  KEY `gateway` (`gateway_0`,`gateway_1`,`gateway_2`,`gateway_3`),
  KEY `name` (`name`),
  KEY `date_mod` (`date_mod`),
  KEY `date_creation` (`date_creation`),
  KEY `ipnetworks_id` (`ipnetworks_id`),
  KEY `is_recursive` (`is_recursive`),
  KEY `level` (`level`)
) ENGINE=InnoDB AUTO_INCREMENT=41 DEFAULT CHARSET=utf8mb4 COLLATE=utf8mb4_unicode_ci;

--
-- Dumping data for table `glpi_ipnetworks`
--

INSERT INTO `glpi_ipnetworks` VALUES
(1,0,0,0,'192.168.1.0/255.255.255.0 - 192.168.1.1',1,NULL,NULL,0,4,'192.168.1.0/255.255.255.0 - 192.168.1.1','192.168.1.0',0,0,65535,3232235776,'255.255.255.0',4294967295,4294967295,4294967295,4294967040,'192.168.1.1',0,0,65535,3232235777,NULL,'2018-01-04 14:15:50','2018-01-04 14:15:50'),
(2,0,0,0,'192.168.10.0/255.255.255.0 - 192.168.10.1',1,NULL,NULL,0,4,'192.168.10.0/255.255.255.0 - 192.168.10.1','192.168.10.0',0,0,65535,3232238080,'255.255.255.0',4294967295,4294967295,4294967295,4294967040,'192.168.10.1',0,0,65535,3232238081,NULL,'2018-01-05 13:46:11','2018-01-05 13:46:11'),
(3,0,0,0,'192.168.0.0/255.255.255.0 - 192.168.0.1',1,NULL,NULL,0,4,'192.168.0.0/255.255.255.0 - 192.168.0.1','192.168.0.0',0,0,65535,3232235520,'255.255.255.0',4294967295,4294967295,4294967295,4294967040,'192.168.0.1',0,0,65535,3232235521,NULL,'2018-01-10 14:31:51','2018-01-10 14:31:51'),
(4,0,0,0,'192.168.43.0/255.255.255.0 - 192.168.43.1',1,NULL,NULL,0,4,'192.168.43.0/255.255.255.0 - 192.168.43.1','192.168.43.0',0,0,65535,3232246528,'255.255.255.0',4294967295,4294967295,4294967295,4294967040,'192.168.43.1',0,0,65535,3232246529,NULL,'2018-02-21 14:16:23','2018-02-21 14:16:23'),
(5,0,0,0,'192.168.100.0/255.255.255.0 - 192.168.100.1',1,NULL,NULL,0,4,'192.168.100.0/255.255.255.0 - 192.168.100.1','192.168.100.0',0,0,65535,3232261120,'255.255.255.0',4294967295,4294967295,4294967295,4294967040,'192.168.100.1',0,0,65535,3232261121,NULL,'2018-08-30 17:35:11','2018-08-30 17:35:11'),
(6,0,0,11,'::/0 - :: > 2a01:e35:2fbf:9800::/64 - fe80::160c:76ff:fe8b:4180',2,NULL,NULL,1,6,'2a01:e35:2fbf:9800::/64 - fe80::160c:76ff:fe8b:4180','2a01:e35:2fbf:9800::',704712245,801085440,0,0,'64',4294967295,4294967295,0,0,'',0,0,0,0,NULL,'2020-02-05 21:10:40','2020-02-05 21:10:40'),
(7,0,0,11,'::/0 - :: > fd00::/8 - 192.168.0.254',2,NULL,NULL,1,6,'fd00::/8 - 192.168.0.254','fd00::',4244635648,0,0,0,'8',4278190080,0,0,0,'',0,0,0,0,NULL,'2020-02-05 21:10:46','2020-02-05 21:10:46'),
(8,0,0,0,'192.168.2.0/255.255.255.0 - 192.168.2.1',1,NULL,NULL,1,4,'192.168.2.0/255.255.255.0 - 192.168.2.1','192.168.2.0',0,0,65535,3232236032,'255.255.255.0',4294967295,4294967295,4294967295,4294967040,'192.168.2.1',0,0,65535,3232236033,NULL,'2020-02-05 21:10:58','2020-02-05 21:10:58'),
(9,0,0,0,'10.0.2.0/255.255.255.0 - 10.0.2.2',1,NULL,NULL,1,4,'10.0.2.0/255.255.255.0 - 10.0.2.2','10.0.2.0',0,0,65535,167772672,'255.255.255.0',4294967295,4294967295,4294967295,4294967040,'10.0.2.2',0,0,65535,167772674,NULL,'2020-02-05 21:11:06','2020-02-05 21:11:06'),
(10,0,0,0,'10.10.10.0/255.255.255.0 - 10.0.2.2',1,NULL,NULL,1,4,'10.10.10.0/255.255.255.0 - 10.0.2.2','10.10.10.0',0,0,65535,168430080,'255.255.255.0',4294967295,4294967295,4294967295,4294967040,'',0,0,0,0,NULL,'2020-02-05 21:11:06','2020-02-05 21:11:06'),
(11,0,0,0,'::/0 - ::',1,NULL,NULL,1,6,'::/0 - ::','::',0,0,0,0,'0',0,0,0,0,'::',0,0,0,0,NULL,'2020-02-05 21:11:30','2020-02-05 21:11:30'),
(12,0,0,11,'::/0 - :: > 2001::/32 - 192.168.1.1',2,NULL,NULL,1,6,'2001::/32 - 192.168.1.1','2001::',536936448,0,0,0,'32',4294967295,0,0,0,'',0,0,0,0,NULL,'2020-02-05 21:11:43','2020-02-05 21:11:43'),
(13,0,0,0,'198.72.123.0/255.255.255.0 - 198.72.123.1',1,NULL,NULL,1,4,'198.72.123.0/255.255.255.0 - 198.72.123.1','198.72.123.0',0,0,65535,3326638848,'255.255.255.0',4294967295,4294967295,4294967295,4294967040,'198.72.123.1',0,0,65535,3326638849,NULL,'2020-02-05 21:12:21','2020-02-05 21:12:21'),
(14,0,0,0,'10.223.0.0/255.255.255.0 - 198.72.123.1',1,NULL,NULL,1,4,'10.223.0.0/255.255.255.0 - 198.72.123.1','10.223.0.0',0,0,65535,182386688,'255.255.255.0',4294967295,4294967295,4294967295,4294967040,'',0,0,0,0,NULL,'2020-02-05 21:12:21','2020-02-05 21:12:21'),
(15,0,0,3,'192.168.0.0/255.255.255.0 - 192.168.0.1 > 192.168.0.0/255.255.255.0 - 192.168.0.1',2,NULL,NULL,1,4,'192.168.0.0/255.255.255.0 - 192.168.0.1','192.168.0.0',0,0,65535,3232235520,'255.255.255.0',4294967295,4294967295,4294967295,4294967040,'192.168.0.1',0,0,65535,3232235521,NULL,'2024-11-27 15:19:52','2020-02-12 10:43:30'),
(16,0,0,4,'192.168.43.0/255.255.255.0 - 192.168.43.1 > 192.168.43.0/255.255.255.0 - 192.168.43.1',2,NULL,NULL,1,4,'192.168.43.0/255.255.255.0 - 192.168.43.1','192.168.43.0',0,0,65535,3232246528,'255.255.255.0',4294967295,4294967295,4294967295,4294967040,'192.168.43.1',0,0,65535,3232246529,NULL,'2024-11-27 15:19:52','2020-02-12 10:43:30'),
(17,0,0,1,'192.168.1.0/255.255.255.0 - 192.168.1.1 > 192.168.1.0/255.255.255.0 - 192.168.1.1',2,NULL,NULL,1,4,'192.168.1.0/255.255.255.0 - 192.168.1.1','192.168.1.0',0,0,65535,3232235776,'255.255.255.0',4294967295,4294967295,4294967295,4294967040,'192.168.1.1',0,0,65535,3232235777,NULL,'2024-11-27 15:19:52','2020-02-12 10:43:30'),
(18,0,0,7,'::/0 - :: > fd00::/8 - 192.168.0.254 > fd00::/8 - 192.168.0.254',3,NULL,NULL,1,6,'fd00::/8 - 192.168.0.254','fd00::',4244635648,0,0,0,'8',4278190080,0,0,0,'',0,0,0,0,NULL,'2024-11-27 15:19:52','2020-02-12 10:43:58'),
(19,0,0,8,'192.168.2.0/255.255.255.0 - 192.168.2.1 > 192.168.2.0/255.255.255.0 - 192.168.2.1',2,NULL,NULL,1,4,'192.168.2.0/255.255.255.0 - 192.168.2.1','192.168.2.0',0,0,65535,3232236032,'255.255.255.0',4294967295,4294967295,4294967295,4294967040,'192.168.2.1',0,0,65535,3232236033,NULL,'2024-11-27 15:19:52','2020-02-12 10:43:58'),
(20,0,0,2,'192.168.10.0/255.255.255.0 - 192.168.10.1 > 192.168.10.0/255.255.255.0 - 192.168.10.1',2,NULL,NULL,1,4,'192.168.10.0/255.255.255.0 - 192.168.10.1','192.168.10.0',0,0,65535,3232238080,'255.255.255.0',4294967295,4294967295,4294967295,4294967040,'192.168.10.1',0,0,65535,3232238081,NULL,'2024-11-27 15:19:52','2020-02-12 10:44:28'),
(21,0,0,11,'::/0 - :: > ::/0 - ::',2,NULL,NULL,1,6,'::/0 - ::','::',0,0,0,0,'0',0,0,0,0,'::',0,0,0,0,NULL,'2024-11-27 15:19:52','2020-02-12 10:44:28'),
(22,0,0,12,'::/0 - :: > 2001::/32 - 192.168.1.1 > 2001::/32 - 192.168.1.1',3,NULL,NULL,1,6,'2001::/32 - 192.168.1.1','2001::',536936448,0,0,0,'32',4294967295,0,0,0,'',0,0,0,0,NULL,'2024-11-27 15:19:52','2020-02-12 10:44:28'),
(23,0,0,3,'192.168.0.0/255.255.255.0 - 192.168.0.1 > 192.168.0.0/255.255.255.0 - 192.168.0.1',2,NULL,NULL,0,4,'192.168.0.0/255.255.255.0 - 192.168.0.1','192.168.0.0',0,0,65535,3232235520,'255.255.255.0',4294967295,4294967295,4294967295,4294967040,'192.168.0.1',0,0,65535,3232235521,NULL,'2024-11-27 15:19:52','2021-05-06 17:11:03'),
(24,0,0,1,'192.168.1.0/255.255.255.0 - 192.168.1.1 > 192.168.1.0/255.255.255.0 - 192.168.1.1',2,NULL,NULL,0,4,'192.168.1.0/255.255.255.0 - 192.168.1.1','192.168.1.0',0,0,65535,3232235776,'255.255.255.0',4294967295,4294967295,4294967295,4294967040,'192.168.1.1',0,0,65535,3232235777,NULL,'2024-11-27 15:19:52','2021-05-11 12:42:32'),
(25,0,0,0,'192.168.50.0/255.255.255.0 - 192.168.50.1',1,NULL,NULL,0,4,'192.168.50.0/255.255.255.0 - 192.168.50.1','192.168.50.0',0,0,65535,3232248320,'255.255.255.0',4294967295,4294967295,4294967295,4294967040,'192.168.50.1',0,0,65535,3232248321,NULL,'2022-06-29 12:29:42','2022-06-29 12:29:42'),
(26,0,0,0,'10.29.16.0/255.255.248.0 - 10.29.23.254',1,NULL,NULL,0,4,'10.29.16.0/255.255.248.0 - 10.29.23.254','10.29.16.0',0,0,65535,169676800,'255.255.248.0',4294967295,4294967295,4294967295,4294965248,'10.29.23.254',0,0,65535,169678846,NULL,'2022-09-01 06:55:36','2022-09-01 06:55:36'),
(27,0,0,0,'172.20.10.0/255.255.255.240 - 172.20.10.1',1,NULL,NULL,0,4,'172.20.10.0/255.255.255.240 - 172.20.10.1','172.20.10.0',0,0,65535,2886994432,'255.255.255.240',4294967295,4294967295,4294967295,4294967280,'172.20.10.1',0,0,65535,2886994433,NULL,'2022-09-21 06:34:03','2022-09-21 06:34:03'),
(28,5,0,1,'192.168.1.0/255.255.255.0 - 192.168.1.1 > 192.168.1.0/255.255.255.0 - 192.168.1.1',2,NULL,NULL,0,4,'192.168.1.0/255.255.255.0 - 192.168.1.1','192.168.1.0',0,0,65535,3232235776,'255.255.255.0',4294967295,4294967295,4294967295,4294967040,'192.168.1.1',0,0,65535,3232235777,NULL,'2023-04-27 12:42:21','2023-04-27 12:42:21'),
(29,0,0,0,'192.168.190.0/255.255.255.0 - 192.168.190.190',1,NULL,NULL,0,4,'192.168.190.0/255.255.255.0 - 192.168.190.190','192.168.190.0',0,0,65535,3232284160,'255.255.255.0',4294967295,4294967295,4294967295,4294967040,'192.168.190.190',0,0,65535,3232284350,NULL,'2023-08-14 12:15:30','2023-08-14 12:15:30'),
(30,0,0,0,'192.168.86.0/255.255.255.0 - 192.168.86.149',1,NULL,NULL,1,4,'192.168.86.0/255.255.255.0 - 192.168.86.149','192.168.86.0',0,0,65535,3232257536,'255.255.255.0',4294967295,4294967295,4294967295,4294967040,'192.168.86.149',0,0,65535,3232257685,NULL,'2023-11-01 15:58:14','2023-11-01 15:58:14'),
(31,0,0,0,'192.168.254.0/255.255.255.0 - 192.168.254.1',1,NULL,NULL,1,4,'192.168.254.0/255.255.255.0 - 192.168.254.1','192.168.254.0',0,0,65535,3232300544,'255.255.255.0',4294967295,4294967295,4294967295,4294967040,'192.168.254.1',0,0,65535,3232300545,NULL,'2023-11-01 15:58:14','2023-11-01 15:58:14'),
(32,0,0,0,'192.168.40.0/255.255.255.0 - 192.168.40.1',1,NULL,NULL,1,4,'192.168.40.0/255.255.255.0 - 192.168.40.1','192.168.40.0',0,0,65535,3232245760,'255.255.255.0',4294967295,4294967295,4294967295,4294967040,'192.168.40.1',0,0,65535,3232245761,NULL,'2023-11-01 15:58:14','2023-11-01 15:58:14'),
(33,0,0,0,'172.28.0.0/255.255.0.0 - 172.28.0.1',1,NULL,NULL,1,4,'172.28.0.0/255.255.0.0 - 172.28.0.1','172.28.0.0',0,0,65535,2887516160,'255.255.0.0',4294967295,4294967295,4294967295,4294901760,'172.28.0.1',0,0,65535,2887516161,NULL,'2023-11-01 15:58:14','2023-11-01 15:58:14'),
(34,0,0,0,'172.16.128.0/255.255.224.0 - 172.16.128.1',1,NULL,NULL,1,4,'172.16.128.0/255.255.224.0 - 172.16.128.1','172.16.128.0',0,0,65535,2886762496,'255.255.224.0',4294967295,4294967295,4294967295,4294959104,'172.16.128.1',0,0,65535,2886762497,NULL,'2023-11-01 15:58:14','2023-11-01 15:58:14'),
(35,0,0,0,'10.0.0.0/255.255.255.0 - 10.0.0.1',1,NULL,NULL,1,4,'10.0.0.0/255.255.255.0 - 10.0.0.1','10.0.0.0',0,0,65535,167772160,'255.255.255.0',4294967295,4294967295,4294967295,4294967040,'10.0.0.1',0,0,65535,167772161,NULL,'2023-11-01 15:58:14','2023-11-01 15:58:14'),
(36,0,0,0,'192.99.246.125/255.255.255.255 - 192.99.246.1',1,NULL,NULL,1,4,'192.99.246.125/255.255.255.255 - 192.99.246.1','192.99.246.125',0,0,65535,3227776637,'255.255.255.255',4294967295,4294967295,4294967295,4294967295,'',0,0,0,0,NULL,'2023-11-01 15:58:14','2023-11-01 15:58:14'),
(37,0,0,0,'192.168.130.0/255.255.255.0 - 192.168.130.168',1,NULL,NULL,1,4,'192.168.130.0/255.255.255.0 - 192.168.130.168','192.168.130.0',0,0,65535,3232268800,'255.255.255.0',4294967295,4294967295,4294967295,4294967040,'192.168.130.168',0,0,65535,3232268968,NULL,'2023-11-09 17:56:42','2023-11-09 17:56:42'),
(38,0,0,0,'10.101.0.0/255.255.255.0 - 10.101.0.1',1,NULL,NULL,1,4,'10.101.0.0/255.255.255.0 - 10.101.0.1','10.101.0.0',0,0,65535,174391296,'255.255.255.0',4294967295,4294967295,4294967295,4294967040,'10.101.0.1',0,0,65535,174391297,NULL,'2023-11-09 17:56:42','2023-11-09 17:56:42'),
(39,0,0,0,'192.168.223.0/255.255.255.0 - 192.168.223.98',1,NULL,NULL,1,4,'192.168.223.0/255.255.255.0 - 192.168.223.98','192.168.223.0',0,0,65535,3232292608,'255.255.255.0',4294967295,4294967295,4294967295,4294967040,'192.168.223.98',0,0,65535,3232292706,NULL,'2023-11-09 17:56:42','2023-11-09 17:56:42'),
(40,0,0,0,'10.1.0.0/255.255.248.0 - 10.1.0.1',1,NULL,NULL,1,4,'10.1.0.0/255.255.248.0 - 10.1.0.1','10.1.0.0',0,0,65535,167837696,'255.255.248.0',4294967295,4294967295,4294967295,4294965248,'10.1.0.1',0,0,65535,167837697,NULL,'2023-11-10 18:21:05','2023-11-10 18:21:05');

--
-- Table structure for table `glpi_ipnetworks_vlans`
--

CREATE TABLE `glpi_ipnetworks_vlans` (
  `id` int(10) unsigned NOT NULL AUTO_INCREMENT,
  `ipnetworks_id` int(10) unsigned NOT NULL DEFAULT 0,
  `vlans_id` int(10) unsigned NOT NULL DEFAULT 0,
  PRIMARY KEY (`id`),
  UNIQUE KEY `link` (`ipnetworks_id`,`vlans_id`),
  KEY `vlans_id` (`vlans_id`)
) ENGINE=InnoDB DEFAULT CHARSET=utf8mb4 COLLATE=utf8mb4_unicode_ci;

--
-- Dumping data for table `glpi_ipnetworks_vlans`
--


--
-- Table structure for table `glpi_items_clusters`
--

CREATE TABLE `glpi_items_clusters` (
  `id` int(10) unsigned NOT NULL AUTO_INCREMENT,
  `clusters_id` int(10) unsigned NOT NULL DEFAULT 0,
  `itemtype` varchar(100) DEFAULT NULL,
  `items_id` int(10) unsigned NOT NULL DEFAULT 0,
  PRIMARY KEY (`id`),
  UNIQUE KEY `unicity` (`clusters_id`,`itemtype`,`items_id`),
  KEY `item` (`itemtype`,`items_id`)
) ENGINE=InnoDB DEFAULT CHARSET=utf8mb4 COLLATE=utf8mb4_unicode_ci;

--
-- Dumping data for table `glpi_items_clusters`
--


--
-- Table structure for table `glpi_items_devicebatteries`
--

CREATE TABLE `glpi_items_devicebatteries` (
  `id` int(10) unsigned NOT NULL AUTO_INCREMENT,
  `items_id` int(10) unsigned NOT NULL DEFAULT 0,
  `itemtype` varchar(255) DEFAULT NULL,
  `devicebatteries_id` int(10) unsigned NOT NULL DEFAULT 0,
  `manufacturing_date` date DEFAULT NULL,
  `is_deleted` tinyint(1) NOT NULL DEFAULT 0,
  `is_dynamic` tinyint(1) NOT NULL DEFAULT 0,
  `entities_id` int(10) unsigned NOT NULL DEFAULT 0,
  `is_recursive` tinyint(1) NOT NULL DEFAULT 0,
  `serial` varchar(255) DEFAULT NULL,
  `otherserial` varchar(255) DEFAULT NULL,
  `locations_id` int(10) unsigned NOT NULL DEFAULT 0,
  `states_id` int(10) unsigned NOT NULL DEFAULT 0,
  `real_capacity` int(11) NOT NULL DEFAULT 0,
  PRIMARY KEY (`id`),
  KEY `devicebatteries_id` (`devicebatteries_id`),
  KEY `is_deleted` (`is_deleted`),
  KEY `is_dynamic` (`is_dynamic`),
  KEY `entities_id` (`entities_id`),
  KEY `is_recursive` (`is_recursive`),
  KEY `serial` (`serial`),
  KEY `item` (`itemtype`,`items_id`),
  KEY `otherserial` (`otherserial`),
  KEY `locations_id` (`locations_id`),
  KEY `states_id` (`states_id`)
) ENGINE=InnoDB AUTO_INCREMENT=1056 DEFAULT CHARSET=utf8mb4 COLLATE=utf8mb4_unicode_ci;

--
-- Dumping data for table `glpi_items_devicebatteries`
--

INSERT INTO `glpi_items_devicebatteries` VALUES
(29,10039,'Computer',3,'2017-09-02',0,1,0,0,'3140',NULL,0,0,0),
(263,10039,'Computer',4,'2017-02-23',0,1,0,0,'958',NULL,0,0,0),
(264,9922,'Computer',5,NULL,0,0,5,0,NULL,NULL,131,0,0),
(265,7,'Computer',3,'2017-09-02',0,1,0,0,'3140',NULL,0,0,0),
(266,7,'Computer',4,'2017-02-23',0,1,0,0,'958',NULL,0,0,0);

--
-- Table structure for table `glpi_items_devicecameras`
--

CREATE TABLE `glpi_items_devicecameras` (
  `id` int(10) unsigned NOT NULL AUTO_INCREMENT,
  `items_id` int(10) unsigned NOT NULL DEFAULT 0,
  `itemtype` varchar(255) DEFAULT NULL,
  `devicecameras_id` int(10) unsigned NOT NULL DEFAULT 0,
  `is_deleted` tinyint(4) NOT NULL DEFAULT 0,
  `is_dynamic` tinyint(4) NOT NULL DEFAULT 0,
  `entities_id` int(10) unsigned NOT NULL DEFAULT 0,
  `is_recursive` tinyint(4) NOT NULL DEFAULT 0,
  `locations_id` int(10) unsigned NOT NULL DEFAULT 0,
  PRIMARY KEY (`id`),
  KEY `items_id` (`items_id`),
  KEY `devicecameras_id` (`devicecameras_id`),
  KEY `is_deleted` (`is_deleted`),
  KEY `is_dynamic` (`is_dynamic`),
  KEY `entities_id` (`entities_id`),
  KEY `is_recursive` (`is_recursive`),
  KEY `item` (`itemtype`,`items_id`),
  KEY `locations_id` (`locations_id`)
) ENGINE=InnoDB DEFAULT CHARSET=utf8mb4 COLLATE=utf8mb4_unicode_ci ROW_FORMAT=DYNAMIC;

--
-- Dumping data for table `glpi_items_devicecameras`
--


--
-- Table structure for table `glpi_items_devicecameras_imageformats`
--

CREATE TABLE `glpi_items_devicecameras_imageformats` (
  `id` int(10) unsigned NOT NULL AUTO_INCREMENT,
  `items_devicecameras_id` int(10) unsigned NOT NULL DEFAULT 0,
  `imageformats_id` int(10) unsigned NOT NULL DEFAULT 0,
  `is_dynamic` tinyint(4) NOT NULL DEFAULT 0,
  `is_deleted` tinyint(4) NOT NULL DEFAULT 0,
  PRIMARY KEY (`id`),
  KEY `imageformats_id` (`imageformats_id`),
  KEY `is_dynamic` (`is_dynamic`),
  KEY `is_deleted` (`is_deleted`),
  KEY `items_devicecameras_id` (`items_devicecameras_id`)
) ENGINE=InnoDB DEFAULT CHARSET=utf8mb4 COLLATE=utf8mb4_unicode_ci ROW_FORMAT=DYNAMIC;

--
-- Dumping data for table `glpi_items_devicecameras_imageformats`
--


--
-- Table structure for table `glpi_items_devicecameras_imageresolutions`
--

CREATE TABLE `glpi_items_devicecameras_imageresolutions` (
  `id` int(10) unsigned NOT NULL AUTO_INCREMENT,
  `items_devicecameras_id` int(10) unsigned NOT NULL DEFAULT 0,
  `imageresolutions_id` int(10) unsigned NOT NULL DEFAULT 0,
  `is_dynamic` tinyint(4) NOT NULL DEFAULT 0,
  `is_deleted` tinyint(4) NOT NULL DEFAULT 0,
  PRIMARY KEY (`id`),
  KEY `imageresolutions_id` (`imageresolutions_id`),
  KEY `is_dynamic` (`is_dynamic`),
  KEY `is_deleted` (`is_deleted`),
  KEY `items_devicecameras_id` (`items_devicecameras_id`)
) ENGINE=InnoDB DEFAULT CHARSET=utf8mb4 COLLATE=utf8mb4_unicode_ci ROW_FORMAT=DYNAMIC;

--
-- Dumping data for table `glpi_items_devicecameras_imageresolutions`
--


--
-- Table structure for table `glpi_items_devicecases`
--

CREATE TABLE `glpi_items_devicecases` (
  `id` int(10) unsigned NOT NULL AUTO_INCREMENT,
  `items_id` int(10) unsigned NOT NULL DEFAULT 0,
  `itemtype` varchar(255) DEFAULT NULL,
  `devicecases_id` int(10) unsigned NOT NULL DEFAULT 0,
  `is_deleted` tinyint(1) NOT NULL DEFAULT 0,
  `is_dynamic` tinyint(1) NOT NULL DEFAULT 0,
  `entities_id` int(10) unsigned NOT NULL DEFAULT 0,
  `is_recursive` tinyint(1) NOT NULL DEFAULT 0,
  `serial` varchar(255) DEFAULT NULL,
  `otherserial` varchar(255) DEFAULT NULL,
  `locations_id` int(10) unsigned NOT NULL DEFAULT 0,
  `states_id` int(10) unsigned NOT NULL DEFAULT 0,
  PRIMARY KEY (`id`),
  KEY `devicecases_id` (`devicecases_id`),
  KEY `is_deleted` (`is_deleted`),
  KEY `is_dynamic` (`is_dynamic`),
  KEY `entities_id` (`entities_id`),
  KEY `is_recursive` (`is_recursive`),
  KEY `serial` (`serial`),
  KEY `item` (`itemtype`,`items_id`),
  KEY `otherserial` (`otherserial`),
  KEY `locations_id` (`locations_id`),
  KEY `states_id` (`states_id`)
) ENGINE=InnoDB DEFAULT CHARSET=utf8mb4 COLLATE=utf8mb4_unicode_ci;

--
-- Dumping data for table `glpi_items_devicecases`
--


--
-- Table structure for table `glpi_items_devicecontrols`
--

CREATE TABLE `glpi_items_devicecontrols` (
  `id` int(10) unsigned NOT NULL AUTO_INCREMENT,
  `items_id` int(10) unsigned NOT NULL DEFAULT 0,
  `itemtype` varchar(255) DEFAULT NULL,
  `devicecontrols_id` int(10) unsigned NOT NULL DEFAULT 0,
  `is_deleted` tinyint(1) NOT NULL DEFAULT 0,
  `is_dynamic` tinyint(1) NOT NULL DEFAULT 0,
  `entities_id` int(10) unsigned NOT NULL DEFAULT 0,
  `is_recursive` tinyint(1) NOT NULL DEFAULT 0,
  `serial` varchar(255) DEFAULT NULL,
  `busID` varchar(255) DEFAULT NULL,
  `otherserial` varchar(255) DEFAULT NULL,
  `locations_id` int(10) unsigned NOT NULL DEFAULT 0,
  `states_id` int(10) unsigned NOT NULL DEFAULT 0,
  PRIMARY KEY (`id`),
  KEY `devicecontrols_id` (`devicecontrols_id`),
  KEY `is_deleted` (`is_deleted`),
  KEY `is_dynamic` (`is_dynamic`),
  KEY `entities_id` (`entities_id`),
  KEY `is_recursive` (`is_recursive`),
  KEY `serial` (`serial`),
  KEY `busID` (`busID`),
  KEY `item` (`itemtype`,`items_id`),
  KEY `otherserial` (`otherserial`),
  KEY `locations_id` (`locations_id`),
  KEY `states_id` (`states_id`)
) ENGINE=InnoDB AUTO_INCREMENT=5266 DEFAULT CHARSET=utf8mb4 COLLATE=utf8mb4_unicode_ci;

--
-- Dumping data for table `glpi_items_devicecontrols`
--

INSERT INTO `glpi_items_devicecontrols` VALUES
(612,10044,'Computer',85,0,1,0,0,NULL,NULL,NULL,0,0),
(613,10044,'Computer',65,0,1,0,0,NULL,NULL,NULL,0,0),
(614,10044,'Computer',66,0,1,0,0,NULL,NULL,NULL,0,0),
(619,10046,'Computer',65,0,1,0,0,NULL,NULL,NULL,17,0),
(620,10046,'Computer',64,0,1,0,0,NULL,NULL,NULL,17,0),
(621,10046,'Computer',66,0,1,0,0,NULL,NULL,NULL,17,0),
(632,10039,'Computer',88,0,1,0,0,NULL,NULL,NULL,0,0),
(633,10039,'Computer',89,0,1,0,0,NULL,NULL,NULL,0,0),
(634,10039,'Computer',90,0,1,0,0,NULL,NULL,NULL,0,0),
(635,10039,'Computer',91,0,1,0,0,NULL,NULL,NULL,0,0),
(636,10039,'Computer',92,0,1,0,0,NULL,NULL,NULL,0,0),
(637,10039,'Computer',93,0,1,0,0,NULL,NULL,NULL,0,0),
(638,10039,'Computer',94,0,1,0,0,NULL,NULL,NULL,0,0),
(639,10039,'Computer',95,0,1,0,0,NULL,NULL,NULL,0,0),
(640,10039,'Computer',96,0,1,0,0,NULL,NULL,NULL,0,0),
(641,10039,'Computer',97,0,1,0,0,NULL,NULL,NULL,0,0),
(642,10039,'Computer',98,0,1,0,0,NULL,NULL,NULL,0,0),
(643,10039,'Computer',99,0,1,0,0,NULL,NULL,NULL,0,0),
(644,10039,'Computer',100,0,1,0,0,NULL,NULL,NULL,0,0),
(645,10039,'Computer',101,0,1,0,0,NULL,NULL,NULL,0,0),
(646,7,'Computer',88,0,1,0,0,NULL,NULL,NULL,0,0),
(647,7,'Computer',89,0,1,0,0,NULL,NULL,NULL,0,0),
(648,7,'Computer',90,0,1,0,0,NULL,NULL,NULL,0,0),
(649,7,'Computer',91,0,1,0,0,NULL,NULL,NULL,0,0),
(650,7,'Computer',92,0,1,0,0,NULL,NULL,NULL,0,0),
(651,7,'Computer',93,0,1,0,0,NULL,NULL,NULL,0,0),
(652,7,'Computer',94,0,1,0,0,NULL,NULL,NULL,0,0),
(653,7,'Computer',95,0,1,0,0,NULL,NULL,NULL,0,0),
(654,7,'Computer',96,0,1,0,0,NULL,NULL,NULL,0,0),
(655,7,'Computer',97,0,1,0,0,NULL,NULL,NULL,0,0),
(656,7,'Computer',98,0,1,0,0,NULL,NULL,NULL,0,0),
(657,7,'Computer',99,0,1,0,0,NULL,NULL,NULL,0,0),
(658,7,'Computer',100,0,1,0,0,NULL,NULL,NULL,0,0),
(659,7,'Computer',101,0,1,0,0,NULL,NULL,NULL,0,0),
(3929,33871,'Computer',164,0,1,0,0,NULL,NULL,NULL,89,0),
(3930,33871,'Computer',165,0,1,0,0,NULL,NULL,NULL,89,0),
(3931,33871,'Computer',166,0,1,0,0,NULL,NULL,NULL,89,0),
(3932,33871,'Computer',167,0,1,0,0,NULL,NULL,NULL,89,0),
(3933,33871,'Computer',112,0,1,0,0,NULL,NULL,NULL,89,0),
(3934,33871,'Computer',169,0,1,0,0,NULL,NULL,NULL,89,0),
(3935,33871,'Computer',111,0,1,0,0,NULL,NULL,NULL,89,0);

--
-- Table structure for table `glpi_items_devicedrives`
--

CREATE TABLE `glpi_items_devicedrives` (
  `id` int(10) unsigned NOT NULL AUTO_INCREMENT,
  `items_id` int(10) unsigned NOT NULL DEFAULT 0,
  `itemtype` varchar(255) DEFAULT NULL,
  `devicedrives_id` int(10) unsigned NOT NULL DEFAULT 0,
  `is_deleted` tinyint(1) NOT NULL DEFAULT 0,
  `is_dynamic` tinyint(1) NOT NULL DEFAULT 0,
  `entities_id` int(10) unsigned NOT NULL DEFAULT 0,
  `is_recursive` tinyint(1) NOT NULL DEFAULT 0,
  `serial` varchar(255) DEFAULT NULL,
  `busID` varchar(255) DEFAULT NULL,
  `otherserial` varchar(255) DEFAULT NULL,
  `locations_id` int(10) unsigned NOT NULL DEFAULT 0,
  `states_id` int(10) unsigned NOT NULL DEFAULT 0,
  PRIMARY KEY (`id`),
  KEY `devicedrives_id` (`devicedrives_id`),
  KEY `is_deleted` (`is_deleted`),
  KEY `is_dynamic` (`is_dynamic`),
  KEY `entities_id` (`entities_id`),
  KEY `is_recursive` (`is_recursive`),
  KEY `serial` (`serial`),
  KEY `busID` (`busID`),
  KEY `item` (`itemtype`,`items_id`),
  KEY `otherserial` (`otherserial`),
  KEY `locations_id` (`locations_id`),
  KEY `states_id` (`states_id`)
) ENGINE=InnoDB AUTO_INCREMENT=138 DEFAULT CHARSET=utf8mb4 COLLATE=utf8mb4_unicode_ci;

--
-- Dumping data for table `glpi_items_devicedrives`
--

INSERT INTO `glpi_items_devicedrives` VALUES
(8,33871,'Computer',5,0,1,0,0,NULL,NULL,NULL,89,0);

--
-- Table structure for table `glpi_items_devicefirmwares`
--

CREATE TABLE `glpi_items_devicefirmwares` (
  `id` int(10) unsigned NOT NULL AUTO_INCREMENT,
  `items_id` int(10) unsigned NOT NULL DEFAULT 0,
  `itemtype` varchar(255) DEFAULT NULL,
  `devicefirmwares_id` int(10) unsigned NOT NULL DEFAULT 0,
  `is_deleted` tinyint(1) NOT NULL DEFAULT 0,
  `is_dynamic` tinyint(1) NOT NULL DEFAULT 0,
  `entities_id` int(10) unsigned NOT NULL DEFAULT 0,
  `is_recursive` tinyint(1) NOT NULL DEFAULT 0,
  `serial` varchar(255) DEFAULT NULL,
  `otherserial` varchar(255) DEFAULT NULL,
  `locations_id` int(10) unsigned NOT NULL DEFAULT 0,
  `states_id` int(10) unsigned NOT NULL DEFAULT 0,
  PRIMARY KEY (`id`),
  KEY `devicefirmwares_id` (`devicefirmwares_id`),
  KEY `is_deleted` (`is_deleted`),
  KEY `is_dynamic` (`is_dynamic`),
  KEY `entities_id` (`entities_id`),
  KEY `is_recursive` (`is_recursive`),
  KEY `serial` (`serial`),
  KEY `item` (`itemtype`,`items_id`),
  KEY `otherserial` (`otherserial`),
  KEY `locations_id` (`locations_id`),
  KEY `states_id` (`states_id`)
) ENGINE=InnoDB AUTO_INCREMENT=669 DEFAULT CHARSET=utf8mb4 COLLATE=utf8mb4_unicode_ci;

--
-- Dumping data for table `glpi_items_devicefirmwares`
--

INSERT INTO `glpi_items_devicefirmwares` VALUES
(129,10044,'Computer',33,0,1,0,0,NULL,NULL,0,0),
(131,10046,'Computer',35,0,1,0,0,NULL,NULL,17,0),
(135,10039,'Computer',38,0,1,0,0,'',NULL,0,0),
(137,7,'Computer',38,0,1,0,0,'',NULL,0,0),
(380,33871,'Computer',68,0,1,0,0,NULL,NULL,89,0),
(443,285,'Printer',103,0,1,0,0,NULL,NULL,91,0);

--
-- Table structure for table `glpi_items_devicegenerics`
--

CREATE TABLE `glpi_items_devicegenerics` (
  `id` int(10) unsigned NOT NULL AUTO_INCREMENT,
  `items_id` int(10) unsigned NOT NULL DEFAULT 0,
  `itemtype` varchar(255) DEFAULT NULL,
  `devicegenerics_id` int(10) unsigned NOT NULL DEFAULT 0,
  `is_deleted` tinyint(1) NOT NULL DEFAULT 0,
  `is_dynamic` tinyint(1) NOT NULL DEFAULT 0,
  `entities_id` int(10) unsigned NOT NULL DEFAULT 0,
  `is_recursive` tinyint(1) NOT NULL DEFAULT 0,
  `serial` varchar(255) DEFAULT NULL,
  `otherserial` varchar(255) DEFAULT NULL,
  `locations_id` int(10) unsigned NOT NULL DEFAULT 0,
  `states_id` int(10) unsigned NOT NULL DEFAULT 0,
  PRIMARY KEY (`id`),
  KEY `devicegenerics_id` (`devicegenerics_id`),
  KEY `is_deleted` (`is_deleted`),
  KEY `is_dynamic` (`is_dynamic`),
  KEY `entities_id` (`entities_id`),
  KEY `is_recursive` (`is_recursive`),
  KEY `serial` (`serial`),
  KEY `item` (`itemtype`,`items_id`),
  KEY `otherserial` (`otherserial`),
  KEY `locations_id` (`locations_id`),
  KEY `states_id` (`states_id`)
) ENGINE=InnoDB DEFAULT CHARSET=utf8mb4 COLLATE=utf8mb4_unicode_ci;

--
-- Dumping data for table `glpi_items_devicegenerics`
--


--
-- Table structure for table `glpi_items_devicegraphiccards`
--

CREATE TABLE `glpi_items_devicegraphiccards` (
  `id` int(10) unsigned NOT NULL AUTO_INCREMENT,
  `items_id` int(10) unsigned NOT NULL DEFAULT 0,
  `itemtype` varchar(255) DEFAULT NULL,
  `devicegraphiccards_id` int(10) unsigned NOT NULL DEFAULT 0,
  `memory` int(11) NOT NULL DEFAULT 0,
  `is_deleted` tinyint(1) NOT NULL DEFAULT 0,
  `is_dynamic` tinyint(1) NOT NULL DEFAULT 0,
  `entities_id` int(10) unsigned NOT NULL DEFAULT 0,
  `is_recursive` tinyint(1) NOT NULL DEFAULT 0,
  `serial` varchar(255) DEFAULT NULL,
  `busID` varchar(255) DEFAULT NULL,
  `otherserial` varchar(255) DEFAULT NULL,
  `locations_id` int(10) unsigned NOT NULL DEFAULT 0,
  `states_id` int(10) unsigned NOT NULL DEFAULT 0,
  PRIMARY KEY (`id`),
  KEY `devicegraphiccards_id` (`devicegraphiccards_id`),
  KEY `specificity` (`memory`),
  KEY `is_deleted` (`is_deleted`),
  KEY `is_dynamic` (`is_dynamic`),
  KEY `entities_id` (`entities_id`),
  KEY `is_recursive` (`is_recursive`),
  KEY `serial` (`serial`),
  KEY `busID` (`busID`),
  KEY `item` (`itemtype`,`items_id`),
  KEY `otherserial` (`otherserial`),
  KEY `locations_id` (`locations_id`),
  KEY `states_id` (`states_id`)
) ENGINE=InnoDB AUTO_INCREMENT=675 DEFAULT CHARSET=utf8mb4 COLLATE=utf8mb4_unicode_ci;

--
-- Dumping data for table `glpi_items_devicegraphiccards`
--

INSERT INTO `glpi_items_devicegraphiccards` VALUES
(152,10044,'Computer',9,1024,0,1,0,0,NULL,NULL,NULL,0,0),
(153,10044,'Computer',8,0,0,1,0,0,NULL,NULL,NULL,0,0),
(154,10044,'Computer',10,2048,0,1,0,0,NULL,NULL,NULL,0,0),
(156,10046,'Computer',1,1024,0,1,0,0,NULL,NULL,NULL,17,0),
(161,10039,'Computer',14,0,0,1,0,0,NULL,NULL,NULL,0,0),
(162,7,'Computer',1,0,0,1,0,0,NULL,NULL,NULL,0,0),
(203,33871,'Computer',18,0,0,1,0,0,NULL,NULL,NULL,89,0);

--
-- Table structure for table `glpi_items_deviceharddrives`
--

CREATE TABLE `glpi_items_deviceharddrives` (
  `id` int(10) unsigned NOT NULL AUTO_INCREMENT,
  `items_id` int(10) unsigned NOT NULL DEFAULT 0,
  `itemtype` varchar(255) DEFAULT NULL,
  `deviceharddrives_id` int(10) unsigned NOT NULL DEFAULT 0,
  `capacity` int(11) NOT NULL DEFAULT 0,
  `serial` varchar(255) DEFAULT NULL,
  `is_deleted` tinyint(1) NOT NULL DEFAULT 0,
  `is_dynamic` tinyint(1) NOT NULL DEFAULT 0,
  `entities_id` int(10) unsigned NOT NULL DEFAULT 0,
  `is_recursive` tinyint(1) NOT NULL DEFAULT 0,
  `busID` varchar(255) DEFAULT NULL,
  `otherserial` varchar(255) DEFAULT NULL,
  `locations_id` int(10) unsigned NOT NULL DEFAULT 0,
  `states_id` int(10) unsigned NOT NULL DEFAULT 0,
  PRIMARY KEY (`id`),
  KEY `deviceharddrives_id` (`deviceharddrives_id`),
  KEY `specificity` (`capacity`),
  KEY `is_deleted` (`is_deleted`),
  KEY `is_dynamic` (`is_dynamic`),
  KEY `serial` (`serial`),
  KEY `entities_id` (`entities_id`),
  KEY `is_recursive` (`is_recursive`),
  KEY `busID` (`busID`),
  KEY `item` (`itemtype`,`items_id`),
  KEY `otherserial` (`otherserial`),
  KEY `locations_id` (`locations_id`),
  KEY `states_id` (`states_id`)
) ENGINE=InnoDB AUTO_INCREMENT=19853 DEFAULT CHARSET=utf8mb4 COLLATE=utf8mb4_unicode_ci;

--
-- Dumping data for table `glpi_items_deviceharddrives`
--

INSERT INTO `glpi_items_deviceharddrives` VALUES
(128,10044,'Computer',14,476937,'WD-WXJ1AA62DU6K',1,1,0,0,NULL,NULL,0,0),
(130,10046,'Computer',2,244191,'5CD2_E416_71A2_7262.',1,1,0,0,NULL,NULL,17,0),
(133,10039,'Computer',4,244191,'5CD2_E417_71A0_3257.',1,1,0,0,NULL,NULL,0,0),
(9071,7,'Computer',24,244191,'5CD2_E417_71A0_3257.',1,1,0,0,NULL,NULL,0,0),
(19339,33825,'Computer',10,10737,NULL,0,0,0,0,NULL,NULL,136,0),
(19549,33871,'Computer',30,42949,'VB9f21f8c6-9df823d3',0,1,0,0,NULL,NULL,89,0);

--
-- Table structure for table `glpi_items_devicememories`
--

CREATE TABLE `glpi_items_devicememories` (
  `id` int(10) unsigned NOT NULL AUTO_INCREMENT,
  `items_id` int(10) unsigned NOT NULL DEFAULT 0,
  `itemtype` varchar(255) DEFAULT NULL,
  `devicememories_id` int(10) unsigned NOT NULL DEFAULT 0,
  `size` int(11) NOT NULL DEFAULT 0,
  `serial` varchar(255) DEFAULT NULL,
  `is_deleted` tinyint(1) NOT NULL DEFAULT 0,
  `is_dynamic` tinyint(1) NOT NULL DEFAULT 0,
  `entities_id` int(10) unsigned NOT NULL DEFAULT 0,
  `is_recursive` tinyint(1) NOT NULL DEFAULT 0,
  `busID` varchar(255) DEFAULT NULL,
  `otherserial` varchar(255) DEFAULT NULL,
  `locations_id` int(10) unsigned NOT NULL DEFAULT 0,
  `states_id` int(10) unsigned NOT NULL DEFAULT 0,
  PRIMARY KEY (`id`),
  KEY `devicememories_id` (`devicememories_id`),
  KEY `specificity` (`size`),
  KEY `is_deleted` (`is_deleted`),
  KEY `is_dynamic` (`is_dynamic`),
  KEY `serial` (`serial`),
  KEY `entities_id` (`entities_id`),
  KEY `is_recursive` (`is_recursive`),
  KEY `busID` (`busID`),
  KEY `item` (`itemtype`,`items_id`),
  KEY `otherserial` (`otherserial`),
  KEY `locations_id` (`locations_id`),
  KEY `states_id` (`states_id`)
) ENGINE=InnoDB AUTO_INCREMENT=20264 DEFAULT CHARSET=utf8mb4 COLLATE=utf8mb4_unicode_ci;

--
-- Dumping data for table `glpi_items_devicememories`
--

INSERT INTO `glpi_items_devicememories` VALUES
(257,10044,'Computer',15,8192,NULL,1,1,0,1,NULL,NULL,0,0),
(258,10044,'Computer',16,8192,NULL,1,1,0,1,NULL,NULL,0,0),
(261,10046,'Computer',0,8192,NULL,1,1,3,0,NULL,NULL,17,0),
(262,10046,'Computer',22,16384,NULL,1,1,0,1,NULL,NULL,17,0),
(271,10039,'Computer',2,16384,'368FA737',1,1,0,1,'1',NULL,0,0),
(9209,7,'Computer',2,16384,'368FA737',1,1,0,1,'1',NULL,0,0),
(19424,33696,'Computer',36,16384,NULL,0,0,0,0,NULL,NULL,113,0);

--
-- Table structure for table `glpi_items_devicemotherboards`
--

CREATE TABLE `glpi_items_devicemotherboards` (
  `id` int(10) unsigned NOT NULL AUTO_INCREMENT,
  `items_id` int(10) unsigned NOT NULL DEFAULT 0,
  `itemtype` varchar(255) DEFAULT NULL,
  `devicemotherboards_id` int(10) unsigned NOT NULL DEFAULT 0,
  `is_deleted` tinyint(1) NOT NULL DEFAULT 0,
  `is_dynamic` tinyint(1) NOT NULL DEFAULT 0,
  `entities_id` int(10) unsigned NOT NULL DEFAULT 0,
  `is_recursive` tinyint(1) NOT NULL DEFAULT 0,
  `serial` varchar(255) DEFAULT NULL,
  `otherserial` varchar(255) DEFAULT NULL,
  `locations_id` int(10) unsigned NOT NULL DEFAULT 0,
  `states_id` int(10) unsigned NOT NULL DEFAULT 0,
  PRIMARY KEY (`id`),
  KEY `devicemotherboards_id` (`devicemotherboards_id`),
  KEY `is_deleted` (`is_deleted`),
  KEY `is_dynamic` (`is_dynamic`),
  KEY `entities_id` (`entities_id`),
  KEY `is_recursive` (`is_recursive`),
  KEY `serial` (`serial`),
  KEY `item` (`itemtype`,`items_id`),
  KEY `otherserial` (`otherserial`),
  KEY `locations_id` (`locations_id`),
  KEY `states_id` (`states_id`)
) ENGINE=InnoDB DEFAULT CHARSET=utf8mb4 COLLATE=utf8mb4_unicode_ci;

--
-- Dumping data for table `glpi_items_devicemotherboards`
--


--
-- Table structure for table `glpi_items_devicenetworkcards`
--

CREATE TABLE `glpi_items_devicenetworkcards` (
  `id` int(10) unsigned NOT NULL AUTO_INCREMENT,
  `items_id` int(10) unsigned NOT NULL DEFAULT 0,
  `itemtype` varchar(255) DEFAULT NULL,
  `devicenetworkcards_id` int(10) unsigned NOT NULL DEFAULT 0,
  `mac` varchar(255) DEFAULT NULL,
  `is_deleted` tinyint(1) NOT NULL DEFAULT 0,
  `is_dynamic` tinyint(1) NOT NULL DEFAULT 0,
  `entities_id` int(10) unsigned NOT NULL DEFAULT 0,
  `is_recursive` tinyint(1) NOT NULL DEFAULT 0,
  `serial` varchar(255) DEFAULT NULL,
  `busID` varchar(255) DEFAULT NULL,
  `otherserial` varchar(255) DEFAULT NULL,
  `locations_id` int(10) unsigned NOT NULL DEFAULT 0,
  `states_id` int(10) unsigned NOT NULL DEFAULT 0,
  PRIMARY KEY (`id`),
  KEY `devicenetworkcards_id` (`devicenetworkcards_id`),
  KEY `specificity` (`mac`),
  KEY `is_deleted` (`is_deleted`),
  KEY `is_dynamic` (`is_dynamic`),
  KEY `entities_id` (`entities_id`),
  KEY `is_recursive` (`is_recursive`),
  KEY `serial` (`serial`),
  KEY `busID` (`busID`),
  KEY `item` (`itemtype`,`items_id`),
  KEY `otherserial` (`otherserial`),
  KEY `locations_id` (`locations_id`),
  KEY `states_id` (`states_id`)
) ENGINE=InnoDB AUTO_INCREMENT=6930 DEFAULT CHARSET=utf8mb4 COLLATE=utf8mb4_unicode_ci;

--
-- Dumping data for table `glpi_items_devicenetworkcards`
--

INSERT INTO `glpi_items_devicenetworkcards` VALUES
(397,10044,'Computer',5,'34:f3:9a:32:4e:a6',0,1,0,0,NULL,NULL,NULL,0,0),
(398,10044,'Computer',31,'6c:0b:84:23:60:65',0,1,0,0,NULL,NULL,NULL,0,0),
(399,10044,'Computer',32,'34:f3:9a:32:4e:a2',0,1,0,0,NULL,NULL,NULL,0,0),
(403,10046,'Computer',4,'00:ff:c0:3b:e2:e5',0,1,0,0,NULL,NULL,NULL,17,0),
(404,10046,'Computer',5,'cc:2f:71:9f:97:4a',0,1,0,0,NULL,NULL,NULL,17,0),
(405,10046,'Computer',35,'0a:00:27:00:00:15',0,1,0,0,NULL,NULL,NULL,17,0),
(406,10046,'Computer',36,'cc:2f:71:9f:97:46',0,1,0,0,NULL,NULL,NULL,17,0),
(876,10039,'Computer',42,'54:e1:ad:89:18:f8',0,1,0,0,NULL,NULL,NULL,0,0),
(877,10039,'Computer',43,'f8:34:41:62:ab:6f',0,1,0,0,NULL,NULL,NULL,0,0),
(878,7,'Computer',44,'54:e1:ad:89:18:f8',0,1,0,0,NULL,NULL,NULL,0,0),
(879,7,'Computer',45,'f8:34:41:62:ab:6f',0,1,0,0,NULL,NULL,NULL,0,0),
(1091,33871,'Computer',52,'08:00:27:29:f5:a9',0,1,0,0,NULL,NULL,NULL,89,0);

--
-- Table structure for table `glpi_items_devicepcis`
--

CREATE TABLE `glpi_items_devicepcis` (
  `id` int(10) unsigned NOT NULL AUTO_INCREMENT,
  `items_id` int(10) unsigned NOT NULL DEFAULT 0,
  `itemtype` varchar(255) DEFAULT NULL,
  `devicepcis_id` int(10) unsigned NOT NULL DEFAULT 0,
  `is_deleted` tinyint(1) NOT NULL DEFAULT 0,
  `is_dynamic` tinyint(1) NOT NULL DEFAULT 0,
  `entities_id` int(10) unsigned NOT NULL DEFAULT 0,
  `is_recursive` tinyint(1) NOT NULL DEFAULT 0,
  `serial` varchar(255) DEFAULT NULL,
  `busID` varchar(255) DEFAULT NULL,
  `otherserial` varchar(255) DEFAULT NULL,
  `locations_id` int(10) unsigned NOT NULL DEFAULT 0,
  `states_id` int(10) unsigned NOT NULL DEFAULT 0,
  PRIMARY KEY (`id`),
  KEY `devicepcis_id` (`devicepcis_id`),
  KEY `is_deleted` (`is_deleted`),
  KEY `is_dynamic` (`is_dynamic`),
  KEY `entities_id` (`entities_id`),
  KEY `is_recursive` (`is_recursive`),
  KEY `serial` (`serial`),
  KEY `busID` (`busID`),
  KEY `item` (`itemtype`,`items_id`),
  KEY `otherserial` (`otherserial`),
  KEY `locations_id` (`locations_id`),
  KEY `states_id` (`states_id`)
) ENGINE=InnoDB DEFAULT CHARSET=utf8mb4 COLLATE=utf8mb4_unicode_ci;

--
-- Dumping data for table `glpi_items_devicepcis`
--


--
-- Table structure for table `glpi_items_devicepowersupplies`
--

CREATE TABLE `glpi_items_devicepowersupplies` (
  `id` int(10) unsigned NOT NULL AUTO_INCREMENT,
  `items_id` int(10) unsigned NOT NULL DEFAULT 0,
  `itemtype` varchar(255) DEFAULT NULL,
  `devicepowersupplies_id` int(10) unsigned NOT NULL DEFAULT 0,
  `is_deleted` tinyint(1) NOT NULL DEFAULT 0,
  `is_dynamic` tinyint(1) NOT NULL DEFAULT 0,
  `entities_id` int(10) unsigned NOT NULL DEFAULT 0,
  `is_recursive` tinyint(1) NOT NULL DEFAULT 0,
  `serial` varchar(255) DEFAULT NULL,
  `otherserial` varchar(255) DEFAULT NULL,
  `locations_id` int(10) unsigned NOT NULL DEFAULT 0,
  `states_id` int(10) unsigned NOT NULL DEFAULT 0,
  PRIMARY KEY (`id`),
  KEY `devicepowersupplies_id` (`devicepowersupplies_id`),
  KEY `is_deleted` (`is_deleted`),
  KEY `is_dynamic` (`is_dynamic`),
  KEY `entities_id` (`entities_id`),
  KEY `is_recursive` (`is_recursive`),
  KEY `serial` (`serial`),
  KEY `item` (`itemtype`,`items_id`),
  KEY `otherserial` (`otherserial`),
  KEY `locations_id` (`locations_id`),
  KEY `states_id` (`states_id`)
) ENGINE=InnoDB DEFAULT CHARSET=utf8mb4 COLLATE=utf8mb4_unicode_ci;

--
-- Dumping data for table `glpi_items_devicepowersupplies`
--


--
-- Table structure for table `glpi_items_deviceprocessors`
--

CREATE TABLE `glpi_items_deviceprocessors` (
  `id` int(10) unsigned NOT NULL AUTO_INCREMENT,
  `items_id` int(10) unsigned NOT NULL DEFAULT 0,
  `itemtype` varchar(255) DEFAULT NULL,
  `deviceprocessors_id` int(10) unsigned NOT NULL DEFAULT 0,
  `frequency` int(11) NOT NULL DEFAULT 0,
  `serial` varchar(255) DEFAULT NULL,
  `is_deleted` tinyint(1) NOT NULL DEFAULT 0,
  `is_dynamic` tinyint(1) NOT NULL DEFAULT 0,
  `nbcores` int(11) DEFAULT NULL,
  `nbthreads` int(11) DEFAULT NULL,
  `entities_id` int(10) unsigned NOT NULL DEFAULT 0,
  `is_recursive` tinyint(1) NOT NULL DEFAULT 0,
  `busID` varchar(255) DEFAULT NULL,
  `otherserial` varchar(255) DEFAULT NULL,
  `locations_id` int(10) unsigned NOT NULL DEFAULT 0,
  `states_id` int(10) unsigned NOT NULL DEFAULT 0,
  PRIMARY KEY (`id`),
  KEY `deviceprocessors_id` (`deviceprocessors_id`),
  KEY `specificity` (`frequency`),
  KEY `is_deleted` (`is_deleted`),
  KEY `is_dynamic` (`is_dynamic`),
  KEY `serial` (`serial`),
  KEY `nbcores` (`nbcores`),
  KEY `nbthreads` (`nbthreads`),
  KEY `entities_id` (`entities_id`),
  KEY `is_recursive` (`is_recursive`),
  KEY `busID` (`busID`),
  KEY `item` (`itemtype`,`items_id`),
  KEY `otherserial` (`otherserial`),
  KEY `locations_id` (`locations_id`),
  KEY `states_id` (`states_id`)
) ENGINE=InnoDB AUTO_INCREMENT=24378 DEFAULT CHARSET=utf8mb4 COLLATE=utf8mb4_unicode_ci;

--
-- Dumping data for table `glpi_items_deviceprocessors`
--

INSERT INTO `glpi_items_deviceprocessors` VALUES
(131,10044,'Computer',32,2496,NULL,1,1,NULL,NULL,0,0,NULL,NULL,0,0),
(133,10046,'Computer',28,2904,NULL,1,1,NULL,NULL,0,0,NULL,NULL,17,0),
(23670,33696,'Computer',150,0,NULL,0,0,NULL,NULL,0,0,NULL,NULL,113,0),
(24080,33871,'Computer',178,2904,NULL,0,1,1,1,0,0,NULL,NULL,89,0);

--
-- Table structure for table `glpi_items_devicesensors`
--

CREATE TABLE `glpi_items_devicesensors` (
  `id` int(10) unsigned NOT NULL AUTO_INCREMENT,
  `items_id` int(10) unsigned NOT NULL DEFAULT 0,
  `itemtype` varchar(255) DEFAULT NULL,
  `devicesensors_id` int(10) unsigned NOT NULL DEFAULT 0,
  `is_deleted` tinyint(1) NOT NULL DEFAULT 0,
  `is_dynamic` tinyint(1) NOT NULL DEFAULT 0,
  `entities_id` int(10) unsigned NOT NULL DEFAULT 0,
  `is_recursive` tinyint(1) NOT NULL DEFAULT 0,
  `serial` varchar(255) DEFAULT NULL,
  `otherserial` varchar(255) DEFAULT NULL,
  `locations_id` int(10) unsigned NOT NULL DEFAULT 0,
  `states_id` int(10) unsigned NOT NULL DEFAULT 0,
  PRIMARY KEY (`id`),
  KEY `devicesensors_id` (`devicesensors_id`),
  KEY `is_deleted` (`is_deleted`),
  KEY `is_dynamic` (`is_dynamic`),
  KEY `entities_id` (`entities_id`),
  KEY `is_recursive` (`is_recursive`),
  KEY `serial` (`serial`),
  KEY `item` (`itemtype`,`items_id`),
  KEY `otherserial` (`otherserial`),
  KEY `locations_id` (`locations_id`),
  KEY `states_id` (`states_id`)
) ENGINE=InnoDB DEFAULT CHARSET=utf8mb4 COLLATE=utf8mb4_unicode_ci;

--
-- Dumping data for table `glpi_items_devicesensors`
--


--
-- Table structure for table `glpi_items_devicesoundcards`
--

CREATE TABLE `glpi_items_devicesoundcards` (
  `id` int(10) unsigned NOT NULL AUTO_INCREMENT,
  `items_id` int(10) unsigned NOT NULL DEFAULT 0,
  `itemtype` varchar(255) DEFAULT NULL,
  `devicesoundcards_id` int(10) unsigned NOT NULL DEFAULT 0,
  `is_deleted` tinyint(1) NOT NULL DEFAULT 0,
  `is_dynamic` tinyint(1) NOT NULL DEFAULT 0,
  `entities_id` int(10) unsigned NOT NULL DEFAULT 0,
  `is_recursive` tinyint(1) NOT NULL DEFAULT 0,
  `serial` varchar(255) DEFAULT NULL,
  `busID` varchar(255) DEFAULT NULL,
  `otherserial` varchar(255) DEFAULT NULL,
  `locations_id` int(10) unsigned NOT NULL DEFAULT 0,
  `states_id` int(10) unsigned NOT NULL DEFAULT 0,
  PRIMARY KEY (`id`),
  KEY `devicesoundcards_id` (`devicesoundcards_id`),
  KEY `is_deleted` (`is_deleted`),
  KEY `is_dynamic` (`is_dynamic`),
  KEY `entities_id` (`entities_id`),
  KEY `is_recursive` (`is_recursive`),
  KEY `serial` (`serial`),
  KEY `busID` (`busID`),
  KEY `item` (`itemtype`,`items_id`),
  KEY `otherserial` (`otherserial`),
  KEY `locations_id` (`locations_id`),
  KEY `states_id` (`states_id`)
) ENGINE=InnoDB AUTO_INCREMENT=1282 DEFAULT CHARSET=utf8mb4 COLLATE=utf8mb4_unicode_ci;

--
-- Dumping data for table `glpi_items_devicesoundcards`
--

INSERT INTO `glpi_items_devicesoundcards` VALUES
(259,10044,'Computer',2,0,1,0,0,NULL,NULL,NULL,0,0),
(260,10044,'Computer',1,0,1,0,0,NULL,NULL,NULL,0,0),
(261,10044,'Computer',10,0,1,0,0,NULL,NULL,NULL,0,0),
(264,10046,'Computer',2,0,1,0,0,NULL,NULL,NULL,17,0),
(265,10046,'Computer',1,0,1,0,0,NULL,NULL,NULL,17,0),
(271,10039,'Computer',11,0,1,0,0,NULL,NULL,NULL,0,0),
(277,10039,'Computer',12,0,1,0,0,NULL,NULL,NULL,0,0),
(278,7,'Computer',11,0,1,0,0,NULL,NULL,NULL,0,0),
(279,7,'Computer',12,0,1,0,0,NULL,NULL,NULL,0,0),
(282,32458,'Computer',6,0,0,0,0,NULL,NULL,NULL,91,0),
(287,33825,'Computer',27,0,0,0,0,NULL,NULL,NULL,136,0);

--
-- Table structure for table `glpi_items_disks`
--

CREATE TABLE `glpi_items_disks` (
  `id` int(10) unsigned NOT NULL AUTO_INCREMENT,
  `entities_id` int(10) unsigned NOT NULL DEFAULT 0,
  `itemtype` varchar(255) DEFAULT NULL,
  `items_id` int(10) unsigned NOT NULL DEFAULT 0,
  `name` varchar(255) DEFAULT NULL,
  `device` varchar(255) DEFAULT NULL,
  `mountpoint` varchar(255) DEFAULT NULL,
  `filesystems_id` int(10) unsigned NOT NULL DEFAULT 0,
  `totalsize` bigint(20) NOT NULL DEFAULT 0,
  `freesize` bigint(20) NOT NULL DEFAULT 0,
  `is_deleted` tinyint(1) NOT NULL DEFAULT 0,
  `is_dynamic` tinyint(1) NOT NULL DEFAULT 0,
  `encryption_status` int(11) NOT NULL DEFAULT 0,
  `encryption_tool` varchar(255) DEFAULT NULL,
  `encryption_algorithm` varchar(255) DEFAULT NULL,
  `encryption_type` varchar(255) DEFAULT NULL,
  `date_mod` timestamp NULL DEFAULT NULL,
  `date_creation` timestamp NULL DEFAULT NULL,
  PRIMARY KEY (`id`),
  KEY `name` (`name`),
  KEY `device` (`device`),
  KEY `mountpoint` (`mountpoint`),
  KEY `totalsize` (`totalsize`),
  KEY `freesize` (`freesize`),
  KEY `filesystems_id` (`filesystems_id`),
  KEY `entities_id` (`entities_id`),
  KEY `is_deleted` (`is_deleted`),
  KEY `is_dynamic` (`is_dynamic`),
  KEY `date_mod` (`date_mod`),
  KEY `date_creation` (`date_creation`),
  KEY `item` (`itemtype`,`items_id`)
) ENGINE=InnoDB AUTO_INCREMENT=816 DEFAULT CHARSET=utf8mb4 COLLATE=utf8mb4_unicode_ci;

--
-- Dumping data for table `glpi_items_disks`
--

INSERT INTO `glpi_items_disks` VALUES
(183,3,'Computer',10044,'Windows',NULL,'C:',14,475662,124078,0,1,0,NULL,NULL,NULL,'2020-02-12 11:42:59','2020-02-12 11:42:59'),
(185,3,'Computer',10046,'Windows',NULL,'C:',14,242920,91277,0,1,0,NULL,NULL,NULL,'2020-02-12 11:42:59','2020-02-12 11:42:59'),
(194,6,'Computer',10039,'Windows','Windows','C:',14,242920,27733,0,1,0,'BitLocker','XTS_AES_128','','2021-05-06 17:11:03','2020-07-22 18:14:11'),
(197,6,'Computer',10039,'SYSTEM','SYSTEM','SYSTEM',6,256,225,0,1,0,'','','','2021-04-02 08:35:37','2020-07-22 18:14:11'),
(199,6,'Computer',10039,'G:','','G:',0,0,0,0,1,0,'','','','2021-04-02 08:35:37','2020-11-15 15:03:30'),
(200,6,'Computer',10039,'Local Disk','','Local Disk',14,999,463,0,1,0,'','','','2021-04-02 08:35:37','2020-11-15 15:03:30'),
(201,6,'Computer',7,'Windows','Windows','C:',14,242920,28196,0,1,0,'BitLocker','XTS_AES_128','','2021-05-07 16:56:17','2021-05-07 16:56:17'),
(202,6,'Computer',7,'G:','','G:',0,0,0,0,1,0,'','','','2021-05-07 16:56:17','2021-05-07 16:56:17'),
(203,6,'Computer',7,'Local Disk','','Local Disk',14,999,463,0,1,0,'','','','2021-05-07 16:56:17','2021-05-07 16:56:17'),
(204,6,'Computer',7,'SYSTEM','SYSTEM','SYSTEM',6,256,225,0,1,0,'','','','2021-05-07 16:56:17','2021-05-07 16:56:17'),
(246,0,'Computer',33871,'Windows 10','Windows 10','C:',14,40957,22846,0,1,0,NULL,NULL,NULL,'2024-11-27 15:19:52','2022-07-19 18:01:40'),
(247,0,'Computer',33871,'D:',NULL,'D:',0,0,0,0,1,0,NULL,NULL,NULL,'2024-11-27 15:19:52','2022-07-19 18:01:40'),
(248,0,'Computer',33871,'VBOX_Partage','VBOX_Partage','Z:',23,242920,21225,0,1,0,NULL,NULL,NULL,'2024-11-27 15:19:52','2022-07-19 18:01:40');

--
-- Table structure for table `glpi_items_enclosures`
--

CREATE TABLE `glpi_items_enclosures` (
  `id` int(10) unsigned NOT NULL AUTO_INCREMENT,
  `enclosures_id` int(10) unsigned NOT NULL,
  `itemtype` varchar(255) NOT NULL,
  `items_id` int(10) unsigned NOT NULL,
  `position` int(11) NOT NULL,
  PRIMARY KEY (`id`),
  UNIQUE KEY `item` (`itemtype`,`items_id`),
  KEY `relation` (`enclosures_id`,`itemtype`,`items_id`)
) ENGINE=InnoDB DEFAULT CHARSET=utf8mb4 COLLATE=utf8mb4_unicode_ci;

--
-- Dumping data for table `glpi_items_enclosures`
--


--
-- Table structure for table `glpi_items_kanbans`
--

CREATE TABLE `glpi_items_kanbans` (
  `id` int(10) unsigned NOT NULL AUTO_INCREMENT,
  `itemtype` varchar(100) NOT NULL,
  `items_id` int(10) unsigned DEFAULT NULL,
  `users_id` int(10) unsigned NOT NULL,
  `state` mediumtext DEFAULT NULL,
  `date_mod` timestamp NULL DEFAULT NULL,
  `date_creation` timestamp NULL DEFAULT NULL,
  PRIMARY KEY (`id`),
  UNIQUE KEY `unicity` (`itemtype`,`items_id`,`users_id`),
  KEY `users_id` (`users_id`),
  KEY `date_creation` (`date_creation`),
  KEY `date_mod` (`date_mod`)
) ENGINE=InnoDB AUTO_INCREMENT=12 DEFAULT CHARSET=utf8mb4 COLLATE=utf8mb4_unicode_ci;

--
-- Dumping data for table `glpi_items_kanbans`
--

INSERT INTO `glpi_items_kanbans` VALUES
(1,'Project',4,0,'{\"0\":{\"column\":\"0\",\"folded\":\"false\",\"cards\":{\"0\":\"ProjectTask-30\",\"1\":\"ProjectTask-31\",\"2\":\"ProjectTask-32\",\"3\":\"ProjectTask-33\",\"4\":\"ProjectTask-34\",\"5\":\"ProjectTask-35\",\"6\":\"ProjectTask-36\",\"7\":\"ProjectTask-37\",\"8\":\"ProjectTask-38\",\"9\":\"ProjectTask-39\",\"10\":\"ProjectTask-40\",\"11\":\"ProjectTask-41\",\"12\":\"ProjectTask-42\",\"13\":\"ProjectTask-43\",\"14\":\"ProjectTask-44\",\"15\":\"ProjectTask-45\",\"16\":\"ProjectTask-46\",\"17\":\"ProjectTask-47\",\"18\":\"ProjectTask-48\",\"19\":\"ProjectTask-49\",\"20\":\"ProjectTask-50\"}}}','2020-07-02 20:58:46','2020-07-02 20:58:46'),
(2,'Project',0,2,'{\"0\":{\"column\":\"0\",\"folded\":\"false\",\"cards\":{\"0\":\"ProjectTask-8\",\"1\":\"ProjectTask-19\",\"2\":\"ProjectTask-22\",\"3\":\"ProjectTask-23\",\"4\":\"ProjectTask-24\",\"5\":\"ProjectTask-25\",\"6\":\"ProjectTask-26\",\"7\":\"ProjectTask-27\",\"8\":\"ProjectTask-28\",\"9\":\"ProjectTask-29\",\"10\":\"ProjectTask-30\",\"11\":\"ProjectTask-31\",\"12\":\"ProjectTask-32\",\"13\":\"ProjectTask-33\",\"14\":\"ProjectTask-38\",\"15\":\"ProjectTask-39\"}},\"1\":{\"column\":\"1\",\"folded\":\"false\",\"cards\":{\"0\":\"ProjectTask-3\",\"1\":\"ProjectTask-34\",\"2\":\"ProjectTask-35\",\"3\":\"ProjectTask-6\",\"4\":\"ProjectTask-40\",\"5\":\"ProjectTask-36\",\"6\":\"ProjectTask-37\",\"7\":\"ProjectTask-41\",\"8\":\"ProjectTask-43\",\"9\":\"ProjectTask-17\",\"10\":\"ProjectTask-48\",\"11\":\"ProjectTask-45\",\"12\":\"ProjectTask-42\",\"13\":\"ProjectTask-44\",\"14\":\"ProjectTask-18\",\"15\":\"ProjectTask-46\",\"16\":\"ProjectTask-47\",\"17\":\"ProjectTask-21\",\"18\":\"ProjectTask-49\",\"19\":\"ProjectTask-50\",\"20\":\"ProjectTask-5\",\"21\":\"ProjectTask-20\"}},\"2\":{\"column\":\"2\",\"visible\":true,\"folded\":false,\"cards\":{\"0\":\"Project-2\",\"1\":\"Project-4\",\"2\":\"ProjectTask-4\",\"3\":\"ProjectTask-7\",\"4\":\"ProjectTask-2\",\"5\":\"ProjectTask-1\"}},\"3\":{\"column\":\"3\",\"visible\":true,\"folded\":false,\"cards\":{}}}','2020-07-02 21:07:25','2020-07-02 21:02:51'),
(3,'Project',2,0,'{\"0\":{\"column\":\"0\",\"folded\":\"false\",\"cards\":{\"0\":\"ProjectTask-1\",\"1\":\"ProjectTask-2\",\"2\":\"ProjectTask-3\",\"3\":\"ProjectTask-4\",\"4\":\"ProjectTask-5\",\"5\":\"ProjectTask-6\",\"6\":\"ProjectTask-7\",\"7\":\"ProjectTask-8\",\"8\":\"ProjectTask-17\",\"9\":\"ProjectTask-18\",\"10\":\"ProjectTask-19\",\"11\":\"ProjectTask-20\",\"12\":\"ProjectTask-21\",\"13\":\"ProjectTask-22\",\"14\":\"ProjectTask-23\",\"15\":\"ProjectTask-24\",\"16\":\"ProjectTask-25\",\"17\":\"ProjectTask-26\",\"18\":\"ProjectTask-27\",\"19\":\"ProjectTask-28\",\"20\":\"ProjectTask-29\"}}}','2020-07-02 21:03:25','2020-07-02 21:03:25'),
(4,'Project',0,60,'{\"0\":{\"column\":\"0\",\"folded\":true,\"cards\":{\"0\":\"ProjectTask-8\",\"1\":\"ProjectTask-19\",\"2\":\"ProjectTask-22\",\"3\":\"ProjectTask-23\",\"4\":\"ProjectTask-24\",\"5\":\"ProjectTask-25\",\"6\":\"ProjectTask-26\",\"7\":\"ProjectTask-27\",\"8\":\"ProjectTask-28\",\"9\":\"ProjectTask-29\",\"10\":\"ProjectTask-30\",\"11\":\"ProjectTask-31\",\"12\":\"ProjectTask-32\",\"13\":\"ProjectTask-33\",\"14\":\"ProjectTask-38\",\"15\":\"ProjectTask-39\"}},\"1\":{\"column\":\"4\",\"visible\":true,\"folded\":false,\"cards\":{\"0\":\"ProjectTask-3\",\"1\":\"ProjectTask-5\",\"2\":\"ProjectTask-18\"}},\"2\":{\"column\":\"1\",\"folded\":false,\"cards\":{\"0\":\"ProjectTask-17\",\"1\":\"ProjectTask-20\",\"2\":\"ProjectTask-21\",\"3\":\"ProjectTask-34\",\"4\":\"ProjectTask-35\",\"5\":\"ProjectTask-36\",\"6\":\"ProjectTask-37\",\"7\":\"ProjectTask-40\",\"8\":\"ProjectTask-41\",\"9\":\"ProjectTask-42\",\"10\":\"ProjectTask-43\",\"11\":\"ProjectTask-44\",\"12\":\"ProjectTask-45\",\"13\":\"ProjectTask-46\",\"14\":\"ProjectTask-47\",\"15\":\"ProjectTask-48\",\"16\":\"ProjectTask-49\",\"17\":\"ProjectTask-50\"},\"visible\":true},\"3\":{\"column\":\"2\",\"folded\":\"false\",\"cards\":{\"0\":\"Project-2\",\"1\":\"Project-4\",\"2\":\"ProjectTask-6\",\"3\":\"ProjectTask-1\",\"4\":\"ProjectTask-2\",\"5\":\"ProjectTask-4\",\"6\":\"ProjectTask-7\"}}}','2022-02-15 16:58:33','2020-11-24 15:11:02'),
(5,'Ticket',0,27,'{\"0\":{\"column\":\"1\",\"folded\":\"false\",\"cards\":{\"0\":\"Ticket-2021000030\",\"1\":\"Ticket-2021000031\",\"2\":\"Ticket-2021000032\",\"3\":\"Ticket-2021000033\",\"4\":\"Ticket-2021000034\",\"5\":\"Ticket-2021000035\",\"6\":\"Ticket-2021002431\",\"7\":\"Ticket-2021002432\",\"8\":\"Ticket-2021002434\",\"9\":\"Ticket-2021002435\",\"10\":\"Ticket-2022000002\",\"11\":\"Ticket-2022000003\",\"12\":\"Ticket-2022000005\",\"13\":\"Ticket-2022000008\",\"14\":\"Ticket-2022000009\",\"15\":\"Ticket-2022000010\",\"16\":\"Ticket-2022000015\",\"17\":\"Ticket-2022000016\",\"18\":\"Ticket-2022000017\",\"19\":\"Ticket-2022000018\",\"20\":\"Ticket-2022000024\",\"21\":\"Ticket-2022000025\",\"22\":\"Ticket-2022000029\",\"23\":\"Ticket-2022000030\",\"24\":\"Ticket-2022000031\",\"25\":\"Ticket-2022000036\",\"26\":\"Ticket-2022000038\",\"27\":\"Ticket-2022000039\"}},\"1\":{\"column\":\"2\",\"folded\":\"false\",\"cards\":{\"0\":\"Ticket-2021000029\",\"1\":\"Ticket-2022000001\",\"2\":\"Ticket-2022000006\",\"3\":\"Ticket-2022000007\",\"4\":\"Ticket-2022000012\",\"5\":\"Ticket-2022000013\",\"6\":\"Ticket-2022000028\",\"7\":\"Ticket-2022000032\",\"8\":\"Ticket-2022000033\",\"9\":\"Ticket-2022000034\",\"10\":\"Ticket-2022000035\",\"11\":\"Ticket-2022000037\",\"12\":\"Ticket-2022000044\",\"13\":\"Ticket-2022000045\"}},\"2\":{\"column\":\"5\",\"folded\":false,\"cards\":{\"0\":\"Ticket-2020000040\",\"1\":\"Ticket-2020000041\",\"2\":\"Ticket-2021002430\",\"3\":\"Ticket-2022000023\",\"4\":\"Ticket-2022000041\",\"5\":\"Ticket-2022000046\"}},\"3\":{\"column\":\"6\",\"folded\":true}}','2022-06-14 15:50:10','2022-05-05 22:01:16'),
(6,'Ticket',0,2,'{\"0\":{\"column\":\"1\",\"folded\":\"false\",\"cards\":{\"0\":\"Ticket-2021000030\",\"1\":\"Ticket-2021000031\",\"2\":\"Ticket-2021000032\",\"3\":\"Ticket-2021000033\",\"4\":\"Ticket-2021000034\",\"5\":\"Ticket-2021000035\",\"6\":\"Ticket-2021002434\",\"7\":\"Ticket-2021002435\",\"8\":\"Ticket-2022000002\",\"9\":\"Ticket-2022000003\",\"10\":\"Ticket-2022000005\",\"11\":\"Ticket-2022000008\",\"12\":\"Ticket-2022000009\",\"13\":\"Ticket-2022000010\",\"14\":\"Ticket-2022000015\",\"15\":\"Ticket-2022000016\",\"16\":\"Ticket-2022000017\",\"17\":\"Ticket-2022000018\",\"18\":\"Ticket-2022000024\",\"19\":\"Ticket-2022000025\",\"20\":\"Ticket-2022000029\",\"21\":\"Ticket-2022000030\",\"22\":\"Ticket-2022000031\",\"23\":\"Ticket-2022000036\",\"24\":\"Ticket-2022000038\",\"25\":\"Ticket-2022000039\"}},\"1\":{\"column\":\"2\",\"folded\":\"false\",\"cards\":{\"0\":\"Ticket-2021002432\",\"1\":\"Ticket-2021000029\",\"2\":\"Ticket-2022000001\",\"3\":\"Ticket-2022000006\",\"4\":\"Ticket-2022000007\",\"5\":\"Ticket-2022000012\",\"6\":\"Ticket-2022000013\",\"7\":\"Ticket-2022000028\",\"8\":\"Ticket-2022000032\",\"9\":\"Ticket-2022000033\",\"10\":\"Ticket-2022000034\",\"11\":\"Ticket-2022000035\",\"12\":\"Ticket-2022000037\",\"13\":\"Ticket-2022000044\",\"14\":\"Ticket-2022000045\",\"15\":\"Ticket-2021002431\"}},\"2\":{\"column\":\"5\",\"folded\":\"false\",\"cards\":{\"0\":\"Ticket-2020000040\",\"1\":\"Ticket-2020000041\",\"2\":\"Ticket-2021002430\",\"3\":\"Ticket-2022000023\",\"4\":\"Ticket-2022000041\",\"5\":\"Ticket-2022000046\"}},\"3\":{\"column\":\"6\",\"folded\":\"false\"},\"4\":{\"column\":\"3\",\"visible\":true,\"folded\":false,\"cards\":{}},\"5\":{\"column\":\"4\",\"visible\":true,\"folded\":false,\"cards\":{}}}','2023-05-15 14:00:06','2022-05-05 22:04:30'),
(9,'Project',5,0,'{\"0\":{\"column\":\"0\",\"folded\":\"false\",\"cards\":{\"0\":\"ProjectTask-57\",\"1\":\"ProjectTask-61\",\"2\":\"ProjectTask-62\",\"3\":\"ProjectTask-63\",\"4\":\"ProjectTask-64\",\"5\":\"ProjectTask-65\",\"6\":\"ProjectTask-66\",\"7\":\"ProjectTask-67\"}},\"1\":{\"column\":\"1\",\"folded\":\"false\",\"cards\":{\"0\":\"ProjectTask-55\",\"1\":\"ProjectTask-58\",\"2\":\"ProjectTask-59\"}},\"2\":{\"column\":\"2\",\"folded\":\"false\",\"cards\":{\"0\":\"ProjectTask-52\",\"1\":\"ProjectTask-53\",\"2\":\"ProjectTask-54\"}},\"3\":{\"column\":\"4\",\"folded\":\"false\",\"cards\":{\"0\":\"ProjectTask-51\",\"1\":\"ProjectTask-56\",\"2\":\"ProjectTask-60\"}}}','2023-03-31 12:07:01','2023-03-31 12:07:01'),
(10,'Ticket',0,60,'{\"0\":{\"column\":\"1\",\"visible\":true,\"folded\":false,\"cards\":{}},\"1\":{\"column\":\"2\",\"visible\":true,\"folded\":false,\"cards\":{}},\"2\":{\"column\":\"3\",\"visible\":true,\"folded\":false,\"cards\":{}},\"3\":{\"column\":\"4\",\"visible\":true,\"folded\":false,\"cards\":{}},\"4\":{\"column\":\"5\",\"visible\":true,\"folded\":false,\"cards\":{}},\"5\":{\"column\":\"6\",\"visible\":true,\"folded\":false,\"cards\":{}}}','2023-03-31 16:16:24','2023-03-31 16:15:59'),
(11,'Project',0,27,'{\"0\":{\"column\":\"0\",\"folded\":\"false\",\"cards\":{\"0\":\"ProjectTask-31\",\"1\":\"ProjectTask-32\",\"2\":\"ProjectTask-33\",\"3\":\"ProjectTask-38\",\"4\":\"ProjectTask-39\",\"5\":\"ProjectTask-61\",\"6\":\"ProjectTask-62\",\"7\":\"ProjectTask-63\",\"8\":\"ProjectTask-64\",\"9\":\"ProjectTask-65\",\"10\":\"ProjectTask-66\",\"11\":\"ProjectTask-67\",\"12\":\"ProjectTask-74\",\"13\":\"ProjectTask-78\",\"14\":\"ProjectTask-79\",\"15\":\"ProjectTask-80\",\"16\":\"ProjectTask-81\",\"17\":\"ProjectTask-82\",\"18\":\"ProjectTask-83\",\"19\":\"ProjectTask-84\"}},\"1\":{\"column\":\"1\",\"folded\":\"false\",\"cards\":{\"0\":\"ProjectTask-35\",\"1\":\"ProjectTask-36\",\"2\":\"ProjectTask-37\",\"3\":\"ProjectTask-40\",\"4\":\"ProjectTask-41\",\"5\":\"ProjectTask-42\",\"6\":\"ProjectTask-43\",\"7\":\"ProjectTask-44\",\"8\":\"ProjectTask-45\",\"9\":\"ProjectTask-47\",\"10\":\"ProjectTask-48\",\"11\":\"ProjectTask-49\",\"12\":\"ProjectTask-50\",\"13\":\"ProjectTask-57\",\"14\":\"ProjectTask-58\",\"15\":\"ProjectTask-59\",\"16\":\"ProjectTask-72\",\"17\":\"ProjectTask-75\",\"18\":\"ProjectTask-76\"}},\"2\":{\"column\":\"2\",\"folded\":\"false\",\"cards\":{\"0\":\"Project-4\",\"1\":\"Project-5\",\"2\":\"Project-6\",\"3\":\"ProjectTask-34\",\"4\":\"ProjectTask-52\",\"5\":\"ProjectTask-53\",\"6\":\"ProjectTask-54\",\"7\":\"ProjectTask-55\",\"8\":\"ProjectTask-69\",\"9\":\"ProjectTask-70\",\"10\":\"ProjectTask-71\"}},\"3\":{\"column\":\"3\",\"folded\":\"false\",\"cards\":{\"0\":\"ProjectTask-46\"}},\"4\":{\"column\":\"4\",\"folded\":\"false\",\"cards\":{\"0\":\"ProjectTask-51\",\"1\":\"ProjectTask-56\",\"2\":\"ProjectTask-60\",\"3\":\"ProjectTask-68\",\"4\":\"ProjectTask-73\",\"5\":\"ProjectTask-77\"}},\"5\":{\"column\":\"5\",\"folded\":\"false\",\"cards\":{\"0\":\"ProjectTask-30\"}}}','2023-05-01 18:59:08','2023-05-01 18:59:08');

--
-- Table structure for table `glpi_items_operatingsystems`
--

CREATE TABLE `glpi_items_operatingsystems` (
  `id` int(10) unsigned NOT NULL AUTO_INCREMENT,
  `items_id` int(10) unsigned NOT NULL DEFAULT 0,
  `itemtype` varchar(255) DEFAULT NULL,
  `operatingsystems_id` int(10) unsigned NOT NULL DEFAULT 0,
  `operatingsystemversions_id` int(10) unsigned NOT NULL DEFAULT 0,
  `operatingsystemservicepacks_id` int(10) unsigned NOT NULL DEFAULT 0,
  `operatingsystemarchitectures_id` int(10) unsigned NOT NULL DEFAULT 0,
  `operatingsystemkernelversions_id` int(10) unsigned NOT NULL DEFAULT 0,
  `license_number` varchar(255) DEFAULT NULL,
  `licenseid` varchar(255) DEFAULT NULL,
  `operatingsystemeditions_id` int(10) unsigned NOT NULL DEFAULT 0,
  `date_mod` timestamp NULL DEFAULT NULL,
  `date_creation` timestamp NULL DEFAULT NULL,
  `is_deleted` tinyint(1) NOT NULL DEFAULT 0,
  `is_dynamic` tinyint(1) NOT NULL DEFAULT 0,
  `entities_id` int(10) unsigned NOT NULL DEFAULT 0,
  `is_recursive` tinyint(1) NOT NULL DEFAULT 0,
  `install_date` date DEFAULT NULL,
  `company` varchar(255) DEFAULT NULL,
  `owner` varchar(255) DEFAULT NULL,
  `hostid` varchar(255) DEFAULT NULL,
  PRIMARY KEY (`id`),
  UNIQUE KEY `unicity` (`items_id`,`itemtype`,`operatingsystems_id`,`operatingsystemarchitectures_id`),
  KEY `item` (`itemtype`,`items_id`),
  KEY `operatingsystems_id` (`operatingsystems_id`),
  KEY `operatingsystemservicepacks_id` (`operatingsystemservicepacks_id`),
  KEY `operatingsystemversions_id` (`operatingsystemversions_id`),
  KEY `operatingsystemarchitectures_id` (`operatingsystemarchitectures_id`),
  KEY `operatingsystemkernelversions_id` (`operatingsystemkernelversions_id`),
  KEY `operatingsystemeditions_id` (`operatingsystemeditions_id`),
  KEY `is_deleted` (`is_deleted`),
  KEY `is_dynamic` (`is_dynamic`),
  KEY `entities_id` (`entities_id`),
  KEY `is_recursive` (`is_recursive`),
  KEY `date_creation` (`date_creation`),
  KEY `date_mod` (`date_mod`)
) ENGINE=InnoDB AUTO_INCREMENT=24299 DEFAULT CHARSET=utf8mb4 COLLATE=utf8mb4_unicode_ci;

--
-- Dumping data for table `glpi_items_operatingsystems`
--

INSERT INTO `glpi_items_operatingsystems` VALUES
(4615,10044,'Computer',10,21,0,2,0,'NF6HC-QH89W-F8WYV-WWXV4-WFG6P','00330-50000-00000-AAOEM',0,'2020-08-04 18:54:58','2020-02-12 11:42:59',0,1,3,0,NULL,NULL,NULL,NULL),
(4617,10046,'Computer',10,21,0,3,0,'NF6HC-QH89W-F8WYV-WWXV4-WFG6P','00330-50000-00000-AAOEM',0,'2020-02-12 11:42:59','2020-02-12 11:42:59',0,1,3,0,NULL,NULL,NULL,NULL),
(4620,10039,'Computer',10,25,0,2,5,'J2RMT-RJNFQ-3989T-D3XHB-XBT6P','00330-50667-18718-AAOEM',0,'2021-04-02 08:35:37','2020-02-13 17:51:48',0,1,6,0,NULL,NULL,NULL,NULL),
(4621,9922,'Computer',1,0,0,2,0,'','',0,'2026-03-10 16:23:45','2020-08-04 18:55:28',0,0,5,1,NULL,NULL,NULL,NULL),
(9158,19043,'Computer',10,0,0,0,0,NULL,NULL,0,'2021-05-07 15:42:21','2021-05-07 15:42:21',0,0,0,0,NULL,NULL,NULL,NULL),
(9159,19044,'Computer',0,0,0,0,0,NULL,NULL,0,'2021-05-07 15:42:21','2021-05-07 15:42:21',0,0,0,0,NULL,NULL,NULL,NULL),
(9160,19045,'Computer',0,0,0,0,0,NULL,NULL,0,'2021-05-07 15:42:21','2021-05-07 15:42:21',0,0,0,0,NULL,NULL,NULL,NULL),
(9161,19046,'Computer',0,0,0,0,0,NULL,NULL,0,'2021-05-07 15:42:21','2021-05-07 15:42:21',0,0,0,0,NULL,NULL,NULL,NULL),
(9162,19047,'Computer',0,0,0,0,0,NULL,NULL,0,'2021-05-07 15:42:21','2021-05-07 15:42:21',0,0,0,0,NULL,NULL,NULL,NULL),
(9163,19048,'Computer',0,0,0,0,0,NULL,NULL,0,'2021-05-07 15:42:21','2021-05-07 15:42:21',0,0,0,0,NULL,NULL,NULL,NULL),
(9164,19049,'Computer',0,0,0,0,0,NULL,NULL,0,'2021-05-07 15:42:21','2021-05-07 15:42:21',0,0,0,0,NULL,NULL,NULL,NULL),
(13600,7,'Computer',10,25,0,2,5,'J2RMT-RJNFQ-3989T-D3XHB-XBT6P','00330-50667-18718-AAOEM',0,'2021-05-07 16:56:17','2021-05-07 16:56:17',0,1,6,0,NULL,NULL,NULL,NULL),
(23814,33696,'Computer',13,0,0,0,0,NULL,NULL,0,'2025-06-10 20:36:27','2021-08-06 20:04:51',0,0,0,1,NULL,NULL,NULL,NULL),
(23938,32458,'Computer',9,23,0,3,2,'','',1,'2021-08-19 20:30:43','2021-08-19 20:30:43',0,0,0,1,NULL,NULL,NULL,NULL),
(23943,33825,'Computer',9,23,0,3,2,'','',1,'2025-06-10 20:24:38','2022-04-15 12:46:18',0,0,5,1,NULL,NULL,NULL,NULL),
(23944,33826,'Computer',4,29,0,3,0,'','',0,'2022-06-01 15:56:23','2022-06-01 15:56:23',0,0,0,0,NULL,NULL,NULL,NULL),
(23989,33871,'Computer',17,0,0,2,27,'','00329-20000-00001-AA046',0,'2025-06-10 20:27:42','2022-07-19 18:01:40',0,1,0,1,'2015-09-18',NULL,NULL,NULL);

--
-- Table structure for table `glpi_items_problems`
--

CREATE TABLE `glpi_items_problems` (
  `id` int(10) unsigned NOT NULL AUTO_INCREMENT,
  `problems_id` int(10) unsigned NOT NULL DEFAULT 0,
  `itemtype` varchar(100) DEFAULT NULL,
  `items_id` int(10) unsigned NOT NULL DEFAULT 0,
  PRIMARY KEY (`id`),
  UNIQUE KEY `unicity` (`problems_id`,`itemtype`,`items_id`),
  KEY `item` (`itemtype`,`items_id`)
) ENGINE=InnoDB AUTO_INCREMENT=3 DEFAULT CHARSET=utf8mb4 COLLATE=utf8mb4_unicode_ci;

--
-- Dumping data for table `glpi_items_problems`
--

INSERT INTO `glpi_items_problems` VALUES
(1,4,'Computer',9922),
(2,5,'Appliance',3);

--
-- Table structure for table `glpi_items_projects`
--

CREATE TABLE `glpi_items_projects` (
  `id` int(10) unsigned NOT NULL AUTO_INCREMENT,
  `projects_id` int(10) unsigned NOT NULL DEFAULT 0,
  `itemtype` varchar(100) DEFAULT NULL,
  `items_id` int(10) unsigned NOT NULL DEFAULT 0,
  PRIMARY KEY (`id`),
  UNIQUE KEY `unicity` (`projects_id`,`itemtype`,`items_id`),
  KEY `item` (`itemtype`,`items_id`)
) ENGINE=InnoDB AUTO_INCREMENT=2 DEFAULT CHARSET=utf8mb4 COLLATE=utf8mb4_unicode_ci;

--
-- Dumping data for table `glpi_items_projects`
--


--
-- Table structure for table `glpi_items_racks`
--

CREATE TABLE `glpi_items_racks` (
  `id` int(10) unsigned NOT NULL AUTO_INCREMENT,
  `racks_id` int(10) unsigned NOT NULL,
  `itemtype` varchar(255) NOT NULL,
  `items_id` int(10) unsigned NOT NULL,
  `position` int(11) NOT NULL,
  `orientation` tinyint(1) DEFAULT NULL,
  `bgcolor` varchar(7) DEFAULT NULL,
  `hpos` tinyint(1) NOT NULL DEFAULT 0,
  `is_reserved` tinyint(1) NOT NULL DEFAULT 0,
  PRIMARY KEY (`id`),
  UNIQUE KEY `item` (`itemtype`,`items_id`,`is_reserved`),
  KEY `relation` (`racks_id`,`itemtype`,`items_id`)
) ENGINE=InnoDB AUTO_INCREMENT=7 DEFAULT CHARSET=utf8mb4 COLLATE=utf8mb4_unicode_ci;

--
-- Dumping data for table `glpi_items_racks`
--

INSERT INTO `glpi_items_racks` VALUES
(1,1,'Computer',9922,8,0,'#69ceba',0,0),
(2,1,'Computer',33696,7,0,'#ce697d',0,0),
(4,1,'NetworkEquipment',2,4,0,'#c8ce69',0,0);

--
-- Table structure for table `glpi_items_remotemanagements`
--

CREATE TABLE `glpi_items_remotemanagements` (
  `id` int(10) unsigned NOT NULL AUTO_INCREMENT,
  `itemtype` varchar(100) DEFAULT NULL,
  `items_id` int(10) unsigned NOT NULL DEFAULT 0,
  `remoteid` varchar(255) DEFAULT NULL,
  `type` varchar(255) DEFAULT NULL,
  `is_dynamic` tinyint(4) NOT NULL DEFAULT 0,
  `is_deleted` tinyint(4) NOT NULL DEFAULT 0,
  PRIMARY KEY (`id`),
  KEY `is_dynamic` (`is_dynamic`),
  KEY `item` (`itemtype`,`items_id`),
  KEY `is_deleted` (`is_deleted`)
) ENGINE=InnoDB AUTO_INCREMENT=45 DEFAULT CHARSET=utf8mb4 COLLATE=utf8mb4_unicode_ci ROW_FORMAT=DYNAMIC;

--
-- Dumping data for table `glpi_items_remotemanagements`
--

INSERT INTO `glpi_items_remotemanagements` VALUES
(1,'Computer',33870,'110491698','teamviewer',1,0),
(2,'Computer',33868,'150312183','teamviewer',1,0),
(39,'Computer',33947,'1662580878','teamviewer',1,0),
(40,'Computer',33909,'1704956356','anydesk',1,0),
(41,'Computer',33952,'1704956356','anydesk',1,0),
(42,'Computer',33953,'1704956356','anydesk',1,0),
(43,'Computer',33951,'1704956356','anydesk',1,0),
(44,'Computer',33951,'150312183','teamviewer',1,0);

--
-- Table structure for table `glpi_items_softwarelicenses`
--

CREATE TABLE `glpi_items_softwarelicenses` (
  `id` int(10) unsigned NOT NULL AUTO_INCREMENT,
  `items_id` int(10) unsigned NOT NULL DEFAULT 0,
  `itemtype` varchar(100) NOT NULL,
  `softwarelicenses_id` int(10) unsigned NOT NULL DEFAULT 0,
  `is_deleted` tinyint(1) NOT NULL DEFAULT 0,
  `is_dynamic` tinyint(1) NOT NULL DEFAULT 0,
  PRIMARY KEY (`id`),
  KEY `softwarelicenses_id` (`softwarelicenses_id`),
  KEY `is_deleted` (`is_deleted`),
  KEY `is_dynamic` (`is_dynamic`),
  KEY `item` (`itemtype`,`items_id`)
) ENGINE=InnoDB AUTO_INCREMENT=19 DEFAULT CHARSET=utf8mb4 COLLATE=utf8mb4_unicode_ci;

--
-- Dumping data for table `glpi_items_softwarelicenses`
--

INSERT INTO `glpi_items_softwarelicenses` VALUES
(9,10044,'Computer',5,0,0),
(15,10046,'Computer',5,0,0);

--
-- Table structure for table `glpi_items_softwareversions`
--

CREATE TABLE `glpi_items_softwareversions` (
  `id` int(10) unsigned NOT NULL AUTO_INCREMENT,
  `items_id` int(10) unsigned NOT NULL DEFAULT 0,
  `itemtype` varchar(100) NOT NULL,
  `softwareversions_id` int(10) unsigned NOT NULL DEFAULT 0,
  `is_deleted_item` tinyint(1) NOT NULL DEFAULT 0,
  `is_template_item` tinyint(1) NOT NULL DEFAULT 0,
  `entities_id` int(10) unsigned NOT NULL DEFAULT 0,
  `is_deleted` tinyint(1) NOT NULL DEFAULT 0,
  `is_dynamic` tinyint(1) NOT NULL DEFAULT 0,
  `date_install` date DEFAULT NULL,
  PRIMARY KEY (`id`),
  UNIQUE KEY `unicity` (`itemtype`,`items_id`,`softwareversions_id`),
  KEY `softwareversions_id` (`softwareversions_id`),
  KEY `computers_info` (`entities_id`,`is_template_item`,`is_deleted_item`),
  KEY `is_dynamic` (`is_dynamic`),
  KEY `date_install` (`date_install`),
  KEY `is_deleted` (`is_deleted`),
  KEY `is_deleted_item` (`is_deleted_item`),
  KEY `is_template_item` (`is_template_item`)
) ENGINE=InnoDB AUTO_INCREMENT=67859 DEFAULT CHARSET=utf8mb4 COLLATE=utf8mb4_unicode_ci;

--
-- Dumping data for table `glpi_items_softwareversions`
--

INSERT INTO `glpi_items_softwareversions` VALUES
(29359,33871,'Computer',24091,0,0,0,0,1,'2019-04-11'),
(29372,33871,'Computer',24092,0,0,0,0,1,'2019-04-11'),
(29440,33871,'Computer',24093,0,0,0,0,1,'2019-04-11');

--
-- Table structure for table `glpi_items_tickets`
--

CREATE TABLE `glpi_items_tickets` (
  `id` int(10) unsigned NOT NULL AUTO_INCREMENT,
  `itemtype` varchar(255) DEFAULT NULL,
  `items_id` int(10) unsigned NOT NULL DEFAULT 0,
  `tickets_id` int(10) unsigned NOT NULL DEFAULT 0,
  PRIMARY KEY (`id`),
  UNIQUE KEY `unicity` (`itemtype`,`items_id`,`tickets_id`),
  KEY `tickets_id` (`tickets_id`)
) ENGINE=InnoDB AUTO_INCREMENT=1089 DEFAULT CHARSET=utf8mb4 COLLATE=utf8mb4_unicode_ci;

--
-- Dumping data for table `glpi_items_tickets`
--

INSERT INTO `glpi_items_tickets` VALUES
(1085,'Computer',9922,345),
(997,'Computer',33696,293),
(1050,'Computer',33696,353),
(990,'Computer',33825,288),
(999,'Computer',33825,314),
(1004,'Computer',33825,317),
(1008,'Computer',33825,318),
(1013,'Computer',33825,322),
(1024,'Computer',33825,330),
(1087,'Computer',34108,386),
(1088,'Computer',34110,386),
(991,'Monitor',69,288),
(1006,'Monitor',97,317),
(1005,'Monitor',108,317),
(1014,'Monitor',108,322),
(1051,'Monitor',108,353),
(1086,'NetworkEquipment',2,382),
(1036,'Peripheral',404,345),
(1038,'Peripheral',404,346),
(1080,'Peripheral',404,383),
(1082,'Peripheral',404,384),
(1040,'Peripheral',407,347),
(1042,'Peripheral',415,348),
(1054,'Peripheral',421,356),
(1029,'Peripheral',422,338),
(1044,'Peripheral',437,349),
(1027,'Peripheral',453,337),
(936,'PluginFormcreatorFormAnswer',1,218),
(967,'PluginFormcreatorFormAnswer',29,260),
(968,'PluginFormcreatorFormAnswer',30,262),
(969,'PluginFormcreatorFormAnswer',31,263),
(970,'PluginFormcreatorFormAnswer',32,264),
(972,'PluginFormcreatorFormAnswer',34,266),
(973,'PluginFormcreatorFormAnswer',35,267),
(974,'PluginFormcreatorFormAnswer',36,268),
(976,'PluginFormcreatorFormAnswer',38,274),
(977,'PluginFormcreatorFormAnswer',39,275),
(978,'PluginFormcreatorFormAnswer',40,276),
(979,'PluginFormcreatorFormAnswer',41,277),
(980,'PluginFormcreatorFormAnswer',42,278),
(981,'PluginFormcreatorFormAnswer',43,279),
(982,'PluginFormcreatorFormAnswer',44,280),
(983,'PluginFormcreatorFormAnswer',45,281),
(984,'PluginFormcreatorFormAnswer',46,282),
(985,'PluginFormcreatorFormAnswer',47,283),
(986,'PluginFormcreatorFormAnswer',48,285),
(987,'PluginFormcreatorFormAnswer',49,286),
(988,'PluginFormcreatorFormAnswer',50,287),
(989,'PluginFormcreatorFormAnswer',51,288),
(992,'PluginFormcreatorFormAnswer',52,289),
(993,'PluginFormcreatorFormAnswer',53,290),
(994,'PluginFormcreatorFormAnswer',54,291),
(995,'PluginFormcreatorFormAnswer',55,292),
(996,'PluginFormcreatorFormAnswer',56,293),
(1002,'PluginFormcreatorFormAnswer',58,316),
(1003,'PluginFormcreatorFormAnswer',59,317),
(1007,'PluginFormcreatorFormAnswer',60,318),
(1009,'PluginFormcreatorFormAnswer',61,319),
(1010,'PluginFormcreatorFormAnswer',62,320),
(1011,'PluginFormcreatorFormAnswer',63,321),
(1012,'PluginFormcreatorFormAnswer',64,322),
(1015,'PluginFormcreatorFormAnswer',65,323),
(1016,'PluginFormcreatorFormAnswer',66,324),
(1017,'PluginFormcreatorFormAnswer',67,325),
(1018,'PluginFormcreatorFormAnswer',68,326),
(1019,'PluginFormcreatorFormAnswer',69,327),
(1020,'PluginFormcreatorFormAnswer',70,328),
(1021,'PluginFormcreatorFormAnswer',71,329),
(1022,'PluginFormcreatorFormAnswer',72,330),
(1023,'PluginFormcreatorFormAnswer',73,334),
(1026,'PluginFormcreatorFormAnswer',75,336),
(1028,'PluginFormcreatorFormAnswer',76,337),
(1030,'PluginFormcreatorFormAnswer',77,338),
(1031,'PluginFormcreatorFormAnswer',78,339),
(1032,'PluginFormcreatorFormAnswer',79,340),
(1033,'PluginFormcreatorFormAnswer',80,342),
(1034,'PluginFormcreatorFormAnswer',81,343),
(1035,'PluginFormcreatorFormAnswer',82,344),
(1081,'PluginFormcreatorFormAnswer',83,383),
(1083,'PluginFormcreatorFormAnswer',83,384),
(1039,'PluginFormcreatorFormAnswer',84,346),
(1041,'PluginFormcreatorFormAnswer',85,347),
(1043,'PluginFormcreatorFormAnswer',86,348),
(1045,'PluginFormcreatorFormAnswer',87,349),
(1046,'PluginFormcreatorFormAnswer',88,350),
(1079,'PluginFormcreatorFormAnswer',88,380),
(1047,'PluginFormcreatorFormAnswer',89,351),
(1048,'PluginFormcreatorFormAnswer',90,352),
(1049,'PluginFormcreatorFormAnswer',91,353),
(1052,'PluginFormcreatorFormAnswer',92,354),
(1053,'PluginFormcreatorFormAnswer',93,355),
(1055,'PluginFormcreatorFormAnswer',94,356),
(1056,'PluginFormcreatorFormAnswer',95,357),
(1057,'PluginFormcreatorFormAnswer',96,358),
(1058,'PluginFormcreatorFormAnswer',97,359),
(1059,'PluginFormcreatorFormAnswer',98,360),
(1060,'PluginFormcreatorFormAnswer',99,361),
(1061,'PluginFormcreatorFormAnswer',100,362),
(1062,'PluginFormcreatorFormAnswer',101,363),
(1063,'PluginFormcreatorFormAnswer',102,364),
(1064,'PluginFormcreatorFormAnswer',103,365),
(1065,'PluginFormcreatorFormAnswer',104,366),
(1066,'PluginFormcreatorFormAnswer',105,367),
(1067,'PluginFormcreatorFormAnswer',106,368),
(1068,'PluginFormcreatorFormAnswer',107,369),
(1069,'PluginFormcreatorFormAnswer',108,370),
(1070,'PluginFormcreatorFormAnswer',109,371),
(1071,'PluginFormcreatorFormAnswer',110,372),
(1072,'PluginFormcreatorFormAnswer',111,373),
(1073,'PluginFormcreatorFormAnswer',112,374),
(1074,'PluginFormcreatorFormAnswer',113,375),
(1075,'PluginFormcreatorFormAnswer',114,376),
(1076,'PluginFormcreatorFormAnswer',115,377),
(1077,'PluginFormcreatorFormAnswer',116,378),
(1078,'PluginFormcreatorFormAnswer',116,379),
(1084,'Printer',285,335);

--
-- Table structure for table `glpi_itilcategories`
--

CREATE TABLE `glpi_itilcategories` (
  `id` int(10) unsigned NOT NULL AUTO_INCREMENT,
  `entities_id` int(10) unsigned NOT NULL DEFAULT 0,
  `is_recursive` tinyint(1) NOT NULL DEFAULT 0,
  `itilcategories_id` int(10) unsigned NOT NULL DEFAULT 0,
  `name` varchar(255) DEFAULT NULL,
  `completename` mediumtext DEFAULT NULL,
  `comment` mediumtext DEFAULT NULL,
  `level` int(11) NOT NULL DEFAULT 0,
  `knowbaseitemcategories_id` int(10) unsigned NOT NULL DEFAULT 0,
  `users_id` int(10) unsigned NOT NULL DEFAULT 0,
  `groups_id` int(10) unsigned NOT NULL DEFAULT 0,
  `code` varchar(255) DEFAULT NULL,
  `ancestors_cache` longtext DEFAULT NULL,
  `sons_cache` longtext DEFAULT NULL,
  `is_helpdeskvisible` tinyint(1) NOT NULL DEFAULT 1,
  `tickettemplates_id_incident` int(10) unsigned NOT NULL DEFAULT 0,
  `tickettemplates_id_demand` int(10) unsigned NOT NULL DEFAULT 0,
  `changetemplates_id` int(10) unsigned NOT NULL DEFAULT 0,
  `problemtemplates_id` int(10) unsigned NOT NULL DEFAULT 0,
  `is_incident` int(11) NOT NULL DEFAULT 1,
  `is_request` int(11) NOT NULL DEFAULT 1,
  `is_problem` int(11) NOT NULL DEFAULT 1,
  `is_change` tinyint(1) NOT NULL DEFAULT 1,
  `date_mod` timestamp NULL DEFAULT NULL,
  `date_creation` timestamp NULL DEFAULT NULL,
  PRIMARY KEY (`id`),
  KEY `name` (`name`),
  KEY `entities_id` (`entities_id`),
  KEY `is_recursive` (`is_recursive`),
  KEY `knowbaseitemcategories_id` (`knowbaseitemcategories_id`),
  KEY `users_id` (`users_id`),
  KEY `groups_id` (`groups_id`),
  KEY `is_helpdeskvisible` (`is_helpdeskvisible`),
  KEY `itilcategories_id` (`itilcategories_id`),
  KEY `tickettemplates_id_incident` (`tickettemplates_id_incident`),
  KEY `tickettemplates_id_demand` (`tickettemplates_id_demand`),
  KEY `is_incident` (`is_incident`),
  KEY `is_request` (`is_request`),
  KEY `is_problem` (`is_problem`),
  KEY `is_change` (`is_change`),
  KEY `date_mod` (`date_mod`),
  KEY `date_creation` (`date_creation`),
  KEY `changetemplates_id` (`changetemplates_id`),
  KEY `problemtemplates_id` (`problemtemplates_id`),
  KEY `level` (`level`)
) ENGINE=InnoDB AUTO_INCREMENT=552 DEFAULT CHARSET=utf8mb4 COLLATE=utf8mb4_unicode_ci;

--
-- Dumping data for table `glpi_itilcategories`
--

INSERT INTO `glpi_itilcategories` VALUES
(371,0,1,0,'[Arob@s] Prolongation','[Arob@s] Prolongation','',1,0,0,0,'',NULL,'{\"371\":371}',1,0,0,0,0,1,1,1,1,'2025-04-11 13:35:45','2024-12-18 20:57:56'),
(372,0,1,0,'[CSI]','[CSI]',NULL,1,0,0,0,'',NULL,NULL,1,0,0,0,0,1,1,1,1,'2024-12-18 20:57:56','2024-12-18 20:57:56'),
(373,0,1,0,'[CSI] Dem/Incident (général)','[CSI] Dem/Incident (général)',NULL,1,0,0,0,'',NULL,NULL,1,0,0,0,0,1,1,1,1,'2024-12-19 15:16:06','2024-12-18 20:57:56'),
(374,0,1,0,'[CSI] Dem/Incident ACSSI','[CSI] Dem/Incident ACSSI',NULL,1,0,0,0,'',NULL,NULL,1,0,0,0,0,1,1,1,1,'2024-12-19 15:16:17','2024-12-18 20:57:56'),
(375,0,1,0,'[CSI] Dem/Incident HL3 Réseaux','[CSI] Dem/Incident HL3 Réseaux',NULL,1,0,0,255,'',NULL,'{\"375\":375}',1,0,0,0,0,1,1,1,1,'2026-02-17 23:08:30','2024-12-18 20:57:56'),
(376,0,1,0,'[CSI] Dem/Incident TDD','[CSI] Dem/Incident TDD',NULL,1,0,0,0,'',NULL,NULL,1,0,0,0,0,1,1,1,1,'2024-12-19 15:16:46','2024-12-18 20:57:56'),
(377,0,1,0,'[Outlook] Archive Création','[Outlook] Archive Création',NULL,1,0,0,0,'',NULL,NULL,1,0,0,0,0,1,1,1,1,'2024-12-18 20:57:56','2024-12-18 20:57:56'),
(378,0,1,0,'[SP] Modernisation','[SP] Modernisation',NULL,1,0,0,0,'',NULL,NULL,1,0,0,0,0,1,1,1,1,'2024-12-18 20:57:56','2024-12-18 20:57:56'),
(379,0,1,0,'ACS','ACS',NULL,1,0,0,0,'',NULL,NULL,1,0,0,0,0,1,1,1,1,'2024-12-18 20:57:56','2024-12-18 20:57:56'),
(380,0,1,0,'Crasic BERLIN','Crasic BERLIN',NULL,1,0,0,0,'',NULL,NULL,1,0,0,0,0,1,1,1,1,'2024-12-18 20:57:56','2024-12-18 20:57:56'),
(381,0,1,380,'Demande TDD','Crasic BERLIN > Demande TDD',NULL,2,0,0,0,'',NULL,NULL,1,0,0,0,0,1,1,1,1,'2024-12-19 14:57:19','2024-12-18 20:57:56'),
(382,0,1,0,'Demande','Demande',NULL,1,0,0,0,'',NULL,NULL,1,0,0,0,0,0,1,0,1,'2024-12-18 20:57:56','2024-12-18 20:57:56'),
(383,0,1,382,'[CSI] Dem/Réaffectation Itineo','Demande > [CSI] Dem/Réaffectation Itineo',NULL,2,0,0,0,'',NULL,NULL,1,0,0,0,0,0,1,0,1,'2024-12-18 20:57:56','2024-12-18 20:57:56'),
(384,0,1,382,'CSI Demande de matériel','Demande > CSI Demande de matériel',NULL,2,0,0,0,'',NULL,NULL,1,0,0,0,0,0,1,0,1,'2024-12-18 20:57:56','2024-12-18 20:57:56'),
(385,0,1,382,'Demande Crasic New York','Demande > Demande Crasic New York',NULL,2,0,0,0,'',NULL,NULL,1,0,0,0,0,0,1,0,1,'2024-12-18 20:57:56','2024-12-18 20:57:56'),
(386,0,1,0,'Demande TDD','Demande TDD',NULL,1,0,0,0,'',NULL,NULL,1,0,0,0,0,0,1,0,1,'2024-12-18 20:57:56','2024-12-18 20:57:56'),
(387,0,1,0,'DET : Déménagement','DET : Déménagement',NULL,1,0,0,0,'',NULL,NULL,1,0,0,0,0,1,1,1,1,'2024-12-18 20:57:56','2024-12-18 20:57:56'),
(388,0,1,0,'Expertise mobilité Smartphones','Expertise mobilité Smartphones',NULL,1,0,0,0,'',NULL,NULL,1,0,0,0,0,1,1,1,1,'2024-12-18 20:57:56','2024-12-18 20:57:56'),
(389,0,1,0,'GDD','GDD',NULL,1,0,0,0,'',NULL,NULL,1,0,0,0,0,1,1,1,1,'2024-12-18 20:57:56','2024-12-18 20:57:56'),
(390,0,1,389,'Administration EOLE','GDD > Administration EOLE',NULL,2,0,0,0,'',NULL,NULL,1,0,0,0,0,1,1,1,1,'2024-12-18 20:57:56','2024-12-18 20:57:56'),
(391,0,1,390,'Administrateur de station (bureau ouvert)','GDD > Administration EOLE > Administrateur de station (bureau ouvert)',NULL,3,0,0,0,'',NULL,NULL,1,0,0,0,0,1,1,1,1,'2024-12-18 20:57:56','2024-12-18 20:57:56'),
(392,0,1,390,'Compte EOLE - Création AEFE','GDD > Administration EOLE > Compte EOLE - Création AEFE',NULL,3,0,0,0,'',NULL,NULL,1,0,0,0,0,1,1,1,1,'2024-12-18 20:57:56','2024-12-18 20:57:56'),
(393,0,1,390,'Compte EOLE - Suppression','GDD > Administration EOLE > Compte EOLE - Suppression',NULL,3,0,0,0,'',NULL,NULL,1,0,0,0,0,1,1,1,1,'2024-12-18 20:57:56','2024-12-18 20:57:56'),
(394,0,1,390,'Liste de diffusion - Création','GDD > Administration EOLE > Liste de diffusion - Création',NULL,3,0,0,0,'',NULL,NULL,1,0,0,0,0,1,1,1,1,'2024-12-18 20:57:56','2024-12-18 20:57:56'),
(395,0,1,390,'Messagerie - Augmentation de la taille','GDD > Administration EOLE > Messagerie - Augmentation de la taille',NULL,3,0,0,0,'',NULL,NULL,1,0,0,0,0,1,1,1,1,'2024-12-18 20:57:56','2024-12-18 20:57:56'),
(396,0,1,389,'Dotation','GDD > Dotation',NULL,2,0,0,0,'',NULL,NULL,1,0,0,0,0,1,1,1,1,'2024-12-18 20:57:56','2024-12-18 20:57:56'),
(397,0,1,396,'Smartphone','GDD > Dotation > Smartphone',NULL,3,0,0,0,'',NULL,NULL,1,0,0,0,0,1,1,1,1,'2024-12-18 20:57:56','2024-12-18 20:57:56'),
(398,0,1,389,'Evenementiel','GDD > Evenementiel',NULL,2,0,0,0,'',NULL,NULL,1,0,0,0,0,1,1,1,1,'2024-12-18 20:57:56','2024-12-18 20:57:56'),
(399,0,1,398,'Formation','GDD > Evenementiel > Formation',NULL,3,0,0,0,'',NULL,NULL,1,0,0,0,0,1,1,1,1,'2024-12-18 20:57:56','2024-12-18 20:57:56'),
(400,0,1,398,'Réunion - Refus (-48h)','GDD > Evenementiel > Réunion - Refus (-48h)',NULL,3,0,0,0,'',NULL,NULL,1,0,0,0,0,1,1,1,1,'2024-12-18 20:57:56','2024-12-18 20:57:56'),
(401,0,1,389,'Prêt','GDD > Prêt',NULL,2,0,0,0,'',NULL,NULL,1,0,0,0,0,1,1,1,1,'2024-12-18 20:57:56','2024-12-18 20:57:56'),
(402,0,1,389,'Prise de fonction','GDD > Prise de fonction',NULL,2,0,0,0,'',NULL,NULL,1,0,0,0,0,1,1,1,1,'2024-12-18 20:57:56','2024-12-18 20:57:56'),
(403,0,1,389,'Téléphonie','GDD > Téléphonie',NULL,2,0,0,0,'',NULL,NULL,1,0,0,0,0,1,1,1,1,'2024-12-18 20:57:56','2024-12-18 20:57:56'),
(404,0,1,403,'Ligne - Création EF','GDD > Téléphonie > Ligne - Création EF',NULL,3,0,0,0,'',NULL,NULL,1,0,0,0,0,1,1,1,1,'2024-12-18 20:57:56','2024-12-18 20:57:56'),
(405,0,1,0,'Informatique','Informatique',NULL,1,0,0,0,'',NULL,NULL,1,0,0,0,0,1,1,1,1,'2024-12-18 20:57:56','2024-12-18 20:57:56'),
(406,0,1,405,'\'\'Carte inconnue\'\' - COPIEUR','Informatique > \'\'Carte inconnue\'\' - COPIEUR',NULL,2,0,0,0,'',NULL,NULL,1,0,0,0,0,1,1,1,1,'2024-12-18 20:57:56','2024-12-18 20:57:56'),
(407,0,1,405,'Demande TDD Tallinn','Informatique > Demande TDD Tallinn',NULL,2,0,0,0,'',NULL,NULL,1,0,0,0,0,1,1,1,1,'2024-12-18 20:57:56','2024-12-18 20:57:56'),
(408,0,1,405,'HL3','Informatique > HL3',NULL,2,0,0,255,'',NULL,'{\"408\":408}',1,0,0,0,0,1,1,1,1,'2026-02-17 23:08:46','2024-12-18 20:57:56'),
(409,0,1,405,'Matériel_etr','Informatique > Matériel_etr',NULL,2,0,0,0,'',NULL,NULL,1,0,0,0,0,1,1,1,1,'2024-12-18 20:57:56','2024-12-18 20:57:56'),
(410,0,1,409,'ITINEO_etr','Informatique > Matériel_etr > ITINEO_etr',NULL,3,0,0,0,'',NULL,NULL,1,0,0,0,0,1,1,1,1,'2024-12-18 20:57:56','2024-12-18 20:57:56'),
(411,0,1,405,'Mobilité – Dotation – GSM Simple','Informatique > Mobilité – Dotation – GSM Simple',NULL,2,0,0,0,'',NULL,NULL,1,0,0,0,0,1,1,1,1,'2024-12-18 20:57:56','2024-12-18 20:57:56'),
(412,0,1,405,'Pop-up archive centralisée','Informatique > Pop-up archive centralisée',NULL,2,0,0,0,'',NULL,NULL,1,0,0,0,0,1,1,1,1,'2024-12-18 20:57:56','2024-12-18 20:57:56'),
(413,0,1,0,'IT-Appli.Spécifique','IT-Appli.Spécifique',NULL,1,0,0,0,'',NULL,NULL,1,0,0,0,0,1,1,1,1,'2024-12-18 20:57:56','2024-12-18 20:57:56'),
(414,0,1,413,'PORTALEO','IT-Appli.Spécifique > PORTALEO',NULL,2,0,0,0,'',NULL,NULL,1,0,0,0,0,1,1,1,1,'2024-12-18 20:57:56','2024-12-18 20:57:56'),
(415,0,1,414,'Accès','IT-Appli.Spécifique > PORTALEO > Accès',NULL,3,0,0,0,'',NULL,NULL,1,0,0,0,0,1,1,1,1,'2024-12-18 20:57:56','2024-12-18 20:57:56'),
(416,0,1,414,'Renouvellement','IT-Appli.Spécifique > PORTALEO > Renouvellement',NULL,3,0,0,0,'',NULL,NULL,1,0,0,0,0,1,1,1,1,'2024-12-18 20:57:56','2024-12-18 20:57:56'),
(417,0,1,0,'IT-Appli.Standard','IT-Appli.Standard',NULL,1,0,0,0,'',NULL,NULL,1,0,0,0,0,1,1,1,1,'2024-12-18 20:57:56','2024-12-18 20:57:56'),
(418,0,1,417,'Arob@s','IT-Appli.Standard > Arob@s',NULL,2,0,0,0,'',NULL,NULL,1,0,0,0,0,1,1,1,1,'2024-12-18 20:57:56','2024-12-18 20:57:56'),
(419,0,1,418,'Mise à jour de numéro de badge','IT-Appli.Standard > Arob@s > Mise à jour de numéro de badge',NULL,3,0,0,0,'',NULL,NULL,1,0,0,0,0,1,1,1,1,'2024-12-18 20:57:56','2024-12-18 20:57:56'),
(420,0,1,418,'Réinitialisation mot de passe','IT-Appli.Standard > Arob@s > Réinitialisation mot de passe',NULL,3,0,0,0,'',NULL,NULL,1,0,0,0,0,1,1,1,1,'2024-12-18 20:57:56','2024-12-18 20:57:56'),
(421,0,1,417,'Éole','IT-Appli.Standard > Éole',NULL,2,0,0,0,'',NULL,NULL,1,0,0,0,0,1,1,1,1,'2024-12-18 20:57:56','2024-12-18 20:57:56'),
(422,0,1,421,'Applications eolisées','IT-Appli.Standard > Éole > Applications eolisées',NULL,3,0,0,0,'',NULL,NULL,1,0,0,0,0,1,1,1,1,'2024-12-18 20:57:56','2024-12-18 20:57:56'),
(423,0,1,421,'Réinitialisation mot de passe','IT-Appli.Standard > Éole > Réinitialisation mot de passe',NULL,3,0,0,0,'',NULL,NULL,1,0,0,0,0,1,1,1,1,'2024-12-18 20:57:56','2024-12-18 20:57:56'),
(424,0,1,417,'Firefox','IT-Appli.Standard > Firefox',NULL,2,0,0,0,'',NULL,NULL,1,0,0,0,0,1,1,1,1,'2024-12-18 20:57:56','2024-12-18 20:57:56'),
(425,0,1,424,'Configuration','IT-Appli.Standard > Firefox > Configuration',NULL,3,0,0,0,'',NULL,NULL,1,0,0,0,0,1,1,1,1,'2024-12-18 20:57:56','2024-12-18 20:57:56'),
(426,0,1,424,'Navigation','IT-Appli.Standard > Firefox > Navigation',NULL,3,0,0,0,'',NULL,NULL,1,0,0,0,0,1,1,1,1,'2024-12-18 20:57:56','2024-12-18 20:57:56'),
(427,0,1,417,'Messagerie Générique','IT-Appli.Standard > Messagerie Générique',NULL,2,0,0,0,'',NULL,NULL,1,0,0,0,0,1,1,1,1,'2024-12-18 20:57:56','2024-12-18 20:57:56'),
(428,0,1,427,'Création','IT-Appli.Standard > Messagerie Générique > Création',NULL,3,0,0,0,'',NULL,NULL,1,0,0,0,0,1,1,1,1,'2024-12-18 20:57:56','2024-12-18 20:57:56'),
(429,0,1,417,'Microsoft Office','IT-Appli.Standard > Microsoft Office',NULL,2,0,0,0,'',NULL,NULL,1,0,0,0,0,1,1,1,1,'2024-12-18 20:57:56','2024-12-18 20:57:56'),
(430,0,1,429,'MS ACCESS','IT-Appli.Standard > Microsoft Office > MS ACCESS',NULL,3,0,0,0,'',NULL,NULL,1,0,0,0,0,1,1,1,1,'2024-12-18 20:57:56','2024-12-18 20:57:56'),
(431,0,1,0,'IT-Evenementiel','IT-Evenementiel',NULL,1,0,0,0,'',NULL,NULL,1,0,0,0,0,1,1,1,1,'2024-12-18 20:57:56','2024-12-18 20:57:56'),
(432,0,1,431,'Audioconférence','IT-Evenementiel > Audioconférence',NULL,2,0,0,0,'',NULL,NULL,1,0,0,0,0,1,1,1,1,'2024-12-18 20:57:56','2024-12-18 20:57:56'),
(433,0,1,432,'Assistance','IT-Evenementiel > Audioconférence > Assistance',NULL,3,0,0,0,'',NULL,NULL,1,0,0,0,0,1,1,1,1,'2024-12-18 20:57:56','2024-12-18 20:57:56'),
(434,0,1,0,'IT-Matériel','IT-Matériel',NULL,1,0,0,0,'',NULL,NULL,1,0,0,0,0,1,1,1,1,'2024-12-18 20:57:56','2024-12-18 20:57:56'),
(435,0,1,434,'Base / Socle','IT-Matériel > Base / Socle',NULL,2,0,0,0,'',NULL,NULL,1,0,0,0,0,1,1,1,1,'2024-12-18 20:57:56','2024-12-18 20:57:56'),
(436,0,1,435,'Dysfonctionnement','IT-Matériel > Base / Socle > Dysfonctionnement',NULL,3,0,0,0,'',NULL,NULL,1,0,0,0,0,1,0,1,1,'2024-12-18 20:57:56','2024-12-18 20:57:56'),
(437,0,1,434,'Copieur','IT-Matériel > Copieur',NULL,2,0,0,0,'',NULL,NULL,1,0,0,0,0,1,1,1,1,'2024-12-18 20:57:56','2024-12-18 20:57:56'),
(438,0,1,437,'Dysfonctionnement','IT-Matériel > Copieur > Dysfonctionnement',NULL,3,0,0,0,'',NULL,NULL,1,0,0,0,0,1,0,1,1,'2024-12-18 20:57:56','2024-12-18 20:57:56'),
(439,0,1,434,'Dphone','IT-Matériel > Dphone',NULL,2,0,0,0,'',NULL,NULL,1,0,0,0,0,1,1,1,1,'2024-12-18 20:57:56','2024-12-18 20:57:56'),
(440,0,1,439,'Accessoire','IT-Matériel > Dphone > Accessoire',NULL,3,0,0,0,'',NULL,NULL,1,0,0,0,0,1,1,1,1,'2024-12-18 20:57:56','2024-12-18 20:57:56'),
(441,0,1,439,'Roaming','IT-Matériel > Dphone > Roaming',NULL,3,0,0,0,'',NULL,NULL,1,0,0,0,0,1,1,1,1,'2024-12-18 20:57:56','2024-12-18 20:57:56'),
(442,0,1,434,'Écran','IT-Matériel > Écran',NULL,2,0,0,0,'',NULL,NULL,1,0,0,0,0,1,1,1,1,'2024-12-18 20:57:56','2024-12-18 20:57:56'),
(443,0,1,442,'Dysfonctionnement','IT-Matériel > Écran > Dysfonctionnement',NULL,3,0,0,0,'',NULL,NULL,1,0,0,0,0,1,0,1,1,'2024-12-18 20:57:56','2024-12-18 20:57:56'),
(444,0,1,434,'GSM simple','IT-Matériel > GSM simple',NULL,2,0,0,0,'',NULL,NULL,1,0,0,0,0,1,1,1,1,'2024-12-18 20:57:56','2024-12-18 20:57:56'),
(445,0,1,444,'Dotation','IT-Matériel > GSM simple > Dotation',NULL,3,0,0,0,'',NULL,NULL,1,0,0,0,0,1,1,1,1,'2024-12-18 20:57:56','2024-12-18 20:57:56'),
(446,0,1,434,'Périphérique','IT-Matériel > Périphérique',NULL,2,0,0,0,'',NULL,NULL,1,0,0,0,0,1,1,1,1,'2024-12-18 20:57:56','2024-12-18 20:57:56'),
(447,0,1,446,'Clavier','IT-Matériel > Périphérique > Clavier',NULL,3,0,0,0,'',NULL,NULL,1,0,0,0,0,1,1,1,1,'2024-12-18 20:57:56','2024-12-18 20:57:56'),
(448,0,1,446,'Écran','IT-Matériel > Périphérique > Écran',NULL,3,0,0,0,'',NULL,NULL,1,0,0,0,0,1,1,1,1,'2024-12-18 20:57:56','2024-12-18 20:57:56'),
(449,0,1,0,'IT-Mobilité','IT-Mobilité',NULL,1,0,0,0,'',NULL,NULL,1,0,0,0,0,1,1,1,1,'2024-12-18 20:57:56','2024-12-18 20:57:56'),
(450,0,1,449,'Dphone','IT-Mobilité > Dphone',NULL,2,0,0,0,'',NULL,NULL,1,0,0,0,0,1,1,1,1,'2024-12-18 20:57:56','2024-12-18 20:57:56'),
(451,0,1,449,'Itinéo','IT-Mobilité > Itinéo',NULL,2,0,0,0,'',NULL,NULL,1,0,0,0,0,1,1,1,1,'2024-12-18 20:57:56','2024-12-18 20:57:56'),
(452,0,1,451,'Chargeur','IT-Mobilité > Itinéo > Chargeur',NULL,3,0,0,0,'',NULL,NULL,1,0,0,0,0,1,1,1,1,'2024-12-18 20:57:56','2024-12-18 20:57:56'),
(453,0,1,451,'Dysfonctionnement','IT-Mobilité > Itinéo > Dysfonctionnement',NULL,3,0,0,0,'',NULL,NULL,1,0,0,0,0,1,0,1,1,'2024-12-18 20:57:56','2024-12-18 20:57:56'),
(454,0,1,0,'IT-Projet','IT-Projet',NULL,1,0,0,0,'',NULL,NULL,1,0,0,0,0,1,1,1,1,'2024-12-18 20:57:56','2024-12-18 20:57:56'),
(455,0,1,454,'Migration','IT-Projet > Migration',NULL,2,0,0,0,'',NULL,NULL,1,0,0,0,0,1,1,1,1,'2024-12-18 20:57:56','2024-12-18 20:57:56'),
(456,0,1,455,'Dphone','IT-Projet > Migration > Dphone',NULL,3,0,0,0,'',NULL,NULL,1,0,0,0,0,1,1,1,1,'2024-12-18 20:57:56','2024-12-18 20:57:56'),
(457,0,1,0,'IT-Réseau','IT-Réseau',NULL,1,0,0,0,'',NULL,NULL,1,0,0,0,0,1,1,1,1,'2024-12-18 20:57:56','2024-12-18 20:57:56'),
(458,0,1,457,'Global','IT-Réseau > Global',NULL,2,0,0,0,'',NULL,NULL,1,0,0,0,0,1,1,1,1,'2024-12-18 20:57:56','2024-12-18 20:57:56'),
(459,0,1,457,'Groupe bureautique','IT-Réseau > Groupe bureautique',NULL,2,0,0,0,'',NULL,NULL,1,0,0,0,0,1,1,1,1,'2024-12-18 20:57:56','2024-12-18 20:57:56'),
(460,0,1,459,'Création','IT-Réseau > Groupe bureautique > Création',NULL,3,0,0,0,'',NULL,NULL,1,0,0,0,0,1,1,1,1,'2024-12-18 20:57:56','2024-12-18 20:57:56'),
(461,0,1,457,'Local','IT-Réseau > Local',NULL,2,0,0,0,'',NULL,NULL,1,0,0,0,0,1,1,1,1,'2024-12-18 20:57:56','2024-12-18 20:57:56'),
(462,0,1,461,'Intranet','IT-Réseau > Local > Intranet',NULL,3,0,0,0,'',NULL,NULL,1,0,0,0,0,1,1,1,1,'2024-12-18 20:57:56','2024-12-18 20:57:56'),
(463,0,1,457,'Périphérique Réseau','IT-Réseau > Périphérique Réseau',NULL,2,0,0,0,'',NULL,NULL,1,0,0,0,0,1,1,1,1,'2024-12-18 20:57:56','2024-12-18 20:57:56'),
(464,0,1,463,'Copieur','IT-Réseau > Périphérique Réseau > Copieur',NULL,3,0,0,0,'',NULL,NULL,1,0,0,0,0,1,1,1,1,'2024-12-18 20:57:56','2024-12-18 20:57:56'),
(465,0,1,0,'SD','SD',NULL,1,0,0,0,'',NULL,NULL,1,0,0,0,0,1,1,1,1,'2024-12-18 20:57:56','2024-12-18 20:57:56'),
(466,0,1,465,'ALLOR','SD > ALLOR',NULL,2,0,0,0,'',NULL,NULL,1,0,0,0,0,1,1,1,1,'2024-12-18 20:57:56','2024-12-18 20:57:56'),
(467,0,1,466,'Agent MEAE sans ITINEO ( étranger','SD > ALLOR > Agent MEAE sans ITINEO ( étranger',NULL,3,0,0,0,'',NULL,NULL,1,0,0,0,0,1,1,1,1,'2024-12-18 20:57:56','2024-12-18 20:57:56'),
(468,0,1,467,'centrale )','SD > ALLOR > Agent MEAE sans ITINEO ( étranger > centrale )',NULL,4,0,0,0,'',NULL,NULL,1,0,0,0,0,1,1,1,1,'2024-12-18 20:57:56','2024-12-18 20:57:56'),
(469,0,1,466,'ALLOR - Demande de renseignement','SD > ALLOR > ALLOR - Demande de renseignement',NULL,3,0,0,0,'',NULL,NULL,1,0,0,0,0,1,1,1,1,'2024-12-18 20:57:56','2024-12-18 20:57:56'),
(470,0,1,466,'ALLOR - Pb Validation/Droit valideur','SD > ALLOR > ALLOR - Pb Validation/Droit valideur',NULL,3,0,0,0,'',NULL,NULL,1,0,0,0,0,1,1,1,1,'2024-12-18 20:57:56','2024-12-18 20:57:56'),
(471,0,1,466,'ALLOR – Valideur inconnu / non présent','SD > ALLOR > ALLOR – Valideur inconnu / non présent',NULL,3,0,0,0,'',NULL,NULL,1,0,0,0,0,1,1,1,1,'2024-12-18 20:57:56','2024-12-18 20:57:56'),
(472,0,1,466,'Communication du num/MDP formulaire ALLOR','SD > ALLOR > Communication du num/MDP formulaire ALLOR',NULL,3,0,0,0,'',NULL,NULL,1,0,0,0,0,1,1,1,1,'2024-12-18 20:57:56','2024-12-18 20:57:56'),
(473,0,1,466,'Localisation du formulaire ALLOR','SD > ALLOR > Localisation du formulaire ALLOR',NULL,3,0,0,0,'',NULL,NULL,1,0,0,0,0,1,1,1,1,'2024-12-18 20:57:56','2024-12-18 20:57:56'),
(474,0,1,466,'Nouvel arrivant MEAE ( 1ère affectation )','SD > ALLOR > Nouvel arrivant MEAE ( 1ère affectation )',NULL,3,0,0,0,'',NULL,NULL,1,0,0,0,0,1,1,1,1,'2024-12-18 20:57:56','2024-12-18 20:57:56'),
(475,0,1,466,'SAGAIE - Assistance/renseignement','SD > ALLOR > SAGAIE - Assistance/renseignement',NULL,3,0,0,0,'',NULL,NULL,1,0,0,0,0,1,1,1,1,'2024-12-18 20:57:56','2024-12-18 20:57:56'),
(476,0,1,465,'Arobas','SD > Arobas',NULL,2,0,0,0,'',NULL,NULL,1,0,0,0,0,1,1,1,1,'2024-12-18 20:57:56','2024-12-18 20:57:56'),
(477,0,1,476,'Compte Arobas - Création','SD > Arobas > Compte Arobas - Création',NULL,3,0,0,0,'',NULL,NULL,1,0,0,0,0,1,1,1,1,'2024-12-18 20:57:56','2024-12-18 20:57:56'),
(478,0,1,476,'Expiration d\'une identité','SD > Arobas > Expiration d\'une identité',NULL,3,0,0,0,'',NULL,NULL,1,0,0,0,0,1,1,1,1,'2024-12-18 20:57:56','2024-12-18 20:57:56'),
(479,0,1,476,'Mot de passe - Réinitialisation','SD > Arobas > Mot de passe - Réinitialisation',NULL,3,0,0,0,'',NULL,NULL,1,0,0,0,0,1,1,1,1,'2024-12-18 20:57:56','2024-12-18 20:57:56'),
(480,0,1,465,'Diplomatie','SD > Diplomatie',NULL,2,0,0,0,'',NULL,NULL,1,0,0,0,0,1,1,1,1,'2024-12-18 20:57:56','2024-12-18 20:57:56'),
(481,0,1,480,'Accès aux correspondances impossible','SD > Diplomatie > Accès aux correspondances impossible',NULL,3,0,0,0,'',NULL,NULL,1,0,0,0,0,1,1,1,1,'2024-12-18 20:57:56','2024-12-18 20:57:56'),
(482,0,1,465,'Firefox','SD > Firefox',NULL,2,0,0,0,'',NULL,NULL,1,0,0,0,0,1,1,1,1,'2024-12-18 20:57:56','2024-12-18 20:57:56'),
(483,0,1,482,'Rapport de plantage firefox','SD > Firefox > Rapport de plantage firefox',NULL,3,0,0,0,'',NULL,NULL,1,0,0,0,0,1,1,1,1,'2024-12-18 20:57:56','2024-12-18 20:57:56'),
(484,0,1,465,'HL1','SD > HL1',NULL,2,0,0,0,'',NULL,NULL,1,0,0,0,0,1,1,1,1,'2024-12-18 20:57:56','2024-12-18 20:57:56'),
(485,0,1,465,'Impression','SD > Impression',NULL,2,0,0,0,'',NULL,NULL,1,0,0,0,0,1,1,1,1,'2024-12-18 20:57:56','2024-12-18 20:57:56'),
(486,0,1,485,'Aide à la 1ère utilisation','SD > Impression > Aide à la 1ère utilisation',NULL,3,0,0,0,'',NULL,NULL,1,0,0,0,0,1,1,1,1,'2024-12-18 20:57:56','2024-12-18 20:57:56'),
(487,0,1,465,'Itineo','SD > Itineo',NULL,2,0,0,0,'',NULL,NULL,1,0,0,0,0,1,1,1,1,'2024-12-18 20:57:56','2024-12-18 20:57:56'),
(488,0,1,487,'Écran Passphrase','SD > Itineo > Écran Passphrase',NULL,3,0,0,0,'',NULL,NULL,1,0,0,0,0,1,1,1,1,'2024-12-18 20:57:56','2024-12-18 20:57:56'),
(489,0,1,465,'Outlook','SD > Outlook',NULL,2,0,0,0,'',NULL,NULL,1,0,0,0,0,1,1,1,1,'2024-12-18 20:57:56','2024-12-18 20:57:56'),
(490,0,1,489,'Archive - En Local','SD > Outlook > Archive - En Local',NULL,3,0,0,0,'',NULL,NULL,1,0,0,0,0,1,1,1,1,'2024-12-18 20:57:56','2024-12-18 20:57:56'),
(491,0,1,489,'Messagerie Générique - Renouvellement','SD > Outlook > Messagerie Générique - Renouvellement',NULL,3,0,0,0,'',NULL,NULL,1,0,0,0,0,1,1,1,1,'2024-12-18 20:57:56','2024-12-18 20:57:56'),
(492,0,1,489,'Restauration Archive pst','SD > Outlook > Restauration Archive pst',NULL,3,0,0,0,'',NULL,NULL,1,0,0,0,0,1,1,1,1,'2024-12-18 20:57:56','2024-12-18 20:57:56'),
(493,0,1,489,'Taille - Capacité maximal atteinte','SD > Outlook > Taille - Capacité maximal atteinte',NULL,3,0,0,0,'',NULL,NULL,1,0,0,0,0,1,1,1,1,'2024-12-18 20:57:56','2024-12-18 20:57:56'),
(494,0,1,465,'Téléphonie','SD > Téléphonie',NULL,2,0,0,0,'',NULL,NULL,1,0,0,0,0,1,1,1,1,'2024-12-18 20:57:56','2024-12-18 20:57:56'),
(495,0,1,494,'Code de mévo inconnu','SD > Téléphonie > Code de mévo inconnu',NULL,3,0,0,0,'',NULL,NULL,1,0,0,0,0,1,1,1,1,'2024-12-18 20:57:56','2024-12-18 20:57:56'),
(496,0,1,465,'Visioconférence','SD > Visioconférence',NULL,2,0,0,0,'',NULL,NULL,1,0,0,0,0,1,1,1,1,'2024-12-18 20:57:56','2024-12-18 20:57:56'),
(497,0,1,496,'Aucun affichage d’image','SD > Visioconférence > Aucun affichage d’image',NULL,3,0,0,0,'',NULL,NULL,1,0,0,0,0,1,1,1,1,'2024-12-18 20:57:56','2024-12-18 20:57:56'),
(498,0,1,496,'Pas de son (micro de la salle non reconnu)','SD > Visioconférence > Pas de son (micro de la salle non reconnu)',NULL,3,0,0,0,'',NULL,NULL,1,0,0,0,0,1,1,1,1,'2024-12-18 20:57:56','2024-12-18 20:57:56'),
(499,0,1,465,'Webconférence','SD > Webconférence',NULL,2,0,0,0,'',NULL,NULL,1,0,0,0,0,1,1,1,1,'2024-12-18 20:57:56','2024-12-18 20:57:56'),
(500,0,1,499,'Aucun affichage d’image','SD > Webconférence > Aucun affichage d’image',NULL,3,0,0,0,'',NULL,NULL,1,0,0,0,0,1,1,1,1,'2024-12-18 20:57:56','2024-12-18 20:57:56'),
(501,0,1,0,'SI','SI',NULL,1,0,0,0,'',NULL,NULL,1,0,0,0,0,1,1,1,1,'2024-12-18 20:57:56','2024-12-18 20:57:56'),
(502,0,1,501,'ALLOR','SI > ALLOR',NULL,2,0,0,0,'',NULL,NULL,1,0,0,0,0,1,1,1,1,'2024-12-18 20:57:56','2024-12-18 20:57:56'),
(503,0,1,502,'Droits de validation','SI > ALLOR > Droits de validation',NULL,3,0,0,0,'',NULL,NULL,1,0,0,0,0,1,1,1,1,'2024-12-18 20:57:56','2024-12-18 20:57:56'),
(504,0,1,502,'Valideur inconnu / absent','SI > ALLOR > Valideur inconnu / absent',NULL,3,0,0,0,'',NULL,NULL,1,0,0,0,0,1,1,1,1,'2024-12-18 20:57:56','2024-12-18 20:57:56'),
(505,0,1,501,'AROBAS','SI > AROBAS',NULL,2,0,0,0,'',NULL,NULL,1,0,0,0,0,1,1,1,1,'2024-12-18 20:57:56','2024-12-18 20:57:56'),
(506,0,1,505,'Création de compte','SI > AROBAS > Création de compte',NULL,3,0,0,0,'',NULL,NULL,1,0,0,0,0,1,1,1,1,'2024-12-18 20:57:56','2024-12-18 20:57:56'),
(507,0,1,505,'Mise à jour de badge','SI > AROBAS > Mise à jour de badge',NULL,3,0,0,0,'',NULL,NULL,1,0,0,0,0,1,1,1,1,'2024-12-18 20:57:56','2024-12-18 20:57:56'),
(508,0,1,505,'Mise à jour de fiche agent','SI > AROBAS > Mise à jour de fiche agent',NULL,3,0,0,0,'',NULL,NULL,1,0,0,0,0,1,1,1,1,'2024-12-18 20:57:56','2024-12-18 20:57:56'),
(509,0,1,505,'Prolongation de compte','SI > AROBAS > Prolongation de compte',NULL,3,0,0,0,'',NULL,NULL,1,0,0,0,0,1,1,1,1,'2024-12-18 20:57:56','2024-12-18 20:57:56'),
(510,0,1,501,'Communication interrompue','SI > Communication interrompue',NULL,2,0,0,0,'',NULL,NULL,1,0,0,0,0,1,1,1,1,'2024-12-18 20:57:56','2024-12-18 20:57:56'),
(511,0,1,501,'EOLE','SI > EOLE',NULL,2,0,0,0,'',NULL,NULL,1,0,0,0,0,1,1,1,1,'2024-12-18 20:57:56','2024-12-18 20:57:56'),
(512,0,1,511,'Première connexion','SI > EOLE > Première connexion',NULL,3,0,0,0,'',NULL,NULL,1,0,0,0,0,1,1,1,1,'2024-12-18 20:57:56','2024-12-18 20:57:56'),
(513,0,1,0,'SYN-Demande indispensable','SYN-Demande indispensable',NULL,1,0,0,0,'INDISP',NULL,NULL,1,0,0,0,0,0,1,0,0,'2025-03-06 14:25:40','2024-12-19 14:55:04'),
(514,0,1,0,'SYN-Demande ordinaire','SYN-Demande ordinaire',NULL,1,0,0,0,'',NULL,NULL,1,0,0,0,0,0,1,0,0,'2025-03-06 13:23:31','2024-12-19 14:55:58'),
(515,0,1,0,'SYN-Incident impactant 10 utilisateurs et plus','SYN-Incident impactant 10 utilisateurs et plus','Interruption de service 10 utilisateurs ou plus',1,0,0,0,'IMPACT',NULL,NULL,1,0,0,0,0,1,0,0,0,'2025-03-06 13:24:26','2024-12-19 15:26:14'),
(516,0,1,0,'SYN-Incident','SYN-Incident','Les autres cas d\'incident',1,0,0,0,'Inc_C',NULL,NULL,1,0,0,0,0,1,0,0,0,'2025-02-12 10:02:41','2024-12-19 15:27:22'),
(519,0,1,382,'Transport de matériel','Demande > Transport de matériel','',2,0,0,0,'',NULL,NULL,1,0,0,0,0,0,1,0,0,'2025-02-20 15:59:22','2025-02-20 15:59:22'),
(520,13,0,0,'Applications DAF','Applications DAF','',1,0,0,251,'','[]','{\"520\":520,\"540\":540,\"527\":527,\"537\":537,\"528\":528,\"529\":529,\"530\":530,\"531\":531,\"532\":532,\"533\":533,\"534\":534,\"535\":535,\"536\":536,\"538\":538,\"539\":539,\"541\":541,\"546\":546,\"542\":542,\"543\":543,\"544\":544,\"545\":545,\"547\":547,\"548\":548,\"549\":549}',1,0,0,0,0,0,0,0,0,'2025-09-26 12:35:55','2025-09-24 04:50:13'),
(521,0,0,0,'Gestion des coûts','Gestion des coûts',NULL,1,0,0,0,'','[]','{\"521\":521,\"526\":526,\"523\":523}',1,0,0,0,0,0,0,0,0,'2025-09-26 12:59:50','2025-09-24 04:50:28'),
(523,0,0,521,'Demande d\'accès','Gestion des coûts > Demande d\'accès',NULL,2,0,0,250,'',NULL,'{\"523\":523}',1,0,0,0,0,0,1,0,0,'2025-09-26 12:56:06','2025-09-24 04:51:41'),
(526,0,0,521,'3-Comprtement inadéquat','Gestion des coûts > 3-Comprtement inadéquat',NULL,2,0,0,250,'',NULL,'{\"526\":526}',1,0,0,0,0,1,0,0,0,'2025-09-26 12:56:06','2025-09-24 04:53:42'),
(527,13,0,520,'Crocus','Applications DAF > Crocus',NULL,2,0,0,0,'','{\"520\":520}',NULL,1,0,0,0,0,0,0,0,0,'2025-09-26 12:51:59','2025-09-26 12:36:09'),
(528,13,0,527,'Gestion','Applications DAF > Crocus > Gestion',NULL,3,0,0,0,'','{\"520\":520,\"527\":527}','{\"528\":528}',1,0,0,0,0,1,1,0,0,'2025-09-26 12:51:59','2025-09-26 12:36:36'),
(529,13,0,527,'Caisse de chancellerie','Applications DAF > Crocus > Caisse de chancellerie',NULL,3,0,0,0,'','{\"520\":520,\"527\":527}','{\"529\":529}',1,0,0,0,0,1,1,0,0,'2025-09-26 12:51:59','2025-09-26 12:37:02'),
(530,13,0,527,'OUAF','Applications DAF > Crocus > OUAF',NULL,3,0,0,0,'','{\"520\":520,\"527\":527}','{\"530\":530}',1,0,0,0,0,1,1,0,0,'2025-09-26 12:54:44','2025-09-26 12:37:22'),
(531,13,0,527,'Technique','Applications DAF > Crocus > Technique',NULL,3,0,0,0,'','{\"520\":520,\"527\":527}','{\"531\":531}',1,0,0,0,0,1,1,0,0,'2025-09-26 12:54:44','2025-09-26 12:37:48'),
(532,13,0,527,'Interface','Applications DAF > Crocus > Interface',NULL,3,0,0,0,'','{\"520\":520,\"527\":527}','{\"532\":532}',1,0,0,0,0,1,1,0,0,'2025-09-26 12:51:59','2025-09-26 12:38:28'),
(533,13,0,527,'PJ','Applications DAF > Crocus > PJ',NULL,3,0,0,0,'','{\"520\":520,\"527\":527}','{\"533\":533}',1,0,0,0,0,1,1,0,0,'2025-09-26 12:54:44','2025-09-26 12:38:46'),
(534,13,0,527,'Référentiels','Applications DAF > Crocus > Référentiels',NULL,3,0,0,0,'','{\"520\":520,\"527\":527}','{\"534\":534}',1,0,0,0,0,1,1,0,0,'2025-09-26 12:54:44','2025-09-26 12:39:11'),
(535,13,0,527,'Habilitations','Applications DAF > Crocus > Habilitations',NULL,3,0,0,0,'','{\"520\":520,\"527\":527}','{\"535\":535}',1,0,0,0,0,1,1,0,0,'2025-09-26 12:51:59','2025-09-26 12:40:20'),
(536,13,0,527,'Transverse','Applications DAF > Crocus > Transverse',NULL,3,0,0,0,'','{\"520\":520,\"527\":527}','{\"536\":536}',1,0,0,0,0,1,1,0,0,'2025-09-26 12:54:44','2025-09-26 12:40:41'),
(537,13,0,520,'Modepac','Applications DAF > Modepac',NULL,2,0,0,0,'','{\"520\":520}',NULL,1,0,0,0,0,0,0,0,0,'2025-09-26 12:52:37','2025-09-26 12:41:13'),
(538,13,0,537,'Dépenses','Applications DAF > Modepac > Dépenses',NULL,3,0,0,0,'','{\"520\":520,\"537\":537}','{\"538\":538}',1,0,0,0,0,1,1,0,0,'2025-09-26 13:01:58','2025-09-26 12:42:14'),
(539,13,0,537,'Risques','Applications DAF > Modepac > Risques',NULL,3,0,0,0,'','{\"520\":520,\"537\":537}','{\"539\":539}',1,0,0,0,0,1,1,0,0,'2025-09-26 13:01:58','2025-09-26 12:42:34'),
(540,13,0,520,'Chorus','Applications DAF > Chorus',NULL,2,0,0,0,'','{\"520\":520}',NULL,1,0,0,0,0,0,0,0,0,'2025-09-26 12:51:59','2025-09-26 12:43:08'),
(541,13,0,540,'Coeur','Applications DAF > Chorus > Coeur',NULL,3,0,0,0,'','{\"520\":520,\"540\":540}',NULL,1,0,0,0,0,0,0,0,0,'2025-09-26 12:51:59','2025-09-26 12:43:27'),
(542,13,0,541,'Dépenses','Applications DAF > Chorus > Coeur > Dépenses',NULL,4,0,0,0,'','{\"520\":520,\"540\":540,\"541\":541}','{\"542\":542}',1,0,0,0,0,1,1,0,0,'2025-09-26 12:51:59','2025-09-26 12:43:44'),
(543,13,0,541,'Budget','Applications DAF > Chorus > Coeur > Budget',NULL,4,0,0,0,'','{\"520\":520,\"540\":540,\"541\":541}','{\"543\":543}',1,0,0,0,0,1,1,0,0,'2025-09-26 12:51:59','2025-09-26 12:44:00'),
(544,13,0,541,'Interface','Applications DAF > Chorus > Coeur > Interface',NULL,4,0,0,0,'','{\"520\":520,\"540\":540,\"541\":541}','{\"544\":544}',1,0,0,0,0,1,1,0,0,'2025-09-26 12:51:59','2025-09-26 12:44:23'),
(545,13,0,541,'Restitutions','Applications DAF > Chorus > Coeur > Restitutions',NULL,4,0,0,0,'','{\"520\":520,\"540\":540,\"541\":541}','{\"545\":545}',1,0,0,0,0,1,1,0,0,'2025-09-26 12:51:59','2025-09-26 12:44:44'),
(546,13,0,540,'Formulaires','Applications DAF > Chorus > Formulaires',NULL,3,0,0,0,'','{\"520\":520,\"540\":540}',NULL,1,0,0,0,0,0,0,0,0,'2025-09-26 12:51:59','2025-09-26 12:45:21'),
(547,13,0,546,'Paramétrage','Applications DAF > Chorus > Formulaires > Paramétrage',NULL,4,0,0,0,'','{\"520\":520,\"540\":540,\"546\":546}','{\"547\":547}',1,0,0,0,0,1,1,0,0,'2025-09-26 12:51:59','2025-09-26 12:45:46'),
(548,13,0,546,'Workflow','Applications DAF > Chorus > Formulaires > Workflow',NULL,4,0,0,0,'','{\"520\":520,\"540\":540,\"546\":546}','{\"548\":548}',1,0,0,0,0,1,1,0,0,'2025-09-26 12:51:59','2025-09-26 12:46:08'),
(549,13,0,546,'Habilitations','Applications DAF > Chorus > Formulaires > Habilitations',NULL,4,0,0,0,'','{\"520\":520,\"540\":540,\"546\":546}','{\"549\":549}',1,0,0,0,0,1,1,0,0,'2025-09-26 12:51:59','2025-09-26 12:46:31'),
(550,0,1,0,'_TEST_MD_Application D','_TEST_MD_Application D','',1,0,0,0,'','[]','{\"550\":550}',1,0,25,0,0,1,1,1,1,'2026-01-29 10:18:33','2026-01-29 10:13:56'),
(551,0,1,0,'_TEST_MD_Application A','_TEST_MD_Application A','',1,0,0,0,'','[]','{\"551\":551}',1,0,0,0,0,1,1,1,1,'2026-01-30 09:14:26','2026-01-30 09:14:26');

--
-- Table structure for table `glpi_itilfollowups`
--

CREATE TABLE `glpi_itilfollowups` (
  `id` int(10) unsigned NOT NULL AUTO_INCREMENT,
  `itemtype` varchar(100) NOT NULL,
  `items_id` int(10) unsigned NOT NULL DEFAULT 0,
  `date` timestamp NULL DEFAULT NULL,
  `users_id` int(10) unsigned NOT NULL DEFAULT 0,
  `users_id_editor` int(10) unsigned NOT NULL DEFAULT 0,
  `content` longtext DEFAULT NULL,
  `is_private` tinyint(1) NOT NULL DEFAULT 0,
  `requesttypes_id` int(10) unsigned NOT NULL DEFAULT 0,
  `date_mod` timestamp NULL DEFAULT NULL,
  `date_creation` timestamp NULL DEFAULT NULL,
  `timeline_position` tinyint(1) NOT NULL DEFAULT 0,
  `sourceitems_id` int(10) unsigned NOT NULL DEFAULT 0,
  `sourceof_items_id` int(10) unsigned NOT NULL DEFAULT 0,
  PRIMARY KEY (`id`),
  KEY `date` (`date`),
  KEY `date_mod` (`date_mod`),
  KEY `date_creation` (`date_creation`),
  KEY `users_id` (`users_id`),
  KEY `users_id_editor` (`users_id_editor`),
  KEY `is_private` (`is_private`),
  KEY `requesttypes_id` (`requesttypes_id`),
  KEY `item` (`itemtype`,`items_id`),
  KEY `sourceitems_id` (`sourceitems_id`),
  KEY `sourceof_items_id` (`sourceof_items_id`)
) ENGINE=InnoDB AUTO_INCREMENT=622 DEFAULT CHARSET=utf8mb4 COLLATE=utf8mb4_unicode_ci;

--
-- Dumping data for table `glpi_itilfollowups`
--

INSERT INTO `glpi_itilfollowups` VALUES
(377,'Problem',5,'2022-05-06 16:11:46',0,0,'&#60;p&#62;Use the solution template for the workaround (download Acrobat)&#60;/p&#62;',0,1,'2024-11-27 16:00:26','2022-05-06 16:11:46',4,0,0),
(569,'Ticket',260,'2025-02-12 09:38:53',27,0,'&#60;p&#62;Bonjour Anita,&#60;/p&#62;\r\n&#60;p&#62;Voici la procédure à suivre dans ce genre de cas :&#60;/p&#62;\r\n&#60;p&#62;Integer vehicula consequat neque in aliquam. Nullam diam turpis, mattis quis lorem et, dapibus bibendum massa. Donec dignissim vel ipsum eget suscipit. Sed scelerisque mattis auctor. &#60;/p&#62;',0,1,'2025-02-12 09:38:53','2025-02-12 09:38:53',1,0,0),
(571,'Ticket',275,'2025-02-12 09:53:56',18,0,'&#60;p&#62;Bonjour Anita,&#60;/p&#62;\r\n&#60;p&#62;Voici la procédure à suivre en premier lieu :&#60;/p&#62;\r\n&#60;p&#62;Maecenas cursus leo quis urna sagittis, et dictum felis tincidunt. Duis ac consequat neque, ac dictum velit. Nam felis mi, posuere in elementum eget, mattis vel orci. Nulla interdum suscipit magna. Cras urna nibh, luctus sit amet orci in, malesuada tempus elit. Vivamus non condimentum ex. Nunc facilisis lacus justo, vel euismod mauris tincidunt in. Cras imperdiet gravida dignissim. &#60;/p&#62;',0,1,'2025-02-12 09:53:56','2025-02-12 09:53:56',4,0,0),
(572,'Ticket',275,'2025-02-12 10:05:17',16,0,'&#60;p&#62;Merci, c\'est fonctionnel&#60;/p&#62;',0,0,'2025-02-12 10:05:17','2025-02-12 10:05:17',1,0,0),
(573,'Ticket',274,'2025-02-12 10:29:12',18,0,'&#60;p&#62;Bonjour,&#60;/p&#62;\r\n&#60;p&#62;Nous avons bien reçu votre demande. Nous commençons son traitement.&#60;/p&#62;',0,0,'2025-02-12 10:29:12','2025-02-12 10:29:12',4,0,0),
(574,'Ticket',262,'2025-02-12 10:46:26',18,0,'&#60;p&#62;Bonjour,&#60;/p&#62;\r\n&#60;p&#62;Nous avons bien reçu votre demande. Nous commençons son traitement.&#60;/p&#62;',0,0,'2025-02-12 10:46:26','2025-02-12 10:46:26',4,0,0),
(575,'Ticket',267,'2025-02-12 10:48:03',18,0,'&#60;p&#62;Bonjour,&#60;/p&#62;\r\n&#60;p&#62;Nous avons bien reçu votre demande. Nous commençons son traitement.&#60;/p&#62;',0,0,'2025-02-12 10:48:03','2025-02-12 10:48:03',4,0,0),
(576,'Ticket',275,'2025-02-12 10:50:53',16,0,'&#60;p&#62;Impeccable. Merci beaucoup.&#60;/p&#62;',0,275,'2025-02-12 10:50:53','2025-02-12 10:50:53',1,0,0),
(577,'Ticket',276,'2025-02-12 10:54:55',18,0,'&#60;p&#62;Bonjour,&#60;/p&#62;\r\n&#60;p&#62;Nous avons bien reçu votre demande. Nous commençons son traitement.&#60;/p&#62;',0,0,'2025-02-12 10:54:55','2025-02-12 10:54:55',4,0,0),
(578,'Ticket',260,'2025-02-12 11:06:23',16,0,'&#60;p&#62;Cela fonctionne - merci :) &#60;/p&#62;',0,0,'2025-02-12 11:06:23','2025-02-12 11:06:23',1,0,0),
(579,'Ticket',260,'2025-02-12 11:06:52',16,0,'Solution approuvée',0,260,'2025-02-12 11:06:52','2025-02-12 11:06:52',1,0,0),
(580,'Ticket',262,'2025-02-12 11:09:55',18,0,'&#60;p&#62;Bonjour Groupe MEAE&#60;/p&#62;\r\n&#60;p&#62;Je vous assigne ce ticket pour traitement.&#60;/p&#62;',1,1,'2025-02-12 11:09:55','2025-02-12 11:09:55',1,0,0),
(581,'Ticket',278,'2025-02-12 11:13:00',18,0,'&#60;p&#62;Bonjour,&#60;/p&#62;\r\n&#60;p&#62;Nous avons bien reçu votre demande. Nous commençons son traitement.&#60;/p&#62;',0,0,'2025-02-12 11:13:00','2025-02-12 11:13:00',4,0,0),
(582,'Ticket',279,'2025-02-12 11:16:33',18,0,'&#60;p&#62;Bonjour, c\'est noté - on vous prépare cela.&#60;/p&#62;',0,1,'2025-02-12 11:16:33','2025-02-12 11:16:33',4,0,0),
(583,'Ticket',262,'2025-02-12 11:28:42',41,41,'&#60;p&#62;bonjour Léon,&#60;/p&#62;\r\n&#60;p&#62;Merci, nous nous en occupons&#60;/p&#62;',1,1,'2025-02-12 11:30:38','2025-02-12 11:28:42',4,0,0),
(584,'Ticket',266,'2025-02-12 11:42:21',18,0,'&#60;p&#62;Bonjour,&#60;/p&#62;\r\n&#60;p&#62;Nous avons bien reçu votre demande. Nous commençons son traitement.&#60;/p&#62;',0,0,'2025-02-12 11:42:21','2025-02-12 11:42:21',4,0,0),
(585,'Ticket',266,'2025-02-12 11:43:21',18,0,'&#60;p&#62;Bonjour groupe MEAE,&#60;/p&#62;\r\n&#60;p&#62;à vous de jouer&#60;/p&#62;',1,1,'2025-02-12 11:43:21','2025-02-12 11:43:21',1,0,0),
(586,'Ticket',266,'2025-02-12 11:46:06',41,0,'&#60;p&#62;C\'est parti&#60;/p&#62;',1,1,'2025-02-12 11:46:06','2025-02-12 11:46:06',4,0,0),
(587,'Ticket',282,'2025-02-12 12:14:16',18,0,'&#60;p&#62;Bonjour,&#60;/p&#62;\r\n&#60;p&#62;Nous avons bien reçu votre demande. Nous commençons son traitement.&#60;/p&#62;\r\n&#60;p&#62;Je vais transférer votre demande à l\'équipe compétente après avoir fait quelques vérifications.&#60;/p&#62;',0,0,'2025-02-12 12:14:16','2025-02-12 12:14:16',4,0,0),
(588,'Ticket',282,'2025-02-12 12:16:33',18,0,'&#60;p&#62;Bonjour Anita,&#60;/p&#62;\r\n&#60;p&#62;Pourriez-vous me fournir votre matricule et profil dans l\'application svp ?&#60;/p&#62;',0,1,'2025-02-12 12:16:33','2025-02-12 12:16:33',4,0,0),
(589,'Ticket',282,'2025-02-12 12:25:22',16,16,'&#60;p&#62;Bien sûr, voici les informations&#60;/p&#62;\r\n&#60;p&#62;Mon matricule dans l\'application : 01fg5&#60;/p&#62;\r\n&#60;p&#62;Mon profil : Rédactrice&#60;/p&#62;',0,0,'2025-02-12 12:25:33','2025-02-12 12:25:22',1,0,0),
(590,'Ticket',283,'2025-02-12 13:47:14',18,0,'&#60;p&#62;Décrivez-moi le pb ?&#60;/p&#62;',0,4,'2025-02-12 13:47:14','2025-02-12 13:47:14',4,0,0),
(591,'Ticket',283,'2025-02-12 13:50:39',18,0,'&#60;p&#62;Je suis en attente d\'information de l\'utilisateur&#60;/p&#62;',1,1,'2025-02-12 13:50:39','2025-02-12 13:50:39',4,0,0),
(592,'Ticket',283,'2025-02-12 13:59:46',16,0,'&#60;p&#62;Voici l\'information : &#60;/p&#62;\r\n&#60;p&#62;Nulla vel ex non est tincidunt bibendum. Sed mattis odio ac sapien gravida, quis maximus mauris facilisis. Donec placerat, dolor vitae commodo sollicitudin, metus sem commodo libero, at dictum risus ipsum faucibus mi. &#60;/p&#62;',0,0,'2025-02-12 13:59:46','2025-02-12 13:59:46',1,0,0),
(593,'Ticket',283,'2025-02-12 14:03:31',18,0,'&#60;p&#62;Bonjour MEAE,&#60;/p&#62;\r\n&#60;p&#62;voici un ticket pour vous&#60;/p&#62;',1,1,'2025-02-12 14:03:31','2025-02-12 14:03:31',1,0,0),
(594,'Ticket',283,'2025-02-12 14:04:06',41,0,'&#60;p&#62;Bien reçu - on regarde&#60;/p&#62;',0,1,'2025-02-12 14:04:06','2025-02-12 14:04:06',4,0,0),
(597,'Ticket',316,'2025-03-12 08:39:16',85,0,'&#60;p&#62;NOTE : La date et heure du transport sont susceptibles de changer&#60;/p&#62;',0,1,'2025-03-12 08:39:16','2025-03-12 08:39:16',1,0,0),
(598,'Ticket',267,'2025-03-24 18:32:12',2,0,'&#60;p&#62;Bonjour,&#60;/p&#62;\r\n&#60;p&#62;Je veux vérifier le contenu des notifications&#60;/p&#62;\r\n&#60;p&#62;Merci !&#60;/p&#62;',0,1,'2025-03-24 18:32:12','2025-03-24 18:32:12',1,0,0),
(599,'Ticket',267,'2025-03-24 18:54:21',18,0,'&#60;p&#62;Bonjour&#60;/p&#62;\r\n&#60;p&#62;Voici un autre suivi pour vérifier le contenu des notifications dans les suivis&#60;/p&#62;',0,1,'2025-03-24 18:54:21','2025-03-24 18:54:21',4,0,0),
(600,'Ticket',267,'2025-03-24 19:16:58',23,0,'&#60;p&#62;Bonjour,&#60;/p&#62;\r\n&#60;p&#62;J\'ai bien reçu la notification et ça semble correct.&#60;/p&#62;\r\n&#60;p&#62;Merci&#60;/p&#62;',0,0,'2025-03-24 19:16:58','2025-03-24 19:16:58',1,0,0),
(601,'Ticket',331,'2025-04-09 13:38:46',27,0,'&#60;p&#62;Test d\'ajout de suivi privé et vérification du changement de statut (ou pas) du ticket qui est en attente.&#60;/p&#62;',1,1,'2025-04-09 13:38:46','2025-04-09 13:38:46',4,0,0),
(602,'Ticket',331,'2025-04-09 13:39:25',27,0,'&#60;p&#62;test d\'ajout d\'un suivi public et vérification de la valeur du chanps statut.&#60;/p&#62;',0,1,'2025-04-09 13:39:25','2025-04-09 13:39:25',4,0,0),
(603,'Ticket',331,'2025-04-09 13:40:35',16,0,'&#60;p&#62;3ème test - ajout de suivi de l\'utilisateur et résultat sur la valeur du champ statut.&#60;/p&#62;',0,0,'2025-04-09 13:40:35','2025-04-09 13:40:35',1,0,0),
(604,'Ticket',331,'2025-04-09 15:46:04',2,0,'&#60;p&#62;NOK&#60;/p&#62;',0,331,'2025-04-09 15:46:04','2025-04-09 15:46:04',1,0,0),
(605,'Ticket',333,'2025-04-09 19:11:15',2,0,'&#60;p&#62;NOK&#60;/p&#62;',0,333,'2025-04-09 19:11:15','2025-04-09 19:11:15',1,0,0),
(606,'Ticket',333,'2025-04-09 19:39:48',2,0,'&#60;p&#62;Pas d\'accord avec la solution&#60;/p&#62;',0,333,'2025-04-09 19:39:48','2025-04-09 19:39:48',1,0,0),
(607,'Ticket',282,'2025-04-25 20:16:18',2,0,'&#60;p&#62;Bonjour Anita,&#60;/p&#62;\r\n&#60;p&#62;Pourrais-avois également ton département de rattachement ?&#60;/p&#62;\r\n&#60;p&#62;Merci !&#60;/p&#62;',0,1,'2025-04-25 20:16:18','2025-04-25 20:16:18',1,0,0),
(608,'Ticket',282,'2025-04-29 12:36:44',2,0,'&#60;p&#62;Bonjour @GR3-Groupe exploitation MEAE,&#60;/p&#62;\r\n&#60;p&#62;Pouvez-vous traiter la demande en objet&#60;/p&#62;',1,1,'2025-04-29 12:36:44','2025-04-29 12:36:44',1,0,0),
(609,'Ticket',330,'2025-06-10 15:25:19',2,0,'Nouvelle réservation créée le  2025-06-10 15:25:19 (1)',0,0,'2025-06-10 15:25:19','2025-06-10 15:25:19',1,0,0),
(610,'Ticket',330,'2025-06-10 20:24:38',2,0,'Eléments sortis du stock le  2025-06-10 20:24:38 (RT45GF)',0,0,'2025-06-10 20:24:38','2025-06-10 20:24:38',1,0,0),
(611,'Ticket',288,'2025-06-10 21:41:47',2,0,'Nouvelle réservation créée le  2025-06-10 21:41:47 (2)',0,0,'2025-06-10 21:41:47','2025-06-10 21:41:47',1,0,0),
(612,'Ticket',340,'2025-09-24 08:45:02',91,0,'&#60;p&#62;Bonjour Groupe Exploit- j\'ai besoin de vous pour vérifier l\'infa&#60;/p&#62;',1,1,'2025-09-24 08:45:02','2025-09-24 08:45:02',4,0,0),
(613,'Ticket',365,'2026-01-29 11:00:49',85,0,'&#60;p&#62;Bien reçu, à clore&#60;/p&#62;',0,1,'2026-01-29 11:00:49','2026-01-29 11:00:49',1,0,0),
(614,'Ticket',368,'2026-01-29 11:46:40',85,0,'&#60;p&#62;t&#60;/p&#62;',0,1,'2026-01-29 11:46:40','2026-01-29 11:46:40',1,0,0),
(615,'Ticket',369,'2026-01-29 13:20:04',85,0,'&#60;p&#62;ghjkfhj&#60;/p&#62;',0,1,'2026-01-29 13:20:04','2026-01-29 13:20:04',1,0,0),
(616,'Ticket',335,'2026-02-26 17:25:47',2,0,'Nouvelle réservation créée le  2026-02-26 17:25:47 (4)',0,0,'2026-02-26 17:25:47','2026-02-26 17:25:47',1,0,0),
(617,'Ticket',345,'2026-02-26 18:16:36',2,0,'Nouvelle réservation créée le  2026-02-26 18:16:36 (5)',0,0,'2026-02-26 18:16:36','2026-02-26 18:16:36',1,0,0),
(618,'Ticket',335,'2026-02-26 18:22:55',2,0,'Eléments sortis du stock le  2026-02-26 18:22:55 (TH94Q480SZ)',0,0,'2026-02-26 18:22:55','2026-02-26 18:22:55',1,0,0),
(619,'Ticket',345,'2026-02-26 18:30:40',2,0,'Eléments sortis du stock le  2026-02-26 18:30:40 (SERIAL9922)',0,0,'2026-02-26 18:30:40','2026-02-26 18:30:40',1,0,0),
(620,'Ticket',382,'2026-02-26 19:35:06',2,0,'Nouvelle réservation créée le  2026-02-26 19:35:06 (7)',0,0,'2026-02-26 19:35:06','2026-02-26 19:35:06',1,0,0),
(621,'Ticket',382,'2026-02-26 19:46:25',2,0,'Eléments sortis du stock le  2026-02-26 19:46:25 (Q2JY-6QYB-DYZQ)',0,0,'2026-02-26 19:46:25','2026-02-26 19:46:25',1,0,0);

--
-- Table structure for table `glpi_itilfollowuptemplates`
--

CREATE TABLE `glpi_itilfollowuptemplates` (
  `id` int(10) unsigned NOT NULL AUTO_INCREMENT,
  `date_creation` timestamp NULL DEFAULT NULL,
  `date_mod` timestamp NULL DEFAULT NULL,
  `entities_id` int(10) unsigned NOT NULL DEFAULT 0,
  `is_recursive` tinyint(1) NOT NULL DEFAULT 0,
  `name` varchar(255) DEFAULT NULL,
  `content` mediumtext DEFAULT NULL,
  `requesttypes_id` int(10) unsigned NOT NULL DEFAULT 0,
  `is_private` tinyint(1) NOT NULL DEFAULT 0,
  `comment` mediumtext DEFAULT NULL,
  PRIMARY KEY (`id`),
  KEY `name` (`name`),
  KEY `is_recursive` (`is_recursive`),
  KEY `requesttypes_id` (`requesttypes_id`),
  KEY `entities_id` (`entities_id`),
  KEY `date_mod` (`date_mod`),
  KEY `date_creation` (`date_creation`),
  KEY `is_private` (`is_private`)
) ENGINE=InnoDB AUTO_INCREMENT=6 DEFAULT CHARSET=utf8mb4 COLLATE=utf8mb4_unicode_ci;

--
-- Dumping data for table `glpi_itilfollowuptemplates`
--

INSERT INTO `glpi_itilfollowuptemplates` VALUES
(1,'2020-07-02 18:11:25','2023-04-27 20:53:59',0,1,'1- Confirmation de réception de requête','&#60;p&#62;Nous avons bien reçu votre requête. nous procédons à l\'analyse de celle-ci et vous contacterons sous peu.&#60;/p&#62;\r\n&#60;p&#62;&#60;strong&#62;Demandeur &#60;/strong&#62;: {% for user in ticket.requesters.users %} - {{ user.fullname }} - {{ user.email }}&#60;/p&#62;\r\n&#60;p&#62;&#60;strong&#62;Titre&#60;/strong&#62; : {{ ticket.ref }} - {{ ticket.name }}&#60;/p&#62;\r\n&#60;p&#62;&#60;strong&#62;Catégorie :&#60;/strong&#62; {{ ticket.itilcategory.completename }}&#60;/p&#62;\r\n&#60;p&#62;&#60;strong&#62;Lieu :&#60;/strong&#62; {{ user.location.completename }}&#60;/p&#62;\r\n&#60;p&#62;&#60;strong&#62;Manager :&#60;/strong&#62; {{ user.responsible }}&#60;/p&#62;\r\n&#60;p&#62;&#60;strong&#62;Machines associées :&#60;/strong&#62; {% for asset in user.used_items %}&#60;/p&#62;\r\n&#60;p&#62;{% if asset.itemtype == \"Computer\" %} - {{ asset.name }}{%endif%}&#60;/p&#62;\r\n&#60;p&#62;{% endfor %}&#60;/p&#62;\r\n&#60;p&#62;{% endfor %} &#60;/p&#62;\r\n&#60;p&#62; &#60;/p&#62;',4,0,'Choisissez ce gabarit pour confirmer la réception du ticket à l\'utilisateur.'),
(3,'2023-06-14 21:21:59','2023-06-14 21:21:59',0,0,'2. Confirmation de validation du ticket','&#60;p&#62;Votre demande vient d\'être validée par&#60;/p&#62;\r\n&#60;p&#62;&#60;strong&#62;Demandeur &#60;/strong&#62;: {% for user in ticket.requesters.users %} - {{ user.fullname }} - {{ user.email }}&#60;/p&#62;\r\n&#60;p&#62;&#60;strong&#62;Titre&#60;/strong&#62; : {{ ticket.ref }} - {{ ticket.name }}&#60;/p&#62;\r\n&#60;p&#62;&#60;strong&#62;Catégorie :&#60;/strong&#62; {{ ticket.itilcategory.completename }}&#60;/p&#62;\r\n&#60;p&#62;&#60;strong&#62;Manager :&#60;/strong&#62; {{ user.responsible }}&#60;/p&#62;\r\n&#60;p&#62;{% endfor %} &#60;/p&#62;',4,0,''),
(4,'2023-11-15 17:30:26','2023-11-15 17:36:20',0,1,'3 - Suivi sur changement de priorité à Très Haute ou Majeure','&#60;p&#62;Nous vous informons que ce ticket est passé à une priorité Très Haute ou Majeure&#60;/p&#62;\r\n&#60;p&#62;&#60;strong&#62;Technicien&#60;/strong&#62;: {% for user in ticket.assignees.users %} - {{ user.fullname }} - {{ user.email }}&#60;/p&#62;\r\n&#60;p&#62;&#60;strong&#62;Titre&#60;/strong&#62; : {{ ticket.ref }} - {{ ticket.name }}&#60;/p&#62;\r\n&#60;p&#62;&#60;strong&#62;Catégorie :&#60;/strong&#62; {{ ticket.itilcategory.completename }}&#60;/p&#62;\r\n&#60;p&#62;&#60;strong&#62;Manager :&#60;/strong&#62; {{ user.responsible }}&#60;/p&#62;\r\n&#60;p&#62;{% endfor %} &#60;/p&#62;',4,0,''),
(5,'2025-02-12 10:29:01','2025-02-12 10:29:01',0,1,'Demande-1-Confirmation de prise en charge','&#60;p&#62;Bonjour,&#60;/p&#62;\r\n&#60;p&#62;Nous avons bien reçu votre demande. Nous commençons son traitement.&#60;/p&#62;',0,0,'');

--
-- Table structure for table `glpi_itils_projects`
--

CREATE TABLE `glpi_itils_projects` (
  `id` int(10) unsigned NOT NULL AUTO_INCREMENT,
  `itemtype` varchar(100) NOT NULL DEFAULT '',
  `items_id` int(10) unsigned NOT NULL DEFAULT 0,
  `projects_id` int(10) unsigned NOT NULL DEFAULT 0,
  PRIMARY KEY (`id`),
  UNIQUE KEY `unicity` (`itemtype`,`items_id`,`projects_id`),
  KEY `projects_id` (`projects_id`)
) ENGINE=InnoDB AUTO_INCREMENT=4 DEFAULT CHARSET=utf8mb4 COLLATE=utf8mb4_unicode_ci;

--
-- Dumping data for table `glpi_itils_projects`
--

INSERT INTO `glpi_itils_projects` VALUES
(2,'Change',2,4),
(3,'Change',10,6);

--
-- Table structure for table `glpi_itilsolutions`
--

CREATE TABLE `glpi_itilsolutions` (
  `id` int(10) unsigned NOT NULL AUTO_INCREMENT,
  `itemtype` varchar(100) NOT NULL,
  `items_id` int(10) unsigned NOT NULL DEFAULT 0,
  `solutiontypes_id` int(10) unsigned NOT NULL DEFAULT 0,
  `solutiontype_name` varchar(255) DEFAULT NULL,
  `content` longtext DEFAULT NULL,
  `date_creation` timestamp NULL DEFAULT NULL,
  `date_mod` timestamp NULL DEFAULT NULL,
  `date_approval` timestamp NULL DEFAULT NULL,
  `users_id` int(10) unsigned NOT NULL DEFAULT 0,
  `user_name` varchar(255) DEFAULT NULL,
  `users_id_editor` int(10) unsigned NOT NULL DEFAULT 0,
  `users_id_approval` int(10) unsigned NOT NULL DEFAULT 0,
  `user_name_approval` varchar(255) DEFAULT NULL,
  `status` int(11) NOT NULL DEFAULT 1,
  `itilfollowups_id` int(10) unsigned DEFAULT NULL,
  PRIMARY KEY (`id`),
  KEY `item` (`itemtype`,`items_id`),
  KEY `solutiontypes_id` (`solutiontypes_id`),
  KEY `users_id` (`users_id`),
  KEY `users_id_editor` (`users_id_editor`),
  KEY `users_id_approval` (`users_id_approval`),
  KEY `status` (`status`),
  KEY `itilfollowups_id` (`itilfollowups_id`),
  KEY `date_creation` (`date_creation`),
  KEY `date_mod` (`date_mod`)
) ENGINE=InnoDB AUTO_INCREMENT=171 DEFAULT CHARSET=utf8mb4 COLLATE=utf8mb4_unicode_ci;

--
-- Dumping data for table `glpi_itilsolutions`
--

INSERT INTO `glpi_itilsolutions` VALUES
(64,'Problem',1,0,NULL,'&lt;p&gt;Problème résolu&lt;/p&gt;','2018-10-12 14:57:37',NULL,NULL,18,NULL,0,0,NULL,2,NULL),
(65,'Problem',2,0,NULL,'&lt;p&gt;Test statut de la solution&lt;/p&gt;','2018-10-12 17:50:46',NULL,NULL,2,NULL,0,0,NULL,2,NULL),
(72,'Change',4,0,NULL,'&lt;p&gt;ABCD&lt;/p&gt;','2019-01-07 19:20:20','2020-02-03 18:41:23','2019-01-07 19:20:20',0,NULL,0,0,NULL,3,NULL),
(80,'Problem',4,2,NULL,'&lt;ul id=\"r-6546823\" class=\"hoveredCourseElement\" data-claire-element-id=\"29947122\"&gt;&lt;li id=\"r-6546818\" data-claire-element-id=\"29947117\"&gt;&lt;p id=\"r-6546817\" data-claire-element-id=\"29947116\"&gt;Augmentation de l’espace disque : ajout de volumes physiques ;&lt;/p&gt;&lt;/li&gt;&lt;li id=\"r-6546820\" data-claire-element-id=\"29947119\"&gt;&lt;p id=\"r-6546819\" data-claire-element-id=\"29947118\"&gt;Nouvelle planification des purges avec de nouveaux critères de suppression de fichiers anciens, après avoir été archivés ;&lt;/p&gt;&lt;/li&gt;&lt;li id=\"r-6546822\" data-claire-element-id=\"29947121\"&gt;&lt;p id=\"r-6546821\" data-claire-element-id=\"29947120\"&gt;Mise en place d’un traitement de nuit de compression des fichiers d’une certaine taille.&lt;/p&gt;&lt;/li&gt;&lt;/ul&gt;','2020-08-05 12:35:54','2020-08-05 12:35:54','2020-08-05 12:35:54',2,NULL,0,2,NULL,3,NULL),
(159,'Ticket',218,3,NULL,'&#60;p&#62;Bonjour,&#60;/p&#62;\r\n&#60;p&#62;Nous avons résolu le problème que vous avez rencontré. &#60;/p&#62;\r\n&#60;p&#62;Vous pouvez :&#60;/p&#62;\r\n&#60;p&#62;- Approuver la solution ce qui permettra de clore ce ticket&#60;/p&#62;\r\n&#60;p&#62;ou&#60;/p&#62;\r\n&#60;p&#62;- Refuser et réouvrir le ticket si requis.&#60;/p&#62;','2025-02-12 09:27:37','2025-02-12 09:27:37',NULL,27,NULL,0,0,NULL,2,NULL),
(160,'Ticket',275,3,NULL,'&#60;p&#62;Bonjour,&#60;/p&#62;\r\n&#60;p&#62;Nous avons résolu le problème que vous avez rencontré. &#60;/p&#62;\r\n&#60;p&#62;Vous pouvez :&#60;/p&#62;\r\n&#60;p&#62;- Approuver la solution ce qui permettra de clore ce ticket&#60;/p&#62;\r\n&#60;p&#62;ou&#60;/p&#62;\r\n&#60;p&#62;- Refuser et réouvrir le ticket si requis.&#60;/p&#62;','2025-02-12 10:09:04','2025-02-12 10:09:04','2025-02-12 10:50:53',18,NULL,0,16,NULL,3,NULL),
(161,'Ticket',260,3,NULL,'&#60;p&#62;Bonjour,&#60;/p&#62;\r\n&#60;p&#62;Nous avons résolu le problème que vous avez rencontré. &#60;/p&#62;\r\n&#60;p&#62;Vous pouvez :&#60;/p&#62;\r\n&#60;p&#62;- Approuver la solution ce qui permettra de clore ce ticket&#60;/p&#62;\r\n&#60;p&#62;ou&#60;/p&#62;\r\n&#60;p&#62;- Refuser et réouvrir le ticket si requis.&#60;/p&#62;','2025-02-12 11:06:43','2025-02-12 11:06:43','2025-02-12 11:06:53',60,NULL,0,16,NULL,3,NULL),
(162,'Ticket',278,3,NULL,'&#60;p&#62;Bonjour,&#60;/p&#62;\r\n&#60;p&#62;Nous avons traité votre demande.&#60;/p&#62;\r\n&#60;p&#62;Vous pouvez :&#60;/p&#62;\r\n&#60;p&#62;- Approuver la solution ce qui permettra de clore ce ticket&#60;/p&#62;\r\n&#60;p&#62;ou&#60;/p&#62;\r\n&#60;p&#62;- Refuser et réouvrir le ticket si requis.&#60;/p&#62;','2025-02-12 15:36:39','2025-02-12 15:36:39',NULL,60,NULL,0,0,NULL,2,NULL),
(163,'Ticket',331,3,NULL,'&#60;p&#62;Bonjour,&#60;/p&#62;\r\n&#60;p&#62;Nous avons traité votre demande.&#60;/p&#62;\r\n&#60;p&#62;Vous pouvez :&#60;/p&#62;\r\n&#60;p&#62;- Approuver la solution ce qui permettra de clore ce ticket&#60;/p&#62;\r\n&#60;p&#62;ou&#60;/p&#62;\r\n&#60;p&#62;- Refuser et réouvrir le ticket si requis.&#60;/p&#62;','2025-04-09 15:42:50','2025-04-09 15:42:50','2025-04-09 15:46:04',2,NULL,0,2,NULL,4,NULL),
(164,'Ticket',333,0,NULL,'&#60;p&#62;Demande résolue à nouveau&#60;/p&#62;','2025-04-09 19:37:28','2025-04-09 19:37:28','2025-04-09 19:39:48',2,NULL,0,2,NULL,4,NULL),
(165,'Ticket',345,2,NULL,'&#60;p&#62;Bonjour,&#60;/p&#62;\r\n&#60;p&#62;Le service a été rétabli après redémarrage de l\'élément.&#60;/p&#62;\r\n&#60;p&#62;Le service est redevenu fonctionnel suite à cette action.&#60;/p&#62;\r\n&#60;p&#62;Nous procédons à la résolution du ticket.&#60;/p&#62;\r\n&#60;p&#62;Vous pouvez &#60;strong&#62;approuver&#60;/strong&#62; la solution si tout vous paraît de nouveau fonctionnel ce qui aura pour effet de clore le ticket.&#60;/p&#62;\r\n&#60;p&#62;Vous pouvez &#60;strong&#62;refuser&#60;/strong&#62; la solution si vous pensez que le service n\'est pas rétabli ou que des difficultés demeurent. Nous reprendrons contact avec vous.&#60;/p&#62;','2026-02-18 18:29:18','2026-02-18 18:29:18',NULL,27,NULL,0,0,NULL,2,NULL),
(166,'Ticket',347,3,NULL,'&#60;p&#62;Bonjour,&#60;/p&#62;\r\n&#60;p&#62;Nous avons résolu le problème que vous avez rencontré. &#60;/p&#62;\r\n&#60;p&#62;Vous pouvez :&#60;/p&#62;\r\n&#60;p&#62;- Approuver la solution ce qui permettra de clore ce ticket&#60;/p&#62;\r\n&#60;p&#62;ou&#60;/p&#62;\r\n&#60;p&#62;- Refuser et réouvrir le ticket si requis.&#60;/p&#62;','2026-02-18 20:05:25','2026-02-18 20:05:25',NULL,2,NULL,0,0,NULL,2,NULL),
(167,'Ticket',347,3,NULL,'&#60;p&#62;Bonjour,&#60;/p&#62;\r\n&#60;p&#62;Nous avons traité votre demande.&#60;/p&#62;\r\n&#60;p&#62;Vous pouvez :&#60;/p&#62;\r\n&#60;p&#62;- Approuver la solution ce qui permettra de clore ce ticket&#60;/p&#62;\r\n&#60;p&#62;ou&#60;/p&#62;\r\n&#60;p&#62;- Refuser et réouvrir le ticket si requis.&#60;/p&#62;','2026-02-18 20:09:23','2026-02-18 20:09:23',NULL,2,NULL,0,0,NULL,2,NULL),
(168,'Ticket',381,3,NULL,'&#60;p&#62;Bonjour,&#60;/p&#62;\r\n&#60;p&#62;Nous avons résolu le problème que vous avez rencontré. &#60;/p&#62;\r\n&#60;p&#62;Vous pouvez :&#60;/p&#62;\r\n&#60;p&#62;- Approuver la solution ce qui permettra de clore ce ticket&#60;/p&#62;\r\n&#60;p&#62;ou&#60;/p&#62;\r\n&#60;p&#62;- Refuser et réouvrir le ticket si requis.&#60;/p&#62;','2026-02-18 20:10:41','2026-02-18 20:10:41',NULL,2,NULL,0,0,NULL,2,NULL),
(169,'Ticket',380,3,NULL,'&#60;p&#62;Bonjour,&#60;/p&#62;\r\n&#60;p&#62;Nous avons résolu le problème que vous avez rencontré. &#60;/p&#62;\r\n&#60;p&#62;Vous pouvez :&#60;/p&#62;\r\n&#60;p&#62;- Approuver la solution ce qui permettra de clore ce ticket&#60;/p&#62;\r\n&#60;p&#62;ou&#60;/p&#62;\r\n&#60;p&#62;- Refuser et réouvrir le ticket si requis.&#60;/p&#62;','2026-02-18 20:22:54','2026-02-18 20:22:54',NULL,2,NULL,0,0,NULL,2,NULL),
(170,'Ticket',384,3,NULL,'&#60;p&#62;Bonjour,&#60;/p&#62;\r\n&#60;p&#62;Nous avons résolu le problème que vous avez rencontré. &#60;/p&#62;\r\n&#60;p&#62;Vous pouvez :&#60;/p&#62;\r\n&#60;p&#62;- Approuver la solution ce qui permettra de clore ce ticket&#60;/p&#62;\r\n&#60;p&#62;ou&#60;/p&#62;\r\n&#60;p&#62;- Refuser et réouvrir le ticket si requis.&#60;/p&#62;','2026-02-27 13:59:26','2026-02-27 13:59:26',NULL,2,NULL,0,0,NULL,2,NULL);

--
-- Table structure for table `glpi_knowbaseitemcategories`
--

CREATE TABLE `glpi_knowbaseitemcategories` (
  `id` int(10) unsigned NOT NULL AUTO_INCREMENT,
  `entities_id` int(10) unsigned NOT NULL DEFAULT 0,
  `is_recursive` tinyint(1) NOT NULL DEFAULT 0,
  `knowbaseitemcategories_id` int(10) unsigned NOT NULL DEFAULT 0,
  `name` varchar(255) DEFAULT NULL,
  `completename` mediumtext DEFAULT NULL,
  `comment` mediumtext DEFAULT NULL,
  `level` int(11) NOT NULL DEFAULT 0,
  `sons_cache` longtext DEFAULT NULL,
  `ancestors_cache` longtext DEFAULT NULL,
  `date_mod` timestamp NULL DEFAULT NULL,
  `date_creation` timestamp NULL DEFAULT NULL,
  PRIMARY KEY (`id`),
  UNIQUE KEY `unicity` (`entities_id`,`knowbaseitemcategories_id`,`name`),
  KEY `name` (`name`),
  KEY `is_recursive` (`is_recursive`),
  KEY `date_mod` (`date_mod`),
  KEY `date_creation` (`date_creation`),
  KEY `knowbaseitemcategories_id` (`knowbaseitemcategories_id`),
  KEY `level` (`level`)
) ENGINE=InnoDB AUTO_INCREMENT=14 DEFAULT CHARSET=utf8mb4 COLLATE=utf8mb4_unicode_ci;

--
-- Dumping data for table `glpi_knowbaseitemcategories`
--

INSERT INTO `glpi_knowbaseitemcategories` VALUES
(1,0,1,0,'FAQs','FAQs','',1,NULL,NULL,'2018-04-06 20:02:10','2018-01-05 21:25:39'),
(4,0,1,1,'RH','FAQs > RH',NULL,2,NULL,NULL,'2018-04-06 20:02:25','2018-04-06 20:02:25'),
(5,0,1,1,'général','FAQs > général',NULL,2,NULL,NULL,'2023-08-03 08:22:22','2018-04-06 20:02:35'),
(6,0,1,1,'Documentum','FAQs > Documentum','Retrouvez dnas cette catégorie tous les articles relatifs à la solution Documentum.',2,NULL,NULL,'2023-08-03 08:17:55','2020-05-15 09:42:41'),
(7,0,1,1,'Cybersécurité','FAQs > Cybersécurité','',2,NULL,NULL,'2022-05-05 20:24:25','2022-05-05 20:24:25'),
(8,0,1,0,'Voyages','Voyages','',1,NULL,NULL,'2022-05-06 13:12:30','2022-05-06 13:12:30'),
(9,0,0,1,'Kalendho','FAQs > Kalendho','Regroupe les articles d\'informations au sujet de la solution logicielle Kalendho.',2,NULL,NULL,'2023-08-03 08:22:55','2023-03-31 10:08:26'),
(10,0,0,0,'Exploitation centralisée','Exploitation centralisée','',1,NULL,NULL,'2023-10-26 12:42:46','2023-10-26 12:42:46'),
(11,0,0,10,'Serveurs physiques','Exploitation centralisée > Serveurs physiques',NULL,2,NULL,NULL,'2023-10-26 12:43:04','2023-10-26 12:43:04'),
(12,0,0,11,'Procédures obligatoires en vigueur d\'exploitation','Exploitation centralisée > Serveurs physiques > Procédures obligatoires en vigueur d\'exploitation',NULL,3,NULL,NULL,'2023-10-26 12:51:31','2023-10-26 12:51:31'),
(13,0,1,0,'AAIDA','AAIDA','',1,NULL,NULL,'2023-12-14 14:19:47','2023-12-14 14:19:47');

--
-- Table structure for table `glpi_knowbaseitems`
--

CREATE TABLE `glpi_knowbaseitems` (
  `id` int(10) unsigned NOT NULL AUTO_INCREMENT,
  `name` mediumtext DEFAULT NULL,
  `answer` longtext DEFAULT NULL,
  `is_faq` tinyint(1) NOT NULL DEFAULT 0,
  `users_id` int(10) unsigned NOT NULL DEFAULT 0,
  `view` int(11) NOT NULL DEFAULT 0,
  `date_creation` timestamp NULL DEFAULT NULL,
  `date_mod` timestamp NULL DEFAULT NULL,
  `begin_date` timestamp NULL DEFAULT NULL,
  `end_date` timestamp NULL DEFAULT NULL,
  PRIMARY KEY (`id`),
  KEY `users_id` (`users_id`),
  KEY `is_faq` (`is_faq`),
  KEY `date_mod` (`date_mod`),
  KEY `begin_date` (`begin_date`),
  KEY `end_date` (`end_date`),
  KEY `date_creation` (`date_creation`),
  FULLTEXT KEY `fulltext` (`name`,`answer`),
  FULLTEXT KEY `name` (`name`),
  FULLTEXT KEY `answer` (`answer`)
) ENGINE=InnoDB AUTO_INCREMENT=19 DEFAULT CHARSET=utf8mb4 COLLATE=utf8mb4_unicode_ci;

--
