-- Table structure for table `glpi_plugin_formcreator_items_targettickets`
--

CREATE TABLE `glpi_plugin_formcreator_items_targettickets` (
  `id` int(10) unsigned NOT NULL AUTO_INCREMENT,
  `plugin_formcreator_targettickets_id` int(10) unsigned NOT NULL DEFAULT 0,
  `link` int(11) NOT NULL DEFAULT 0,
  `itemtype` varchar(255) NOT NULL DEFAULT '',
  `items_id` int(10) unsigned NOT NULL DEFAULT 0,
  `uuid` varchar(255) DEFAULT NULL,
  PRIMARY KEY (`id`),
  KEY `plugin_formcreator_targettickets_id` (`plugin_formcreator_targettickets_id`),
  KEY `item` (`itemtype`,`items_id`)
) ENGINE=InnoDB AUTO_INCREMENT=6 DEFAULT CHARSET=utf8mb4 COLLATE=utf8mb4_unicode_ci;

--
-- Dumping data for table `glpi_plugin_formcreator_items_targettickets`
--


--
-- Table structure for table `glpi_plugin_formcreator_questiondependencies`
--

CREATE TABLE `glpi_plugin_formcreator_questiondependencies` (
  `id` int(10) unsigned NOT NULL AUTO_INCREMENT,
  `plugin_formcreator_questions_id` int(10) unsigned NOT NULL DEFAULT 0,
  `plugin_formcreator_questions_id_2` int(10) unsigned NOT NULL DEFAULT 0,
  `fieldname` varchar(255) DEFAULT NULL,
  `uuid` varchar(255) DEFAULT NULL,
  PRIMARY KEY (`id`),
  KEY `plugin_formcreator_questions_id` (`plugin_formcreator_questions_id`),
  KEY `plugin_formcreator_questions_id_2` (`plugin_formcreator_questions_id_2`)
) ENGINE=InnoDB DEFAULT CHARSET=utf8mb4 COLLATE=utf8mb4_unicode_ci;

--
-- Dumping data for table `glpi_plugin_formcreator_questiondependencies`
--


--
-- Table structure for table `glpi_plugin_formcreator_questionranges`
--

CREATE TABLE `glpi_plugin_formcreator_questionranges` (
  `id` int(10) unsigned NOT NULL AUTO_INCREMENT,
  `plugin_formcreator_questions_id` int(10) unsigned NOT NULL DEFAULT 0,
  `range_min` varchar(255) DEFAULT NULL,
  `range_max` varchar(255) DEFAULT NULL,
  `fieldname` varchar(255) DEFAULT NULL,
  `uuid` varchar(255) DEFAULT NULL,
  PRIMARY KEY (`id`),
  KEY `plugin_formcreator_questions_id` (`plugin_formcreator_questions_id`)
) ENGINE=InnoDB AUTO_INCREMENT=267 DEFAULT CHARSET=utf8mb4 COLLATE=utf8mb4_unicode_ci;

--
-- Dumping data for table `glpi_plugin_formcreator_questionranges`
--

INSERT INTO `glpi_plugin_formcreator_questionranges` VALUES
(36,97,'','','range','57400b18-6d2840fa-5e7a6175824fb1.70760890'),
(37,98,'','','range','57400b18-6d2840fa-5e7a61aa092117.38488564'),
(44,113,'','','range','57400b18-6d2840fa-5ebe61b04be367.54694639'),
(45,115,'','','range','57400b18-6d2840fa-5ebe61b05040a3.93348699'),
(71,195,'','','range','6c780397-b4c29f68-620ea237add5f3.18006329'),
(72,202,'','','range','6c780397-b4c29f68-620ecb87ca2e47.61227698'),
(89,252,'0','0','range','d1539afb-f26c1d55-62978f60c2e3b7.38504598'),
(92,258,'0','0','range','d1539afb-f26c1d55-6297d69195d5c4.36788697'),
(111,294,'','','range','d1539afb-f26c1d55-62e2fb00319e40.95975053'),
(112,297,'','','range','d1539afb-f26c1d55-62e2fb0034a360.52509938'),
(113,300,'','','range','d1539afb-1ac54d1a-631b452cd53ae5.46228361'),
(114,301,'','','range','d1539afb-1ac54d1a-631b452cd6af03.67694373'),
(115,304,'0','0','range','d1539afb-1ac54d1a-631b452cd8e6b7.27418333'),
(116,305,'','','range','e40c7dcc-1ac54d1a-6426ce75995296.27175101'),
(117,306,'','','range','e40c7dcc-1ac54d1a-6426ce759ad427.53041286'),
(118,312,'','','range','e40c7dcc-5b5e2678-644986b303eb92.81999734'),
(119,313,'','','range','e40c7dcc-5b5e2678-644986b30553c2.18481476'),
(120,315,'0','0','range','e40c7dcc-5b5e2678-644988860bb7c4.12812991'),
(121,321,'0','0','range','e40c7dcc-5b5e2678-6475123e575ab3.72237362'),
(122,324,'0','0','range','e40c7dcc-5b5e2678-647626f75935a1.27997761'),
(132,343,'0','0','range','e40c7dcc-5ef01013-64832d246443a2.70737935'),
(140,338,'0','0','range','e40c7dcc-5ef01013-648a12cd51c383.19374627'),
(144,372,'0','0','range','b9405272-5b5e2678-6554d47705a729.42321426'),
(145,373,'0','0','range','b9405272-5b5e2678-6566653264ad96.55267953'),
(146,374,'0','0','range','b9405272-5b5e2678-6566653270ee93.13381865'),
(207,532,'0','0','range','5799dea9-bc999087-664e1961b330a2.85387616'),
(208,533,'0','0','range','5799dea9-bc999087-664e197a13f374.37418509'),
(215,556,'0','0','range','453c8a4c-2f5acfaa-6792aeaa1d60e7.71537657'),
(217,558,'0','0','range','453c8a4c-2f5acfaa-6792aead185eb1.34712675'),
(220,561,'0','0','range','453c8a4c-2f5acfaa-6792aeea61f688.76073422'),
(221,562,'0','0','range','453c8a4c-2f5acfaa-6792aef5b49c92.42592499'),
(233,580,'0','0','range','453c8a4c-2f5acfaa-6792af7f1fc2b1.34681636'),
(234,581,'0','0','range','453c8a4c-2f5acfaa-6792af87981e62.75644428'),
(235,582,'0','0','range','453c8a4c-2f5acfaa-6792b1ed0fc480.91356722'),
(237,585,'0','0','range','453c8a4c-2f5acfaa-6792b2521a4aa5.06569395'),
(238,587,'0','0','range','453c8a4c-2f5acfaa-6792b3694be5f6.52683964'),
(239,589,'0','0','range','453c8a4c-2f5acfaa-6792bd5adfc438.63934425'),
(240,590,'0','0','range','453c8a4c-2f5acfaa-6792bd65cd8dc2.44039078'),
(241,592,'0','0','range','453c8a4c-2f5acfaa-6792be341cd962.35931953'),
(242,591,'0','0','range','453c8a4c-2f5acfaa-6792be634558b6.60464660'),
(243,593,'0','0','range','453c8a4c-2f5acfaa-6792bebb6ec5f8.79389806'),
(244,594,'0','0','range','453c8a4c-2f5acfaa-6792c5c93249c0.37466318'),
(256,620,'0','0','range','453c8a4c-2f5acfaa-67ab7b69e53a83.45646645'),
(257,626,'0','0','range','453c8a4c-2f5acfaa-67d44c23110023.99111851'),
(258,628,'0','0','range','53f3523f-1be54bd6-68d37a69bf48a4.52857734'),
(259,630,'0','0','range','53f3523f-1be54bd6-68d37ae42189b0.66807101'),
(260,632,'0','0','range','53f3523f-1be54bd6-68d37bf134bd81.34604726'),
(261,634,'0','0','range','53f3523f-1be54bd6-68d37c27b77687.95543008'),
(262,637,'0','0','range','47d8dc3c-aa8ace61-68dbc326733131.84752480'),
(263,638,'0','0','range','47d8dc3c-aa8ace61-68dbc3d169a8f4.88596874'),
(264,639,'0','0','range','47d8dc3c-aa8ace61-68dbc43fcbf805.63206463'),
(265,644,'0','0','range','53f3523f-6b24044c-6971edb0369d17.33984795'),
(266,645,'0','0','range','53f3523f-6b24044c-697888fdbfb919.02172441');

--
-- Table structure for table `glpi_plugin_formcreator_questionregexes`
--

CREATE TABLE `glpi_plugin_formcreator_questionregexes` (
  `id` int(10) unsigned NOT NULL AUTO_INCREMENT,
  `plugin_formcreator_questions_id` int(10) unsigned NOT NULL DEFAULT 0,
  `regex` mediumtext DEFAULT NULL,
  `fieldname` varchar(255) DEFAULT NULL,
  `uuid` varchar(255) DEFAULT NULL,
  PRIMARY KEY (`id`),
  KEY `plugin_formcreator_questions_id` (`plugin_formcreator_questions_id`)
) ENGINE=InnoDB AUTO_INCREMENT=248 DEFAULT CHARSET=utf8mb4 COLLATE=utf8mb4_unicode_ci;

--
-- Dumping data for table `glpi_plugin_formcreator_questionregexes`
--

INSERT INTO `glpi_plugin_formcreator_questionregexes` VALUES
(34,97,'','regex','57400b18-6d2840fa-5e7a6175810e65.58212059'),
(35,98,'','regex','57400b18-6d2840fa-5e7a61aa07de16.09494865'),
(42,113,'','regex','57400b18-6d2840fa-5ebe61b04ae189.12816106'),
(43,115,'','regex','57400b18-6d2840fa-5ebe61b04ed326.75057253'),
(85,258,'','regex','d1539afb-f26c1d55-6297d691955669.56166215'),
(87,273,'','regex','d1539afb-f26c1d55-6297ddd3e29984.54904999'),
(95,294,'','regex','d1539afb-f26c1d55-62e2fb0030c1a7.13783644'),
(96,297,'','regex','d1539afb-f26c1d55-62e2fb00343623.52870113'),
(97,300,'','regex','d1539afb-1ac54d1a-631b452cd4b146.53390383'),
(98,301,'','regex','d1539afb-1ac54d1a-631b452cd645e7.27797188'),
(99,304,'','regex','d1539afb-1ac54d1a-631b452cd88a25.88805391'),
(100,305,'','regex','e40c7dcc-1ac54d1a-6426ce75989c84.91576187'),
(101,306,'','regex','e40c7dcc-1ac54d1a-6426ce759a6770.16663649'),
(102,312,'','regex','e40c7dcc-5b5e2678-644986b3035dd0.45863766'),
(103,313,'','regex','e40c7dcc-5b5e2678-644986b304e850.16178680'),
(104,315,'','regex','e40c7dcc-5b5e2678-644988860b2c95.53938028'),
(105,324,'','regex','e40c7dcc-5b5e2678-647626f7588226.93471689'),
(122,338,'','regex','e40c7dcc-5ef01013-648a12cd5111a3.82948372'),
(126,372,'','regex','b9405272-5b5e2678-6554d476f378c6.97296816'),
(127,373,'','regex','b9405272-5b5e2678-656665325852f2.33320226'),
(128,374,'','regex','b9405272-5b5e2678-656665326c8ac5.98463855'),
(189,532,'','regex','5799dea9-bc999087-664e1961b13f99.03928233'),
(190,533,'','regex','5799dea9-bc999087-664e197a123852.42656943'),
(197,556,'','regex','453c8a4c-2f5acfaa-6792aeaa1c87d0.35140718'),
(199,558,'','regex','453c8a4c-2f5acfaa-6792aead176d73.02603928'),
(202,561,'','regex','453c8a4c-2f5acfaa-6792aeea614c09.76820741'),
(203,562,'','regex','453c8a4c-2f5acfaa-6792aef5b3dc37.89339027'),
(215,580,'','regex','453c8a4c-2f5acfaa-6792af7f1ef700.52852502'),
(216,581,'','regex','453c8a4c-2f5acfaa-6792af87976a96.26790676'),
(217,582,'','regex','453c8a4c-2f5acfaa-6792b1ed0ee415.41950298'),
(219,585,'','regex','453c8a4c-2f5acfaa-6792b252194611.99860796'),
(220,587,'','regex','453c8a4c-2f5acfaa-6792b3694b14f4.54489312'),
(221,589,'','regex','453c8a4c-2f5acfaa-6792bd5adf2000.15092575'),
(222,590,'','regex','453c8a4c-2f5acfaa-6792bd65cca7b4.67096124'),
(223,592,'','regex','453c8a4c-2f5acfaa-6792be341c43e9.64464713'),
(224,591,'','regex','453c8a4c-2f5acfaa-6792be6344d2b3.07354921'),
(225,593,'','regex','453c8a4c-2f5acfaa-6792bebb6df3c2.71124357'),
(226,594,'','regex','453c8a4c-2f5acfaa-6792c5c930c0b9.54921433'),
(238,620,'','regex','453c8a4c-2f5acfaa-67ab7b69e4baf7.09918491'),
(239,626,'','regex','453c8a4c-2f5acfaa-67d44c23109645.65145732'),
(240,628,'','regex','53f3523f-1be54bd6-68d37a69beebe9.26586160'),
(241,630,'','regex','53f3523f-1be54bd6-68d37ae4212639.59178936'),
(242,632,'','regex','53f3523f-1be54bd6-68d37bf1344b77.28628887'),
(243,634,'','regex','53f3523f-1be54bd6-68d37c27b70388.23478967'),
(244,637,'','regex','47d8dc3c-aa8ace61-68dbc32670cd02.21668053'),
(245,638,'','regex','47d8dc3c-aa8ace61-68dbc3d167c788.94363020'),
(246,639,'','regex','47d8dc3c-aa8ace61-68dbc43fcaabf5.53608150'),
(247,644,'','regex','53f3523f-6b24044c-6971edb0356244.31827169');

--
-- Table structure for table `glpi_plugin_formcreator_questions`
--

CREATE TABLE `glpi_plugin_formcreator_questions` (
  `id` int(10) unsigned NOT NULL AUTO_INCREMENT,
  `name` varchar(255) NOT NULL DEFAULT '',
  `plugin_formcreator_sections_id` int(10) unsigned NOT NULL DEFAULT 0,
  `fieldtype` varchar(30) NOT NULL DEFAULT 'text',
  `required` tinyint(1) NOT NULL DEFAULT 0,
  `show_empty` tinyint(1) NOT NULL DEFAULT 0,
  `default_values` longtext DEFAULT NULL,
  `itemtype` varchar(255) NOT NULL DEFAULT '',
  `values` longtext DEFAULT NULL,
  `description` mediumtext DEFAULT NULL,
  `row` int(11) NOT NULL DEFAULT 0,
  `col` int(11) NOT NULL DEFAULT 0,
  `width` int(11) NOT NULL DEFAULT 0,
  `show_rule` int(11) NOT NULL DEFAULT 1,
  `uuid` varchar(255) DEFAULT NULL,
  PRIMARY KEY (`id`),
  KEY `plugin_formcreator_sections_id` (`plugin_formcreator_sections_id`),
  FULLTEXT KEY `Search` (`name`,`description`)
) ENGINE=InnoDB AUTO_INCREMENT=646 DEFAULT CHARSET=utf8mb4 COLLATE=utf8mb4_unicode_ci;

--
-- Dumping data for table `glpi_plugin_formcreator_questions`
--

INSERT INTO `glpi_plugin_formcreator_questions` VALUES
(97,'Court résumé (titre)',31,'text',1,0,'','','','',0,0,4,1,'57400b18-6d2840fa-5e7a61757e8e58.48586601'),
(98,'Description détaillée',31,'textarea',1,0,'','','','',2,0,4,1,'57400b18-6d2840fa-5e7a61aa045846.77485202'),
(99,'Joindre un fichier',31,'file',0,0,'[]','','','&lt;p&gt;Vous avez l\'opportunité d\'attacher un fichier à votre demande&lt;/p&gt;',3,0,4,1,'57400b18-6d2840fa-5e7a61d8a95dc1.86029889'),
(113,'Court résumé (titre)',37,'text',1,0,'','','','',0,0,4,1,'57400b18-6d2840fa-5ebe61b0493b37.25871206'),
(114,'Symptôme',37,'dropdown',1,1,'0','ITILCategory','{\"show_ticket_categories\":\"incident\",\"show_tree_depth\":\"3\",\"show_tree_root\":\"165\",\"selectable_tree_root\":\"0\",\"entity_restrict\":\"3\"}','&#60;p&#62;Sélectionnez le symptôme qui décrit le mieux votre problème.&#60;/p&#62;',0,0,4,1,'57400b18-6d2840fa-5ebe61b04cadc2.93730743'),
(115,'Description détaillée',37,'textarea',1,0,'','','','',0,0,4,1,'57400b18-6d2840fa-5ebe61b04daee9.05827440'),
(116,'Joindre un fichier',37,'file',0,0,'[]','','','&lt;p&gt;Vous avez l\'opportunité d\'attacher un fichier à votre demande&lt;/p&gt;',0,0,4,1,'57400b18-6d2840fa-5ebe61b05108a4.21338257'),
(117,'Urgence',38,'urgency',1,1,'3','','','&#60;p&#62;Indiquez l\'urgence de votre demande.&#60;/p&#62;\r\n&#60;p&#62;Une urgence &#60;strong&#62;très haute&#60;/strong&#62; signifie que vous demandez à ce que nous intervenions le plus rapidement possible pour traiter votre demande car vous êtes en situation de blocage.&#60;/p&#62;\r\n&#60;p&#62;&#60;strong&#62;Haute&#60;/strong&#62; veut dire que vous demander de l\'aide dès que possible.&#60;/p&#62;\r\n&#60;p&#62;Une &#60;strong&#62;urgence&#60;/strong&#62; moyenne signifie que vous demandez de l\'aide dans un délai de quelques jours à 1 voire 2 semaines car vous n\'êtes pas bloqué(e).&#60;/p&#62;\r\n&#60;p&#62;&#60;strong&#62;Basse&#60;/strong&#62; et très basse signifie que vous demandez une intervention qui peut planifiée à moyen voire long terme.&#60;/p&#62;',0,0,4,1,'57400b18-6d2840fa-5ebe61b0553fd4.03971231'),
(293,'Lieu',93,'dropdown',1,1,'0','Location','{\"show_tree_depth\":\"3\",\"show_tree_root\":\"114\",\"selectable_tree_root\":\"0\",\"entity_restrict\":\"2\"}','&#60;p&#62;Sélectionnez le lieu de destination&#60;/p&#62;',3,0,4,1,'d1539afb-f26c1d55-62e2fb002f2ed9.93858840'),
(294,'Titre',93,'text',0,0,'','','','&lt;p&gt;Donnez un titre à votre commande&lt;/p&gt;',1,0,4,1,'d1539afb-f26c1d55-62e2fb002fc460.51125532'),
(295,'Urgence',93,'urgency',1,1,'2','','','&lt;p&gt;Indiquez l\'urgence de votre demande.&lt;/p&gt;',4,0,4,1,'d1539afb-f26c1d55-62e2fb003255f8.39075667'),
(296,'Profil de l\'utilisateur',93,'radios',0,0,'','','[\"Gestionnaire\",\"Architecte\",\"Programmeur\"]','&#60;p&#62;Sélectionnez votre profil&#60;/p&#62;',2,0,4,1,'d1539afb-f26c1d55-62e2fb0032c0b8.95914904'),
(297,'Description',93,'textarea',0,0,'','','','&lt;p&gt;Décrivez votre besoin&lt;/p&gt;',5,0,4,1,'d1539afb-f26c1d55-62e2fb00339930.68457765'),
(300,'Court résumé (titre)',96,'text',1,0,'','','','',0,0,4,1,'d1539afb-1ac54d1a-631b452cd311c8.76223960'),
(301,'Coordonnées de l\'utilisateur',96,'textarea',1,0,'','','','',1,0,4,1,'d1539afb-1ac54d1a-631b452cd5b028.78593336'),
(302,'Date souhaitée de traitement',96,'date',0,0,'[]','','','&#60;p&#62;Vous avez l\'opportunité d\'attacher un fichier à votre demande&#60;/p&#62;',3,0,4,1,'d1539afb-1ac54d1a-631b452cd6ee80.14008856'),
(303,'Quelle est l\'urgence de votre demande ?',96,'urgency',0,1,'3','Computer','{\"entity_restrict\":2}','',2,0,4,1,'d1539afb-1ac54d1a-631b452cd76c32.15667772'),
(304,'Commentaire',96,'textarea',0,0,'','',NULL,'',4,0,4,1,'d1539afb-1ac54d1a-631b452cd7d353.19603728'),
(305,'Court résumé de la demande * (titre)',97,'text',1,0,'','','','',1,0,4,1,'e40c7dcc-1ac54d1a-6426ce7596aed7.29592833'),
(306,'Description détaillée',97,'textarea',1,0,'','','','',2,0,4,1,'e40c7dcc-1ac54d1a-6426ce7599c709.03138341'),
(307,'Joindre un fichier',97,'file',0,0,'[]','','','&lt;p&gt;Vous avez l\'opportunité d\'attacher un fichier à votre demande&lt;/p&gt;',4,0,4,1,'e40c7dcc-1ac54d1a-6426ce759b2cd3.31824102'),
(310,'De quel logiciel avez-vous besoin *',97,'dropdown',1,0,'0','ITILCategory','{\"show_ticket_categories\":\"request\",\"show_tree_depth\":\"3\",\"show_tree_root\":\"253\",\"selectable_tree_root\":\"1\",\"entity_restrict\":\"3\"}','',0,0,4,1,'e40c7dcc-5b5e2678-644985c5e4a0f0.79974049'),
(311,'Système d’exploitation',97,'select',0,1,'0','Computer','[\"Windows\",\"Mac\",\"Linux\",\"Autre\"]','',3,0,4,1,'e40c7dcc-5b5e2678-6449864c9cbba5.67886539'),
(312,'Quelle est l\'urgence de la demande ?',98,'urgency',1,0,'3','','','',2,0,4,1,'e40c7dcc-5b5e2678-644986b3023aa8.76262202'),
(313,'Date souhaitée de traitement',98,'date',1,0,'','','','',3,0,4,1,'e40c7dcc-5b5e2678-644986b3044be3.03774578'),
(315,'Coordonnées de l\'utilisateur',98,'text',1,0,'','ITILCategory','{\"show_ticket_categories\":\"request\",\"show_tree_depth\":\"4\",\"show_tree_root\":\"253\",\"selectable_tree_root\":\"0\",\"entity_restrict\":\"2\"}','',1,0,4,2,'e40c7dcc-5b5e2678-644986b305f728.48580973'),
(317,'Est-ce la demande est pour vous ?',98,'radios',1,0,'','','[\"Oui\",\"Non\"]','',0,0,4,1,'e40c7dcc-5b5e2678-64499497b26952.47673985'),
(321,'Choix du matériel',93,'glpiselect',0,0,'0','Peripheral','{\"entity_restrict\":\"2\"}','',0,0,4,1,'e40c7dcc-5b5e2678-6475123e550479.47585347'),
(323,'Quelle est l\'urgence de votre problème',101,'urgency',0,0,'4','',NULL,'',2,0,4,1,'e40c7dcc-5b5e2678-647626dd4dd2c1.80140167'),
(324,'Faites une description claire et détaillée de votre problème',101,'textarea',1,0,'','',NULL,'',1,0,4,1,'e40c7dcc-5b5e2678-647626f756c337.82121562'),
(325,'Joindre un fichier',101,'file',0,0,NULL,'',NULL,'',3,0,4,1,'e40c7dcc-5b5e2678-6476270a843af9.52713902'),
(369,'Qui',93,'actor',0,0,'[]','',NULL,'',6,0,4,1,'b9405272-5ef01013-64b010c74bbd03.76780521'),
(532,'Résumez votre demande en une phrase simple',146,'text',1,0,'','',NULL,'&#60;p&#62;Décrivez en quelques mots votre problème&#60;/p&#62;',0,0,4,1,'5799dea9-bc999087-664e1961ac3441.73135160'),
(533,'Faites une description claire et détaillée de votre problème',146,'textarea',1,0,'','',NULL,'',1,0,4,1,'5799dea9-bc999087-664e197a0e3329.90925192'),
(534,'Quel est de le dergé d\'urgence ?',146,'urgency',0,0,'3','',NULL,'',2,0,4,1,'5799dea9-bc999087-664e19a887ae08.37737423'),
(535,'Joindre un fichier',146,'file',0,0,NULL,'',NULL,'',3,0,4,1,'5799dea9-bc999087-66578ddd882ef2.05130526'),
(548,'S\'agit t-il d\'une sortie ou d\'une entrée de matériel ?',150,'select',1,1,NULL,'','[\"Entrée de matériel\",\"Sortie de matériel\"]','',0,0,4,1,'453c8a4c-2f5acfaa-6792a82c27cdb0.15190043'),
(549,'NOM, PRENOM de(s) personne(s) autorisant(s)  - AGENTS DU DEPARTEMENT',150,'glpiselect',1,1,'0','User','{\"entity_restrict\":\"3\"}','',1,0,2,1,'453c8a4c-2f5acfaa-6792a93e811f16.20199556'),
(550,'Direction-service/société',150,'glpiselect',1,1,'-1','Entity','{\"entity_restrict\":2,\"show_tree_depth\":3,\"show_tree_root\":\"0\",\"selectable_tree_root\":\"0\"}','',2,0,4,1,'453c8a4c-2f5acfaa-6792aa01699fe5.07259796'),
(551,'NOM, PRENOM de(s) personne(s) autorisant(s)  - PRESTATAIRE EXTERIEUR',150,'glpiselect',1,1,'0','User','{\"entity_restrict\":\"3\"}','',1,2,2,1,'453c8a4c-2f5acfaa-6792ac79869e65.95363265'),
(552,'Indication du site de (* Entrée / Sortie )',150,'dropdown',0,1,'0','Location','{\"show_tree_depth\":\"0\",\"show_tree_root\":\"0\",\"selectable_tree_root\":\"0\",\"entity_restrict\":\"2\"}','',3,0,4,1,'453c8a4c-2f5acfaa-6792ad35cf2817.80179361'),
(553,'Date',150,'datetime',0,0,'','',NULL,'',4,0,4,1,'453c8a4c-2f5acfaa-6792ad4f9ca2c4.47433489'),
(556,'Type de matériel (nombre) -  N° série',150,'glpiselect',0,1,'0','Computer','{\"entity_restrict\":\"2\"}','',5,0,2,1,'453c8a4c-2f5acfaa-6792aeaa185bd4.11597174'),
(558,'Type de matériel (nombre) -  N° série',150,'glpiselect',0,1,'0','Monitor','{\"entity_restrict\":\"2\"}','',6,0,2,1,'453c8a4c-2f5acfaa-6792aead132292.77460460'),
(561,'Type de matériel (nombre) -  N° série',150,'glpiselect',0,1,'0','Printer','{\"entity_restrict\":\"2\"}','',7,0,2,1,'453c8a4c-2f5acfaa-6792aeea5e0187.92676869'),
(562,'Type de matériel (nombre) -  N° série',150,'glpiselect',0,1,'0','NetworkEquipment','{\"entity_restrict\":\"2\"}','',8,0,2,1,'453c8a4c-2f5acfaa-6792aef5b10b42.71693474'),
(580,'VISA ET CACHET',150,'textarea',0,0,'','',NULL,'',10,0,2,1,'453c8a4c-2f5acfaa-6792af7f1a6da0.73094971'),
(581,'VISA ET CACHET',150,'textarea',0,0,'','',NULL,'',10,2,2,1,'453c8a4c-2f5acfaa-6792af87941c02.69128346'),
(582,'NOM, PRENOM, FONCTION,SERVICE SOCIETE de la personne ayant effectué le contrôle (*entrée / sortie ) de matériel',151,'textarea',0,0,'','',NULL,'',0,0,4,1,'453c8a4c-2f5acfaa-6792b1ed0a8ce0.40975477'),
(584,'Date',151,'datetime',0,0,'','',NULL,'',1,0,4,1,'453c8a4c-2f5acfaa-6792b2189e1c70.15537228'),
(585,'Correspondance matériel / observation(s) / VISA',151,'textarea',0,0,'','',NULL,'',2,0,4,1,'453c8a4c-2f5acfaa-6792b252160926.83961252'),
(586,'MODALITES',151,'description',0,0,NULL,'',NULL,'&#60;ol&#62;\r\n&#60;li&#62;L\'intervenant transportant du matériel, se présentera OBLIGATOIREMENT à l\'agent en poste à (* Entrée / Sortie  ) du parking.&#60;/li&#62;\r\n&#60;li&#62;Vérification de la conformité du bon de transport de matériel par l\'agent en poste.&#60;/li&#62;\r\n&#60;li&#62;Toute incohérence empêchera la sortie de site.&#60;/li&#62;\r\n&#60;li&#62;* Rayer ou barrer la mention inutile&#60;/li&#62;\r\n&#60;/ol&#62;\r\n&#60;p&#62;TOUT FORMULAIRE INCOMPLET SE VERRA REFUSÉ ET RENVOYÉ POUR CORRECTIONS OU PRÉCISIONS&#60;/p&#62;',3,0,4,1,'453c8a4c-2f5acfaa-6792b2e4eae891.85186713'),
(587,'VISA ET CACHET DU CHEF DE LA SECURITE OPERATIONNEL (DSD)',151,'textarea',0,0,'','',NULL,'',4,0,4,1,'453c8a4c-2f5acfaa-6792b369472ca0.65403119'),
(589,'Nombre',150,'integer',0,1,'0','Computer','','',5,2,2,1,'453c8a4c-2f5acfaa-6792bd24a2edf5.90919539'),
(590,'Nombre',150,'integer',0,0,'0','',NULL,'',6,2,2,1,'453c8a4c-2f5acfaa-6792bd65c7bf82.08045567'),
(591,'Nombre',150,'integer',0,1,'0','NetworkEquipment','','',8,2,2,1,'453c8a4c-2f5acfaa-6792be0f2dfc74.29335835'),
(592,'Nombre',150,'integer',0,1,'0','Printer','','',7,2,2,1,'453c8a4c-2f5acfaa-6792be19e65651.85113444'),
(593,'Type de matériel (nombre) -  N° série',150,'text',0,1,'','NetworkEquipment','{\"entity_restrict\":\"2\"}','',9,0,2,1,'453c8a4c-2f5acfaa-6792be71298a07.29203961'),
(594,'Nombre',150,'integer',0,1,'0','NetworkEquipment','','',9,2,2,1,'453c8a4c-2f5acfaa-6792be76d312d5.98067851'),
(597,'NOM, PRENOM de l\'agent DNUM ayant autorisé le transport',154,'glpiselect',1,1,'0','User','{\"entity_restrict\":\"3\"}','',0,0,4,1,'453c8a4c-2f5acfaa-67a4e91aa56036.98245884'),
(599,'NOM, PRENOM de l\'agent SPIE réalisant le transport',154,'glpiselect',1,1,'0','User','{\"entity_restrict\":\"3\"}','',1,0,4,1,'453c8a4c-2f5acfaa-67a4e91aa5f7d9.81465814'),
(600,'Site de départ',154,'dropdown',0,1,'0','Location','{\"show_tree_depth\":\"0\",\"show_tree_root\":\"0\",\"selectable_tree_root\":\"0\",\"entity_restrict\":\"2\"}','',2,0,4,1,'453c8a4c-2f5acfaa-67a4e91aa63983.99135182'),
(601,'Date',154,'datetime',0,0,'','',NULL,'',4,0,4,1,'453c8a4c-2f5acfaa-67a4e91aa67c23.89546000'),
(619,'Site de destination',154,'dropdown',0,1,'0','Location','{\"show_tree_depth\":\"0\",\"show_tree_root\":\"0\",\"selectable_tree_root\":\"0\",\"entity_restrict\":\"2\"}','',3,0,4,1,'453c8a4c-2f5acfaa-67a4ebcfd68122.42836699'),
(620,'Résumez votre problème en une phrase simple',101,'text',1,0,'','',NULL,'',0,0,4,1,'453c8a4c-2f5acfaa-67ab7b69e16a40.86356207'),
(621,'NOM, PRENOM de l\'agent DNUM ayant autorisé le transport',157,'glpiselect',0,1,'0','User','{\"entity_restrict\":\"3\"}','',0,0,4,1,'453c8a4c-2f5acfaa-67b74caa1a48a9.96322858'),
(622,'NOM, PRENOM de l\'agent SPIE réalisant le transport',157,'glpiselect',0,1,'0','User','{\"entity_restrict\":\"3\"}','',1,0,4,1,'453c8a4c-2f5acfaa-67b74caa1b88c2.88595168'),
(623,'Site de départ',157,'dropdown',1,1,'0','Location','{\"show_tree_depth\":\"0\",\"show_tree_root\":\"0\",\"selectable_tree_root\":\"0\",\"entity_restrict\":\"2\"}','',2,0,4,1,'453c8a4c-2f5acfaa-67b74caa1bda38.72091559'),
(624,'Date',157,'datetime',0,0,'','',NULL,'',4,0,4,1,'453c8a4c-2f5acfaa-67b74caa1c2c68.10391715'),
(625,'Site de destination',157,'dropdown',0,1,'0','Location','{\"show_tree_depth\":\"0\",\"show_tree_root\":\"0\",\"selectable_tree_root\":\"0\",\"entity_restrict\":\"2\"}','',3,0,4,1,'453c8a4c-2f5acfaa-67b74caa1c8342.30840957'),
(626,'Nom du bordereau',156,'text',1,0,'','',NULL,'',0,0,4,1,'453c8a4c-2f5acfaa-67d44c230db7d5.55677319'),
(627,'Ajout d\'un périphérique',31,'glpiselect',1,1,'0','Peripheral','{\"entity_restrict\":\"2\"}','&#60;p&#62;Taper le nom du périphérique&#60;/p&#62;',1,0,4,1,'53f3523f-1be54bd6-68c1748b768017.68212593'),
(628,'Titre',158,'text',0,0,'','',NULL,'',0,0,4,1,'53f3523f-1be54bd6-68d37a69bd46e1.01000584'),
(629,'Sujet',158,'dropdown',0,1,'0','ITILCategory','{\"show_ticket_categories\":\"request\",\"show_tree_depth\":\"0\",\"show_tree_root\":\"520\",\"selectable_tree_root\":\"0\",\"entity_restrict\":\"2\"}','',1,0,4,1,'53f3523f-1be54bd6-68d37aad0a2d42.25749874'),
(630,'Commentaire',158,'textarea',0,0,'','',NULL,'',2,0,4,1,'53f3523f-1be54bd6-68d37ae4201246.74708543'),
(631,'Urgence',158,'urgency',0,1,'3','',NULL,'',3,0,4,1,'53f3523f-1be54bd6-68d37af141e0e4.15712361'),
(632,'Titre',159,'text',0,0,'','',NULL,'',0,0,4,1,'53f3523f-1be54bd6-68d37bf1333579.51801357'),
(633,'Sujet',159,'dropdown',0,1,'0','ITILCategory','{\"show_ticket_categories\":\"both\",\"show_tree_depth\":\"0\",\"show_tree_root\":\"520\",\"selectable_tree_root\":\"0\",\"entity_restrict\":\"2\"}','',1,0,4,1,'53f3523f-1be54bd6-68d37c1b325a24.49298320'),
(634,'Description',159,'textarea',0,0,'','',NULL,'',2,0,4,1,'53f3523f-1be54bd6-68d37c27b5b686.82922250'),
(635,'Urgence',159,'urgency',0,0,'5','',NULL,'',3,0,4,1,'53f3523f-1be54bd6-68d37c347f5787.39099691'),
(636,'Applicatif concerné',160,'glpiselect',0,0,'0','Appliance','{\"entity_restrict\":\"2\"}','',0,0,4,1,'53f3523f-1be54bd6-68e516afb27791.33222907'),
(637,'Version de l\'application',161,'text',0,0,'','',NULL,'&#60;p&#62;Merci de préciser la version de l\'application si vous la connaissez&#60;/p&#62;',0,2,1,2,'47d8dc3c-aa8ace61-68dbc3266d2894.89697191'),
(638,'N° de ticket outil externe',161,'text',0,0,'','',NULL,'&#60;p&#62;Si vous avez un numéro de ticket fourni par un organisme de support, merci de l\'indiquer. &#60;/p&#62;',1,2,2,2,'47d8dc3c-aa8ace61-68dbc3d16412b9.98013793'),
(639,'Commentaires',161,'textarea',1,0,'','',NULL,'&#60;p&#62;Veuillez préciser votre demande dans le champs suivant :&#60;/p&#62;',3,0,4,1,'47d8dc3c-aa8ace61-68dbc43fc7c599.25814564'),
(640,'Piece jointe',161,'file',0,0,NULL,'',NULL,'&#60;p&#62;Vous pouvez ajouter un document (capture d\'écran etc.) afin d\'illustrer voter demande.&#60;/p&#62;',4,0,4,1,'47d8dc3c-aa8ace61-68dbc4d0d629d0.73225205'),
(641,'Nom de l\'application',161,'glpiselect',0,1,'0','Appliance','{\"entity_restrict\":\"2\"}','&#60;p&#62;Merci d\'indiquer l\'application concernée.&#60;br&#62;si votre problème est autre, laissez cette section vide et préciser votre demande dans le champs \"commentaire\" plus bas. &#60;/p&#62;',0,0,2,1,'47d8dc3c-aa8ace61-68dbce4e692041.75190368'),
(642,'type de demande',161,'select',1,1,NULL,'','[\"Incident\",\"Évolution\",\"Habilitation\",\"Paramétrage\",\"Question\"]','&#60;p&#62;Veuillez préciser le type de votre demande. &#60;/p&#62;',1,0,2,1,'47d8dc3c-aa8ace61-68dbd15ca69c67.41918449'),
(643,'Priorité de la demande',161,'select',0,0,NULL,'','[\"Urgent\",\"Majeur\",\"Mineur\"]','&#60;p&#62;Priorité de la demande : &#60;/p&#62;',2,0,2,1,'47d8dc3c-aa8ace61-68dbd2e54c7ef9.35537310'),
(644,'Description',162,'textarea',1,0,'','',NULL,'',0,0,4,1,'53f3523f-6b24044c-6971edb03300f1.50095339'),
(645,'Quels sont vos besoins applicatifs ?',162,'checkboxes',1,0,'','','[\"A\",\"B\",\"C\",\"D\",\"E\",\"F\"]','',1,0,4,1,'53f3523f-6b24044c-697888fdbdc1e3.26966241');

--
-- Table structure for table `glpi_plugin_formcreator_sections`
--

CREATE TABLE `glpi_plugin_formcreator_sections` (
  `id` int(10) unsigned NOT NULL AUTO_INCREMENT,
  `name` varchar(255) NOT NULL DEFAULT '',
  `plugin_formcreator_forms_id` int(10) unsigned NOT NULL DEFAULT 0,
  `order` int(11) NOT NULL DEFAULT 0,
  `show_rule` int(11) NOT NULL DEFAULT 1,
  `uuid` varchar(255) DEFAULT NULL,
  PRIMARY KEY (`id`),
  KEY `plugin_formcreator_forms_id` (`plugin_formcreator_forms_id`)
) ENGINE=InnoDB AUTO_INCREMENT=163 DEFAULT CHARSET=utf8mb4 COLLATE=utf8mb4_unicode_ci;

--
-- Dumping data for table `glpi_plugin_formcreator_sections`
--

INSERT INTO `glpi_plugin_formcreator_sections` VALUES
(2,' Eléments logiciels',1,-1,1,'6c780397-355b58b6-61ba64515747b6.20203658'),
(3,' Eléments matériels',1,-2,1,'6c780397-355b58b6-61ba645157d9d3.79569445'),
(5,'Description',2,-1,1,'6c780397-355b58b6-61ba6466eb3097.43763086'),
(19,'Adresse d’intervention',10,-2,1,'6c780397-355b58b6-61ba6437c383b7.33884289'),
(20,'Informations sur le demandeur',10,-1,1,'6c780397-355b58b6-61ba6437c67616.79140166'),
(31,'Description de la demande',15,1,1,'57400b18-6d2840fa-5e7a60f966da82.64785631'),
(37,'Description de la demande',19,1,1,'57400b18-6d2840fa-5ebe61b04675a8.05014636'),
(38,'Importance',19,2,1,'57400b18-6d2840fa-5ebe61b0537627.68924445'),
(93,'Description de la demande',60,1,1,'d1539afb-f26c1d55-62e2fbee279ba1.91359019'),
(96,'Description de la demande',61,1,1,'d1539afb-1ac54d1a-631b452cd27120.87858548'),
(97,'Description de la demande',62,2,1,'e40c7dcc-5b5e2678-64498a87e7d3d2.57428242'),
(98,'Informations sur le demandeur',62,1,1,'e40c7dcc-5b5e2678-64498a87e75907.76157940'),
(101,'Signaler un incident',65,1,1,'453c8a4c-2f5acfaa-67ab7b8f5105a0.91479038'),
(146,'Demande',86,1,1,'5799dea9-bc999087-664e191f213971.47528116'),
(149,'Section',89,1,1,'453c8a4c-2f5acfaa-6792a743e82124.13629317'),
(150,'ENTREE / SORTIE DE MATERIEL',89,2,1,'453c8a4c-2f5acfaa-6792a7d255a685.48448354'),
(151,'PARTIE RESERVEE SECURITE',89,3,1,'453c8a4c-2f5acfaa-6792acf57dcca4.49011032'),
(153,'Section',90,1,1,'453c8a4c-2f5acfaa-67a4e91aa2cef6.56250555'),
(154,'IDENTIFICATION',90,2,1,'453c8a4c-2f5acfaa-67a4ecb9af11c8.98723612'),
(156,'Titre',91,1,1,'453c8a4c-2f5acfaa-67d45c4eb5a9e9.71122422'),
(157,'IDENTIFICATION',91,2,1,'453c8a4c-2f5acfaa-67b74caa19f4a0.31593990'),
(158,'Section',92,1,1,'53f3523f-1be54bd6-68d37a5a0adf52.32165681'),
(159,'Section',93,1,1,'53f3523f-1be54bd6-68d37bde9784e0.36561524'),
(160,'Section',94,1,1,'53f3523f-1be54bd6-68e516108504a0.05670912'),
(161,'Applications',95,1,1,'47d8dc3c-aa8ace61-68dbc1ded202e8.80349601'),
(162,'Section',96,1,1,'53f3523f-6b24044c-6971ed2fbf3c13.30304999');

--
-- Table structure for table `glpi_plugin_formcreator_targetchanges`
--

CREATE TABLE `glpi_plugin_formcreator_targetchanges` (
  `id` int(10) unsigned NOT NULL AUTO_INCREMENT,
  `name` varchar(255) NOT NULL DEFAULT '',
  `plugin_formcreator_forms_id` int(10) unsigned NOT NULL DEFAULT 0,
  `target_name` varchar(255) NOT NULL DEFAULT '',
  `changetemplates_id` int(10) unsigned NOT NULL DEFAULT 0,
  `content` longtext DEFAULT NULL,
  `impactcontent` longtext DEFAULT NULL,
  `controlistcontent` longtext DEFAULT NULL,
  `rolloutplancontent` longtext DEFAULT NULL,
  `backoutplancontent` longtext DEFAULT NULL,
  `checklistcontent` longtext DEFAULT NULL,
  `due_date_rule` int(11) NOT NULL DEFAULT 1,
  `due_date_question` int(10) unsigned NOT NULL DEFAULT 0,
  `due_date_value` tinyint(4) DEFAULT NULL,
  `due_date_period` int(11) NOT NULL DEFAULT 0,
  `urgency_rule` int(11) NOT NULL DEFAULT 1,
  `urgency_question` int(10) unsigned NOT NULL DEFAULT 0,
  `validation_followup` tinyint(1) NOT NULL DEFAULT 1,
  `destination_entity` int(11) NOT NULL DEFAULT 1,
  `destination_entity_value` int(10) unsigned NOT NULL DEFAULT 0,
  `tag_type` int(11) NOT NULL DEFAULT 1,
  `tag_questions` varchar(255) NOT NULL DEFAULT '',
  `tag_specifics` varchar(255) NOT NULL DEFAULT '',
  `category_rule` int(11) NOT NULL DEFAULT 1,
  `category_question` int(10) unsigned NOT NULL DEFAULT 0,
  `commonitil_validation_rule` int(11) NOT NULL DEFAULT 1,
  `commonitil_validation_question` varchar(255) DEFAULT NULL,
  `show_rule` int(11) NOT NULL DEFAULT 1,
  `sla_rule` int(11) NOT NULL DEFAULT 1,
  `sla_question_tto` int(10) unsigned NOT NULL DEFAULT 0,
  `sla_question_ttr` int(10) unsigned NOT NULL DEFAULT 0,
  `ola_rule` int(11) NOT NULL DEFAULT 1,
  `ola_question_tto` int(10) unsigned NOT NULL DEFAULT 0,
  `ola_question_ttr` int(10) unsigned NOT NULL DEFAULT 0,
  `uuid` varchar(255) DEFAULT NULL,
  PRIMARY KEY (`id`)
) ENGINE=InnoDB DEFAULT CHARSET=utf8mb4 COLLATE=utf8mb4_unicode_ci;

--
-- Dumping data for table `glpi_plugin_formcreator_targetchanges`
--


--
-- Table structure for table `glpi_plugin_formcreator_targetproblems`
--

CREATE TABLE `glpi_plugin_formcreator_targetproblems` (
  `id` int(10) unsigned NOT NULL AUTO_INCREMENT,
  `name` varchar(255) NOT NULL DEFAULT '',
  `plugin_formcreator_forms_id` int(10) unsigned NOT NULL DEFAULT 0,
  `target_name` varchar(255) NOT NULL DEFAULT '',
  `problemtemplates_id` int(10) unsigned NOT NULL DEFAULT 0,
  `content` longtext DEFAULT NULL,
  `impactcontent` longtext DEFAULT NULL,
  `causecontent` longtext DEFAULT NULL,
  `symptomcontent` longtext DEFAULT NULL,
  `urgency_rule` int(11) NOT NULL DEFAULT 1,
  `urgency_question` int(10) unsigned NOT NULL DEFAULT 0,
  `destination_entity` int(11) NOT NULL DEFAULT 1,
  `destination_entity_value` int(10) unsigned NOT NULL DEFAULT 0,
  `tag_type` int(11) NOT NULL DEFAULT 1,
  `tag_questions` varchar(255) NOT NULL DEFAULT '',
  `tag_specifics` varchar(255) NOT NULL DEFAULT '',
  `category_rule` int(11) NOT NULL DEFAULT 1,
  `category_question` int(10) unsigned NOT NULL DEFAULT 0,
  `show_rule` int(11) NOT NULL DEFAULT 1,
  `uuid` varchar(255) DEFAULT NULL,
  PRIMARY KEY (`id`),
  KEY `problemtemplates_id` (`problemtemplates_id`)
) ENGINE=InnoDB DEFAULT CHARSET=utf8mb4 COLLATE=utf8mb4_unicode_ci;

--
-- Dumping data for table `glpi_plugin_formcreator_targetproblems`
--


--
-- Table structure for table `glpi_plugin_formcreator_targets_actors`
--

CREATE TABLE `glpi_plugin_formcreator_targets_actors` (
  `id` int(10) unsigned NOT NULL AUTO_INCREMENT,
  `itemtype` varchar(255) DEFAULT NULL,
  `items_id` int(10) unsigned NOT NULL DEFAULT 0,
  `actor_role` int(11) NOT NULL DEFAULT 1,
  `actor_type` int(11) NOT NULL DEFAULT 1,
  `actor_value` int(10) unsigned NOT NULL DEFAULT 0,
  `use_notification` tinyint(1) NOT NULL DEFAULT 1,
  `uuid` varchar(255) DEFAULT NULL,
  PRIMARY KEY (`id`),
  KEY `item` (`itemtype`,`items_id`)
) ENGINE=InnoDB AUTO_INCREMENT=201 DEFAULT CHARSET=utf8mb4 COLLATE=utf8mb4_unicode_ci;

--
-- Dumping data for table `glpi_plugin_formcreator_targets_actors`
--

INSERT INTO `glpi_plugin_formcreator_targets_actors` VALUES
(37,'PluginFormcreatorTargetTicket',19,1,1,0,1,'63679a48-cf021447-5f2b3675788195.96224640'),
(38,'PluginFormcreatorTargetTicket',19,2,2,0,1,'63679a48-cf021447-5f2b36757a9fc1.50697854'),
(45,'PluginFormcreatorTargetTicket',23,1,1,0,1,'63679a48-cf021447-5f2b391b9eaf51.56129076'),
(46,'PluginFormcreatorTargetTicket',23,2,2,0,1,'63679a48-cf021447-5f2b391ba01893.30952869'),
(105,'PluginFormcreatorTargetTicket',48,1,1,0,1,'d1539afb-f26c1d55-62e2fb00382a71.57514620'),
(106,'PluginFormcreatorTargetTicket',48,2,2,0,1,'d1539afb-f26c1d55-62e2fb0038a2f8.45974720'),
(109,'PluginFormcreatorTargetTicket',50,1,1,0,1,'d1539afb-1ac54d1a-631b452cdc5235.16627069'),
(110,'PluginFormcreatorTargetTicket',50,2,2,0,1,'d1539afb-1ac54d1a-631b452cdd4243.08073173'),
(111,'PluginFormcreatorTargetTicket',51,1,1,0,1,'e40c7dcc-1ac54d1a-6426ce759de424.82596730'),
(112,'PluginFormcreatorTargetTicket',51,2,2,0,1,'e40c7dcc-1ac54d1a-6426ce759ea907.64687571'),
(114,'PluginFormcreatorTargetTicket',52,1,1,0,1,'e40c7dcc-5b5e2678-647627533ed988.28391586'),
(115,'PluginFormcreatorTargetTicket',52,2,2,0,1,'e40c7dcc-5b5e2678-647627533fa800.55519275'),
(152,'PluginFormcreatorTargetTicket',51,3,5,191,1,'9b1df500-5b5e2678-65b921644cbbd4.50046114'),
(155,'PluginFormcreatorTargetTicket',69,1,1,0,1,'5799dea9-bc999087-664e19f32a8fd2.27948688'),
(156,'PluginFormcreatorTargetTicket',69,2,2,0,1,'5799dea9-bc999087-664e19f32ca0a3.39916269'),
(172,'PluginFormcreatorTargetTicket',74,1,1,0,1,'453c8a4c-2f5acfaa-6792b4676bdd63.61453674'),
(173,'PluginFormcreatorTargetTicket',74,2,2,0,1,'453c8a4c-2f5acfaa-6792b4676d1129.49332521'),
(174,'PluginFormcreatorTargetTicket',75,1,1,0,1,'453c8a4c-2f5acfaa-67a4e91ac01028.04517841'),
(175,'PluginFormcreatorTargetTicket',75,2,2,0,1,'453c8a4c-2f5acfaa-67a4e91ac0b262.14883787'),
(176,'PluginFormcreatorTargetTicket',19,3,5,209,1,'453c8a4c-2f5acfaa-67ac6e744c71f9.12031694'),
(177,'PluginFormcreatorTargetTicket',52,3,5,209,1,'453c8a4c-2f5acfaa-67ac6e8eef22a5.58673327'),
(178,'PluginFormcreatorTargetTicket',76,1,1,0,1,'453c8a4c-2f5acfaa-67b74caa1fd277.00317455'),
(179,'PluginFormcreatorTargetTicket',76,2,2,0,1,'453c8a4c-2f5acfaa-67b74caa212ce8.48449351'),
(180,'PluginFormcreatorTargetTicket',76,3,5,209,1,'453c8a4c-2f5acfaa-67b74e3f976d83.28747343'),
(183,'PluginFormcreatorTargetTicket',78,1,1,0,1,'53f3523f-1be54bd6-68d37b3a4d0182.67100628'),
(184,'PluginFormcreatorTargetTicket',78,2,2,0,1,'53f3523f-1be54bd6-68d37b3a4dc757.59776382'),
(185,'PluginFormcreatorTargetTicket',78,3,5,250,1,'53f3523f-1be54bd6-68d37b78a4eb72.86536089'),
(186,'PluginFormcreatorTargetTicket',79,1,1,0,1,'53f3523f-1be54bd6-68d37c5ca3ae34.04971899'),
(187,'PluginFormcreatorTargetTicket',79,2,2,0,1,'53f3523f-1be54bd6-68d37c5ca459b0.66748064'),
(188,'PluginFormcreatorTargetTicket',79,3,5,250,1,'53f3523f-1be54bd6-68d37c8b1c4bc8.04180504'),
(189,'PluginFormcreatorTargetTicket',80,1,1,0,1,'47d8dc3c-aa8ace61-68dbda91a18d84.75871367'),
(190,'PluginFormcreatorTargetTicket',81,1,1,0,1,'53f3523f-6b24044c-6978891ad48377.80596643'),
(191,'PluginFormcreatorTargetTicket',81,2,2,0,1,'53f3523f-6b24044c-6978891ad60934.28423557'),
(192,'PluginFormcreatorTargetTicket',82,1,1,0,1,'53f3523f-6b24044c-697890f798f0f7.81919583'),
(193,'PluginFormcreatorTargetTicket',82,2,2,0,1,'53f3523f-6b24044c-697890f79a3af9.55711728'),
(195,'PluginFormcreatorTargetTicket',81,3,5,252,1,'53f3523f-6b24044c-697891e9da0525.52889615'),
(197,'PluginFormcreatorTargetTicket',82,3,7,8,1,'53f3523f-6b24044c-697b839be50dc8.72884718'),
(198,'PluginFormcreatorTargetTicket',83,1,1,0,1,'53f3523f-6b24044c-697c7644ae5b75.93811986'),
(199,'PluginFormcreatorTargetTicket',83,2,2,0,1,'53f3523f-6b24044c-697c7644afd328.61677082'),
(200,'PluginFormcreatorTargetTicket',83,3,7,9,1,'53f3523f-6b24044c-697c768e18ae77.46331147');

--
-- Table structure for table `glpi_plugin_formcreator_targettickets`
--

CREATE TABLE `glpi_plugin_formcreator_targettickets` (
  `id` int(10) unsigned NOT NULL AUTO_INCREMENT,
  `name` varchar(255) NOT NULL DEFAULT '',
  `plugin_formcreator_forms_id` int(10) unsigned NOT NULL DEFAULT 0,
  `target_name` varchar(255) NOT NULL DEFAULT '',
  `source_rule` int(11) NOT NULL DEFAULT 0,
  `source_question` int(11) NOT NULL DEFAULT 0,
  `type_rule` int(11) NOT NULL DEFAULT 0,
  `type_question` int(10) unsigned NOT NULL DEFAULT 0,
  `tickettemplates_id` int(10) unsigned NOT NULL DEFAULT 0,
  `content` longtext DEFAULT NULL,
  `due_date_rule` int(11) NOT NULL DEFAULT 1,
  `due_date_question` int(10) unsigned NOT NULL DEFAULT 0,
  `due_date_value` tinyint(4) DEFAULT NULL,
  `due_date_period` int(11) NOT NULL DEFAULT 0,
  `urgency_rule` int(11) NOT NULL DEFAULT 1,
  `urgency_question` int(10) unsigned NOT NULL DEFAULT 0,
  `validation_followup` tinyint(1) NOT NULL DEFAULT 1,
  `destination_entity` int(11) NOT NULL DEFAULT 1,
  `destination_entity_value` int(10) unsigned NOT NULL DEFAULT 0,
  `tag_type` int(11) NOT NULL DEFAULT 1,
  `tag_questions` varchar(255) NOT NULL DEFAULT '',
  `tag_specifics` varchar(255) NOT NULL DEFAULT '',
  `category_rule` int(11) NOT NULL DEFAULT 1,
  `category_question` int(10) unsigned NOT NULL DEFAULT 0,
  `associate_rule` int(11) NOT NULL DEFAULT 1,
  `associate_question` int(10) unsigned NOT NULL DEFAULT 0,
  `location_rule` int(11) NOT NULL DEFAULT 1,
  `location_question` int(10) unsigned NOT NULL DEFAULT 0,
  `commonitil_validation_rule` int(11) NOT NULL DEFAULT 1,
  `commonitil_validation_question` varchar(255) DEFAULT NULL,
  `show_rule` int(11) NOT NULL DEFAULT 1,
  `sla_rule` int(11) NOT NULL DEFAULT 1,
  `sla_question_tto` int(10) unsigned NOT NULL DEFAULT 0,
  `sla_question_ttr` int(10) unsigned NOT NULL DEFAULT 0,
  `ola_rule` int(11) NOT NULL DEFAULT 1,
  `ola_question_tto` int(10) unsigned NOT NULL DEFAULT 0,
  `ola_question_ttr` int(10) unsigned NOT NULL DEFAULT 0,
  `uuid` varchar(255) DEFAULT NULL,
  PRIMARY KEY (`id`),
  KEY `tickettemplates_id` (`tickettemplates_id`)
) ENGINE=InnoDB AUTO_INCREMENT=84 DEFAULT CHARSET=utf8mb4 COLLATE=utf8mb4_unicode_ci;

--
-- Dumping data for table `glpi_plugin_formcreator_targettickets`
--

INSERT INTO `glpi_plugin_formcreator_targettickets` VALUES
(19,'Nouvelle demande',15,'Nouvelle demande - ##answer_97##',0,0,1,2,1,'<p>##FULLFORM##</p>',0,0,-30,1,1,0,1,1,0,1,'','',1,0,3,627,1,0,1,'0',1,1,0,0,1,0,0,'63679a48-cf021447-5f2b369b7a6c11.47316234'),
(23,'Signaler un incident de cybersécurité',19,'Signaler un incident de cybersécurité - ##answer_113##',1,7,1,1,0,'<p>##FULLFORM##</p>',0,0,-30,1,1,0,1,1,0,1,'','',1,0,1,0,1,0,1,NULL,1,1,0,0,1,0,0,'63679a48-cf021447-5f2b39388748c2.43508048'),
(48,'Commande de portable',60,'Commande de portable : ##answer_294##',1,7,1,2,0,'<p>##FULLFORM##</p>',0,0,-30,1,3,295,1,5,0,1,'','',1,0,3,321,1,0,1,'0',1,0,20,0,0,0,0,'d1539afb-f26c1d55-62e2fb00374b41.34001372'),
(50,'Demande d\'inscription des utilisateurs',61,'##answer_300##',1,7,1,2,0,'<p>##FULLFORM##</p>',0,0,-30,1,1,0,1,1,0,1,'','',1,0,1,0,1,0,1,NULL,1,1,0,0,1,0,0,'d1539afb-1ac54d1a-631b452cd9b418.03768427'),
(51,'Demande d\'installation de logiciel',62,'##answer_305##',1,7,1,2,0,'<p>##FULLFORM##</p>',0,313,-30,1,3,312,1,7,2,1,'','',3,310,1,0,1,0,1,'0',1,1,0,0,1,0,0,'e40c7dcc-1ac54d1a-6426ce759cbcd7.29899834'),
(52,'Signaler un incident',65,'Signaler un incident - ##answer_620##',1,7,1,1,0,'<p>##FULLFORM##</p>',0,0,-30,1,1,0,1,1,0,1,'','',2,516,1,0,1,0,1,'0',1,1,0,0,1,0,0,'e40c7dcc-5b5e2678-647627533d16e4.12415179'),
(69,'Nouvelle demande',86,'Nouvelle demande - ##answer_532##',1,7,1,1,0,'<p>##FULLFORM##</p>',0,0,-30,1,3,534,1,1,0,1,'','',3,531,1,0,1,0,1,'0',1,1,0,0,1,0,0,'5799dea9-bc999087-664e19f32510d6.64534027'),
(74,'Demande de bordereau de transport de matériel (Entrée / Sortie)',89,'BORDEREAU DE TRANSPORT DE MATERIEL (*ENTREE/ SORTIE )',1,7,1,1,0,'<table style=\"border-collapse: collapse; width: 100.021%; height: 795.312px;\" border=\"1\"><colgroup><col style=\"width: 27.3073%;\"><col style=\"width: 36.3247%;\"><col style=\"width: 36.3247%;\"></colgroup>\r\n<tbody>\r\n<tr style=\"height: 23.2422px;\">\r\n<td style=\"text-align: center;\" colspan=\"3\">BORDEREAU DE TRANSPORT DE MATERIEL (*ENTREE/ SORTIE )</td>\r\n</tr>\r\n<tr style=\"height: 23.2422px;\">\r\n<td colspan=\"3\"> </td>\r\n</tr>\r\n<tr>\r\n<td style=\"text-align: center;\" colspan=\"3\">(* ENTREE / SORTIE )  DE MATERIEL</td>\r\n</tr>\r\n<tr style=\"height: 39.2383px;\">\r\n<td>S\'agit t-il d\'une sortie ou d\'une entrée de matériel ?</td>\r\n<td style=\"text-align: center;\" colspan=\"2\">\r\n<p><span style=\"color: #000000;\"><span style=\"font-family: inter, -apple-system, blinkmacsystemfont, \'san francisco\', \'segoe ui\', roboto, \'helvetica neue\', sans-serif; font-size: 14px; font-style: normal; font-variant-ligatures: no-contextual; font-variant-caps: normal; font-weight: 400; letter-spacing: normal; orphans: 2; text-align: start; text-indent: 0px; text-transform: none; widows: 2; word-spacing: 0px; -webkit-text-stroke-width: 0px; white-space: normal; background-color: #ffffff; float: none; display: inline !important;\">##answer_548##</span><span style=\"font-family: inter, -apple-system, blinkmacsystemfont, \'san francisco\', \'segoe ui\', roboto, \'helvetica neue\', sans-serif; font-size: 14px; font-style: normal; font-variant-ligatures: no-contextual; font-variant-caps: normal; font-weight: 400; letter-spacing: normal; orphans: 2; text-align: start; text-indent: 0px; text-transform: none; widows: 2; word-spacing: 0px; -webkit-text-stroke-width: 0px; white-space: normal; background-color: #ffffff; float: none; display: inline !important;\"><br></span></span></p>\r\n</td>\r\n</tr>\r\n<tr style=\"height: 23.2422px;\">\r\n<td><span style=\"color: #000000;\"> </span></td>\r\n<td><span style=\"color: #000000;\">AGENTS DU DEPARTEMENT</span></td>\r\n<td><span style=\"color: #000000;\">PRESTATAIRE EXTERIEUR</span></td>\r\n</tr>\r\n<tr style=\"height: 43.2422px;\">\r\n<td>NOM, PRENOM de(s) personne(s) autorisant(s)(*Entrée /Sortie ) du matériel :</td>\r\n<td><span style=\"color: #000000; font-family: inter, -apple-system, blinkmacsystemfont, \'san francisco\', \'segoe ui\', roboto, \'helvetica neue\', sans-serif; font-size: 14px; font-style: normal; font-variant-ligatures: no-contextual; font-variant-caps: normal; font-weight: 400; letter-spacing: normal; orphans: 2; text-align: start; text-indent: 0px; text-transform: none; widows: 2; word-spacing: 0px; -webkit-text-stroke-width: 0px; white-space: normal; background-color: #ffffff; float: none; display: inline !important;\">##answer_549##</span></td>\r\n<td><span style=\"color: #000000; font-family: inter, -apple-system, blinkmacsystemfont, \'san francisco\', \'segoe ui\', roboto, \'helvetica neue\', sans-serif; font-size: 14px; font-style: normal; font-variant-ligatures: no-contextual; font-variant-caps: normal; font-weight: 400; letter-spacing: normal; orphans: 2; text-align: start; text-indent: 0px; text-transform: none; widows: 2; word-spacing: 0px; -webkit-text-stroke-width: 0px; white-space: normal; background-color: #ffffff; float: none; display: inline !important;\">##answer_551##</span></td>\r\n</tr>\r\n<tr style=\"height: 23.2422px;\">\r\n<td>Direction-service/société</td>\r\n<td colspan=\"2\"><span style=\"color: #000000; font-family: inter, -apple-system, blinkmacsystemfont, \'san francisco\', \'segoe ui\', roboto, \'helvetica neue\', sans-serif; font-size: 14px; font-style: normal; font-variant-ligatures: no-contextual; font-variant-caps: normal; font-weight: 400; letter-spacing: normal; orphans: 2; text-align: start; text-indent: 0px; text-transform: none; widows: 2; word-spacing: 0px; -webkit-text-stroke-width: 0px; white-space: normal; background-color: #ffffff; float: none; display: inline !important;\">##answer_550##</span></td>\r\n</tr>\r\n<tr style=\"height: 23.2422px;\">\r\n<td>Indication du site de (* Entrée / Sortie )</td>\r\n<td colspan=\"2\"><span style=\"color: #000000; font-family: inter, -apple-system, blinkmacsystemfont, \'san francisco\', \'segoe ui\', roboto, \'helvetica neue\', sans-serif; font-size: 14px; font-style: normal; font-variant-ligatures: no-contextual; font-variant-caps: normal; font-weight: 400; letter-spacing: normal; orphans: 2; text-align: start; text-indent: 0px; text-transform: none; widows: 2; word-spacing: 0px; -webkit-text-stroke-width: 0px; white-space: normal; background-color: #ffffff; float: none; display: inline !important;\">##answer_552##</span></td>\r\n</tr>\r\n<tr style=\"height: 23.2422px;\">\r\n<td>Date :</td>\r\n<td colspan=\"2\"><span style=\"color: #000000; font-family: inter, -apple-system, blinkmacsystemfont, \'san francisco\', \'segoe ui\', roboto, \'helvetica neue\', sans-serif; font-size: 14px; font-style: normal; font-variant-ligatures: no-contextual; font-variant-caps: normal; font-weight: 400; letter-spacing: normal; orphans: 2; text-align: start; text-indent: 0px; text-transform: none; widows: 2; word-spacing: 0px; -webkit-text-stroke-width: 0px; white-space: normal; background-color: #ffffff; float: none; display: inline !important;\">##answer_553##</span></td>\r\n</tr>\r\n<tr style=\"height: 23.2422px;\">\r\n<td>Type de matériel (nombre) - N° série</td>\r\n<td colspan=\"2\"><span style=\"color: #000000; font-family: inter, -apple-system, blinkmacsystemfont, \'san francisco\', \'segoe ui\', roboto, \'helvetica neue\', sans-serif; font-size: 14px; font-style: normal; font-variant-ligatures: no-contextual; font-variant-caps: normal; font-weight: 400; letter-spacing: normal; orphans: 2; text-align: start; text-indent: 0px; text-transform: none; widows: 2; word-spacing: 0px; -webkit-text-stroke-width: 0px; white-space: normal; background-color: #ffffff; float: none; display: inline !important;\">##answer_556## : <span style=\"font-family: inter, -apple-system, blinkmacsystemfont, \'san francisco\', \'segoe ui\', roboto, \'helvetica neue\', sans-serif; font-size: 14px; font-style: normal; font-variant-ligatures: no-contextual; font-variant-caps: normal; font-weight: 400; letter-spacing: normal; orphans: 2; text-align: start; text-indent: 0px; text-transform: none; widows: 2; word-spacing: 0px; -webkit-text-stroke-width: 0px; white-space: normal; background-color: #ffffff; float: none; display: inline !important;\">##answer_589##</span></span></td>\r\n</tr>\r\n<tr style=\"height: 23.2422px;\">\r\n<td>Type de matériel (nombre) - N° série</td>\r\n<td colspan=\"2\"><span style=\"color: #000000; font-family: inter, -apple-system, blinkmacsystemfont, \'san francisco\', \'segoe ui\', roboto, \'helvetica neue\', sans-serif; font-size: 14px; font-style: normal; font-variant-ligatures: no-contextual; font-variant-caps: normal; font-weight: 400; letter-spacing: normal; orphans: 2; text-align: start; text-indent: 0px; text-transform: none; widows: 2; word-spacing: 0px; -webkit-text-stroke-width: 0px; white-space: normal; background-color: #ffffff; float: none; display: inline !important;\">##answer_558## : <span style=\"font-family: inter, -apple-system, blinkmacsystemfont, \'san francisco\', \'segoe ui\', roboto, \'helvetica neue\', sans-serif; font-size: 14px; font-style: normal; font-variant-ligatures: no-contextual; font-variant-caps: normal; font-weight: 400; letter-spacing: normal; orphans: 2; text-align: start; text-indent: 0px; text-transform: none; widows: 2; word-spacing: 0px; -webkit-text-stroke-width: 0px; white-space: normal; background-color: #ffffff; float: none; display: inline !important;\">##answer_590##</span></span></td>\r\n</tr>\r\n<tr style=\"height: 23.2422px;\">\r\n<td>Type de matériel (nombre) - N° série</td>\r\n<td colspan=\"2\"><span style=\"color: #000000; font-family: inter, -apple-system, blinkmacsystemfont, \'san francisco\', \'segoe ui\', roboto, \'helvetica neue\', sans-serif; font-size: 14px; font-style: normal; font-variant-ligatures: no-contextual; font-variant-caps: normal; font-weight: 400; letter-spacing: normal; orphans: 2; text-align: start; text-indent: 0px; text-transform: none; widows: 2; word-spacing: 0px; -webkit-text-stroke-width: 0px; white-space: normal; background-color: #ffffff; float: none; display: inline !important;\">##answer_561## : <span style=\"font-family: inter, -apple-system, blinkmacsystemfont, \'san francisco\', \'segoe ui\', roboto, \'helvetica neue\', sans-serif; font-size: 14px; font-style: normal; font-variant-ligatures: no-contextual; font-variant-caps: normal; font-weight: 400; letter-spacing: normal; orphans: 2; text-align: start; text-indent: 0px; text-transform: none; widows: 2; word-spacing: 0px; -webkit-text-stroke-width: 0px; white-space: normal; background-color: #ffffff; float: none; display: inline !important;\">##answer_592##</span></span></td>\r\n</tr>\r\n<tr style=\"height: 23.2422px;\">\r\n<td>Type de matériel (nombre) - N° série</td>\r\n<td colspan=\"2\"><span style=\"color: #000000; font-family: inter, -apple-system, blinkmacsystemfont, \'san francisco\', \'segoe ui\', roboto, \'helvetica neue\', sans-serif; font-size: 14px; font-style: normal; font-variant-ligatures: no-contextual; font-variant-caps: normal; font-weight: 400; letter-spacing: normal; orphans: 2; text-align: start; text-indent: 0px; text-transform: none; widows: 2; word-spacing: 0px; -webkit-text-stroke-width: 0px; white-space: normal; background-color: #ffffff; float: none; display: inline !important;\">##answer_562## : <span style=\"font-family: inter, -apple-system, blinkmacsystemfont, \'san francisco\', \'segoe ui\', roboto, \'helvetica neue\', sans-serif; font-size: 14px; font-style: normal; font-variant-ligatures: no-contextual; font-variant-caps: normal; font-weight: 400; letter-spacing: normal; orphans: 2; text-align: start; text-indent: 0px; text-transform: none; widows: 2; word-spacing: 0px; -webkit-text-stroke-width: 0px; white-space: normal; background-color: #ffffff; float: none; display: inline !important;\">##answer_591##</span></span></td>\r\n</tr>\r\n<tr style=\"height: 23.2422px;\">\r\n<td>Type de matériel (nombre) - N° série</td>\r\n<td><span style=\"color: #000000; font-family: inter, -apple-system, blinkmacsystemfont, \'san francisco\', \'segoe ui\', roboto, \'helvetica neue\', sans-serif; font-size: 14px; font-style: normal; font-variant-ligatures: no-contextual; font-variant-caps: normal; font-weight: 400; letter-spacing: normal; orphans: 2; text-align: start; text-indent: 0px; text-transform: none; widows: 2; word-spacing: 0px; -webkit-text-stroke-width: 0px; white-space: normal; background-color: #ffffff; float: none; display: inline !important;\">##answer_593##</span></td>\r\n<td><span style=\"color: #000000; font-family: inter, -apple-system, blinkmacsystemfont, \'san francisco\', \'segoe ui\', roboto, \'helvetica neue\', sans-serif; font-size: 14px; font-style: normal; font-variant-ligatures: no-contextual; font-variant-caps: normal; font-weight: 400; letter-spacing: normal; orphans: 2; text-align: start; text-indent: 0px; text-transform: none; widows: 2; word-spacing: 0px; -webkit-text-stroke-width: 0px; white-space: normal; background-color: #ffffff; float: none; display: inline !important;\"><span style=\"font-family: inter, -apple-system, blinkmacsystemfont, \'san francisco\', \'segoe ui\', roboto, \'helvetica neue\', sans-serif; font-size: 14px; font-style: normal; font-variant-ligatures: no-contextual; font-variant-caps: normal; font-weight: 400; letter-spacing: normal; orphans: 2; text-align: start; text-indent: 0px; text-transform: none; widows: 2; word-spacing: 0px; -webkit-text-stroke-width: 0px; white-space: normal; background-color: #ffffff; float: none; display: inline !important;\">##answer_594##</span></span></td>\r\n</tr>\r\n<tr style=\"height: 23.2422px;\">\r\n<td><span style=\"font-family: inter, -apple-system, blinkmacsystemfont, \'san francisco\', \'segoe ui\', roboto, \'helvetica neue\', sans-serif; font-size: 14px; font-style: normal; font-variant-ligatures: no-contextual; font-variant-caps: normal; font-weight: 400; letter-spacing: normal; orphans: 2; text-align: start; text-indent: 0px; text-transform: none; widows: 2; word-spacing: 0px; -webkit-text-stroke-width: 0px; white-space: normal; float: none; display: inline !important;\"><span style=\"font-family: inter, -apple-system, blinkmacsystemfont, \'san francisco\', \'segoe ui\', roboto, \'helvetica neue\', sans-serif; font-size: 14px; font-style: normal; font-variant-ligatures: no-contextual; font-variant-caps: normal; font-weight: 400; letter-spacing: normal; orphans: 2; text-align: start; text-indent: 0px; text-transform: none; widows: 2; word-spacing: 0px; -webkit-text-stroke-width: 0px; white-space: normal; float: none; display: inline !important;\"><span style=\"font-family: inter, -apple-system, blinkmacsystemfont, \'san francisco\', \'segoe ui\', roboto, \'helvetica neue\', sans-serif; font-size: 14px; font-style: normal; font-variant-ligatures: no-contextual; font-variant-caps: normal; font-weight: 400; letter-spacing: normal; orphans: 2; text-align: start; text-indent: 0px; text-transform: none; widows: 2; word-spacing: 0px; -webkit-text-stroke-width: 0px; white-space: normal; float: none; display: inline !important;\">VISA ET CACHET :</span></span></span></td>\r\n<td><span style=\"color: #000000; font-family: inter, -apple-system, blinkmacsystemfont, \'san francisco\', \'segoe ui\', roboto, \'helvetica neue\', sans-serif; font-size: 14px; font-style: normal; font-variant-ligatures: no-contextual; font-variant-caps: normal; font-weight: 400; letter-spacing: normal; orphans: 2; text-align: start; text-indent: 0px; text-transform: none; widows: 2; word-spacing: 0px; -webkit-text-stroke-width: 0px; white-space: normal; background-color: #ffffff; float: none; display: inline !important;\"><span style=\"font-family: inter, -apple-system, blinkmacsystemfont, \'san francisco\', \'segoe ui\', roboto, \'helvetica neue\', sans-serif; font-size: 14px; font-style: normal; font-variant-ligatures: no-contextual; font-variant-caps: normal; font-weight: 400; letter-spacing: normal; orphans: 2; text-align: start; text-indent: 0px; text-transform: none; widows: 2; word-spacing: 0px; -webkit-text-stroke-width: 0px; white-space: normal; background-color: #ffffff; float: none; display: inline !important;\">##answer_580##</span></span></td>\r\n<td><span style=\"color: #000000; font-family: inter, -apple-system, blinkmacsystemfont, \'san francisco\', \'segoe ui\', roboto, \'helvetica neue\', sans-serif; font-size: 14px; font-style: normal; font-variant-ligatures: no-contextual; font-variant-caps: normal; font-weight: 400; letter-spacing: normal; orphans: 2; text-align: start; text-indent: 0px; text-transform: none; widows: 2; word-spacing: 0px; -webkit-text-stroke-width: 0px; white-space: normal; background-color: #ffffff; float: none; display: inline !important;\"><span style=\"font-family: inter, -apple-system, blinkmacsystemfont, \'san francisco\', \'segoe ui\', roboto, \'helvetica neue\', sans-serif; font-size: 14px; font-style: normal; font-variant-ligatures: no-contextual; font-variant-caps: normal; font-weight: 400; letter-spacing: normal; orphans: 2; text-align: start; text-indent: 0px; text-transform: none; widows: 2; word-spacing: 0px; -webkit-text-stroke-width: 0px; white-space: normal; background-color: #ffffff; float: none; display: inline !important;\"> <span style=\"font-family: inter, -apple-system, blinkmacsystemfont, \'san francisco\', \'segoe ui\', roboto, \'helvetica neue\', sans-serif; font-size: 14px; font-style: normal; font-variant-ligatures: no-contextual; font-variant-caps: normal; font-weight: 400; letter-spacing: normal; orphans: 2; text-align: start; text-indent: 0px; text-transform: none; widows: 2; word-spacing: 0px; -webkit-text-stroke-width: 0px; white-space: normal; background-color: #ffffff; float: none; display: inline !important;\">##answer_581##</span></span></span></td>\r\n</tr>\r\n<tr style=\"height: 23.2422px;\">\r\n<td colspan=\"3\"><span style=\"color: #1e293b; font-family: inter, -apple-system, blinkmacsystemfont, \'san francisco\', \'segoe ui\', roboto, \'helvetica neue\', sans-serif; font-size: 14px; font-style: normal; font-variant-ligatures: no-contextual; font-variant-caps: normal; font-weight: 400; letter-spacing: normal; orphans: 2; text-align: start; text-indent: 0px; text-transform: none; widows: 2; word-spacing: 0px; -webkit-text-stroke-width: 0px; white-space: normal; background-color: #ffffff; text-decoration-thickness: initial; text-decoration-style: initial; text-decoration-color: initial; display: inline !important; float: none;\"><span style=\"color: #1e293b; font-family: inter, -apple-system, blinkmacsystemfont, \'san francisco\', \'segoe ui\', roboto, \'helvetica neue\', sans-serif; font-size: 14px; font-style: normal; font-variant-ligatures: no-contextual; font-variant-caps: normal; font-weight: 400; letter-spacing: normal; orphans: 2; text-align: start; text-indent: 0px; text-transform: none; widows: 2; word-spacing: 0px; -webkit-text-stroke-width: 0px; white-space: normal; background-color: #ffffff; text-decoration-thickness: initial; text-decoration-style: initial; text-decoration-color: initial; display: inline !important; float: none;\"> </span></span></td>\r\n</tr>\r\n<tr style=\"height: 23.2422px;\">\r\n<td style=\"text-align: center;\" colspan=\"3\"><span style=\"font-family: inter, -apple-system, blinkmacsystemfont, \'san francisco\', \'segoe ui\', roboto, \'helvetica neue\', sans-serif; font-size: 14px; font-style: normal; font-variant-ligatures: no-contextual; font-variant-caps: normal; font-weight: 400; letter-spacing: normal; orphans: 2; text-align: start; text-indent: 0px; text-transform: none; widows: 2; word-spacing: 0px; -webkit-text-stroke-width: 0px; white-space: normal; float: none; display: inline !important;\"><span style=\"font-family: inter, -apple-system, blinkmacsystemfont, \'san francisco\', \'segoe ui\', roboto, \'helvetica neue\', sans-serif; font-size: 14px; font-style: normal; font-variant-ligatures: no-contextual; font-variant-caps: normal; font-weight: 400; letter-spacing: normal; orphans: 2; text-align: start; text-indent: 0px; text-transform: none; widows: 2; word-spacing: 0px; -webkit-text-stroke-width: 0px; white-space: normal; float: none; display: inline !important;\">PARTIE RESERVEE SECURITE </span></span></td>\r\n</tr>\r\n<tr style=\"height: 63.2422px;\">\r\n<td>NOM, PRENOM, FONCTION,SERVICE SOCIETE de la personne ayant effectué le contrôle (*entrée / sortie ) de matériel</td>\r\n<td colspan=\"2\"><span style=\"color: #1e293b; font-family: inter, -apple-system, blinkmacsystemfont, \'san francisco\', \'segoe ui\', roboto, \'helvetica neue\', sans-serif; font-size: 14px; font-style: normal; font-variant-ligatures: no-contextual; font-variant-caps: normal; font-weight: 400; letter-spacing: normal; orphans: 2; text-align: start; text-indent: 0px; text-transform: none; widows: 2; word-spacing: 0px; -webkit-text-stroke-width: 0px; white-space: normal; background-color: #ffffff; text-decoration-thickness: initial; text-decoration-style: initial; text-decoration-color: initial; display: inline !important; float: none;\"><br></span><span style=\"color: #1e293b; font-family: inter, -apple-system, blinkmacsystemfont, \'san francisco\', \'segoe ui\', roboto, \'helvetica neue\', sans-serif; font-size: 14px; font-style: normal; font-variant-ligatures: no-contextual; font-variant-caps: normal; font-weight: 400; letter-spacing: normal; orphans: 2; text-align: start; text-indent: 0px; text-transform: none; widows: 2; word-spacing: 0px; -webkit-text-stroke-width: 0px; white-space: normal; background-color: #ffffff; text-decoration-thickness: initial; text-decoration-style: initial; text-decoration-color: initial; display: inline !important; float: none;\"><span style=\"color: #1e293b; font-family: inter, -apple-system, blinkmacsystemfont, \'san francisco\', \'segoe ui\', roboto, \'helvetica neue\', sans-serif; font-size: 14px; font-style: normal; font-variant-ligatures: no-contextual; font-variant-caps: normal; font-weight: 400; letter-spacing: normal; orphans: 2; text-align: start; text-indent: 0px; text-transform: none; widows: 2; word-spacing: 0px; -webkit-text-stroke-width: 0px; white-space: normal; background-color: #ffffff; text-decoration-thickness: initial; text-decoration-style: initial; text-decoration-color: initial; display: inline !important; float: none;\"><br></span></span></td>\r\n</tr>\r\n<tr style=\"height: 43.2422px;\">\r\n<td>Date : </td>\r\n<td colspan=\"2\"><span style=\"color: #1e293b; font-family: inter, -apple-system, blinkmacsystemfont, \'san francisco\', \'segoe ui\', roboto, \'helvetica neue\', sans-serif; font-size: 14px; font-style: normal; font-variant-ligatures: no-contextual; font-variant-caps: normal; font-weight: 400; letter-spacing: normal; orphans: 2; text-align: start; text-indent: 0px; text-transform: none; widows: 2; word-spacing: 0px; -webkit-text-stroke-width: 0px; white-space: normal; background-color: #ffffff; text-decoration-thickness: initial; text-decoration-style: initial; text-decoration-color: initial; display: inline !important; float: none;\"><span style=\"color: #1e293b; font-family: inter, -apple-system, blinkmacsystemfont, \'san francisco\', \'segoe ui\', roboto, \'helvetica neue\', sans-serif; font-size: 14px; font-style: normal; font-variant-ligatures: no-contextual; font-variant-caps: normal; font-weight: 400; letter-spacing: normal; orphans: 2; text-align: start; text-indent: 0px; text-transform: none; widows: 2; word-spacing: 0px; -webkit-text-stroke-width: 0px; white-space: normal; background-color: #ffffff; text-decoration-thickness: initial; text-decoration-style: initial; text-decoration-color: initial; display: inline !important; float: none;\"> </span></span></td>\r\n</tr>\r\n<tr style=\"height: 43.2422px;\">\r\n<td>Correspondance matériel / observation(s) / VISA</td>\r\n<td colspan=\"2\"><span style=\"color: #1e293b; font-family: inter, -apple-system, blinkmacsystemfont, \'san francisco\', \'segoe ui\', roboto, \'helvetica neue\', sans-serif; font-size: 14px; font-style: normal; font-variant-ligatures: no-contextual; font-variant-caps: normal; font-weight: 400; letter-spacing: normal; orphans: 2; text-align: start; text-indent: 0px; text-transform: none; widows: 2; word-spacing: 0px; -webkit-text-stroke-width: 0px; white-space: normal; background-color: #ffffff; text-decoration-thickness: initial; text-decoration-style: initial; text-decoration-color: initial; display: inline !important; float: none;\"><br></span><span style=\"color: #1e293b; font-family: inter, -apple-system, blinkmacsystemfont, \'san francisco\', \'segoe ui\', roboto, \'helvetica neue\', sans-serif; font-size: 14px; font-style: normal; font-variant-ligatures: no-contextual; font-variant-caps: normal; font-weight: 400; letter-spacing: normal; orphans: 2; text-align: start; text-indent: 0px; text-transform: none; widows: 2; word-spacing: 0px; -webkit-text-stroke-width: 0px; white-space: normal; background-color: #ffffff; text-decoration-thickness: initial; text-decoration-style: initial; text-decoration-color: initial; display: inline !important; float: none;\"><span style=\"color: #1e293b; font-family: inter, -apple-system, blinkmacsystemfont, \'san francisco\', \'segoe ui\', roboto, \'helvetica neue\', sans-serif; font-size: 14px; font-style: normal; font-variant-ligatures: no-contextual; font-variant-caps: normal; font-weight: 400; letter-spacing: normal; orphans: 2; text-align: start; text-indent: 0px; text-transform: none; widows: 2; word-spacing: 0px; -webkit-text-stroke-width: 0px; white-space: normal; background-color: #ffffff; text-decoration-thickness: initial; text-decoration-style: initial; text-decoration-color: initial; display: inline !important; float: none;\"><br></span></span></td>\r\n</tr>\r\n<tr style=\"height: 23.2422px;\">\r\n<td colspan=\"3\"><span style=\"color: #1e293b; font-family: inter, -apple-system, blinkmacsystemfont, \'san francisco\', \'segoe ui\', roboto, \'helvetica neue\', sans-serif; font-size: 14px; font-style: normal; font-variant-ligatures: no-contextual; font-variant-caps: normal; font-weight: 400; letter-spacing: normal; orphans: 2; text-align: start; text-indent: 0px; text-transform: none; widows: 2; word-spacing: 0px; -webkit-text-stroke-width: 0px; white-space: normal; background-color: #ffffff; text-decoration-thickness: initial; text-decoration-style: initial; text-decoration-color: initial; display: inline !important; float: none;\"><span style=\"color: #1e293b; font-family: inter, -apple-system, blinkmacsystemfont, \'san francisco\', \'segoe ui\', roboto, \'helvetica neue\', sans-serif; font-size: 14px; font-style: normal; font-variant-ligatures: no-contextual; font-variant-caps: normal; font-weight: 400; letter-spacing: normal; orphans: 2; text-align: start; text-indent: 0px; text-transform: none; widows: 2; word-spacing: 0px; -webkit-text-stroke-width: 0px; white-space: normal; background-color: #ffffff; text-decoration-thickness: initial; text-decoration-style: initial; text-decoration-color: initial; display: inline !important; float: none;\"> </span></span></td>\r\n</tr>\r\n<tr style=\"height: 23.2422px;\">\r\n<td style=\"text-align: left;\" colspan=\"3\"><span style=\"font-family: inter, -apple-system, blinkmacsystemfont, \'san francisco\', \'segoe ui\', roboto, \'helvetica neue\', sans-serif; font-size: 14px; font-style: normal; font-variant-ligatures: no-contextual; font-variant-caps: normal; font-weight: 400; letter-spacing: normal; orphans: 2; text-align: start; text-indent: 0px; text-transform: none; widows: 2; word-spacing: 0px; -webkit-text-stroke-width: 0px; white-space: normal; text-decoration-thickness: initial; text-decoration-style: initial; text-decoration-color: initial; float: none; display: inline !important;\"><span style=\"font-family: inter, -apple-system, blinkmacsystemfont, \'san francisco\', \'segoe ui\', roboto, \'helvetica neue\', sans-serif; font-size: 14px; font-style: normal; font-variant-ligatures: no-contextual; font-variant-caps: normal; font-weight: 400; letter-spacing: normal; orphans: 2; text-align: start; text-indent: 0px; text-transform: none; widows: 2; word-spacing: 0px; -webkit-text-stroke-width: 0px; white-space: normal; text-decoration-thickness: initial; text-decoration-style: initial; text-decoration-color: initial; float: none; display: inline !important;\">&gt;&gt;&gt; MODALITES &lt;&lt;&lt;        <br>1. L\'intervenant transportant du matériel, se présentera OBLIGATOIREMENT à l\'agent en poste à (* Entrée / Sortie  )du parking.        <br>2. Vérification de la conformité du bon de transport de matériel par l\'agent en poste.        <br>3. Toute incohérence empêchera la sortie de site.         <br>4. * Rayer ou barrer la mention inutile</span></span></td>\r\n</tr>\r\n<tr style=\"height: 33.1836px;\">\r\n<td style=\"text-align: center;\" rowspan=\"2\">\r\n<p> </p>\r\n<p><span style=\"color: #000000;\">DSD ASSISTANCE : </span><br><span style=\"color: #000000;\">7 70 95 / 7 70 96</span></p>\r\n<p><span style=\"color: #000000;\">OUVERT DU </span><br><span style=\"color: #000000;\">LUNDI AU VENDREDI</span><br><span style=\"color: #000000;\">de 06h00 à 18h00</span></p>\r\n<span style=\"color: #1e293b; font-family: inter, -apple-system, blinkmacsystemfont, \'san francisco\', \'segoe ui\', roboto, \'helvetica neue\', sans-serif; font-size: 14px; font-style: normal; font-variant-ligatures: no-contextual; font-variant-caps: normal; font-weight: 400; letter-spacing: normal; orphans: 2; text-align: start; text-indent: 0px; text-transform: none; widows: 2; word-spacing: 0px; -webkit-text-stroke-width: 0px; white-space: normal; background-color: #ffffff; text-decoration-thickness: initial; text-decoration-style: initial; text-decoration-color: initial; display: inline !important; float: none;\"><span style=\"color: #1e293b; font-family: inter, -apple-system, blinkmacsystemfont, \'san francisco\', \'segoe ui\', roboto, \'helvetica neue\', sans-serif; font-size: 14px; font-style: normal; font-variant-ligatures: no-contextual; font-variant-caps: normal; font-weight: 400; letter-spacing: normal; orphans: 2; text-align: start; text-indent: 0px; text-transform: none; widows: 2; word-spacing: 0px; -webkit-text-stroke-width: 0px; white-space: normal; background-color: #ffffff; text-decoration-thickness: initial; text-decoration-style: initial; text-decoration-color: initial; display: inline !important; float: none;\"><span style=\"color: #1e293b; font-family: inter, -apple-system, blinkmacsystemfont, \'san francisco\', \'segoe ui\', roboto, \'helvetica neue\', sans-serif; font-size: 14px; font-style: normal; font-variant-ligatures: no-contextual; font-variant-caps: normal; font-weight: 400; letter-spacing: normal; orphans: 2; text-align: start; text-indent: 0px; text-transform: none; widows: 2; word-spacing: 0px; -webkit-text-stroke-width: 0px; white-space: normal; background-color: #ffffff; text-decoration-thickness: initial; text-decoration-style: initial; text-decoration-color: initial; display: inline !important; float: none;\"><span style=\"color: #1e293b; font-family: inter, -apple-system, blinkmacsystemfont, \'san francisco\', \'segoe ui\', roboto, \'helvetica neue\', sans-serif; font-size: 14px; font-style: normal; font-variant-ligatures: no-contextual; font-variant-caps: normal; font-weight: 400; letter-spacing: normal; orphans: 2; text-align: start; text-indent: 0px; text-transform: none; widows: 2; word-spacing: 0px; -webkit-text-stroke-width: 0px; white-space: normal; background-color: #ffffff; text-decoration-thickness: initial; text-decoration-style: initial; text-decoration-color: initial; display: inline !important; float: none;\"><span style=\"color: #1e293b; font-family: inter, -apple-system, blinkmacsystemfont, \'san francisco\', \'segoe ui\', roboto, \'helvetica neue\', sans-serif; font-size: 14px; font-style: normal; font-variant-ligatures: no-contextual; font-variant-caps: normal; font-weight: 400; letter-spacing: normal; orphans: 2; text-align: start; text-indent: 0px; text-transform: none; widows: 2; word-spacing: 0px; -webkit-text-stroke-width: 0px; white-space: normal; background-color: #ffffff; text-decoration-thickness: initial; text-decoration-style: initial; text-decoration-color: initial; display: inline !important; float: none;\"><br></span></span></span></span></span></td>\r\n<td style=\"text-align: center;\" colspan=\"2\"><span style=\"font-family: inter, -apple-system, blinkmacsystemfont, \'san francisco\', \'segoe ui\', roboto, \'helvetica neue\', sans-serif; font-size: 14px; font-style: normal; font-variant-ligatures: no-contextual; font-variant-caps: normal; font-weight: 400; letter-spacing: normal; orphans: 2; text-align: start; text-indent: 0px; text-transform: none; widows: 2; word-spacing: 0px; -webkit-text-stroke-width: 0px; white-space: normal; float: none; display: inline !important;\"><span style=\"font-family: inter, -apple-system, blinkmacsystemfont, \'san francisco\', \'segoe ui\', roboto, \'helvetica neue\', sans-serif; font-size: 14px; font-style: normal; font-variant-ligatures: no-contextual; font-variant-caps: normal; font-weight: 400; letter-spacing: normal; orphans: 2; text-align: start; text-indent: 0px; text-transform: none; widows: 2; word-spacing: 0px; -webkit-text-stroke-width: 0px; white-space: normal; float: none; display: inline !important;\"><span style=\"font-family: inter, -apple-system, blinkmacsystemfont, \'san francisco\', \'segoe ui\', roboto, \'helvetica neue\', sans-serif; font-size: 14px; font-style: normal; font-variant-ligatures: no-contextual; font-variant-caps: normal; font-weight: 400; letter-spacing: normal; orphans: 2; text-align: start; text-indent: 0px; text-transform: none; widows: 2; word-spacing: 0px; -webkit-text-stroke-width: 0px; white-space: normal; float: none; display: inline !important;\"><span style=\"font-family: inter, -apple-system, blinkmacsystemfont, \'san francisco\', \'segoe ui\', roboto, \'helvetica neue\', sans-serif; font-size: 14px; font-style: normal; font-variant-ligatures: no-contextual; font-variant-caps: normal; font-weight: 400; letter-spacing: normal; orphans: 2; text-align: start; text-indent: 0px; text-transform: none; widows: 2; word-spacing: 0px; -webkit-text-stroke-width: 0px; white-space: normal; float: none; display: inline !important;\"><span style=\"font-family: inter, -apple-system, blinkmacsystemfont, \'san francisco\', \'segoe ui\', roboto, \'helvetica neue\', sans-serif; font-size: 14px; font-style: normal; font-variant-ligatures: no-contextual; font-variant-caps: normal; font-weight: 400; letter-spacing: normal; orphans: 2; text-align: start; text-indent: 0px; text-transform: none; widows: 2; word-spacing: 0px; -webkit-text-stroke-width: 0px; white-space: normal; float: none; display: inline !important;\"><span style=\"font-family: inter, -apple-system, blinkmacsystemfont, \'san francisco\', \'segoe ui\', roboto, \'helvetica neue\', sans-serif; font-size: 14px; font-style: normal; font-variant-ligatures: no-contextual; font-variant-caps: normal; font-weight: 400; letter-spacing: normal; orphans: 2; text-align: start; text-indent: 0px; text-transform: none; widows: 2; word-spacing: 0px; -webkit-text-stroke-width: 0px; white-space: normal; float: none; display: inline !important;\">VISA ET CACHET DU CHEF DE LA SECURITE OPERATIONNEL (DSD)</span></span></span></span></span></span></td>\r\n</tr>\r\n<tr style=\"height: 158.047px;\">\r\n<td style=\"text-align: center;\" colspan=\"2\"><span style=\"color: #1e293b; font-family: inter, -apple-system, blinkmacsystemfont, \'san francisco\', \'segoe ui\', roboto, \'helvetica neue\', sans-serif; font-size: 14px; font-style: normal; font-variant-ligatures: no-contextual; font-variant-caps: normal; font-weight: 400; letter-spacing: normal; orphans: 2; text-align: start; text-indent: 0px; text-transform: none; widows: 2; word-spacing: 0px; -webkit-text-stroke-width: 0px; white-space: normal; background-color: #ffffff; text-decoration-thickness: initial; text-decoration-style: initial; text-decoration-color: initial; display: inline !important; float: none;\"><span style=\"color: #1e293b; font-family: inter, -apple-system, blinkmacsystemfont, \'san francisco\', \'segoe ui\', roboto, \'helvetica neue\', sans-serif; font-size: 14px; font-style: normal; font-variant-ligatures: no-contextual; font-variant-caps: normal; font-weight: 400; letter-spacing: normal; orphans: 2; text-align: start; text-indent: 0px; text-transform: none; widows: 2; word-spacing: 0px; -webkit-text-stroke-width: 0px; white-space: normal; background-color: #ffffff; text-decoration-thickness: initial; text-decoration-style: initial; text-decoration-color: initial; display: inline !important; float: none;\"><span style=\"color: #1e293b; font-family: inter, -apple-system, blinkmacsystemfont, \'san francisco\', \'segoe ui\', roboto, \'helvetica neue\', sans-serif; font-size: 14px; font-style: normal; font-variant-ligatures: no-contextual; font-variant-caps: normal; font-weight: 400; letter-spacing: normal; orphans: 2; text-align: start; text-indent: 0px; text-transform: none; widows: 2; word-spacing: 0px; -webkit-text-stroke-width: 0px; white-space: normal; background-color: #ffffff; text-decoration-thickness: initial; text-decoration-style: initial; text-decoration-color: initial; display: inline !important; float: none;\"><span style=\"color: #1e293b; font-family: inter, -apple-system, blinkmacsystemfont, \'san francisco\', \'segoe ui\', roboto, \'helvetica neue\', sans-serif; font-size: 14px; font-style: normal; font-variant-ligatures: no-contextual; font-variant-caps: normal; font-weight: 400; letter-spacing: normal; orphans: 2; text-align: start; text-indent: 0px; text-transform: none; widows: 2; word-spacing: 0px; -webkit-text-stroke-width: 0px; white-space: normal; background-color: #ffffff; text-decoration-thickness: initial; text-decoration-style: initial; text-decoration-color: initial; display: inline !important; float: none;\"><span style=\"color: #1e293b; font-family: inter, -apple-system, blinkmacsystemfont, \'san francisco\', \'segoe ui\', roboto, \'helvetica neue\', sans-serif; font-size: 14px; font-style: normal; font-variant-ligatures: no-contextual; font-variant-caps: normal; font-weight: 400; letter-spacing: normal; orphans: 2; text-align: start; text-indent: 0px; text-transform: none; widows: 2; word-spacing: 0px; -webkit-text-stroke-width: 0px; white-space: normal; background-color: #ffffff; text-decoration-thickness: initial; text-decoration-style: initial; text-decoration-color: initial; display: inline !important; float: none;\"><br></span></span></span></span></span><span style=\"color: #1e293b; font-family: inter, -apple-system, blinkmacsystemfont, \'san francisco\', \'segoe ui\', roboto, \'helvetica neue\', sans-serif; font-size: 14px; font-style: normal; font-variant-ligatures: no-contextual; font-variant-caps: normal; font-weight: 400; letter-spacing: normal; orphans: 2; text-align: start; text-indent: 0px; text-transform: none; widows: 2; word-spacing: 0px; -webkit-text-stroke-width: 0px; white-space: normal; background-color: #ffffff; text-decoration-thickness: initial; text-decoration-style: initial; text-decoration-color: initial; display: inline !important; float: none;\"><span style=\"color: #1e293b; font-family: inter, -apple-system, blinkmacsystemfont, \'san francisco\', \'segoe ui\', roboto, \'helvetica neue\', sans-serif; font-size: 14px; font-style: normal; font-variant-ligatures: no-contextual; font-variant-caps: normal; font-weight: 400; letter-spacing: normal; orphans: 2; text-align: start; text-indent: 0px; text-transform: none; widows: 2; word-spacing: 0px; -webkit-text-stroke-width: 0px; white-space: normal; background-color: #ffffff; text-decoration-thickness: initial; text-decoration-style: initial; text-decoration-color: initial; display: inline !important; float: none;\"><span style=\"color: #1e293b; font-family: inter, -apple-system, blinkmacsystemfont, \'san francisco\', \'segoe ui\', roboto, \'helvetica neue\', sans-serif; font-size: 14px; font-style: normal; font-variant-ligatures: no-contextual; font-variant-caps: normal; font-weight: 400; letter-spacing: normal; orphans: 2; text-align: start; text-indent: 0px; text-transform: none; widows: 2; word-spacing: 0px; -webkit-text-stroke-width: 0px; white-space: normal; background-color: #ffffff; text-decoration-thickness: initial; text-decoration-style: initial; text-decoration-color: initial; display: inline !important; float: none;\"><span style=\"color: #1e293b; font-family: inter, -apple-system, blinkmacsystemfont, \'san francisco\', \'segoe ui\', roboto, \'helvetica neue\', sans-serif; font-size: 14px; font-style: normal; font-variant-ligatures: no-contextual; font-variant-caps: normal; font-weight: 400; letter-spacing: normal; orphans: 2; text-align: start; text-indent: 0px; text-transform: none; widows: 2; word-spacing: 0px; -webkit-text-stroke-width: 0px; white-space: normal; background-color: #ffffff; text-decoration-thickness: initial; text-decoration-style: initial; text-decoration-color: initial; display: inline !important; float: none;\"><span style=\"color: #1e293b; font-family: inter, -apple-system, blinkmacsystemfont, \'san francisco\', \'segoe ui\', roboto, \'helvetica neue\', sans-serif; font-size: 14px; font-style: normal; font-variant-ligatures: no-contextual; font-variant-caps: normal; font-weight: 400; letter-spacing: normal; orphans: 2; text-align: start; text-indent: 0px; text-transform: none; widows: 2; word-spacing: 0px; -webkit-text-stroke-width: 0px; white-space: normal; background-color: #ffffff; text-decoration-thickness: initial; text-decoration-style: initial; text-decoration-color: initial; display: inline !important; float: none;\"><br></span></span></span></span></span></td>\r\n</tr>\r\n</tbody>\r\n</table>\r\n<p> </p>',0,553,-30,1,1,0,1,1,0,1,'','',1,0,1,0,1,0,1,'0',1,1,0,0,1,0,0,'453c8a4c-2f5acfaa-6792b467658f95.38604717'),
(75,'BORDEREAU DE TRANSPORT DE MATERIEL',90,'BORDEREAU DE TRANSPORT DE MATERIEL DE \"##answer_600##\" A \"##answer_619##\"',1,7,1,2,0,'<table style=\"border-collapse: collapse; width: 100.871%; height: 1076.56px;\" border=\"1\"><colgroup><col style=\"width: 33.3451%;\"><col style=\"width: 28.9258%;\"><col style=\"width: 37.6858%;\"></colgroup>\r\n<tbody>\r\n<tr style=\"height: 153.242px;\">\r\n<td style=\"text-align: center;\" colspan=\"3\"><img id=\"453c8a4c-4213a2c1-67a5296462efd3.15768709\" src=\"data:image/png;base64,[encoded data, 6596 characters]\" alt=\"image\" width=\"117\" height=\"108\" data-upload_id=\"0.5014647032912265\">      BORDEREAU DE TRANSPORT DE MATERIEL      <img id=\"453c8a4c-4213a2c1-67a5296d10e2f0.09774817\" src=\"data:image/png;base64,[encoded data, 25040 characters]\" alt=\"image\" width=\"156\" height=\"110\" data-upload_id=\"0.1218253960633815\"></td>\r\n</tr>\r\n<tr style=\"height: 36.168px;\">\r\n<td style=\"text-align: center;\" colspan=\"3\"><strong>IDENTIFICATION</strong></td>\r\n</tr>\r\n<tr style=\"height: 61.0938px;\">\r\n<td>Agent DNUM autorisant le transport du matériel :</td>\r\n<td colspan=\"2\">\r\n<p><span style=\"font-family: inter, -apple-system, blinkmacsystemfont, \'san francisco\', \'segoe ui\', roboto, \'helvetica neue\', sans-serif; font-size: 14px; font-style: normal; font-variant-ligatures: no-contextual; font-variant-caps: normal; font-weight: 400; letter-spacing: normal; orphans: 2; text-align: start; text-indent: 0px; text-transform: none; widows: 2; word-spacing: 0px; -webkit-text-stroke-width: 0px; white-space: normal; text-decoration-thickness: initial; text-decoration-style: initial; text-decoration-color: initial; float: none; display: inline !important;\">##answer_597##</span></p>\r\n</td>\r\n</tr>\r\n<tr style=\"height: 40.7422px;\">\r\n<td>Site de départ :</td>\r\n<td colspan=\"2\">\r\n<p><span style=\"font-family: inter, -apple-system, blinkmacsystemfont, \'san francisco\', \'segoe ui\', roboto, \'helvetica neue\', sans-serif; font-size: 14px; font-style: normal; font-variant-ligatures: no-contextual; font-variant-caps: normal; font-weight: 400; letter-spacing: normal; orphans: 2; text-align: start; text-indent: 0px; text-transform: none; widows: 2; word-spacing: 0px; -webkit-text-stroke-width: 0px; white-space: normal; float: none; display: inline !important;\"><span style=\"font-family: inter, -apple-system, blinkmacsystemfont, \'san francisco\', \'segoe ui\', roboto, \'helvetica neue\', sans-serif; font-size: 14px; font-style: normal; font-variant-ligatures: no-contextual; font-variant-caps: normal; font-weight: 400; letter-spacing: normal; orphans: 2; text-align: start; text-indent: 0px; text-transform: none; widows: 2; word-spacing: 0px; -webkit-text-stroke-width: 0px; white-space: normal; text-decoration-thickness: initial; text-decoration-style: initial; text-decoration-color: initial; float: none; display: inline !important;\">##answer_600##</span></span></p>\r\n</td>\r\n</tr>\r\n<tr style=\"height: 39.2383px;\">\r\n<td>Site de destination :</td>\r\n<td colspan=\"2\">\r\n<p><span style=\"font-family: inter, -apple-system, blinkmacsystemfont, \'san francisco\', \'segoe ui\', roboto, \'helvetica neue\', sans-serif; font-size: 14px; font-style: normal; font-variant-ligatures: no-contextual; font-variant-caps: normal; font-weight: 400; letter-spacing: normal; orphans: 2; text-align: start; text-indent: 0px; text-transform: none; widows: 2; word-spacing: 0px; -webkit-text-stroke-width: 0px; white-space: normal; float: none; display: inline !important;\"><span style=\"font-family: inter, -apple-system, blinkmacsystemfont, \'san francisco\', \'segoe ui\', roboto, \'helvetica neue\', sans-serif; font-size: 14px; font-style: normal; font-variant-ligatures: no-contextual; font-variant-caps: normal; font-weight: 400; letter-spacing: normal; orphans: 2; text-align: start; text-indent: 0px; text-transform: none; widows: 2; word-spacing: 0px; -webkit-text-stroke-width: 0px; white-space: normal; text-decoration-thickness: initial; text-decoration-style: initial; text-decoration-color: initial; float: none; display: inline !important;\">##answer_619##</span></span></p>\r\n</td>\r\n</tr>\r\n<tr style=\"height: 39.2383px;\">\r\n<td>Date :</td>\r\n<td colspan=\"2\">\r\n<p><span style=\"font-family: inter, -apple-system, blinkmacsystemfont, \'san francisco\', \'segoe ui\', roboto, \'helvetica neue\', sans-serif; font-size: 14px; font-style: normal; font-variant-ligatures: no-contextual; font-variant-caps: normal; font-weight: 400; letter-spacing: normal; orphans: 2; text-align: start; text-indent: 0px; text-transform: none; widows: 2; word-spacing: 0px; -webkit-text-stroke-width: 0px; white-space: normal; float: none; display: inline !important;\"><span style=\"font-family: inter, -apple-system, blinkmacsystemfont, \'san francisco\', \'segoe ui\', roboto, \'helvetica neue\', sans-serif; font-size: 14px; font-style: normal; font-variant-ligatures: no-contextual; font-variant-caps: normal; font-weight: 400; letter-spacing: normal; orphans: 2; text-align: start; text-indent: 0px; text-transform: none; widows: 2; word-spacing: 0px; -webkit-text-stroke-width: 0px; white-space: normal; text-decoration-thickness: initial; text-decoration-style: initial; text-decoration-color: initial; float: none; display: inline !important;\">##answer_601##</span></span></p>\r\n</td>\r\n</tr>\r\n<tr style=\"height: 39.2383px;\">\r\n<td>Agent SPIE chargé du transport du matériel :</td>\r\n<td colspan=\"2\">\r\n<p><span style=\"font-family: inter, -apple-system, blinkmacsystemfont, \'san francisco\', \'segoe ui\', roboto, \'helvetica neue\', sans-serif; font-size: 14px; font-style: normal; font-variant-ligatures: no-contextual; font-variant-caps: normal; font-weight: 400; letter-spacing: normal; orphans: 2; text-align: start; text-indent: 0px; text-transform: none; widows: 2; word-spacing: 0px; -webkit-text-stroke-width: 0px; white-space: normal; float: none; display: inline !important;\"><span style=\"font-family: inter, -apple-system, blinkmacsystemfont, \'san francisco\', \'segoe ui\', roboto, \'helvetica neue\', sans-serif; font-size: 14px; font-style: normal; font-variant-ligatures: no-contextual; font-variant-caps: normal; font-weight: 400; letter-spacing: normal; orphans: 2; text-align: start; text-indent: 0px; text-transform: none; widows: 2; word-spacing: 0px; -webkit-text-stroke-width: 0px; white-space: normal; text-decoration-thickness: initial; text-decoration-style: initial; text-decoration-color: initial; float: none; display: inline !important;\">##answer_599##</span></span></p>\r\n</td>\r\n</tr>\r\n<tr style=\"height: 110.215px;\">\r\n<td>Visa de l\'agent SPIE</td>\r\n<td colspan=\"2\">\r\n<p><span style=\"font-family: inter, -apple-system, blinkmacsystemfont, \'san francisco\', \'segoe ui\', roboto, \'helvetica neue\', sans-serif; font-size: 14px; font-style: normal; font-variant-ligatures: no-contextual; font-variant-caps: normal; font-weight: 400; letter-spacing: normal; orphans: 2; text-align: start; text-indent: 0px; text-transform: none; widows: 2; word-spacing: 0px; -webkit-text-stroke-width: 0px; white-space: normal; float: none; display: inline !important;\"><span style=\"font-family: inter, -apple-system, blinkmacsystemfont, \'san francisco\', \'segoe ui\', roboto, \'helvetica neue\', sans-serif; font-size: 14px; font-style: normal; font-variant-ligatures: no-contextual; font-variant-caps: normal; font-weight: 400; letter-spacing: normal; orphans: 2; text-align: start; text-indent: 0px; text-transform: none; widows: 2; word-spacing: 0px; -webkit-text-stroke-width: 0px; white-space: normal; text-decoration-thickness: initial; text-decoration-style: initial; text-decoration-color: initial; float: none; display: inline !important;\"> </span></span></p>\r\n</td>\r\n</tr>\r\n<tr style=\"height: 39.2383px;\">\r\n<td style=\"text-align: center;\" colspan=\"3\">\r\n<p><strong><span style=\"font-family: inter, -apple-system, blinkmacsystemfont, \'san francisco\', \'segoe ui\', roboto, \'helvetica neue\', sans-serif; font-size: 14px; font-style: normal; font-variant-ligatures: no-contextual; font-variant-caps: normal; letter-spacing: normal; orphans: 2; text-align: start; text-indent: 0px; text-transform: none; widows: 2; word-spacing: 0px; -webkit-text-stroke-width: 0px; white-space: normal; text-decoration-thickness: initial; text-decoration-style: initial; text-decoration-color: initial; float: none; display: inline !important;\">PARTIE RESERVEE SECURITE</span></strong></p>\r\n</td>\r\n</tr>\r\n<tr style=\"height: 123.418px;\">\r\n<td>NOM, PRENOM, FONCTION,SERVICE SOCIETE de la personne ayant effectué le contrôle de matériel</td>\r\n<td colspan=\"2\"><span style=\"color: #1e293b; font-family: inter, -apple-system, blinkmacsystemfont, \'san francisco\', \'segoe ui\', roboto, \'helvetica neue\', sans-serif; font-size: 14px; font-style: normal; font-variant-ligatures: no-contextual; font-variant-caps: normal; font-weight: 400; letter-spacing: normal; orphans: 2; text-align: start; text-indent: 0px; text-transform: none; widows: 2; word-spacing: 0px; -webkit-text-stroke-width: 0px; white-space: normal; background-color: #ffffff; text-decoration-thickness: initial; text-decoration-style: initial; text-decoration-color: initial; display: inline !important; float: none;\"><br></span><span style=\"color: #1e293b; font-family: inter, -apple-system, blinkmacsystemfont, \'san francisco\', \'segoe ui\', roboto, \'helvetica neue\', sans-serif; font-size: 14px; font-style: normal; font-variant-ligatures: no-contextual; font-variant-caps: normal; font-weight: 400; letter-spacing: normal; orphans: 2; text-align: start; text-indent: 0px; text-transform: none; widows: 2; word-spacing: 0px; -webkit-text-stroke-width: 0px; white-space: normal; background-color: #ffffff; text-decoration-thickness: initial; text-decoration-style: initial; text-decoration-color: initial; display: inline !important; float: none;\"><span style=\"color: #1e293b; font-family: inter, -apple-system, blinkmacsystemfont, \'san francisco\', \'segoe ui\', roboto, \'helvetica neue\', sans-serif; font-size: 14px; font-style: normal; font-variant-ligatures: no-contextual; font-variant-caps: normal; font-weight: 400; letter-spacing: normal; orphans: 2; text-align: start; text-indent: 0px; text-transform: none; widows: 2; word-spacing: 0px; -webkit-text-stroke-width: 0px; white-space: normal; background-color: #ffffff; text-decoration-thickness: initial; text-decoration-style: initial; text-decoration-color: initial; display: inline !important; float: none;\"><br></span></span></td>\r\n</tr>\r\n<tr style=\"height: 35.2344px;\">\r\n<td>Date : </td>\r\n<td colspan=\"2\"><span style=\"color: #1e293b; font-family: inter, -apple-system, blinkmacsystemfont, \'san francisco\', \'segoe ui\', roboto, \'helvetica neue\', sans-serif; font-size: 14px; font-style: normal; font-variant-ligatures: no-contextual; font-variant-caps: normal; font-weight: 400; letter-spacing: normal; orphans: 2; text-align: start; text-indent: 0px; text-transform: none; widows: 2; word-spacing: 0px; -webkit-text-stroke-width: 0px; white-space: normal; background-color: #ffffff; text-decoration-thickness: initial; text-decoration-style: initial; text-decoration-color: initial; display: inline !important; float: none;\"><span style=\"color: #1e293b; font-family: inter, -apple-system, blinkmacsystemfont, \'san francisco\', \'segoe ui\', roboto, \'helvetica neue\', sans-serif; font-size: 14px; font-style: normal; font-variant-ligatures: no-contextual; font-variant-caps: normal; font-weight: 400; letter-spacing: normal; orphans: 2; text-align: start; text-indent: 0px; text-transform: none; widows: 2; word-spacing: 0px; -webkit-text-stroke-width: 0px; white-space: normal; background-color: #ffffff; text-decoration-thickness: initial; text-decoration-style: initial; text-decoration-color: initial; display: inline !important; float: none;\"> </span></span></td>\r\n</tr>\r\n<tr style=\"height: 126.055px;\">\r\n<td>Correspondance matériel / observation(s) / VISA</td>\r\n<td colspan=\"2\"><span style=\"color: #1e293b; font-family: inter, -apple-system, blinkmacsystemfont, \'san francisco\', \'segoe ui\', roboto, \'helvetica neue\', sans-serif; font-size: 14px; font-style: normal; font-variant-ligatures: no-contextual; font-variant-caps: normal; font-weight: 400; letter-spacing: normal; orphans: 2; text-align: start; text-indent: 0px; text-transform: none; widows: 2; word-spacing: 0px; -webkit-text-stroke-width: 0px; white-space: normal; background-color: #ffffff; text-decoration-thickness: initial; text-decoration-style: initial; text-decoration-color: initial; display: inline !important; float: none;\"><br></span><span style=\"color: #1e293b; font-family: inter, -apple-system, blinkmacsystemfont, \'san francisco\', \'segoe ui\', roboto, \'helvetica neue\', sans-serif; font-size: 14px; font-style: normal; font-variant-ligatures: no-contextual; font-variant-caps: normal; font-weight: 400; letter-spacing: normal; orphans: 2; text-align: start; text-indent: 0px; text-transform: none; widows: 2; word-spacing: 0px; -webkit-text-stroke-width: 0px; white-space: normal; background-color: #ffffff; text-decoration-thickness: initial; text-decoration-style: initial; text-decoration-color: initial; display: inline !important; float: none;\"><span style=\"color: #1e293b; font-family: inter, -apple-system, blinkmacsystemfont, \'san francisco\', \'segoe ui\', roboto, \'helvetica neue\', sans-serif; font-size: 14px; font-style: normal; font-variant-ligatures: no-contextual; font-variant-caps: normal; font-weight: 400; letter-spacing: normal; orphans: 2; text-align: start; text-indent: 0px; text-transform: none; widows: 2; word-spacing: 0px; -webkit-text-stroke-width: 0px; white-space: normal; background-color: #ffffff; text-decoration-thickness: initial; text-decoration-style: initial; text-decoration-color: initial; display: inline !important; float: none;\"><br></span></span></td>\r\n</tr>\r\n<tr style=\"height: 42.2266px;\">\r\n<td rowspan=\"2\">\r\n<p> </p>\r\n<p style=\"text-align: center;\"><span style=\"color: #000000;\">DSD ASSISTANCE : </span><br><span style=\"color: #000000;\">7 70 95 / 7 70 96</span></p>\r\n<p style=\"text-align: center;\"><span style=\"color: #000000;\">OUVERT DU </span><br><span style=\"color: #000000;\">LUNDI AU VENDREDI</span><br><span style=\"color: #000000;\">de 06h00 à 18h00</span></p>\r\n<span style=\"color: #1e293b; font-family: inter, -apple-system, blinkmacsystemfont, \'san francisco\', \'segoe ui\', roboto, \'helvetica neue\', sans-serif; font-size: 14px; font-style: normal; font-variant-ligatures: no-contextual; font-variant-caps: normal; font-weight: 400; letter-spacing: normal; orphans: 2; text-align: start; text-indent: 0px; text-transform: none; widows: 2; word-spacing: 0px; -webkit-text-stroke-width: 0px; white-space: normal; background-color: #ffffff; text-decoration-thickness: initial; text-decoration-style: initial; text-decoration-color: initial; display: inline !important; float: none;\"><span style=\"color: #1e293b; font-family: inter, -apple-system, blinkmacsystemfont, \'san francisco\', \'segoe ui\', roboto, \'helvetica neue\', sans-serif; font-size: 14px; font-style: normal; font-variant-ligatures: no-contextual; font-variant-caps: normal; font-weight: 400; letter-spacing: normal; orphans: 2; text-align: start; text-indent: 0px; text-transform: none; widows: 2; word-spacing: 0px; -webkit-text-stroke-width: 0px; white-space: normal; background-color: #ffffff; text-decoration-thickness: initial; text-decoration-style: initial; text-decoration-color: initial; display: inline !important; float: none;\"><span style=\"color: #1e293b; font-family: inter, -apple-system, blinkmacsystemfont, \'san francisco\', \'segoe ui\', roboto, \'helvetica neue\', sans-serif; font-size: 14px; font-style: normal; font-variant-ligatures: no-contextual; font-variant-caps: normal; font-weight: 400; letter-spacing: normal; orphans: 2; text-align: start; text-indent: 0px; text-transform: none; widows: 2; word-spacing: 0px; -webkit-text-stroke-width: 0px; white-space: normal; background-color: #ffffff; text-decoration-thickness: initial; text-decoration-style: initial; text-decoration-color: initial; display: inline !important; float: none;\"><span style=\"color: #1e293b; font-family: inter, -apple-system, blinkmacsystemfont, \'san francisco\', \'segoe ui\', roboto, \'helvetica neue\', sans-serif; font-size: 14px; font-style: normal; font-variant-ligatures: no-contextual; font-variant-caps: normal; font-weight: 400; letter-spacing: normal; orphans: 2; text-align: start; text-indent: 0px; text-transform: none; widows: 2; word-spacing: 0px; -webkit-text-stroke-width: 0px; white-space: normal; background-color: #ffffff; text-decoration-thickness: initial; text-decoration-style: initial; text-decoration-color: initial; display: inline !important; float: none;\"><span style=\"color: #1e293b; font-family: inter, -apple-system, blinkmacsystemfont, \'san francisco\', \'segoe ui\', roboto, \'helvetica neue\', sans-serif; font-size: 14px; font-style: normal; font-variant-ligatures: no-contextual; font-variant-caps: normal; font-weight: 400; letter-spacing: normal; orphans: 2; text-align: start; text-indent: 0px; text-transform: none; widows: 2; word-spacing: 0px; -webkit-text-stroke-width: 0px; white-space: normal; background-color: #ffffff; text-decoration-thickness: initial; text-decoration-style: initial; text-decoration-color: initial; display: inline !important; float: none;\"><br></span></span></span></span></span></td>\r\n<td style=\"text-align: center;\" colspan=\"2\">\r\n<p><strong><span style=\"font-family: inter, -apple-system, blinkmacsystemfont, \'san francisco\', \'segoe ui\', roboto, \'helvetica neue\', sans-serif; font-size: 14px; font-style: normal; font-variant-ligatures: no-contextual; font-variant-caps: normal; letter-spacing: normal; orphans: 2; text-align: start; text-indent: 0px; text-transform: none; widows: 2; word-spacing: 0px; -webkit-text-stroke-width: 0px; white-space: normal; text-decoration-thickness: initial; text-decoration-style: initial; text-decoration-color: initial; float: none; display: inline !important;\">VISA ET CACHET DU CHEF DE LA SECURITE OPERATIONNEL (DSD)</span></strong></p>\r\n</td>\r\n</tr>\r\n<tr style=\"height: 191.211px;\">\r\n<td style=\"text-align: center;\" colspan=\"2\"><span style=\"color: #1e293b; font-family: inter, -apple-system, blinkmacsystemfont, \'san francisco\', \'segoe ui\', roboto, \'helvetica neue\', sans-serif; font-size: 14px; font-style: normal; font-variant-ligatures: no-contextual; font-variant-caps: normal; font-weight: 400; letter-spacing: normal; orphans: 2; text-align: start; text-indent: 0px; text-transform: none; widows: 2; word-spacing: 0px; -webkit-text-stroke-width: 0px; white-space: normal; background-color: #ffffff; text-decoration-thickness: initial; text-decoration-style: initial; text-decoration-color: initial; display: inline !important; float: none;\"><span style=\"color: #1e293b; font-family: inter, -apple-system, blinkmacsystemfont, \'san francisco\', \'segoe ui\', roboto, \'helvetica neue\', sans-serif; font-size: 14px; font-style: normal; font-variant-ligatures: no-contextual; font-variant-caps: normal; font-weight: 400; letter-spacing: normal; orphans: 2; text-align: start; text-indent: 0px; text-transform: none; widows: 2; word-spacing: 0px; -webkit-text-stroke-width: 0px; white-space: normal; background-color: #ffffff; text-decoration-thickness: initial; text-decoration-style: initial; text-decoration-color: initial; display: inline !important; float: none;\"><span style=\"color: #1e293b; font-family: inter, -apple-system, blinkmacsystemfont, \'san francisco\', \'segoe ui\', roboto, \'helvetica neue\', sans-serif; font-size: 14px; font-style: normal; font-variant-ligatures: no-contextual; font-variant-caps: normal; font-weight: 400; letter-spacing: normal; orphans: 2; text-align: start; text-indent: 0px; text-transform: none; widows: 2; word-spacing: 0px; -webkit-text-stroke-width: 0px; white-space: normal; background-color: #ffffff; text-decoration-thickness: initial; text-decoration-style: initial; text-decoration-color: initial; display: inline !important; float: none;\"><span style=\"color: #1e293b; font-family: inter, -apple-system, blinkmacsystemfont, \'san francisco\', \'segoe ui\', roboto, \'helvetica neue\', sans-serif; font-size: 14px; font-style: normal; font-variant-ligatures: no-contextual; font-variant-caps: normal; font-weight: 400; letter-spacing: normal; orphans: 2; text-align: start; text-indent: 0px; text-transform: none; widows: 2; word-spacing: 0px; -webkit-text-stroke-width: 0px; white-space: normal; background-color: #ffffff; text-decoration-thickness: initial; text-decoration-style: initial; text-decoration-color: initial; display: inline !important; float: none;\"><span style=\"color: #1e293b; font-family: inter, -apple-system, blinkmacsystemfont, \'san francisco\', \'segoe ui\', roboto, \'helvetica neue\', sans-serif; font-size: 14px; font-style: normal; font-variant-ligatures: no-contextual; font-variant-caps: normal; font-weight: 400; letter-spacing: normal; orphans: 2; text-align: start; text-indent: 0px; text-transform: none; widows: 2; word-spacing: 0px; -webkit-text-stroke-width: 0px; white-space: normal; background-color: #ffffff; text-decoration-thickness: initial; text-decoration-style: initial; text-decoration-color: initial; display: inline !important; float: none;\"><br></span></span></span></span></span><span style=\"color: #1e293b; font-family: inter, -apple-system, blinkmacsystemfont, \'san francisco\', \'segoe ui\', roboto, \'helvetica neue\', sans-serif; font-size: 14px; font-style: normal; font-variant-ligatures: no-contextual; font-variant-caps: normal; font-weight: 400; letter-spacing: normal; orphans: 2; text-align: start; text-indent: 0px; text-transform: none; widows: 2; word-spacing: 0px; -webkit-text-stroke-width: 0px; white-space: normal; background-color: #ffffff; text-decoration-thickness: initial; text-decoration-style: initial; text-decoration-color: initial; display: inline !important; float: none;\"><span style=\"color: #1e293b; font-family: inter, -apple-system, blinkmacsystemfont, \'san francisco\', \'segoe ui\', roboto, \'helvetica neue\', sans-serif; font-size: 14px; font-style: normal; font-variant-ligatures: no-contextual; font-variant-caps: normal; font-weight: 400; letter-spacing: normal; orphans: 2; text-align: start; text-indent: 0px; text-transform: none; widows: 2; word-spacing: 0px; -webkit-text-stroke-width: 0px; white-space: normal; background-color: #ffffff; text-decoration-thickness: initial; text-decoration-style: initial; text-decoration-color: initial; display: inline !important; float: none;\"><span style=\"color: #1e293b; font-family: inter, -apple-system, blinkmacsystemfont, \'san francisco\', \'segoe ui\', roboto, \'helvetica neue\', sans-serif; font-size: 14px; font-style: normal; font-variant-ligatures: no-contextual; font-variant-caps: normal; font-weight: 400; letter-spacing: normal; orphans: 2; text-align: start; text-indent: 0px; text-transform: none; widows: 2; word-spacing: 0px; -webkit-text-stroke-width: 0px; white-space: normal; background-color: #ffffff; text-decoration-thickness: initial; text-decoration-style: initial; text-decoration-color: initial; display: inline !important; float: none;\"><span style=\"color: #1e293b; font-family: inter, -apple-system, blinkmacsystemfont, \'san francisco\', \'segoe ui\', roboto, \'helvetica neue\', sans-serif; font-size: 14px; font-style: normal; font-variant-ligatures: no-contextual; font-variant-caps: normal; font-weight: 400; letter-spacing: normal; orphans: 2; text-align: start; text-indent: 0px; text-transform: none; widows: 2; word-spacing: 0px; -webkit-text-stroke-width: 0px; white-space: normal; background-color: #ffffff; text-decoration-thickness: initial; text-decoration-style: initial; text-decoration-color: initial; display: inline !important; float: none;\"><span style=\"color: #1e293b; font-family: inter, -apple-system, blinkmacsystemfont, \'san francisco\', \'segoe ui\', roboto, \'helvetica neue\', sans-serif; font-size: 14px; font-style: normal; font-variant-ligatures: no-contextual; font-variant-caps: normal; font-weight: 400; letter-spacing: normal; orphans: 2; text-align: start; text-indent: 0px; text-transform: none; widows: 2; word-spacing: 0px; -webkit-text-stroke-width: 0px; white-space: normal; background-color: #ffffff; text-decoration-thickness: initial; text-decoration-style: initial; text-decoration-color: initial; display: inline !important; float: none;\"><br></span></span></span></span></span></td>\r\n</tr>\r\n</tbody>\r\n</table>\r\n<p> </p>',0,601,-30,1,1,0,1,1,0,1,'','',1,0,1,0,1,0,1,'0',1,1,0,0,1,0,0,'453c8a4c-2f5acfaa-67a4e91abde435.53980125'),
(76,'BORDEREAU DE TRANSPORT DE MATERIEL',91,'##answer_626## - Transport de matériel de \"##answer_623##\" à \"##answer_625##\"',1,7,1,2,0,'<p><strong>[1] ##question_621##</strong> : ##answer_621##</p>\r\n<p><strong>[2] ##question_622##</strong> : ##answer_622##</p>\r\n<p><strong>[3] ##question_623##</strong> : ##answer_623##</p>\r\n<p><strong>[4] ##question_625##</strong> : ##answer_625##</p>\r\n<p><strong>[5] ##question_624##</strong> : ##answer_624##</p>\r\n<p>[<strong>FIN]</strong></p>\r\n<p><strong>--- merci de ne rien écrire sous cette ligne ---</strong></p>',0,624,-30,1,1,0,1,1,0,1,'','',2,519,1,0,1,0,1,'0',1,1,0,0,1,0,0,'453c8a4c-2f5acfaa-67b74caa1dcc81.87605057'),
(78,'Assistance pour application gestion des coûts',92,'Assistance pour application gestion des coûts',1,7,1,2,0,'##FULLFORM##',0,0,-30,1,3,631,1,1,0,1,'','',3,629,1,0,1,0,1,'0',1,1,0,0,1,0,0,'53f3523f-1be54bd6-68d37b3a4b41a4.20308180'),
(79,'Incident pour application gestion des coûts',93,'Incident pour application gestion des coûts',1,7,1,1,0,'##FULLFORM##',0,0,-30,1,3,635,1,7,13,1,'','',3,633,1,0,1,0,1,'0',1,1,0,0,1,0,0,'53f3523f-1be54bd6-68d37c5ca2beb4.93984715'),
(80,'TICKET - Réponse demande d\'assistance DAF - incident',95,'##answer_641## - ##answer_642## - demande d\'assistance DAF ',1,7,1,1,0,'<p>##FULLFORM##</p>',0,0,-30,1,1,0,1,7,269,1,'','',1,0,3,641,1,0,1,'0',2,1,0,0,1,0,0,'47d8dc3c-aa8ace61-68dbda919b73d7.55582617'),
(81,'Test - MD - Ticket sauf choix D ou A',96,'Test - MD - Ticket sauf choix D',1,7,1,1,0,'<p>##FULLFORM##</p>',1,0,NULL,0,1,0,1,1,0,1,'','',1,0,1,0,1,0,1,NULL,3,1,0,0,1,0,0,'53f3523f-6b24044c-6978891ad246c7.03924674'),
(82,'Ticket Support externe',96,'Ticket Support externe',1,7,1,2,0,'<p>##FULLFORM##</p>',0,0,-30,1,1,0,1,1,0,1,'','',2,550,1,0,1,0,1,'0',2,1,0,0,1,0,0,'53f3523f-6b24044c-697890f796ccd9.49308099'),
(83,'Ticket support externe application A',96,'Ticket support externe application A',1,7,1,1,0,'##FULLFORM##',0,0,-30,1,1,0,1,1,0,1,'','',2,551,1,0,1,0,1,'0',2,1,0,0,1,0,0,'53f3523f-6b24044c-697c7644ac6d19.77553671');

--
-- Table structure for table `glpi_plugin_genericobject_clechiffrements`
--

CREATE TABLE `glpi_plugin_genericobject_clechiffrements` (
  `id` int(10) unsigned NOT NULL AUTO_INCREMENT,
  `name` varchar(255) DEFAULT NULL,
  `comment` mediumtext DEFAULT NULL,
  `date_mod` timestamp NULL DEFAULT NULL,
  `date_creation` timestamp NOT NULL DEFAULT '0000-00-00 00:00:00',
  PRIMARY KEY (`id`),
  KEY `date_mod` (`date_mod`),
  KEY `date_creation` (`date_creation`),
  KEY `name` (`name`)
) ENGINE=InnoDB DEFAULT CHARSET=utf8mb4 COLLATE=utf8mb4_unicode_ci;

--
-- Dumping data for table `glpi_plugin_genericobject_clechiffrements`
--


--
-- Table structure for table `glpi_plugin_genericobject_couleurs`
--

CREATE TABLE `glpi_plugin_genericobject_couleurs` (
  `id` int(10) unsigned NOT NULL AUTO_INCREMENT,
  `name` varchar(255) DEFAULT NULL,
  `comment` mediumtext DEFAULT NULL,
  `date_mod` timestamp NULL DEFAULT NULL,
  `date_creation` timestamp NOT NULL DEFAULT '0000-00-00 00:00:00',
  PRIMARY KEY (`id`),
  KEY `date_mod` (`date_mod`),
  KEY `date_creation` (`date_creation`),
  KEY `name` (`name`)
) ENGINE=InnoDB AUTO_INCREMENT=6 DEFAULT CHARSET=utf8mb4 COLLATE=utf8mb4_unicode_ci;

--
-- Dumping data for table `glpi_plugin_genericobject_couleurs`
--

INSERT INTO `glpi_plugin_genericobject_couleurs` VALUES
(1,'BLANC BANQUISE','','2021-12-14 16:03:09','2021-12-14 16:03:09'),
(2,'NOIR','','2022-01-11 20:49:35','2022-01-11 20:49:35'),
(3,'BLEU CELEBES','','2022-01-11 20:49:57','2022-01-11 20:49:57'),
(4,'BLANC LIPIZAN','','2022-01-11 20:50:14','2022-01-11 20:50:14'),
(5,'GRIS PLATINIUM','','2022-01-11 20:50:34','2022-01-11 20:50:34');

--
-- Table structure for table `glpi_plugin_genericobject_energies`
--

CREATE TABLE `glpi_plugin_genericobject_energies` (
  `id` int(10) unsigned NOT NULL AUTO_INCREMENT,
  `name` varchar(255) DEFAULT NULL,
  `comment` mediumtext DEFAULT NULL,
  `date_mod` timestamp NULL DEFAULT NULL,
  `date_creation` timestamp NOT NULL DEFAULT '0000-00-00 00:00:00',
  PRIMARY KEY (`id`),
  KEY `date_mod` (`date_mod`),
  KEY `date_creation` (`date_creation`),
  KEY `name` (`name`)
) ENGINE=InnoDB AUTO_INCREMENT=3 DEFAULT CHARSET=utf8mb4 COLLATE=utf8mb4_unicode_ci;

--
-- Dumping data for table `glpi_plugin_genericobject_energies`
--

INSERT INTO `glpi_plugin_genericobject_energies` VALUES
(1,'GO','','2021-12-09 18:23:01','2021-12-09 18:23:01'),
(2,'ES','','2021-12-09 18:23:01','2021-12-09 18:23:01');

--
-- Table structure for table `glpi_plugin_genericobject_typefamilies`
--

CREATE TABLE `glpi_plugin_genericobject_typefamilies` (
  `id` int(10) unsigned NOT NULL AUTO_INCREMENT,
  `name` varchar(255) DEFAULT NULL,
  `comment` mediumtext DEFAULT NULL,
  `date_mod` timestamp NULL DEFAULT NULL,
  `date_creation` timestamp NULL DEFAULT NULL,
  PRIMARY KEY (`id`),
  KEY `date_mod` (`date_mod`),
  KEY `date_creation` (`date_creation`)
) ENGINE=InnoDB AUTO_INCREMENT=2 DEFAULT CHARSET=utf8mb4 COLLATE=utf8mb4_unicode_ci;

--
-- Dumping data for table `glpi_plugin_genericobject_typefamilies`
--

INSERT INTO `glpi_plugin_genericobject_typefamilies` VALUES
(1,'Transport','','2024-05-30 15:05:31','2024-05-30 15:05:31');

--
-- Table structure for table `glpi_plugin_genericobject_types`
--

CREATE TABLE `glpi_plugin_genericobject_types` (
  `id` int(10) unsigned NOT NULL AUTO_INCREMENT,
  `entities_id` int(10) unsigned NOT NULL DEFAULT 0,
  `itemtype` varchar(255) DEFAULT NULL,
  `is_active` tinyint(1) NOT NULL DEFAULT 0,
  `name` varchar(255) DEFAULT NULL,
  `comment` mediumtext DEFAULT NULL,
  `date_mod` timestamp NULL DEFAULT NULL,
  `date_creation` timestamp NULL DEFAULT NULL,
  `use_global_search` tinyint(1) NOT NULL DEFAULT 0,
  `use_unicity` tinyint(1) NOT NULL DEFAULT 0,
  `use_history` tinyint(1) NOT NULL DEFAULT 0,
  `use_infocoms` tinyint(1) NOT NULL DEFAULT 0,
  `use_contracts` tinyint(1) NOT NULL DEFAULT 0,
  `use_documents` tinyint(1) NOT NULL DEFAULT 0,
  `use_tickets` tinyint(1) NOT NULL DEFAULT 0,
  `use_links` tinyint(1) NOT NULL DEFAULT 0,
  `use_loans` tinyint(1) NOT NULL DEFAULT 0,
  `use_network_ports` tinyint(1) NOT NULL DEFAULT 0,
  `use_direct_connections` tinyint(1) NOT NULL DEFAULT 0,
  `use_plugin_datainjection` tinyint(1) NOT NULL DEFAULT 0,
  `use_plugin_pdf` tinyint(1) NOT NULL DEFAULT 0,
  `use_plugin_order` tinyint(1) NOT NULL DEFAULT 0,
  `use_plugin_uninstall` tinyint(1) NOT NULL DEFAULT 0,
  `use_plugin_geninventorynumber` tinyint(1) NOT NULL DEFAULT 0,
  `use_menu_entry` tinyint(1) NOT NULL DEFAULT 0,
  `use_projects` tinyint(1) NOT NULL DEFAULT 0,
  `linked_itemtypes` mediumtext DEFAULT NULL,
  `plugin_genericobject_typefamilies_id` int(10) unsigned NOT NULL DEFAULT 0,
  `use_notepad` tinyint(1) NOT NULL DEFAULT 0,
  `use_plugin_simcard` tinyint(1) NOT NULL DEFAULT 0,
  `use_plugin_treeview` tinyint(1) NOT NULL DEFAULT 0,
  `use_itemdevices` tinyint(1) NOT NULL DEFAULT 0,
  `impact_icon` varchar(255) DEFAULT NULL,
  PRIMARY KEY (`id`)
) ENGINE=InnoDB AUTO_INCREMENT=4 DEFAULT CHARSET=utf8mb4 COLLATE=utf8mb4_unicode_ci COMMENT='Object types definition table';

--
-- Dumping data for table `glpi_plugin_genericobject_types`
--


--
-- Table structure for table `glpi_plugin_geststock_configs`
--

CREATE TABLE `glpi_plugin_geststock_configs` (
  `id` int(11) NOT NULL,
  `entities_id_stock` int(11) DEFAULT NULL,
  `stock_status` int(11) DEFAULT NULL,
  `transit_status` int(11) DEFAULT NULL,
  `date_mod` timestamp NULL DEFAULT NULL,
  `users_id` int(11) DEFAULT NULL,
  `criterion` varchar(100) NOT NULL,
  PRIMARY KEY (`id`),
  KEY `users_id` (`users_id`),
  KEY `entities_id_stock` (`entities_id_stock`),
  KEY `stock_status` (`stock_status`),
  KEY `transit_status` (`transit_status`)
) ENGINE=InnoDB DEFAULT CHARSET=utf8mb3 COLLATE=utf8mb3_unicode_ci;

--
-- Dumping data for table `glpi_plugin_geststock_configs`
--

INSERT INTO `glpi_plugin_geststock_configs` VALUES
(1,5,22,37,'2026-03-10 16:33:38',2,'serial');

--
-- Table structure for table `glpi_plugin_geststock_followups`
--

CREATE TABLE `glpi_plugin_geststock_followups` (
  `id` int(11) NOT NULL AUTO_INCREMENT,
  `plugin_geststock_reservations_id` int(11) DEFAULT NULL,
  `plugin_geststock_reservations_items_id` int(11) DEFAULT NULL,
  `locations_id_old` int(11) DEFAULT NULL,
  `locations_id_new` int(11) DEFAULT NULL,
  `users_id` int(11) DEFAULT NULL,
  `date_mod` timestamp NULL DEFAULT NULL,
  PRIMARY KEY (`id`),
  KEY `plugin_geststock_reservations_id` (`plugin_geststock_reservations_id`),
  KEY `plugin_geststock_reservations_items_id` (`plugin_geststock_reservations_items_id`),
  KEY `locations_id_old` (`locations_id_old`),
  KEY `locations_id_new` (`locations_id_new`),
  KEY `users_id` (`users_id`)
) ENGINE=InnoDB AUTO_INCREMENT=9 DEFAULT CHARSET=utf8mb3 COLLATE=utf8mb3_unicode_ci;

--
-- Dumping data for table `glpi_plugin_geststock_followups`
--

INSERT INTO `glpi_plugin_geststock_followups` VALUES
(1,1,1,131,NULL,2,'2025-06-10 15:25:19'),
(2,2,2,17,NULL,2,'2025-06-10 21:41:47'),
(3,4,3,91,121,2,'2026-02-26 18:08:07'),
(4,4,3,121,0,2,'2026-02-26 18:08:22'),
(5,4,3,91,NULL,2,'2026-02-26 18:08:43'),
(6,4,3,91,NULL,2,'2026-02-26 18:08:43'),
(7,5,4,91,NULL,2,'2026-02-26 18:16:36'),
(8,7,5,91,NULL,2,'2026-02-26 19:35:06');

--
-- Table structure for table `glpi_plugin_geststock_reservations`
--

CREATE TABLE `glpi_plugin_geststock_reservations` (
  `id` int(11) NOT NULL AUTO_INCREMENT,
  `users_id` int(11) DEFAULT NULL,
  `entities_id_deliv` int(11) DEFAULT NULL,
  `locations_id` int(11) DEFAULT NULL,
  `tickets_id` int(11) DEFAULT NULL,
  `status` int(11) NOT NULL DEFAULT 1,
  `comment` text DEFAULT NULL,
  `is_deleted` tinyint(1) NOT NULL DEFAULT 0,
  `date_reserv` timestamp NULL DEFAULT NULL,
  `date_whished` timestamp NULL DEFAULT NULL,
  `receipt_date` timestamp NULL DEFAULT NULL,
  `date_tova` timestamp NULL DEFAULT NULL,
  `number_tova` varchar(255) DEFAULT NULL,
  `type_tova` int(11) DEFAULT NULL,
  `number_package` int(11) DEFAULT NULL,
  `date_mod` timestamp NULL DEFAULT NULL,
  PRIMARY KEY (`id`),
  UNIQUE KEY `unicity` (`entities_id_deliv`,`tickets_id`),
  KEY `users_id` (`users_id`),
  KEY `entities_id_deliv` (`entities_id_deliv`),
  KEY `locations_id` (`locations_id`),
  KEY `tickets_id` (`tickets_id`)
) ENGINE=InnoDB AUTO_INCREMENT=8 DEFAULT CHARSET=utf8mb3 COLLATE=utf8mb3_unicode_ci;

--
-- Dumping data for table `glpi_plugin_geststock_reservations`
--

INSERT INTO `glpi_plugin_geststock_reservations` VALUES
(1,2,5,136,330,37,'Nous voulons envoyer un modèle de cet ordinateur vers Paris, Rue de Javel',0,'2025-06-10 15:23:50','2025-06-12 00:00:00','2025-06-10 20:24:38',NULL,NULL,NULL,NULL,'2025-06-10 20:24:38'),
(2,2,5,115,288,1,'',0,'2025-06-10 21:38:52','2025-06-11 00:00:00',NULL,NULL,NULL,NULL,NULL,'2025-06-10 21:41:47'),
(4,2,5,121,335,3,'Demande de transfert de matériel vers Eolle-Addlys',0,'2026-02-26 17:23:37','2026-02-26 00:00:00','2026-02-26 18:22:55',NULL,NULL,NULL,NULL,'2026-02-26 18:39:27'),
(5,2,5,121,345,22,'',0,'2026-02-26 18:14:46','2026-02-26 00:00:00','2026-02-26 18:30:40',NULL,NULL,NULL,NULL,'2026-02-26 18:30:40'),
(7,2,5,116,382,22,'Réservation pour envoi vers Jean Talon',0,'2026-02-26 19:34:03','2026-02-26 00:00:00','2026-02-26 19:46:25',NULL,NULL,NULL,NULL,'2026-02-26 19:46:25');

--
-- Table structure for table `glpi_plugin_geststock_reservations_items`
--

CREATE TABLE `glpi_plugin_geststock_reservations_items` (
  `id` int(11) NOT NULL AUTO_INCREMENT,
  `plugin_geststock_reservations_id` int(11) DEFAULT NULL,
  `itemtype` varchar(100) NOT NULL,
  `models_id` int(11) NOT NULL DEFAULT 0,
  `nbrereserv` int(11) DEFAULT NULL,
  `locations_id_stock` int(11) DEFAULT NULL,
  PRIMARY KEY (`id`),
  UNIQUE KEY `unicity` (`plugin_geststock_reservations_id`,`models_id`,`itemtype`,`locations_id_stock`),
  KEY `plugin_geststock_reservations_id` (`plugin_geststock_reservations_id`),
  KEY `item` (`itemtype`,`models_id`)
) ENGINE=InnoDB AUTO_INCREMENT=6 DEFAULT CHARSET=utf8mb3 COLLATE=utf8mb3_unicode_ci;

--
-- Dumping data for table `glpi_plugin_geststock_reservations_items`
--

INSERT INTO `glpi_plugin_geststock_reservations_items` VALUES
(1,1,'Computer',325,1,131),
(2,2,'Monitor',128,1,17),
(3,4,'Printer',2,1,91),
(4,5,'Computer',21,1,91),
(5,7,'NetworkEquipment',9,1,91);

--
-- Table structure for table `glpi_plugin_geststock_reservations_items_numbers`
--

CREATE TABLE `glpi_plugin_geststock_reservations_items_numbers` (
  `id` int(11) NOT NULL AUTO_INCREMENT,
  `plugin_geststock_reservations_items_id` int(11) DEFAULT NULL,
  `itemtype` varchar(100) DEFAULT NULL,
  `models_id` int(11) DEFAULT NULL,
  `locations_id_stock` int(11) DEFAULT NULL,
  `otherserial` text DEFAULT NULL,
  `users_id` int(11) DEFAULT NULL,
  `date_mod` timestamp NULL DEFAULT NULL,
  PRIMARY KEY (`id`),
  KEY `plugin_geststock_reservations_items_id` (`plugin_geststock_reservations_items_id`),
  KEY `users_id` (`users_id`),
  KEY `item` (`itemtype`,`models_id`)
) ENGINE=InnoDB AUTO_INCREMENT=6 DEFAULT CHARSET=utf8mb3 COLLATE=utf8mb3_unicode_ci;

--
-- Dumping data for table `glpi_plugin_geststock_reservations_items_numbers`
--

INSERT INTO `glpi_plugin_geststock_reservations_items_numbers` VALUES
(1,1,'Computer',325,131,'[\"33825\"]',2,'2025-06-10 15:32:01'),
(2,2,'Monitor',128,17,'[\"69\"]',2,'2025-06-10 21:46:48'),
(3,3,'Printer',2,91,'[\"285\"]',2,'2026-02-26 18:21:43'),
(4,4,'Computer',21,91,'[\"9922\"]',2,'2026-02-26 18:30:35'),
(5,5,'NetworkEquipment',9,91,'[\"2\"]',2,'2026-02-26 19:42:27');

--
-- Table structure for table `glpi_plugin_geststock_specifications`
--

CREATE TABLE `glpi_plugin_geststock_specifications` (
  `id` int(11) NOT NULL AUTO_INCREMENT,
  `models_id` int(11) NOT NULL DEFAULT 0,
  `itemtype` varchar(100) NOT NULL,
  `length` int(11) DEFAULT NULL,
  `width` int(11) DEFAULT NULL,
  `height` int(11) DEFAULT NULL,
  `weight` decimal(6,3) NOT NULL DEFAULT 0.000,
  `volume` float DEFAULT NULL,
  `date_mod` timestamp NULL DEFAULT NULL,
  PRIMARY KEY (`id`),
  UNIQUE KEY `unicity` (`models_id`,`itemtype`)
) ENGINE=InnoDB DEFAULT CHARSET=utf8mb3 COLLATE=utf8mb3_unicode_ci;

--
-- Dumping data for table `glpi_plugin_geststock_specifications`
--


--
-- Table structure for table `glpi_plugin_glpiinventory_agentmodules`
--

CREATE TABLE `glpi_plugin_glpiinventory_agentmodules` (
  `id` int(10) unsigned NOT NULL AUTO_INCREMENT,
  `modulename` varchar(255) DEFAULT NULL,
  `is_active` tinyint(4) NOT NULL DEFAULT 0,
  `exceptions` text DEFAULT NULL,
  PRIMARY KEY (`id`),
  UNIQUE KEY `modulename` (`modulename`),
  KEY `is_active` (`is_active`)
) ENGINE=InnoDB AUTO_INCREMENT=8 DEFAULT CHARSET=utf8mb4 COLLATE=utf8mb4_unicode_ci ROW_FORMAT=DYNAMIC;

--
-- Dumping data for table `glpi_plugin_glpiinventory_agentmodules`
--

INSERT INTO `glpi_plugin_glpiinventory_agentmodules` VALUES
(2,'INVENTORY',1,'[]'),
(3,'InventoryComputerESX',0,'[]'),
(4,'NETWORKINVENTORY',1,'[]'),
(5,'NETWORKDISCOVERY',1,'[]'),
(6,'DEPLOY',1,'[]'),
(7,'Collect',1,'[]');

--
-- Table structure for table `glpi_plugin_glpiinventory_collects`
--

CREATE TABLE `glpi_plugin_glpiinventory_collects` (
  `id` int(10) unsigned NOT NULL AUTO_INCREMENT,
  `name` varchar(255) DEFAULT NULL,
  `entities_id` int(10) unsigned NOT NULL DEFAULT 0,
  `is_recursive` tinyint(4) NOT NULL DEFAULT 0,
  `type` varchar(255) DEFAULT NULL,
  `is_active` tinyint(4) NOT NULL DEFAULT 0,
  `comment` text DEFAULT NULL,
  PRIMARY KEY (`id`)
) ENGINE=InnoDB AUTO_INCREMENT=2 DEFAULT CHARSET=utf8mb4 COLLATE=utf8mb4_unicode_ci ROW_FORMAT=DYNAMIC;

--
-- Dumping data for table `glpi_plugin_glpiinventory_collects`
--

INSERT INTO `glpi_plugin_glpiinventory_collects` VALUES
(1,'Test',0,0,'file',0,'');

--
-- Table structure for table `glpi_plugin_glpiinventory_collects_files`
--

CREATE TABLE `glpi_plugin_glpiinventory_collects_files` (
  `id` int(10) unsigned NOT NULL AUTO_INCREMENT,
  `name` varchar(255) DEFAULT NULL,
  `plugin_glpiinventory_collects_id` int(10) unsigned NOT NULL DEFAULT 0,
  `dir` varchar(255) DEFAULT NULL,
  `limit` int(11) NOT NULL DEFAULT 50,
  `is_recursive` tinyint(4) NOT NULL DEFAULT 0,
  `filter_regex` varchar(255) DEFAULT NULL,
  `filter_sizeequals` int(11) NOT NULL DEFAULT 0,
  `filter_sizegreater` int(11) NOT NULL DEFAULT 0,
  `filter_sizelower` int(11) NOT NULL DEFAULT 0,
  `filter_checksumsha512` varchar(255) DEFAULT NULL,
  `filter_checksumsha2` varchar(255) DEFAULT NULL,
  `filter_name` varchar(255) DEFAULT NULL,
  `filter_iname` varchar(255) DEFAULT NULL,
  `filter_is_file` tinyint(4) NOT NULL DEFAULT 1,
  `filter_is_dir` tinyint(4) NOT NULL DEFAULT 0,
  PRIMARY KEY (`id`)
) ENGINE=InnoDB DEFAULT CHARSET=utf8mb4 COLLATE=utf8mb4_unicode_ci ROW_FORMAT=DYNAMIC;

--
-- Dumping data for table `glpi_plugin_glpiinventory_collects_files`
--


--
-- Table structure for table `glpi_plugin_glpiinventory_collects_files_contents`
--

CREATE TABLE `glpi_plugin_glpiinventory_collects_files_contents` (
  `id` int(10) unsigned NOT NULL AUTO_INCREMENT,
  `computers_id` int(10) unsigned NOT NULL DEFAULT 0,
  `plugin_glpiinventory_collects_files_id` int(10) unsigned NOT NULL DEFAULT 0,
  `pathfile` text DEFAULT NULL,
  `size` int(11) NOT NULL DEFAULT 0,
  PRIMARY KEY (`id`)
) ENGINE=InnoDB DEFAULT CHARSET=utf8mb4 COLLATE=utf8mb4_unicode_ci ROW_FORMAT=DYNAMIC;

--
-- Dumping data for table `glpi_plugin_glpiinventory_collects_files_contents`
--


--
-- Table structure for table `glpi_plugin_glpiinventory_collects_registries_contents`
--

CREATE TABLE `glpi_plugin_glpiinventory_collects_registries_contents` (
  `id` int(10) unsigned NOT NULL AUTO_INCREMENT,
  `computers_id` int(10) unsigned NOT NULL DEFAULT 0,
  `plugin_glpiinventory_collects_registries_id` int(10) unsigned NOT NULL DEFAULT 0,
  `key` varchar(255) DEFAULT NULL,
  `value` varchar(255) DEFAULT NULL,
  PRIMARY KEY (`id`),
  KEY `computers_id` (`computers_id`)
) ENGINE=InnoDB DEFAULT CHARSET=utf8mb4 COLLATE=utf8mb4_unicode_ci ROW_FORMAT=DYNAMIC;

--
-- Dumping data for table `glpi_plugin_glpiinventory_collects_registries_contents`
--


--
-- Table structure for table `glpi_plugin_glpiinventory_collects_wmis`
--

CREATE TABLE `glpi_plugin_glpiinventory_collects_wmis` (
  `id` int(10) unsigned NOT NULL AUTO_INCREMENT,
  `name` varchar(255) DEFAULT NULL,
  `plugin_glpiinventory_collects_id` int(10) unsigned NOT NULL DEFAULT 0,
  `moniker` varchar(255) DEFAULT NULL,
  `class` varchar(255) DEFAULT NULL,
  `properties` varchar(255) DEFAULT NULL,
  PRIMARY KEY (`id`)
) ENGINE=InnoDB DEFAULT CHARSET=utf8mb4 COLLATE=utf8mb4_unicode_ci ROW_FORMAT=DYNAMIC;

--
-- Dumping data for table `glpi_plugin_glpiinventory_collects_wmis`
--


--
-- Table structure for table `glpi_plugin_glpiinventory_collects_wmis_contents`
--

CREATE TABLE `glpi_plugin_glpiinventory_collects_wmis_contents` (
  `id` int(10) unsigned NOT NULL AUTO_INCREMENT,
  `computers_id` int(10) unsigned NOT NULL DEFAULT 0,
  `plugin_glpiinventory_collects_wmis_id` int(10) unsigned NOT NULL DEFAULT 0,
  `property` varchar(255) DEFAULT NULL,
  `value` varchar(255) DEFAULT NULL,
  PRIMARY KEY (`id`)
) ENGINE=InnoDB DEFAULT CHARSET=utf8mb4 COLLATE=utf8mb4_unicode_ci ROW_FORMAT=DYNAMIC;

--
-- Dumping data for table `glpi_plugin_glpiinventory_collects_wmis_contents`
--


--
-- Table structure for table `glpi_plugin_glpiinventory_configs`
--

CREATE TABLE `glpi_plugin_glpiinventory_configs` (
  `id` int(10) unsigned NOT NULL AUTO_INCREMENT,
  `type` varchar(255) DEFAULT NULL,
  `value` varchar(255) DEFAULT NULL,
  PRIMARY KEY (`id`),
  UNIQUE KEY `unicity` (`type`)
) ENGINE=InnoDB AUTO_INCREMENT=47 DEFAULT CHARSET=utf8mb4 COLLATE=utf8mb4_unicode_ci ROW_FORMAT=DYNAMIC;

--
-- Dumping data for table `glpi_plugin_glpiinventory_configs`
--

INSERT INTO `glpi_plugin_glpiinventory_configs` VALUES
(1,'version','1.4.0'),
(2,'ssl_only','0'),
(3,'delete_task','20'),
(4,'agent_port','62354'),
(5,'extradebug','0'),
(6,'users_id','73'),
(7,'wakeup_agent_max','10'),
(8,'import_software','1'),
(9,'import_volume','1'),
(10,'import_antivirus','1'),
(11,'import_registry','1'),
(12,'import_process','1'),
(13,'import_vm','1'),
(14,'import_monitor_on_partial_sn','0'),
(15,'component_processor','1'),
(16,'component_memory','1'),
(17,'component_harddrive','1'),
(18,'component_networkcard','1'),
(19,'component_graphiccard','1'),
(20,'component_soundcard','1'),
(21,'component_drive','1'),
(22,'component_networkdrive','1'),
(23,'component_control','1'),
(24,'component_removablemedia','0'),
(25,'component_simcard','1'),
(26,'component_powersupply','1'),
(27,'states_id_default','0'),
(28,'location','0'),
(29,'group','0'),
(30,'create_vm','0'),
(31,'component_networkcardvirtual','1'),
(32,'otherserial','0'),
(33,'component_battery','1'),
(34,'threads_networkdiscovery','20'),
(35,'threads_networkinventory','20'),
(36,'timeout_networkdiscovery','10'),
(37,'timeout_networkinventory','10'),
(38,'server_upload_path','/var/www/glpis/files/_plugins/glpiinventory/upload'),
(39,'alert_winpath','1'),
(40,'server_as_mirror','1'),
(41,'manage_osname','1'),
(42,'clean_on_demand_tasks','3'),
(43,'reprepare_job','0'),
(44,'mirror_match','0'),
(45,'entities_id','0'),
(46,'is_recursive','1');

--
-- Table structure for table `glpi_plugin_glpiinventory_credentialips`
--

CREATE TABLE `glpi_plugin_glpiinventory_credentialips` (
  `id` int(10) unsigned NOT NULL AUTO_INCREMENT,
  `entities_id` int(10) unsigned NOT NULL DEFAULT 0,
  `plugin_glpiinventory_credentials_id` int(10) unsigned NOT NULL DEFAULT 0,
  `name` varchar(255) NOT NULL DEFAULT '',
  `comment` text DEFAULT NULL,
  `ip` varchar(255) NOT NULL DEFAULT '',
  `date_mod` timestamp NULL DEFAULT NULL,
  PRIMARY KEY (`id`)
) ENGINE=InnoDB DEFAULT CHARSET=utf8mb4 COLLATE=utf8mb4_unicode_ci ROW_FORMAT=DYNAMIC;

--
-- Dumping data for table `glpi_plugin_glpiinventory_credentialips`
--


--
-- Table structure for table `glpi_plugin_glpiinventory_credentials`
--

CREATE TABLE `glpi_plugin_glpiinventory_credentials` (
  `id` int(10) unsigned NOT NULL AUTO_INCREMENT,
  `entities_id` int(10) unsigned NOT NULL DEFAULT 0,
  `is_recursive` tinyint(4) NOT NULL DEFAULT 0,
  `name` varchar(255) NOT NULL DEFAULT '',
  `username` varchar(255) NOT NULL DEFAULT '',
  `password` varchar(255) NOT NULL DEFAULT '',
  `comment` text DEFAULT NULL,
  `date_mod` timestamp NULL DEFAULT NULL,
  `itemtype` varchar(255) NOT NULL DEFAULT '',
  PRIMARY KEY (`id`)
) ENGINE=InnoDB DEFAULT CHARSET=utf8mb4 COLLATE=utf8mb4_unicode_ci ROW_FORMAT=DYNAMIC;

--
-- Dumping data for table `glpi_plugin_glpiinventory_credentials`
--


--
-- Table structure for table `glpi_plugin_glpiinventory_deployfiles`
--

CREATE TABLE `glpi_plugin_glpiinventory_deployfiles` (
  `id` int(10) unsigned NOT NULL AUTO_INCREMENT,
  `name` varchar(255) NOT NULL,
  `mimetype` varchar(255) NOT NULL,
  `filesize` bigint(20) NOT NULL,
  `comment` text DEFAULT NULL,
  `sha512` char(128) NOT NULL,
  `shortsha512` char(6) NOT NULL,
  `entities_id` int(10) unsigned NOT NULL,
  `is_recursive` tinyint(4) NOT NULL DEFAULT 0,
  `date_mod` timestamp NULL DEFAULT NULL,
  PRIMARY KEY (`id`),
  KEY `shortsha512` (`shortsha512`),
  KEY `entities_id` (`entities_id`),
  KEY `date_mod` (`date_mod`),
  KEY `id` (`id`)
) ENGINE=InnoDB AUTO_INCREMENT=2 DEFAULT CHARSET=utf8mb4 COLLATE=utf8mb4_unicode_ci ROW_FORMAT=DYNAMIC;

--
-- Dumping data for table `glpi_plugin_glpiinventory_deployfiles`
--

INSERT INTO `glpi_plugin_glpiinventory_deployfiles` VALUES
(1,'glpi-agent-deployment - Copie.txt','text/plain',21568,NULL,'90999c66c2ed03d3abd4f8097e81d5a4c2c5ddbf56704543b080666c338af685757851f37a77bfdddc84d5b5a2f3d4d006ef72cc87db5b7e23dc893a7cc753e2','90999c',0,1,'2023-07-12 12:31:43');

--
-- Table structure for table `glpi_plugin_glpiinventory_deploygroups`
--

CREATE TABLE `glpi_plugin_glpiinventory_deploygroups` (
  `id` int(10) unsigned NOT NULL AUTO_INCREMENT,
  `name` varchar(255) NOT NULL,
  `comment` text DEFAULT NULL,
  `type` varchar(255) NOT NULL,
  PRIMARY KEY (`id`)
) ENGINE=InnoDB AUTO_INCREMENT=2 DEFAULT CHARSET=utf8mb4 COLLATE=utf8mb4_unicode_ci ROW_FORMAT=DYNAMIC;

--
-- Dumping data for table `glpi_plugin_glpiinventory_deploygroups`
--

INSERT INTO `glpi_plugin_glpiinventory_deploygroups` VALUES
(1,'Test','Groupe de test','STATIC');

--
-- Table structure for table `glpi_plugin_glpiinventory_deploygroups_dynamicdatas`
--

CREATE TABLE `glpi_plugin_glpiinventory_deploygroups_dynamicdatas` (
  `id` int(10) unsigned NOT NULL AUTO_INCREMENT,
  `plugin_glpiinventory_deploygroups_id` int(10) unsigned NOT NULL DEFAULT 0,
  `fields_array` text DEFAULT NULL,
  `can_update_group` tinyint(4) NOT NULL DEFAULT 0,
  `computers_id_cache` longtext DEFAULT NULL,
  PRIMARY KEY (`id`),
  KEY `plugin_glpiinventory_deploygroups_id` (`plugin_glpiinventory_deploygroups_id`),
  KEY `can_update_group` (`can_update_group`)
) ENGINE=InnoDB DEFAULT CHARSET=utf8mb4 COLLATE=utf8mb4_unicode_ci ROW_FORMAT=DYNAMIC;

--
-- Dumping data for table `glpi_plugin_glpiinventory_deploygroups_dynamicdatas`
--


--
-- Table structure for table `glpi_plugin_glpiinventory_deploygroups_staticdatas`
--

CREATE TABLE `glpi_plugin_glpiinventory_deploygroups_staticdatas` (
  `id` int(10) unsigned NOT NULL AUTO_INCREMENT,
  `plugin_glpiinventory_deploygroups_id` int(10) unsigned NOT NULL DEFAULT 0,
  `itemtype` varchar(100) DEFAULT NULL,
  `items_id` int(10) unsigned NOT NULL DEFAULT 0,
  PRIMARY KEY (`id`),
  KEY `plugin_glpiinventory_deploygroups_id` (`plugin_glpiinventory_deploygroups_id`),
  KEY `items_id` (`items_id`)
) ENGINE=InnoDB AUTO_INCREMENT=2 DEFAULT CHARSET=utf8mb4 COLLATE=utf8mb4_unicode_ci ROW_FORMAT=DYNAMIC;

--
-- Dumping data for table `glpi_plugin_glpiinventory_deploygroups_staticdatas`
--

INSERT INTO `glpi_plugin_glpiinventory_deploygroups_staticdatas` VALUES
(1,1,'Computer',33947);

--
-- Table structure for table `glpi_plugin_glpiinventory_deploymirrors`
--

CREATE TABLE `glpi_plugin_glpiinventory_deploymirrors` (
  `id` int(10) unsigned NOT NULL AUTO_INCREMENT,
  `entities_id` int(10) unsigned NOT NULL,
  `is_active` tinyint(4) NOT NULL DEFAULT 0,
  `is_recursive` tinyint(4) NOT NULL DEFAULT 0,
  `name` varchar(255) NOT NULL,
  `url` varchar(255) NOT NULL DEFAULT '',
  `locations_id` int(10) unsigned NOT NULL,
  `comment` text DEFAULT NULL,
  `date_mod` timestamp NULL DEFAULT NULL,
  PRIMARY KEY (`id`),
  KEY `entities_id` (`entities_id`),
  KEY `is_active` (`is_active`),
  KEY `is_recursive` (`is_recursive`),
  KEY `date_mod` (`date_mod`)
) ENGINE=InnoDB DEFAULT CHARSET=utf8mb4 COLLATE=utf8mb4_unicode_ci ROW_FORMAT=DYNAMIC;

--
-- Dumping data for table `glpi_plugin_glpiinventory_deploymirrors`
--


--
-- Table structure for table `glpi_plugin_glpiinventory_deploypackages`
--

CREATE TABLE `glpi_plugin_glpiinventory_deploypackages` (
  `id` int(10) unsigned NOT NULL AUTO_INCREMENT,
  `name` varchar(255) NOT NULL,
  `comment` text DEFAULT NULL,
  `entities_id` int(10) unsigned NOT NULL,
  `is_recursive` tinyint(4) NOT NULL DEFAULT 0,
  `date_mod` timestamp NULL DEFAULT NULL,
  `uuid` varchar(255) DEFAULT NULL,
  `json` longtext DEFAULT NULL,
  `plugin_glpiinventory_deploygroups_id` int(10) unsigned NOT NULL DEFAULT 0,
  PRIMARY KEY (`id`),
  KEY `entities_id` (`entities_id`),
  KEY `date_mod` (`date_mod`)
) ENGINE=InnoDB AUTO_INCREMENT=2 DEFAULT CHARSET=utf8mb4 COLLATE=utf8mb4_unicode_ci ROW_FORMAT=DYNAMIC;

--
-- Dumping data for table `glpi_plugin_glpiinventory_deploypackages`
--

INSERT INTO `glpi_plugin_glpiinventory_deploypackages` VALUES
(1,'Test','',0,1,'2023-08-11 16:07:09',NULL,'{\"jobs\":{\"checks\":[],\"associatedFiles\":[\"90999c66c2ed03d3abd4f8097e81d5a4c2c5ddbf56704543b080666c338af685757851f37a77bfdddc84d5b5a2f3d4d006ef72cc87db5b7e23dc893a7cc753e2\"],\"actions\":[{\"cmd\":{\"exec\":\"%windir%\\\\system32\\\\notepad.exe\",\"name\":\"Ouverture d\'un fichier de Test\",\"logLineLimit\":\"10\"}}],\"userinteractions\":[{\"name\":\"Message de fin!\",\"title\":\"D\\u00e9ploiement TEST\",\"text\":\"Bonjou!\",\"type\":\"after\",\"template\":\"0\"}]},\"associatedFiles\":{\"90999c66c2ed03d3abd4f8097e81d5a4c2c5ddbf56704543b080666c338af685757851f37a77bfdddc84d5b5a2f3d4d006ef72cc87db5b7e23dc893a7cc753e2\":{\"name\":\"glpi-agent-deployment - Copie.txt\",\"p2p\":\"0\",\"p2p-retention-duration\":\"0\",\"uncompress\":\"0\"}}}',1);

--
-- Table structure for table `glpi_plugin_glpiinventory_deploypackages_entities`
--

CREATE TABLE `glpi_plugin_glpiinventory_deploypackages_entities` (
  `id` int(10) unsigned NOT NULL AUTO_INCREMENT,
  `plugin_glpiinventory_deploypackages_id` int(10) unsigned NOT NULL DEFAULT 0,
  `entities_id` int(10) unsigned NOT NULL DEFAULT 0,
  `is_recursive` tinyint(4) NOT NULL DEFAULT 0,
  PRIMARY KEY (`id`),
  KEY `plugin_glpiinventory_deploypackages_id` (`plugin_glpiinventory_deploypackages_id`),
  KEY `entities_id` (`entities_id`),
  KEY `is_recursive` (`is_recursive`)
) ENGINE=InnoDB DEFAULT CHARSET=utf8mb4 COLLATE=utf8mb4_unicode_ci ROW_FORMAT=DYNAMIC;

--
-- Dumping data for table `glpi_plugin_glpiinventory_deploypackages_entities`
--


--
-- Table structure for table `glpi_plugin_glpiinventory_deploypackages_groups`
--

CREATE TABLE `glpi_plugin_glpiinventory_deploypackages_groups` (
  `id` int(10) unsigned NOT NULL AUTO_INCREMENT,
  `plugin_glpiinventory_deploypackages_id` int(10) unsigned NOT NULL DEFAULT 0,
  `groups_id` int(10) unsigned NOT NULL DEFAULT 0,
  `entities_id` int(10) unsigned NOT NULL DEFAULT 0,
  `is_recursive` tinyint(4) NOT NULL DEFAULT 0,
  PRIMARY KEY (`id`),
  KEY `plugin_glpiinventory_deploypackages_id` (`plugin_glpiinventory_deploypackages_id`),
  KEY `groups_id` (`groups_id`),
  KEY `entities_id` (`entities_id`),
  KEY `is_recursive` (`is_recursive`)
) ENGINE=InnoDB DEFAULT CHARSET=utf8mb4 COLLATE=utf8mb4_unicode_ci ROW_FORMAT=DYNAMIC;

--
-- Dumping data for table `glpi_plugin_glpiinventory_deploypackages_groups`
--


--
-- Table structure for table `glpi_plugin_glpiinventory_deploypackages_profiles`
--

CREATE TABLE `glpi_plugin_glpiinventory_deploypackages_profiles` (
  `id` int(10) unsigned NOT NULL AUTO_INCREMENT,
  `plugin_glpiinventory_deploypackages_id` int(10) unsigned NOT NULL DEFAULT 0,
  `profiles_id` int(10) unsigned NOT NULL DEFAULT 0,
  `entities_id` int(10) unsigned NOT NULL DEFAULT 0,
  `is_recursive` tinyint(4) NOT NULL DEFAULT 0,
  PRIMARY KEY (`id`),
  KEY `plugin_glpiinventory_deploypackages_id` (`plugin_glpiinventory_deploypackages_id`),
  KEY `profiles_id` (`profiles_id`),
  KEY `entities_id` (`entities_id`),
  KEY `is_recursive` (`is_recursive`)
) ENGINE=InnoDB DEFAULT CHARSET=utf8mb4 COLLATE=utf8mb4_unicode_ci ROW_FORMAT=DYNAMIC;

--
-- Dumping data for table `glpi_plugin_glpiinventory_deploypackages_profiles`
--


--
-- Table structure for table `glpi_plugin_glpiinventory_deploypackages_users`
--

CREATE TABLE `glpi_plugin_glpiinventory_deploypackages_users` (
  `id` int(10) unsigned NOT NULL AUTO_INCREMENT,
  `plugin_glpiinventory_deploypackages_id` int(10) unsigned NOT NULL DEFAULT 0,
  `users_id` int(10) unsigned NOT NULL DEFAULT 0,
  PRIMARY KEY (`id`),
  KEY `plugin_glpiinventory_deploypackages_id` (`plugin_glpiinventory_deploypackages_id`),
  KEY `users_id` (`users_id`)
) ENGINE=InnoDB AUTO_INCREMENT=2 DEFAULT CHARSET=utf8mb4 COLLATE=utf8mb4_unicode_ci ROW_FORMAT=DYNAMIC;

--
-- Dumping data for table `glpi_plugin_glpiinventory_deploypackages_users`
--

INSERT INTO `glpi_plugin_glpiinventory_deploypackages_users` VALUES
(1,1,61);

--
-- Table structure for table `glpi_plugin_glpiinventory_deployuserinteractiontemplates`
--

CREATE TABLE `glpi_plugin_glpiinventory_deployuserinteractiontemplates` (
  `id` int(10) unsigned NOT NULL AUTO_INCREMENT,
  `name` varchar(255) DEFAULT NULL,
  `entities_id` int(10) unsigned NOT NULL DEFAULT 0,
  `is_recursive` tinyint(4) NOT NULL DEFAULT 0,
  `date_creation` timestamp NULL DEFAULT NULL,
  `date_mod` timestamp NULL DEFAULT NULL,
  `json` longtext DEFAULT NULL,
  PRIMARY KEY (`id`),
  KEY `date_mod` (`date_mod`),
  KEY `date_creation` (`date_creation`),
  KEY `entities_id` (`entities_id`),
  KEY `is_recursive` (`is_recursive`)
) ENGINE=InnoDB DEFAULT CHARSET=utf8mb4 COLLATE=utf8mb4_unicode_ci ROW_FORMAT=DYNAMIC;

--
-- Dumping data for table `glpi_plugin_glpiinventory_deployuserinteractiontemplates`
--


--
-- Table structure for table `glpi_plugin_glpiinventory_inventorycomputerstats`
--

CREATE TABLE `glpi_plugin_glpiinventory_inventorycomputerstats` (
  `id` smallint(5) unsigned NOT NULL AUTO_INCREMENT,
  `day` smallint(6) NOT NULL DEFAULT 0,
  `hour` tinyint(4) NOT NULL DEFAULT 0,
  `counter` int(11) NOT NULL DEFAULT 0,
  PRIMARY KEY (`id`)
) ENGINE=InnoDB AUTO_INCREMENT=8761 DEFAULT CHARSET=utf8mb4 COLLATE=utf8mb4_unicode_ci ROW_FORMAT=DYNAMIC;

--
-- Dumping data for table `glpi_plugin_glpiinventory_inventorycomputerstats`
--

INSERT INTO `glpi_plugin_glpiinventory_inventorycomputerstats` VALUES
(1,1,0,0),
(2,1,1,0),
(3,1,2,0),
(4,1,3,0),
(5,1,4,0),
(6,1,5,0),
(7,1,6,0),
(8,1,7,0),
(9,1,8,0),
(10,1,9,0),
(11,1,10,0),
(12,1,11,0),
(13,1,12,0),
(14,1,13,0),
(15,1,14,0),
(16,1,15,0),
(17,1,16,0),
(18,1,17,0),
(19,1,18,0),
(20,1,19,0),
(21,1,20,0),
(22,1,21,0),
(23,1,22,0),
(24,1,23,0),
(25,2,0,0),
(26,2,1,0),
(27,2,2,0),
(28,2,3,0),
(29,2,4,0),
(30,2,5,0),
(31,2,6,0),
(32,2,7,0),
(33,2,8,0),
(34,2,9,0),
(35,2,10,0),
(36,2,11,0),
(37,2,12,0),
(38,2,13,0),
(39,2,14,0),
(40,2,15,0),
(41,2,16,0),
(42,2,17,0),
(43,2,18,0),
(44,2,19,0),
(45,2,20,0),
(46,2,21,0),
(47,2,22,0),
(48,2,23,0),
(49,3,0,0),
(50,3,1,0),
(51,3,2,0),
(52,3,3,0),
(53,3,4,0),
(54,3,5,0),
(55,3,6,0),
(56,3,7,0),
(57,3,8,0),
(58,3,9,0),
(59,3,10,0),
(60,3,11,0),
(61,3,12,0),
(62,3,13,0),
(63,3,14,0),
(64,3,15,0),
(65,3,16,0),
(66,3,17,0),
(67,3,18,0),
(68,3,19,0),
(69,3,20,0),
(70,3,21,0),
(71,3,22,0),
(72,3,23,0),
(73,4,0,0),
(74,4,1,0),
(75,4,2,0),
(76,4,3,0),
(77,4,4,0),
(78,4,5,0),
(79,4,6,0),
(80,4,7,0),
(81,4,8,0),
(82,4,9,0),
(83,4,10,0),
(84,4,11,0),
(85,4,12,0),
(86,4,13,0),
(87,4,14,0),
(88,4,15,0),
(89,4,16,0),
(90,4,17,0),
(91,4,18,0),
(92,4,19,0),
(93,4,20,0),
(94,4,21,0),
(95,4,22,0),
(96,4,23,0),
(97,5,0,0),
(98,5,1,0),
(99,5,2,0),
(100,5,3,0),
(101,5,4,0),
(102,5,5,0),
(103,5,6,0),
(104,5,7,0),
(105,5,8,0),
(106,5,9,0),
(107,5,10,0),
(108,5,11,0),
(109,5,12,0),
(110,5,13,0),
(111,5,14,0),
(112,5,15,0),
(113,5,16,0),
(114,5,17,0),
(115,5,18,0),
(116,5,19,0),
(117,5,20,0),
(118,5,21,0),
(119,5,22,0),
(120,5,23,0),
(121,6,0,0),
(122,6,1,0),
(123,6,2,0),
(124,6,3,0),
(125,6,4,0),
(126,6,5,0),
(127,6,6,0),
(128,6,7,0),
(129,6,8,0),
(130,6,9,0),
(131,6,10,0),
(132,6,11,0),
(133,6,12,0),
(134,6,13,0),
(135,6,14,0),
(136,6,15,0),
(137,6,16,0),
(138,6,17,0),
(139,6,18,0),
(140,6,19,0),
(141,6,20,0),
(142,6,21,0),
(143,6,22,0),
(144,6,23,0),
(145,7,0,0),
(146,7,1,0),
(147,7,2,0),
(148,7,3,0),
(149,7,4,0),
(150,7,5,0),
(151,7,6,0),
(152,7,7,0),
(153,7,8,0),
(154,7,9,0),
(155,7,10,0),
(156,7,11,0),
(157,7,12,0),
(158,7,13,0),
(159,7,14,0),
(160,7,15,0),
(161,7,16,0),
(162,7,17,0),
(163,7,18,0),
(164,7,19,0),
(165,7,20,0),
(166,7,21,0),
(167,7,22,0),
(168,7,23,0),
(169,8,0,0),
(170,8,1,0),
(171,8,2,0),
(172,8,3,0),
(173,8,4,0),
(174,8,5,0),
(175,8,6,0),
(176,8,7,0),
(177,8,8,0),
(178,8,9,0),
(179,8,10,0),
(180,8,11,0),
(181,8,12,0),
(182,8,13,0),
(183,8,14,0),
(184,8,15,0),
(185,8,16,0),
(186,8,17,0),
(187,8,18,0),
(188,8,19,0),
(189,8,20,0),
(190,8,21,0),
(191,8,22,0),
(192,8,23,0),
(193,9,0,0),
(194,9,1,0),
(195,9,2,0),
(196,9,3,0),
(197,9,4,0),
(198,9,5,0),
(199,9,6,0),
(200,9,7,0),
(201,9,8,0),
(202,9,9,0),
(203,9,10,0),
(204,9,11,0),
(205,9,12,0),
(206,9,13,0),
(207,9,14,0),
(208,9,15,0),
(209,9,16,0),
(210,9,17,0),
(211,9,18,0),
(212,9,19,0),
(213,9,20,0),
(214,9,21,0),
(215,9,22,0),
(216,9,23,0),
(217,10,0,0),
(218,10,1,0),
(219,10,2,0),
(220,10,3,0),
(221,10,4,0),
(222,10,5,0),
(223,10,6,0),
(224,10,7,0),
(225,10,8,0),
(226,10,9,0),
(227,10,10,0),
(228,10,11,0),
(229,10,12,0),
(230,10,13,0),
(231,10,14,0),
(232,10,15,0),
(233,10,16,0),
(234,10,17,0),
(235,10,18,0),
(236,10,19,0),
(237,10,20,0),
(238,10,21,0),
(239,10,22,0),
(240,10,23,0),
(241,11,0,0),
(242,11,1,0),
(243,11,2,0),
(244,11,3,0),
(245,11,4,0),
(246,11,5,0),
(247,11,6,0),
(248,11,7,0),
(249,11,8,0),
(250,11,9,0),
(251,11,10,0),
(252,11,11,0),
(253,11,12,0),
(254,11,13,0),
(255,11,14,0),
(256,11,15,0),
(257,11,16,0),
(258,11,17,0),
(259,11,18,0),
(260,11,19,0),
(261,11,20,0),
(262,11,21,0),
(263,11,22,0),
(264,11,23,0),
(265,12,0,0),
(266,12,1,0),
(267,12,2,0),
(268,12,3,0),
(269,12,4,0),
(270,12,5,0),
(271,12,6,0),
(272,12,7,0),
(273,12,8,0),
(274,12,9,0),
(275,12,10,0),
(276,12,11,0),
(277,12,12,0),
(278,12,13,0),
(279,12,14,0),
(280,12,15,0),
(281,12,16,0),
(282,12,17,0),
(283,12,18,0),
(284,12,19,0),
(285,12,20,0),
(286,12,21,0),
(287,12,22,0),
(288,12,23,0),
(289,13,0,0),
(290,13,1,0),
(291,13,2,0),
(292,13,3,0),
(293,13,4,0),
(294,13,5,0),
(295,13,6,0),
(296,13,7,0),
(297,13,8,0),
(298,13,9,0),
(299,13,10,0),
(300,13,11,0),
(301,13,12,0),
(302,13,13,0),
(303,13,14,0),
(304,13,15,0),
(305,13,16,0),
(306,13,17,0),
(307,13,18,0),
(308,13,19,0),
(309,13,20,0),
(310,13,21,0),
(311,13,22,0),
(312,13,23,0),
(313,14,0,0),
(314,14,1,0),
(315,14,2,0),
(316,14,3,0),
(317,14,4,0),
(318,14,5,0),
(319,14,6,0),
(320,14,7,0),
(321,14,8,0),
(322,14,9,0),
(323,14,10,0),
(324,14,11,0),
(325,14,12,0),
(326,14,13,0),
(327,14,14,0),
(328,14,15,0),
(329,14,16,0),
(330,14,17,0),
(331,14,18,0),
(332,14,19,0),
(333,14,20,0),
(334,14,21,0),
(335,14,22,0),
(336,14,23,0),
(337,15,0,0),
(338,15,1,0),
(339,15,2,0),
(340,15,3,0),
(341,15,4,0),
(342,15,5,0),
(343,15,6,0),
(344,15,7,0),
(345,15,8,0),
(346,15,9,0),
(347,15,10,0),
(348,15,11,0),
(349,15,12,0),
(350,15,13,0),
(351,15,14,0),
(352,15,15,0),
(353,15,16,0),
(354,15,17,0),
(355,15,18,0),
(356,15,19,0),
(357,15,20,0),
(358,15,21,0),
(359,15,22,0),
(360,15,23,0),
(361,16,0,0),
(362,16,1,0),
(363,16,2,0),
(364,16,3,0),
(365,16,4,0),
(366,16,5,0),
(367,16,6,0),
(368,16,7,0),
(369,16,8,0),
(370,16,9,0),
(371,16,10,0),
(372,16,11,0),
(373,16,12,0),
(374,16,13,0),
(375,16,14,0),
(376,16,15,0),
(377,16,16,0),
(378,16,17,0),
(379,16,18,0),
(380,16,19,0),
(381,16,20,0),
(382,16,21,0),
(383,16,22,0),
(384,16,23,0),
(385,17,0,0),
(386,17,1,0),
(387,17,2,0),
(388,17,3,0),
(389,17,4,0),
(390,17,5,0),
(391,17,6,0),
(392,17,7,0),
(393,17,8,0),
(394,17,9,0),
(395,17,10,0),
(396,17,11,0),
(397,17,12,0),
(398,17,13,0),
(399,17,14,0),
(400,17,15,0),
(401,17,16,0),
(402,17,17,0),
(403,17,18,0),
(404,17,19,0),
(405,17,20,0),
(406,17,21,0),
(407,17,22,0),
(408,17,23,0),
(409,18,0,0),
(410,18,1,0),
(411,18,2,0),
(412,18,3,0),
(413,18,4,0),
(414,18,5,0),
(415,18,6,0),
(416,18,7,0),
(417,18,8,0),
(418,18,9,0),
(419,18,10,0),
(420,18,11,0),
(421,18,12,0),
(422,18,13,0),
(423,18,14,0),
(424,18,15,0),
(425,18,16,0),
(426,18,17,0),
(427,18,18,0),
(428,18,19,0),
(429,18,20,0),
(430,18,21,0),
(431,18,22,0),
(432,18,23,0),
(433,19,0,0),
(434,19,1,0),
(435,19,2,0),
(436,19,3,0),
(437,19,4,0),
(438,19,5,0),
(439,19,6,0),
(440,19,7,0),
(441,19,8,0),
(442,19,9,0),
(443,19,10,0),
(444,19,11,0),
(445,19,12,0),
(446,19,13,0),
(447,19,14,0),
(448,19,15,0),
(449,19,16,0),
(450,19,17,0),
(451,19,18,0),
(452,19,19,0),
(453,19,20,0),
(454,19,21,0),
(455,19,22,0),
(456,19,23,0),
(457,20,0,0),
(458,20,1,0),
(459,20,2,0),
(460,20,3,0),
(461,20,4,0),
(462,20,5,0),
(463,20,6,0),
(464,20,7,0),
(465,20,8,0),
(466,20,9,0),
(467,20,10,0),
(468,20,11,0),
(469,20,12,0),
(470,20,13,0),
(471,20,14,0),
(472,20,15,0),
(473,20,16,0),
(474,20,17,0),
(475,20,18,0),
(476,20,19,0),
(477,20,20,0),
(478,20,21,0),
(479,20,22,0),
(480,20,23,0),
(481,21,0,0),
(482,21,1,0),
(483,21,2,0),
(484,21,3,0),
(485,21,4,0),
(486,21,5,0),
(487,21,6,0),
(488,21,7,0),
(489,21,8,0),
(490,21,9,0),
(491,21,10,0),
(492,21,11,0),
(493,21,12,0),
(494,21,13,0),
(495,21,14,0),
(496,21,15,0),
(497,21,16,0),
(498,21,17,0),
(499,21,18,0),
(500,21,19,0),
(501,21,20,0),
(502,21,21,0),
(503,21,22,0),
(504,21,23,0),
(505,22,0,0),
(506,22,1,0),
(507,22,2,0),
(508,22,3,0),
(509,22,4,0),
(510,22,5,0),
(511,22,6,0),
(512,22,7,0),
(513,22,8,0),
(514,22,9,0),
(515,22,10,0),
(516,22,11,0),
(517,22,12,0),
(518,22,13,0),
(519,22,14,0),
(520,22,15,0),
(521,22,16,0),
(522,22,17,0),
(523,22,18,0),
(524,22,19,0),
(525,22,20,0),
(526,22,21,0),
(527,22,22,0),
(528,22,23,0),
(529,23,0,0),
(530,23,1,0),
(531,23,2,0),
(532,23,3,0),
(533,23,4,0),
(534,23,5,0),
(535,23,6,0),
(536,23,7,0),
(537,23,8,0),
(538,23,9,0),
(539,23,10,0),
(540,23,11,0),
(541,23,12,0),
(542,23,13,0),
(543,23,14,0),
(544,23,15,0),
(545,23,16,0),
(546,23,17,0),
(547,23,18,0),
(548,23,19,0),
(549,23,20,0),
(550,23,21,0),
(551,23,22,0),
(552,23,23,0),
(553,24,0,0),
(554,24,1,0),
(555,24,2,0),
(556,24,3,0),
(557,24,4,0),
(558,24,5,0),
(559,24,6,0),
(560,24,7,0),
(561,24,8,0),
(562,24,9,0),
(563,24,10,0),
(564,24,11,0),
(565,24,12,0),
(566,24,13,0),
(567,24,14,0),
(568,24,15,0),
(569,24,16,0),
(570,24,17,0),
(571,24,18,0),
(572,24,19,0),
(573,24,20,0),
(574,24,21,0),
(575,24,22,0),
(576,24,23,0),
(577,25,0,0),
(578,25,1,0),
(579,25,2,0),
(580,25,3,0),
(581,25,4,0),
(582,25,5,0),
(583,25,6,0),
(584,25,7,0),
(585,25,8,0),
(586,25,9,0),
(587,25,10,0),
(588,25,11,0),
(589,25,12,0),
(590,25,13,0),
(591,25,14,0),
(592,25,15,0),
(593,25,16,0),
(594,25,17,0),
(595,25,18,0),
(596,25,19,0),
(597,25,20,0),
(598,25,21,0),
(599,25,22,0),
(600,25,23,0),
(601,26,0,0),
(602,26,1,0),
(603,26,2,0),
(604,26,3,0),
(605,26,4,0),
(606,26,5,0),
(607,26,6,0),
(608,26,7,0),
(609,26,8,0),
(610,26,9,0),
(611,26,10,0),
(612,26,11,0),
(613,26,12,0),
(614,26,13,0),
(615,26,14,0),
(616,26,15,0),
(617,26,16,0),
(618,26,17,0),
(619,26,18,0),
(620,26,19,0),
(621,26,20,0),
(622,26,21,0),
(623,26,22,0),
(624,26,23,0),
(625,27,0,0),
(626,27,1,0),
(627,27,2,0),
(628,27,3,0),
(629,27,4,0),
(630,27,5,0),
(631,27,6,0),
(632,27,7,0),
(633,27,8,0),
(634,27,9,0),
(635,27,10,0),
(636,27,11,0),
(637,27,12,0),
(638,27,13,0),
(639,27,14,0),
(640,27,15,0),
(641,27,16,0),
(642,27,17,0),
(643,27,18,0),
(644,27,19,0),
(645,27,20,0),
(646,27,21,0),
(647,27,22,0),
(648,27,23,0),
(649,28,0,0),
(650,28,1,0),
(651,28,2,0),
(652,28,3,0),
(653,28,4,0),
(654,28,5,0),
(655,28,6,0),
(656,28,7,0),
(657,28,8,0),
(658,28,9,0),
(659,28,10,0),
(660,28,11,0),
(661,28,12,0),
(662,28,13,0),
(663,28,14,0),
(664,28,15,0),
(665,28,16,0),
(666,28,17,0),
(667,28,18,0),
(668,28,19,0),
(669,28,20,0),
(670,28,21,0),
(671,28,22,0),
(672,28,23,0),
(673,29,0,0),
(674,29,1,0),
(675,29,2,0),
(676,29,3,0),
(677,29,4,0),
(678,29,5,0),
(679,29,6,0),
(680,29,7,0),
(681,29,8,0),
(682,29,9,0),
(683,29,10,0),
(684,29,11,0),
(685,29,12,0),
(686,29,13,0),
(687,29,14,0),
(688,29,15,0),
(689,29,16,0),
(690,29,17,0),
(691,29,18,0),
(692,29,19,0),
(693,29,20,0),
(694,29,21,0),
(695,29,22,0),
(696,29,23,0),
(697,30,0,0),
(698,30,1,0),
(699,30,2,0),
(700,30,3,0),
(701,30,4,0),
(702,30,5,0),
(703,30,6,0),
(704,30,7,0),
(705,30,8,0),
(706,30,9,0),
(707,30,10,0),
(708,30,11,0),
(709,30,12,0),
(710,30,13,0),
(711,30,14,0),
(712,30,15,0),
(713,30,16,0),
(714,30,17,0),
(715,30,18,0),
(716,30,19,0),
(717,30,20,0),
(718,30,21,0),
(719,30,22,0),
(720,30,23,0),
(721,31,0,0),
(722,31,1,0),
(723,31,2,0),
(724,31,3,0),
(725,31,4,0),
(726,31,5,0),
(727,31,6,0),
(728,31,7,0),
(729,31,8,0),
(730,31,9,0),
(731,31,10,0),
(732,31,11,0),
(733,31,12,0),
(734,31,13,0),
(735,31,14,0),
(736,31,15,0),
(737,31,16,0),
(738,31,17,0),
(739,31,18,0),
(740,31,19,0),
(741,31,20,0),
(742,31,21,0),
(743,31,22,0),
(744,31,23,0),
(745,32,0,0),
(746,32,1,0),
(747,32,2,0),
(748,32,3,0),
(749,32,4,0),
(750,32,5,0),
(751,32,6,0),
(752,32,7,0),
(753,32,8,0),
(754,32,9,0),
(755,32,10,0),
(756,32,11,0),
(757,32,12,0),
(758,32,13,0),
(759,32,14,0),
(760,32,15,0),
(761,32,16,0),
(762,32,17,0),
(763,32,18,0),
(764,32,19,0),
(765,32,20,0),
(766,32,21,0),
(767,32,22,0),
(768,32,23,0),
(769,33,0,0),
(770,33,1,0),
(771,33,2,0),
(772,33,3,0),
(773,33,4,0),
(774,33,5,0),
(775,33,6,0),
(776,33,7,0),
(777,33,8,0),
(778,33,9,0),
(779,33,10,0),
(780,33,11,0),
(781,33,12,0),
(782,33,13,0),
(783,33,14,0),
(784,33,15,0),
(785,33,16,0),
(786,33,17,0),
(787,33,18,0),
(788,33,19,0),
(789,33,20,0),
(790,33,21,0),
(791,33,22,0),
(792,33,23,0),
(793,34,0,0),
(794,34,1,0),
(795,34,2,0),
(796,34,3,0),
(797,34,4,0),
(798,34,5,0),
(799,34,6,0),
(800,34,7,0),
(801,34,8,0),
(802,34,9,0),
(803,34,10,0),
(804,34,11,0),
(805,34,12,0),
(806,34,13,0),
(807,34,14,0),
(808,34,15,0),
(809,34,16,0),
(810,34,17,0),
(811,34,18,0),
(812,34,19,0),
(813,34,20,0),
(814,34,21,0),
(815,34,22,0),
(816,34,23,0),
(817,35,0,0),
(818,35,1,0),
(819,35,2,0),
(820,35,3,0),
(821,35,4,0),
(822,35,5,0),
(823,35,6,0),
(824,35,7,0),
(825,35,8,0),
(826,35,9,0),
(827,35,10,0),
(828,35,11,0),
(829,35,12,0),
(830,35,13,0),
(831,35,14,0),
(832,35,15,0),
(833,35,16,0),
(834,35,17,0),
(835,35,18,0),
(836,35,19,0),
(837,35,20,0),
(838,35,21,0),
(839,35,22,0),
(840,35,23,0),
(841,36,0,0),
(842,36,1,0),
(843,36,2,0),
(844,36,3,0),
(845,36,4,0),
(846,36,5,0),
(847,36,6,0),
(848,36,7,0),
(849,36,8,0),
(850,36,9,0),
(851,36,10,0),
(852,36,11,0),
(853,36,12,0),
(854,36,13,0),
(855,36,14,0),
(856,36,15,0),
(857,36,16,0),
(858,36,17,0),
(859,36,18,0),
(860,36,19,0),
(861,36,20,0),
(862,36,21,0),
(863,36,22,0),
(864,36,23,0),
(865,37,0,0),
(866,37,1,0),
(867,37,2,0),
(868,37,3,0),
(869,37,4,0),
(870,37,5,0),
(871,37,6,0),
(872,37,7,0),
(873,37,8,0),
(874,37,9,0),
(875,37,10,0),
(876,37,11,0),
(877,37,12,0),
(878,37,13,0),
(879,37,14,0),
(880,37,15,0),
(881,37,16,0),
(882,37,17,0),
(883,37,18,0),
(884,37,19,0),
(885,37,20,0),
(886,37,21,0),
(887,37,22,0),
(888,37,23,0),
(889,38,0,0),
(890,38,1,0),
(891,38,2,0),
(892,38,3,0),
(893,38,4,0),
(894,38,5,0),
(895,38,6,0),
(896,38,7,0),
(897,38,8,0),
(898,38,9,0),
(899,38,10,0),
(900,38,11,0),
(901,38,12,0),
(902,38,13,0),
(903,38,14,0),
(904,38,15,0),
(905,38,16,0),
(906,38,17,0),
(907,38,18,0),
(908,38,19,0),
(909,38,20,0),
(910,38,21,0),
(911,38,22,0),
(912,38,23,0),
(913,39,0,0),
(914,39,1,0),
(915,39,2,0),
(916,39,3,0),
(917,39,4,0),
(918,39,5,0),
(919,39,6,0),
(920,39,7,0),
(921,39,8,0),
(922,39,9,0),
(923,39,10,0),
(924,39,11,0),
(925,39,12,0),
(926,39,13,0),
(927,39,14,0),
(928,39,15,0),
(929,39,16,0),
(930,39,17,0),
(931,39,18,0),
(932,39,19,0),
(933,39,20,0),
(934,39,21,0),
(935,39,22,0),
(936,39,23,0),
(937,40,0,0),
(938,40,1,0),
(939,40,2,0),
(940,40,3,0),
(941,40,4,0),
(942,40,5,0),
(943,40,6,0),
(944,40,7,0),
(945,40,8,0),
(946,40,9,0),
(947,40,10,0),
(948,40,11,0),
(949,40,12,0),
(950,40,13,0),
(951,40,14,0),
(952,40,15,0),
(953,40,16,0),
(954,40,17,0),
(955,40,18,0),
(956,40,19,0),
(957,40,20,0),
(958,40,21,0),
(959,40,22,0),
(960,40,23,0),
(961,41,0,0),
(962,41,1,0),
(963,41,2,0),
(964,41,3,0),
(965,41,4,0),
(966,41,5,0),
(967,41,6,0),
(968,41,7,0),
(969,41,8,0),
(970,41,9,0),
(971,41,10,0),
(972,41,11,0),
(973,41,12,0),
(974,41,13,0),
(975,41,14,0),
(976,41,15,0),
(977,41,16,0),
(978,41,17,0),
(979,41,18,0),
(980,41,19,0),
(981,41,20,0),
(982,41,21,0),
(983,41,22,0),
(984,41,23,0),
(985,42,0,0),
(986,42,1,0),
(987,42,2,0),
(988,42,3,0),
(989,42,4,0),
(990,42,5,0),
(991,42,6,0),
(992,42,7,0),
(993,42,8,0),
(994,42,9,0),
(995,42,10,0),
(996,42,11,0),
(997,42,12,0),
(998,42,13,0),
(999,42,14,0),
(1000,42,15,0),
(1001,42,16,0),
(1002,42,17,0),
(1003,42,18,0),
(1004,42,19,0),
(1005,42,20,0),
(1006,42,21,0),
(1007,42,22,0),
(1008,42,23,0),
(1009,43,0,0),
(1010,43,1,0),
(1011,43,2,0),
(1012,43,3,0),
(1013,43,4,0),
(1014,43,5,0),
(1015,43,6,0),
(1016,43,7,0),
(1017,43,8,0),
(1018,43,9,0),
(1019,43,10,0),
(1020,43,11,0),
(1021,43,12,0),
(1022,43,13,0),
(1023,43,14,0),
(1024,43,15,0),
(1025,43,16,0),
(1026,43,17,0),
(1027,43,18,0),
(1028,43,19,0),
(1029,43,20,0),
(1030,43,21,0),
(1031,43,22,0),
(1032,43,23,0),
(1033,44,0,0),
(1034,44,1,0),
(1035,44,2,0),
(1036,44,3,0),
(1037,44,4,0),
(1038,44,5,0),
(1039,44,6,0),
(1040,44,7,0),
(1041,44,8,0),
(1042,44,9,0),
(1043,44,10,0),
(1044,44,11,0),
(1045,44,12,0),
(1046,44,13,0),
(1047,44,14,0),
(1048,44,15,0),
(1049,44,16,0),
(1050,44,17,0),
(1051,44,18,0),
(1052,44,19,0),
(1053,44,20,0),
(1054,44,21,0),
(1055,44,22,0),
(1056,44,23,0),
(1057,45,0,0),
(1058,45,1,0),
(1059,45,2,0),
(1060,45,3,0),
(1061,45,4,0),
(1062,45,5,0),
(1063,45,6,0),
(1064,45,7,0),
(1065,45,8,0),
(1066,45,9,0),
(1067,45,10,0),
(1068,45,11,0),
(1069,45,12,0),
(1070,45,13,0),
(1071,45,14,0),
(1072,45,15,0),
(1073,45,16,0),
(1074,45,17,0),
(1075,45,18,0),
(1076,45,19,0),
(1077,45,20,0),
(1078,45,21,0),
(1079,45,22,0),
(1080,45,23,0),
(1081,46,0,0),
(1082,46,1,0),
(1083,46,2,0),
(1084,46,3,0),
(1085,46,4,0),
(1086,46,5,0),
(1087,46,6,0),
(1088,46,7,0),
(1089,46,8,0),
(1090,46,9,0),
(1091,46,10,0),
(1092,46,11,0),
(1093,46,12,0),
(1094,46,13,0),
(1095,46,14,0),
(1096,46,15,0),
(1097,46,16,0),
(1098,46,17,0),
(1099,46,18,0),
(1100,46,19,0),
(1101,46,20,0),
(1102,46,21,0),
(1103,46,22,0),
(1104,46,23,0),
(1105,47,0,0),
(1106,47,1,0),
(1107,47,2,0),
(1108,47,3,0),
(1109,47,4,0),
(1110,47,5,0),
(1111,47,6,0),
(1112,47,7,0),
(1113,47,8,0),
(1114,47,9,0),
(1115,47,10,0),
(1116,47,11,0),
(1117,47,12,0),
(1118,47,13,0),
(1119,47,14,0),
(1120,47,15,0),
(1121,47,16,0),
(1122,47,17,0),
(1123,47,18,0),
(1124,47,19,0),
(1125,47,20,0),
(1126,47,21,0),
(1127,47,22,0),
(1128,47,23,0),
(1129,48,0,0),
(1130,48,1,0),
(1131,48,2,0),
(1132,48,3,0),
(1133,48,4,0),
(1134,48,5,0),
(1135,48,6,0),
(1136,48,7,0),
(1137,48,8,0),
(1138,48,9,0),
(1139,48,10,0),
(1140,48,11,0),
(1141,48,12,0),
(1142,48,13,0),
(1143,48,14,0),
(1144,48,15,0),
(1145,48,16,0),
(1146,48,17,0),
(1147,48,18,0),
(1148,48,19,0),
(1149,48,20,0),
(1150,48,21,0),
(1151,48,22,0),
(1152,48,23,0),
(1153,49,0,0),
(1154,49,1,0),
(1155,49,2,0),
(1156,49,3,0),
(1157,49,4,0),
(1158,49,5,0),
(1159,49,6,0),
(1160,49,7,0),
(1161,49,8,0),
(1162,49,9,0),
(1163,49,10,0),
(1164,49,11,0),
(1165,49,12,0),
(1166,49,13,0),
(1167,49,14,0),
(1168,49,15,0),
(1169,49,16,0),
(1170,49,17,0),
(1171,49,18,0),
(1172,49,19,0),
(1173,49,20,0),
(1174,49,21,0),
(1175,49,22,0),
(1176,49,23,0),
(1177,50,0,0),
(1178,50,1,0),
(1179,50,2,0),
(1180,50,3,0),
(1181,50,4,0),
(1182,50,5,0),
(1183,50,6,0),
(1184,50,7,0),
(1185,50,8,0),
(1186,50,9,0),
(1187,50,10,0),
(1188,50,11,0),
(1189,50,12,0),
(1190,50,13,0),
(1191,50,14,0),
(1192,50,15,0),
(1193,50,16,0),
(1194,50,17,0),
(1195,50,18,0),
(1196,50,19,0),
(1197,50,20,0),
(1198,50,21,0),
(1199,50,22,0),
(1200,50,23,0),
(1201,51,0,0),
(1202,51,1,0),
(1203,51,2,0),
(1204,51,3,0),
(1205,51,4,0),
(1206,51,5,0),
(1207,51,6,0),
(1208,51,7,0),
(1209,51,8,0),
(1210,51,9,0),
(1211,51,10,0),
(1212,51,11,0),
(1213,51,12,0),
(1214,51,13,0),
(1215,51,14,0),
(1216,51,15,0),
(1217,51,16,0),
(1218,51,17,0),
(1219,51,18,0),
(1220,51,19,0),
(1221,51,20,0),
(1222,51,21,0),
(1223,51,22,0),
(1224,51,23,0),
(1225,52,0,0),
(1226,52,1,0),
(1227,52,2,0),
(1228,52,3,0),
(1229,52,4,0),
(1230,52,5,0),
(1231,52,6,0),
(1232,52,7,0),
(1233,52,8,0),
(1234,52,9,0),
(1235,52,10,0),
(1236,52,11,0),
(1237,52,12,0),
(1238,52,13,0),
(1239,52,14,0),
(1240,52,15,0),
(1241,52,16,0),
(1242,52,17,0),
(1243,52,18,0),
(1244,52,19,0),
(1245,52,20,0),
(1246,52,21,0),
(1247,52,22,0),
(1248,52,23,0),
(1249,53,0,0),
(1250,53,1,0),
(1251,53,2,0),
(1252,53,3,0),
(1253,53,4,0),
(1254,53,5,0),
(1255,53,6,0),
(1256,53,7,0),
(1257,53,8,0),
(1258,53,9,0),
(1259,53,10,0),
(1260,53,11,0),
(1261,53,12,0),
(1262,53,13,0),
(1263,53,14,0),
(1264,53,15,0),
(1265,53,16,0),
(1266,53,17,0),
(1267,53,18,0),
(1268,53,19,0),
(1269,53,20,0),
(1270,53,21,0),
(1271,53,22,0),
(1272,53,23,0),
(1273,54,0,0),
(1274,54,1,0),
(1275,54,2,0),
(1276,54,3,0),
(1277,54,4,0),
(1278,54,5,0),
(1279,54,6,0),
(1280,54,7,0),
(1281,54,8,0),
(1282,54,9,0),
(1283,54,10,0),
(1284,54,11,0),
(1285,54,12,0),
(1286,54,13,0),
(1287,54,14,0),
(1288,54,15,0),
(1289,54,16,0),
(1290,54,17,0),
(1291,54,18,0),
(1292,54,19,0),
(1293,54,20,0),
(1294,54,21,0),
(1295,54,22,0),
(1296,54,23,0),
(1297,55,0,0),
(1298,55,1,0),
(1299,55,2,0),
(1300,55,3,0),
(1301,55,4,0),
(1302,55,5,0),
(1303,55,6,0),
(1304,55,7,0),
(1305,55,8,0),
(1306,55,9,0),
(1307,55,10,0),
(1308,55,11,0),
(1309,55,12,0),
(1310,55,13,0),
(1311,55,14,0),
(1312,55,15,0),
(1313,55,16,0),
(1314,55,17,0),
(1315,55,18,0),
(1316,55,19,0),
(1317,55,20,0),
(1318,55,21,0),
(1319,55,22,0),
(1320,55,23,0),
(1321,56,0,0),
(1322,56,1,0),
(1323,56,2,0),
(1324,56,3,0),
(1325,56,4,0),
(1326,56,5,0),
(1327,56,6,0),
(1328,56,7,0),
(1329,56,8,0),
(1330,56,9,0),
(1331,56,10,0),
(1332,56,11,0),
(1333,56,12,0),
(1334,56,13,0),
(1335,56,14,0),
(1336,56,15,0),
(1337,56,16,0),
(1338,56,17,0),
(1339,56,18,0),
(1340,56,19,0),
(1341,56,20,0),
(1342,56,21,0),
(1343,56,22,0),
(1344,56,23,0),
(1345,57,0,0),
(1346,57,1,0),
(1347,57,2,0),
(1348,57,3,0),
(1349,57,4,0),
(1350,57,5,0),
(1351,57,6,0),
(1352,57,7,0),
(1353,57,8,0),
(1354,57,9,0),
(1355,57,10,0),
(1356,57,11,0),
(1357,57,12,0),
(1358,57,13,0),
(1359,57,14,0),
(1360,57,15,0),
(1361,57,16,0),
(1362,57,17,0),
(1363,57,18,0),
(1364,57,19,0),
(1365,57,20,0),
(1366,57,21,0),
(1367,57,22,0),
(1368,57,23,0),
(1369,58,0,0),
(1370,58,1,0),
(1371,58,2,0),
(1372,58,3,0),
(1373,58,4,0),
(1374,58,5,0),
(1375,58,6,0),
(1376,58,7,0),
(1377,58,8,0),
(1378,58,9,0),
(1379,58,10,0),
(1380,58,11,0),
(1381,58,12,0),
(1382,58,13,0),
(1383,58,14,0),
(1384,58,15,0),
(1385,58,16,0),
(1386,58,17,0),
(1387,58,18,0),
(1388,58,19,0),
(1389,58,20,0),
(1390,58,21,0),
(1391,58,22,0),
(1392,58,23,0),
(1393,59,0,0),
(1394,59,1,0),
(1395,59,2,0),
(1396,59,3,0),
(1397,59,4,0),
(1398,59,5,0),
(1399,59,6,0),
(1400,59,7,0),
(1401,59,8,0),
(1402,59,9,0),
(1403,59,10,0),
(1404,59,11,0),
(1405,59,12,0),
(1406,59,13,0),
(1407,59,14,0),
(1408,59,15,0),
(1409,59,16,0),
(1410,59,17,0),
(1411,59,18,0),
(1412,59,19,0),
(1413,59,20,0),
(1414,59,21,0),
(1415,59,22,0),
(1416,59,23,0),
(1417,60,0,0),
(1418,60,1,0),
(1419,60,2,0),
(1420,60,3,0),
(1421,60,4,0),
(1422,60,5,0),
(1423,60,6,0),
(1424,60,7,0),
(1425,60,8,0),
(1426,60,9,0),
(1427,60,10,0),
(1428,60,11,0),
(1429,60,12,0),
(1430,60,13,0),
(1431,60,14,0),
(1432,60,15,0),
(1433,60,16,0),
(1434,60,17,0),
(1435,60,18,0),
(1436,60,19,0),
(1437,60,20,0),
(1438,60,21,0),
(1439,60,22,0),
(1440,60,23,0),
(1441,61,0,0),
(1442,61,1,0),
(1443,61,2,0),
(1444,61,3,0),
(1445,61,4,0),
(1446,61,5,0),
(1447,61,6,0),
(1448,61,7,0),
(1449,61,8,0),
(1450,61,9,0),
(1451,61,10,0),
(1452,61,11,0),
(1453,61,12,0),
(1454,61,13,0),
(1455,61,14,0),
(1456,61,15,0),
(1457,61,16,0),
(1458,61,17,0),
(1459,61,18,0),
(1460,61,19,0),
(1461,61,20,0),
(1462,61,21,0),
(1463,61,22,0),
(1464,61,23,0),
(1465,62,0,0),
(1466,62,1,0),
(1467,62,2,0),
(1468,62,3,0),
(1469,62,4,0),
(1470,62,5,0),
(1471,62,6,0),
(1472,62,7,0),
(1473,62,8,0),
(1474,62,9,0),
(1475,62,10,0),
(1476,62,11,0),
(1477,62,12,0),
(1478,62,13,0),
(1479,62,14,0),
(1480,62,15,0),
(1481,62,16,0),
(1482,62,17,0),
(1483,62,18,0),
(1484,62,19,0),
(1485,62,20,0),
(1486,62,21,0),
(1487,62,22,0),
(1488,62,23,0),
(1489,63,0,0),
(1490,63,1,0),
(1491,63,2,0),
(1492,63,3,0),
(1493,63,4,0),
(1494,63,5,0),
(1495,63,6,0),
(1496,63,7,0),
(1497,63,8,0),
(1498,63,9,0),
(1499,63,10,0),
(1500,63,11,0),
(1501,63,12,0),
(1502,63,13,0),
(1503,63,14,0),
(1504,63,15,0),
(1505,63,16,0),
(1506,63,17,0),
(1507,63,18,0),
(1508,63,19,0),
(1509,63,20,0),
(1510,63,21,0),
(1511,63,22,0),
(1512,63,23,0),
(1513,64,0,0),
(1514,64,1,0),
(1515,64,2,0),
(1516,64,3,0),
(1517,64,4,0),
(1518,64,5,0),
(1519,64,6,0),
(1520,64,7,0),
(1521,64,8,0),
(1522,64,9,0),
(1523,64,10,0),
(1524,64,11,0),
(1525,64,12,0),
(1526,64,13,0),
(1527,64,14,0),
(1528,64,15,0),
(1529,64,16,0),
(1530,64,17,0),
(1531,64,18,0),
(1532,64,19,0),
(1533,64,20,0),
(1534,64,21,0),
(1535,64,22,0),
(1536,64,23,0),
(1537,65,0,0),
(1538,65,1,0),
(1539,65,2,0),
(1540,65,3,0),
(1541,65,4,0),
(1542,65,5,0),
(1543,65,6,0),
(1544,65,7,0),
(1545,65,8,0),
(1546,65,9,0),
(1547,65,10,0),
(1548,65,11,0),
(1549,65,12,0),
(1550,65,13,0),
(1551,65,14,0),
(1552,65,15,0),
(1553,65,16,0),
(1554,65,17,0),
(1555,65,18,0),
(1556,65,19,0),
(1557,65,20,0),
(1558,65,21,0),
(1559,65,22,0),
(1560,65,23,0),
(1561,66,0,0),
(1562,66,1,0),
(1563,66,2,0),
(1564,66,3,0),
(1565,66,4,0),
(1566,66,5,0),
(1567,66,6,0),
(1568,66,7,0),
(1569,66,8,0),
(1570,66,9,0),
(1571,66,10,0),
(1572,66,11,0),
(1573,66,12,0),
(1574,66,13,0),
(1575,66,14,0),
(1576,66,15,0),
(1577,66,16,0),
(1578,66,17,0),
(1579,66,18,0),
(1580,66,19,0),
(1581,66,20,0),
(1582,66,21,0),
(1583,66,22,0),
(1584,66,23,0),
(1585,67,0,0),
(1586,67,1,0),
(1587,67,2,0),
(1588,67,3,0),
(1589,67,4,0),
(1590,67,5,0),
(1591,67,6,0),
(1592,67,7,0),
(1593,67,8,0),
(1594,67,9,0),
(1595,67,10,0),
(1596,67,11,0),
(1597,67,12,0),
(1598,67,13,0),
(1599,67,14,0),
(1600,67,15,0),
(1601,67,16,0),
(1602,67,17,0),
(1603,67,18,0),
(1604,67,19,0),
(1605,67,20,0),
(1606,67,21,0),
(1607,67,22,0),
(1608,67,23,0),
(1609,68,0,0),
(1610,68,1,0),
(1611,68,2,0),
(1612,68,3,0),
(1613,68,4,0),
(1614,68,5,0),
(1615,68,6,0),
(1616,68,7,0),
(1617,68,8,0),
(1618,68,9,0),
(1619,68,10,0),
(1620,68,11,0),
(1621,68,12,0),
(1622,68,13,0),
(1623,68,14,0),
(1624,68,15,0),
(1625,68,16,0),
(1626,68,17,0),
(1627,68,18,0),
(1628,68,19,0),
(1629,68,20,0),
(1630,68,21,0),
(1631,68,22,0),
(1632,68,23,0),
(1633,69,0,0),
(1634,69,1,0),
(1635,69,2,0),
(1636,69,3,0),
(1637,69,4,0),
(1638,69,5,0),
(1639,69,6,0),
(1640,69,7,0),
(1641,69,8,0),
(1642,69,9,0),
(1643,69,10,0),
(1644,69,11,0),
(1645,69,12,0),
(1646,69,13,0),
(1647,69,14,0),
(1648,69,15,0),
(1649,69,16,0),
(1650,69,17,0),
(1651,69,18,0),
(1652,69,19,0),
(1653,69,20,0),
(1654,69,21,0),
(1655,69,22,0),
(1656,69,23,0),
(1657,70,0,0),
(1658,70,1,0),
(1659,70,2,0),
(1660,70,3,0),
(1661,70,4,0),
(1662,70,5,0),
(1663,70,6,0),
(1664,70,7,0),
(1665,70,8,0),
(1666,70,9,0),
(1667,70,10,0),
(1668,70,11,0),
(1669,70,12,0),
(1670,70,13,0),
(1671,70,14,0),
(1672,70,15,0),
(1673,70,16,0),
(1674,70,17,0),
(1675,70,18,0),
(1676,70,19,0),
(1677,70,20,0),
(1678,70,21,0),
(1679,70,22,0),
(1680,70,23,0),
(1681,71,0,0),
(1682,71,1,0),
(1683,71,2,0),
(1684,71,3,0),
(1685,71,4,0),
(1686,71,5,0),
(1687,71,6,0),
(1688,71,7,0),
(1689,71,8,0),
(1690,71,9,0),
(1691,71,10,0),
(1692,71,11,0),
(1693,71,12,0),
(1694,71,13,0),
(1695,71,14,0),
(1696,71,15,0),
(1697,71,16,0),
(1698,71,17,0),
(1699,71,18,0),
(1700,71,19,0),
(1701,71,20,0),
(1702,71,21,0),
(1703,71,22,0),
(1704,71,23,0),
(1705,72,0,0),
(1706,72,1,0),
(1707,72,2,0),
(1708,72,3,0),
(1709,72,4,0),
(1710,72,5,0),
(1711,72,6,0),
(1712,72,7,0),
(1713,72,8,0),
(1714,72,9,0),
(1715,72,10,0),
(1716,72,11,0),
(1717,72,12,0),
(1718,72,13,0),
(1719,72,14,0),
(1720,72,15,0),
(1721,72,16,0),
(1722,72,17,0),
(1723,72,18,0),
(1724,72,19,0),
(1725,72,20,0),
(1726,72,21,0),
(1727,72,22,0),
(1728,72,23,0),
(1729,73,0,0),
(1730,73,1,0),
(1731,73,2,0),
(1732,73,3,0),
(1733,73,4,0),
(1734,73,5,0),
(1735,73,6,0),
(1736,73,7,0),
(1737,73,8,0),
(1738,73,9,0),
(1739,73,10,0),
(1740,73,11,0),
(1741,73,12,0),
(1742,73,13,0),
(1743,73,14,0),
(1744,73,15,0),
(1745,73,16,0),
(1746,73,17,0),
(1747,73,18,0),
(1748,73,19,0),
(1749,73,20,0),
(1750,73,21,0),
(1751,73,22,0),
(1752,73,23,0),
(1753,74,0,0),
(1754,74,1,0),
(1755,74,2,0),
(1756,74,3,0),
(1757,74,4,0),
(1758,74,5,0),
(1759,74,6,0),
(1760,74,7,0),
(1761,74,8,0),
(1762,74,9,0),
(1763,74,10,0),
(1764,74,11,0),
(1765,74,12,0),
(1766,74,13,0),
(1767,74,14,0),
(1768,74,15,0),
(1769,74,16,0),
(1770,74,17,0),
(1771,74,18,0),
(1772,74,19,0),
(1773,74,20,0),
(1774,74,21,0),
(1775,74,22,0),
(1776,74,23,0),
(1777,75,0,0),
(1778,75,1,0),
(1779,75,2,0),
(1780,75,3,0),
(1781,75,4,0),
(1782,75,5,0),
(1783,75,6,0),
(1784,75,7,0),
(1785,75,8,0),
(1786,75,9,0),
(1787,75,10,0),
(1788,75,11,0),
(1789,75,12,0),
(1790,75,13,0),
(1791,75,14,0),
(1792,75,15,0),
(1793,75,16,0),
(1794,75,17,0),
(1795,75,18,0),
(1796,75,19,0),
(1797,75,20,0),
(1798,75,21,0),
(1799,75,22,0),
(1800,75,23,0),
(1801,76,0,0),
(1802,76,1,0),
(1803,76,2,0),
(1804,76,3,0),
(1805,76,4,0),
(1806,76,5,0),
(1807,76,6,0),
(1808,76,7,0),
(1809,76,8,0),
(1810,76,9,0),
(1811,76,10,0),
(1812,76,11,0),
(1813,76,12,0),
(1814,76,13,0),
(1815,76,14,0),
(1816,76,15,0),
(1817,76,16,0),
(1818,76,17,0),
(1819,76,18,0),
(1820,76,19,0),
(1821,76,20,0),
(1822,76,21,0),
(1823,76,22,0),
(1824,76,23,0),
(1825,77,0,0),
(1826,77,1,0),
(1827,77,2,0),
(1828,77,3,0),
(1829,77,4,0),
(1830,77,5,0),
(1831,77,6,0),
(1832,77,7,0),
(1833,77,8,0),
(1834,77,9,0),
(1835,77,10,0),
(1836,77,11,0),
(1837,77,12,0),
(1838,77,13,0),
(1839,77,14,0),
(1840,77,15,0),
(1841,77,16,0),
(1842,77,17,0),
(1843,77,18,0),
(1844,77,19,0),
(1845,77,20,0),
(1846,77,21,0),
(1847,77,22,0),
(1848,77,23,0),
(1849,78,0,0),
(1850,78,1,0),
(1851,78,2,0),
(1852,78,3,0),
(1853,78,4,0),
(1854,78,5,0),
(1855,78,6,0),
(1856,78,7,0),
(1857,78,8,0),
(1858,78,9,0),
(1859,78,10,0),
(1860,78,11,0),
(1861,78,12,0),
(1862,78,13,0),
(1863,78,14,0),
(1864,78,15,0),
(1865,78,16,0),
(1866,78,17,0),
(1867,78,18,0),
(1868,78,19,0),
(1869,78,20,0),
(1870,78,21,0),
(1871,78,22,0),
(1872,78,23,0),
(1873,79,0,0),
(1874,79,1,0),
(1875,79,2,0),
(1876,79,3,0),
(1877,79,4,0),
(1878,79,5,0),
(1879,79,6,0),
(1880,79,7,0),
(1881,79,8,0),
(1882,79,9,0),
(1883,79,10,0),
(1884,79,11,0),
(1885,79,12,0),
(1886,79,13,0),
(1887,79,14,0),
(1888,79,15,0),
(1889,79,16,0),
(1890,79,17,0),
(1891,79,18,0),
(1892,79,19,0),
(1893,79,20,0),
(1894,79,21,0),
(1895,79,22,0),
(1896,79,23,0),
(1897,80,0,0),
(1898,80,1,0),
(1899,80,2,0),
(1900,80,3,0),
(1901,80,4,0),
(1902,80,5,0),
(1903,80,6,0),
(1904,80,7,0),
(1905,80,8,0),
(1906,80,9,0),
(1907,80,10,0),
(1908,80,11,0),
(1909,80,12,0),
(1910,80,13,0),
(1911,80,14,0),
(1912,80,15,0),
(1913,80,16,0),
(1914,80,17,0),
(1915,80,18,0),
(1916,80,19,0),
(1917,80,20,0),
(1918,80,21,0),
(1919,80,22,0),
(1920,80,23,0),
(1921,81,0,0),
(1922,81,1,0),
(1923,81,2,0),
(1924,81,3,0),
(1925,81,4,0),
(1926,81,5,0),
(1927,81,6,0),
(1928,81,7,0),
(1929,81,8,0),
(1930,81,9,0),
(1931,81,10,0),
(1932,81,11,0),
(1933,81,12,0),
(1934,81,13,0),
(1935,81,14,0),
(1936,81,15,0),
(1937,81,16,0),
(1938,81,17,0),
(1939,81,18,0),
(1940,81,19,0),
(1941,81,20,0),
(1942,81,21,0),
(1943,81,22,0),
(1944,81,23,0),
(1945,82,0,0),
(1946,82,1,0),
(1947,82,2,0),
(1948,82,3,0),
(1949,82,4,0),
(1950,82,5,0),
(1951,82,6,0),
(1952,82,7,0),
(1953,82,8,0),
(1954,82,9,0),
(1955,82,10,0),
(1956,82,11,0),
(1957,82,12,0),
(1958,82,13,0),
(1959,82,14,0),
(1960,82,15,0),
(1961,82,16,0),
(1962,82,17,0),
(1963,82,18,0),
(1964,82,19,0),
(1965,82,20,0),
(1966,82,21,0),
(1967,82,22,0),
(1968,82,23,0),
(1969,83,0,0),
(1970,83,1,0),
(1971,83,2,0),
(1972,83,3,0),
(1973,83,4,0),
(1974,83,5,0),
(1975,83,6,0),
(1976,83,7,0),
(1977,83,8,0),
(1978,83,9,0),
(1979,83,10,0),
(1980,83,11,0),
(1981,83,12,0),
(1982,83,13,0),
(1983,83,14,0),
(1984,83,15,0),
(1985,83,16,0),
(1986,83,17,0),
(1987,83,18,0),
(1988,83,19,0),
(1989,83,20,0),
(1990,83,21,0),
(1991,83,22,0),
(1992,83,23,0),
(1993,84,0,0),
(1994,84,1,0),
(1995,84,2,0),
(1996,84,3,0),
(1997,84,4,0),
(1998,84,5,0),
(1999,84,6,0),
(2000,84,7,0),
(2001,84,8,0),
(2002,84,9,0),
(2003,84,10,0),
(2004,84,11,0),
(2005,84,12,0),
(2006,84,13,0),
(2007,84,14,0),
(2008,84,15,0),
(2009,84,16,0),
(2010,84,17,0),
(2011,84,18,0),
(2012,84,19,0),
(2013,84,20,0),
(2014,84,21,0),
(2015,84,22,0),
(2016,84,23,0),
(2017,85,0,0),
(2018,85,1,0),
(2019,85,2,0),
(2020,85,3,0),
(2021,85,4,0),
(2022,85,5,0),
(2023,85,6,0),
(2024,85,7,0),
(2025,85,8,0),
(2026,85,9,0),
(2027,85,10,0),
(2028,85,11,0),
(2029,85,12,0),
(2030,85,13,0),
(2031,85,14,0),
(2032,85,15,0),
(2033,85,16,0),
(2034,85,17,0),
(2035,85,18,0),
(2036,85,19,0),
(2037,85,20,0),
(2038,85,21,0),
(2039,85,22,0),
(2040,85,23,0),
(2041,86,0,0),
(2042,86,1,0),
(2043,86,2,0),
(2044,86,3,0),
(2045,86,4,0),
(2046,86,5,0),
(2047,86,6,0),
(2048,86,7,0),
(2049,86,8,0),
(2050,86,9,0),
(2051,86,10,0),
(2052,86,11,0),
(2053,86,12,0),
(2054,86,13,0),
(2055,86,14,0),
(2056,86,15,0),
(2057,86,16,0),
(2058,86,17,0),
(2059,86,18,0),
(2060,86,19,0),
(2061,86,20,0),
(2062,86,21,0),
(2063,86,22,0),
(2064,86,23,0),
(2065,87,0,0),
(2066,87,1,0),
(2067,87,2,0),
(2068,87,3,0),
(2069,87,4,0),
(2070,87,5,0),
(2071,87,6,0),
(2072,87,7,0),
(2073,87,8,0),
(2074,87,9,0),
(2075,87,10,0),
(2076,87,11,0),
(2077,87,12,0),
(2078,87,13,0),
(2079,87,14,0),
(2080,87,15,0),
(2081,87,16,0),
(2082,87,17,0),
(2083,87,18,0),
(2084,87,19,0),
(2085,87,20,0),
(2086,87,21,0),
(2087,87,22,0),
(2088,87,23,0),
(2089,88,0,0),
(2090,88,1,0),
(2091,88,2,0),
(2092,88,3,0),
(2093,88,4,0),
(2094,88,5,0),
(2095,88,6,0),
(2096,88,7,0),
(2097,88,8,0),
(2098,88,9,0),
(2099,88,10,0),
(2100,88,11,0),
(2101,88,12,0),
(2102,88,13,0),
(2103,88,14,0),
(2104,88,15,0),
(2105,88,16,0),
(2106,88,17,0),
(2107,88,18,0),
(2108,88,19,0),
(2109,88,20,0),
(2110,88,21,0),
(2111,88,22,0),
(2112,88,23,0),
(2113,89,0,0),
(2114,89,1,0),
(2115,89,2,0),
(2116,89,3,0),
(2117,89,4,0),
(2118,89,5,0),
(2119,89,6,0),
(2120,89,7,0),
(2121,89,8,0),
(2122,89,9,0),
(2123,89,10,0),
(2124,89,11,0),
(2125,89,12,0),
(2126,89,13,0),
(2127,89,14,0),
(2128,89,15,0),
(2129,89,16,0),
(2130,89,17,0),
(2131,89,18,0),
(2132,89,19,0),
(2133,89,20,0),
(2134,89,21,0),
(2135,89,22,0),
(2136,89,23,0),
(2137,90,0,0),
(2138,90,1,0),
(2139,90,2,0),
(2140,90,3,0),
(2141,90,4,0),
(2142,90,5,0),
(2143,90,6,0),
(2144,90,7,0),
(2145,90,8,0),
(2146,90,9,0),
(2147,90,10,0),
(2148,90,11,0),
(2149,90,12,0),
(2150,90,13,0),
(2151,90,14,0),
(2152,90,15,0),
(2153,90,16,0),
(2154,90,17,0),
(2155,90,18,0),
(2156,90,19,0),
(2157,90,20,0),
(2158,90,21,0),
(2159,90,22,0),
(2160,90,23,0),
(2161,91,0,0),
(2162,91,1,0),
(2163,91,2,0),
(2164,91,3,0),
(2165,91,4,0),
(2166,91,5,0),
(2167,91,6,0),
(2168,91,7,0),
(2169,91,8,0),
(2170,91,9,0),
(2171,91,10,0),
(2172,91,11,0),
(2173,91,12,0),
(2174,91,13,0),
(2175,91,14,0),
(2176,91,15,0),
(2177,91,16,0),
(2178,91,17,0),
(2179,91,18,0),
(2180,91,19,0),
(2181,91,20,0),
(2182,91,21,0),
(2183,91,22,0),
(2184,91,23,0),
(2185,92,0,0),
(2186,92,1,0),
(2187,92,2,0),
(2188,92,3,0),
(2189,92,4,0),
(2190,92,5,0),
(2191,92,6,0),
(2192,92,7,0),
(2193,92,8,0),
(2194,92,9,0),
(2195,92,10,0),
(2196,92,11,0),
(2197,92,12,0),
(2198,92,13,0),
(2199,92,14,0),
(2200,92,15,0),
(2201,92,16,0),
(2202,92,17,0),
(2203,92,18,0),
(2204,92,19,0),
(2205,92,20,0),
(2206,92,21,0),
(2207,92,22,0),
(2208,92,23,0),
(2209,93,0,0),
(2210,93,1,0),
(2211,93,2,0),
(2212,93,3,0),
(2213,93,4,0),
(2214,93,5,0),
(2215,93,6,0),
(2216,93,7,0),
(2217,93,8,0),
(2218,93,9,0),
(2219,93,10,0),
(2220,93,11,0),
(2221,93,12,0),
(2222,93,13,0),
(2223,93,14,0),
(2224,93,15,0),
(2225,93,16,0),
(2226,93,17,0),
(2227,93,18,0),
(2228,93,19,0),
(2229,93,20,0),
(2230,93,21,0),
(2231,93,22,0),
(2232,93,23,0),
(2233,94,0,0),
(2234,94,1,0),
(2235,94,2,0),
(2236,94,3,0),
(2237,94,4,0),
(2238,94,5,0),
(2239,94,6,0),
(2240,94,7,0),
(2241,94,8,0),
(2242,94,9,0),
(2243,94,10,0),
(2244,94,11,0),
(2245,94,12,0),
(2246,94,13,0),
(2247,94,14,0),
(2248,94,15,0),
(2249,94,16,0),
(2250,94,17,0),
(2251,94,18,0),
(2252,94,19,0),
(2253,94,20,0),
(2254,94,21,0),
(2255,94,22,0),
(2256,94,23,0),
(2257,95,0,0),
(2258,95,1,0),
(2259,95,2,0),
(2260,95,3,0),
(2261,95,4,0),
(2262,95,5,0),
(2263,95,6,0),
(2264,95,7,0),
(2265,95,8,0),
(2266,95,9,0),
(2267,95,10,0),
(2268,95,11,0),
(2269,95,12,0),
(2270,95,13,0),
(2271,95,14,0),
(2272,95,15,0),
(2273,95,16,0),
(2274,95,17,0),
(2275,95,18,0),
(2276,95,19,0),
(2277,95,20,0),
(2278,95,21,0),
(2279,95,22,0),
(2280,95,23,0),
(2281,96,0,0),
(2282,96,1,0),
(2283,96,2,0),
(2284,96,3,0),
(2285,96,4,0),
(2286,96,5,0),
(2287,96,6,0),
(2288,96,7,0),
(2289,96,8,0),
(2290,96,9,0),
(2291,96,10,0),
(2292,96,11,0),
(2293,96,12,0),
(2294,96,13,0),
(2295,96,14,0),
(2296,96,15,0),
(2297,96,16,0),
(2298,96,17,0),
(2299,96,18,0),
(2300,96,19,0),
(2301,96,20,0),
(2302,96,21,0),
(2303,96,22,0),
(2304,96,23,0),
(2305,97,0,0),
(2306,97,1,0),
(2307,97,2,0),
(2308,97,3,0),
(2309,97,4,0),
(2310,97,5,0),
(2311,97,6,0),
(2312,97,7,0),
(2313,97,8,0),
(2314,97,9,0),
(2315,97,10,0),
(2316,97,11,0),
(2317,97,12,0),
(2318,97,13,0),
(2319,97,14,0),
(2320,97,15,0),
(2321,97,16,0),
(2322,97,17,0),
(2323,97,18,0),
(2324,97,19,0),
(2325,97,20,0),
(2326,97,21,0),
(2327,97,22,0),
(2328,97,23,0),
(2329,98,0,0),
(2330,98,1,0),
(2331,98,2,0),
(2332,98,3,0),
(2333,98,4,0),
(2334,98,5,0),
(2335,98,6,0),
(2336,98,7,0),
(2337,98,8,0),
(2338,98,9,0),
(2339,98,10,0),
(2340,98,11,0),
(2341,98,12,0),
(2342,98,13,0),
(2343,98,14,0),
(2344,98,15,0),
(2345,98,16,0),
(2346,98,17,0),
(2347,98,18,0),
(2348,98,19,0),
(2349,98,20,0),
(2350,98,21,0),
(2351,98,22,0),
(2352,98,23,0),
(2353,99,0,0),
(2354,99,1,0),
(2355,99,2,0),
(2356,99,3,0),
(2357,99,4,0),
(2358,99,5,0),
(2359,99,6,0),
(2360,99,7,0),
(2361,99,8,0),
(2362,99,9,0),
(2363,99,10,0),
(2364,99,11,0),
(2365,99,12,0),
(2366,99,13,0),
(2367,99,14,0),
(2368,99,15,0),
(2369,99,16,0),
(2370,99,17,0),
(2371,99,18,0),
(2372,99,19,0),
(2373,99,20,0),
(2374,99,21,0),
(2375,99,22,0),
(2376,99,23,0),
(2377,100,0,0),
(2378,100,1,0),
(2379,100,2,0),
(2380,100,3,0),
(2381,100,4,0),
(2382,100,5,0),
(2383,100,6,0),
(2384,100,7,0),
(2385,100,8,0),
(2386,100,9,0),
(2387,100,10,0),
(2388,100,11,0),
(2389,100,12,0),
(2390,100,13,0),
(2391,100,14,0),
(2392,100,15,0),
(2393,100,16,0),
(2394,100,17,0),
(2395,100,18,0),
(2396,100,19,0),
(2397,100,20,0),
(2398,100,21,0),
(2399,100,22,0),
(2400,100,23,0),
(2401,101,0,0),
(2402,101,1,0),
(2403,101,2,0),
(2404,101,3,0),
(2405,101,4,0),
(2406,101,5,0),
(2407,101,6,0),
(2408,101,7,0),
(2409,101,8,0),
(2410,101,9,0),
(2411,101,10,0),
(2412,101,11,0),
(2413,101,12,0),
(2414,101,13,0),
(2415,101,14,0),
(2416,101,15,0),
(2417,101,16,0),
(2418,101,17,0),
(2419,101,18,0),
(2420,101,19,0),
(2421,101,20,0),
(2422,101,21,0),
(2423,101,22,0),
(2424,101,23,0),
(2425,102,0,0),
(2426,102,1,0),
(2427,102,2,0),
(2428,102,3,0),
(2429,102,4,0),
(2430,102,5,0),
(2431,102,6,0),
(2432,102,7,0),
(2433,102,8,0),
(2434,102,9,0),
(2435,102,10,0),
(2436,102,11,0),
(2437,102,12,0),
(2438,102,13,0),
(2439,102,14,0),
(2440,102,15,0),
(2441,102,16,0),
(2442,102,17,0),
(2443,102,18,0),
(2444,102,19,0),
(2445,102,20,0),
(2446,102,21,0),
(2447,102,22,0),
(2448,102,23,0),
(2449,103,0,0),
(2450,103,1,0),
(2451,103,2,0),
(2452,103,3,0),
(2453,103,4,0),
(2454,103,5,0),
(2455,103,6,0),
(2456,103,7,0),
(2457,103,8,0),
(2458,103,9,0),
(2459,103,10,0),
(2460,103,11,0),
(2461,103,12,0),
(2462,103,13,0),
(2463,103,14,0),
(2464,103,15,0),
(2465,103,16,0),
(2466,103,17,0),
(2467,103,18,0),
(2468,103,19,0),
(2469,103,20,0),
(2470,103,21,0),
(2471,103,22,0),
(2472,103,23,0),
(2473,104,0,0),
(2474,104,1,0),
(2475,104,2,0),
(2476,104,3,0),
(2477,104,4,0),
(2478,104,5,0),
(2479,104,6,0),
(2480,104,7,0),
(2481,104,8,0),
(2482,104,9,0),
(2483,104,10,0),
(2484,104,11,0),
(2485,104,12,0),
(2486,104,13,0),
(2487,104,14,0),
(2488,104,15,0),
(2489,104,16,0),
(2490,104,17,0),
(2491,104,18,0),
(2492,104,19,0),
(2493,104,20,0),
(2494,104,21,0),
(2495,104,22,0),
(2496,104,23,0),
(2497,105,0,0),
(2498,105,1,0),
(2499,105,2,0),
(2500,105,3,0),
(2501,105,4,0),
(2502,105,5,0),
(2503,105,6,0),
(2504,105,7,0),
(2505,105,8,0),
(2506,105,9,0),
(2507,105,10,0),
(2508,105,11,0),
(2509,105,12,0),
(2510,105,13,0),
(2511,105,14,0),
(2512,105,15,0),
(2513,105,16,0),
(2514,105,17,0),
(2515,105,18,0),
(2516,105,19,0),
(2517,105,20,0),
(2518,105,21,0),
(2519,105,22,0),
(2520,105,23,0),
(2521,106,0,0),
(2522,106,1,0),
(2523,106,2,0),
(2524,106,3,0),
(2525,106,4,0),
(2526,106,5,0),
(2527,106,6,0),
(2528,106,7,0),
(2529,106,8,0),
(2530,106,9,0),
(2531,106,10,0),
(2532,106,11,0),
(2533,106,12,0),
(2534,106,13,0),
(2535,106,14,0),
(2536,106,15,0),
(2537,106,16,0),
(2538,106,17,0),
(2539,106,18,0),
(2540,106,19,0),
(2541,106,20,0),
(2542,106,21,0),
(2543,106,22,0),
(2544,106,23,0),
(2545,107,0,0),
(2546,107,1,0),
(2547,107,2,0),
(2548,107,3,0),
(2549,107,4,0),
(2550,107,5,0),
(2551,107,6,0),
(2552,107,7,0),
(2553,107,8,0),
(2554,107,9,0),
(2555,107,10,0),
(2556,107,11,0),
(2557,107,12,0),
(2558,107,13,0),
(2559,107,14,0),
(2560,107,15,0),
(2561,107,16,0),
(2562,107,17,0),
(2563,107,18,0),
(2564,107,19,0),
(2565,107,20,0),
(2566,107,21,0),
(2567,107,22,0),
(2568,107,23,0),
(2569,108,0,0),
(2570,108,1,0),
(2571,108,2,0),
(2572,108,3,0),
(2573,108,4,0),
(2574,108,5,0),
(2575,108,6,0),
(2576,108,7,0),
(2577,108,8,0),
(2578,108,9,0),
(2579,108,10,0),
(2580,108,11,0),
(2581,108,12,0),
(2582,108,13,0),
(2583,108,14,0),
(2584,108,15,0),
(2585,108,16,0),
(2586,108,17,0),
(2587,108,18,0),
(2588,108,19,0),
(2589,108,20,0),
(2590,108,21,0),
(2591,108,22,0),
(2592,108,23,0),
(2593,109,0,0),
(2594,109,1,0),
(2595,109,2,0),
(2596,109,3,0),
(2597,109,4,0),
(2598,109,5,0),
(2599,109,6,0),
(2600,109,7,0),
(2601,109,8,0),
(2602,109,9,0),
(2603,109,10,0),
(2604,109,11,0),
(2605,109,12,0),
(2606,109,13,0),
(2607,109,14,0),
(2608,109,15,0),
(2609,109,16,0),
(2610,109,17,0),
(2611,109,18,0),
(2612,109,19,0),
(2613,109,20,0),
(2614,109,21,0),
(2615,109,22,0),
(2616,109,23,0),
(2617,110,0,0),
(2618,110,1,0),
(2619,110,2,0),
(2620,110,3,0),
(2621,110,4,0),
(2622,110,5,0),
(2623,110,6,0),
(2624,110,7,0),
(2625,110,8,0),
(2626,110,9,0),
(2627,110,10,0),
(2628,110,11,0),
(2629,110,12,0),
(2630,110,13,0),
(2631,110,14,0),
(2632,110,15,0),
(2633,110,16,0),
(2634,110,17,0),
(2635,110,18,0),
(2636,110,19,0),
(2637,110,20,0),
(2638,110,21,0),
(2639,110,22,0),
(2640,110,23,0),
(2641,111,0,0),
(2642,111,1,0),
(2643,111,2,0),
(2644,111,3,0),
(2645,111,4,0),
(2646,111,5,0),
(2647,111,6,0),
(2648,111,7,0),
(2649,111,8,0),
(2650,111,9,0),
(2651,111,10,0),
(2652,111,11,0),
(2653,111,12,0),
(2654,111,13,0),
(2655,111,14,0),
(2656,111,15,0),
(2657,111,16,0),
(2658,111,17,0),
(2659,111,18,0),
(2660,111,19,0),
(2661,111,20,0),
(2662,111,21,0),
(2663,111,22,0),
(2664,111,23,0),
(2665,112,0,0),
(2666,112,1,0),
(2667,112,2,0),
(2668,112,3,0),
(2669,112,4,0),
(2670,112,5,0),
(2671,112,6,0),
(2672,112,7,0),
(2673,112,8,0),
(2674,112,9,0),
(2675,112,10,0),
(2676,112,11,0),
(2677,112,12,0),
(2678,112,13,0),
(2679,112,14,0),
(2680,112,15,0),
(2681,112,16,0),
(2682,112,17,0),
(2683,112,18,0),
(2684,112,19,0),
(2685,112,20,0),
(2686,112,21,0),
(2687,112,22,0),
(2688,112,23,0),
(2689,113,0,0),
(2690,113,1,0),
(2691,113,2,0),
(2692,113,3,0),
(2693,113,4,0),
(2694,113,5,0),
(2695,113,6,0),
(2696,113,7,0),
(2697,113,8,0),
(2698,113,9,0),
(2699,113,10,0),
(2700,113,11,0),
(2701,113,12,0),
(2702,113,13,0),
(2703,113,14,0),
(2704,113,15,0),
(2705,113,16,0),
(2706,113,17,0),
(2707,113,18,0),
(2708,113,19,0),
(2709,113,20,0),
(2710,113,21,0),
(2711,113,22,0),
(2712,113,23,0),
(2713,114,0,0),
(2714,114,1,0),
(2715,114,2,0),
(2716,114,3,0),
(2717,114,4,0),
(2718,114,5,0),
(2719,114,6,0),
(2720,114,7,0),
(2721,114,8,0),
(2722,114,9,0),
(2723,114,10,0),
(2724,114,11,0),
(2725,114,12,0),
(2726,114,13,0),
(2727,114,14,0),
(2728,114,15,0),
(2729,114,16,0),
(2730,114,17,0),
(2731,114,18,0),
(2732,114,19,0),
(2733,114,20,0),
(2734,114,21,0),
(2735,114,22,0),
(2736,114,23,0),
(2737,115,0,0),
(2738,115,1,0),
(2739,115,2,0),
(2740,115,3,0),
(2741,115,4,0),
(2742,115,5,0),
(2743,115,6,0),
(2744,115,7,0),
(2745,115,8,0),
(2746,115,9,0),
(2747,115,10,0),
(2748,115,11,0),
(2749,115,12,0),
(2750,115,13,0),
(2751,115,14,0),
(2752,115,15,0),
(2753,115,16,0),
(2754,115,17,0),
(2755,115,18,0),
(2756,115,19,0),
(2757,115,20,0),
(2758,115,21,0),
(2759,115,22,0),
(2760,115,23,0),
(2761,116,0,0),
(2762,116,1,0),
(2763,116,2,0),
(2764,116,3,0),
(2765,116,4,0),
(2766,116,5,0),
(2767,116,6,0),
(2768,116,7,0),
(2769,116,8,0),
(2770,116,9,0),
(2771,116,10,0),
(2772,116,11,0),
(2773,116,12,0),
(2774,116,13,0),
(2775,116,14,0),
(2776,116,15,0),
(2777,116,16,0),
(2778,116,17,0),
(2779,116,18,0),
(2780,116,19,0),
(2781,116,20,0),
(2782,116,21,0),
(2783,116,22,0),
(2784,116,23,0),
(2785,117,0,0),
(2786,117,1,0),
(2787,117,2,0),
(2788,117,3,0),
(2789,117,4,0),
(2790,117,5,0),
(2791,117,6,0),
(2792,117,7,0),
(2793,117,8,0),
(2794,117,9,0),
(2795,117,10,0),
(2796,117,11,0),
(2797,117,12,0),
(2798,117,13,0),
(2799,117,14,0),
(2800,117,15,0),
(2801,117,16,0),
(2802,117,17,0),
(2803,117,18,0),
(2804,117,19,0),
(2805,117,20,0),
(2806,117,21,0),
(2807,117,22,0),
(2808,117,23,0),
(2809,118,0,0),
(2810,118,1,0),
(2811,118,2,0),
(2812,118,3,0),
(2813,118,4,0),
(2814,118,5,0),
(2815,118,6,0),
(2816,118,7,0),
(2817,118,8,0),
(2818,118,9,0),
(2819,118,10,0),
(2820,118,11,0),
(2821,118,12,0),
(2822,118,13,0),
(2823,118,14,0),
(2824,118,15,0),
(2825,118,16,0),
(2826,118,17,0),
(2827,118,18,0),
(2828,118,19,0),
(2829,118,20,0),
(2830,118,21,0),
(2831,118,22,0),
(2832,118,23,0),
(2833,119,0,0),
(2834,119,1,0),
(2835,119,2,0),
(2836,119,3,0),
(2837,119,4,0),
(2838,119,5,0),
(2839,119,6,0),
(2840,119,7,0),
(2841,119,8,0),
(2842,119,9,0),
(2843,119,10,0),
(2844,119,11,0),
(2845,119,12,0),
(2846,119,13,0),
(2847,119,14,0),
(2848,119,15,0),
(2849,119,16,0),
(2850,119,17,0),
(2851,119,18,0),
(2852,119,19,0),
(2853,119,20,0),
(2854,119,21,0),
(2855,119,22,0),
(2856,119,23,0),
(2857,120,0,0),
(2858,120,1,0),
(2859,120,2,0),
(2860,120,3,0),
(2861,120,4,0),
(2862,120,5,0),
(2863,120,6,0),
(2864,120,7,0),
(2865,120,8,0),
(2866,120,9,0),
(2867,120,10,0),
(2868,120,11,0),
(2869,120,12,0),
(2870,120,13,0),
(2871,120,14,0),
(2872,120,15,0),
(2873,120,16,0),
(2874,120,17,0),
(2875,120,18,0),
(2876,120,19,0),
(2877,120,20,0),
(2878,120,21,0),
(2879,120,22,0),
(2880,120,23,0),
(2881,121,0,0),
(2882,121,1,0),
(2883,121,2,0),
(2884,121,3,0),
(2885,121,4,0),
(2886,121,5,0),
(2887,121,6,0),
(2888,121,7,0),
(2889,121,8,0),
(2890,121,9,0),
(2891,121,10,0),
(2892,121,11,0),
(2893,121,12,0),
(2894,121,13,0),
(2895,121,14,0),
(2896,121,15,0),
(2897,121,16,0),
(2898,121,17,0),
(2899,121,18,0),
(2900,121,19,0),
(2901,121,20,0),
(2902,121,21,0),
(2903,121,22,0),
(2904,121,23,0),
(2905,122,0,0),
(2906,122,1,0),
(2907,122,2,0),
(2908,122,3,0),
(2909,122,4,0),
(2910,122,5,0),
(2911,122,6,0),
(2912,122,7,0),
(2913,122,8,0),
(2914,122,9,0),
(2915,122,10,0),
(2916,122,11,0),
(2917,122,12,0),
(2918,122,13,0),
(2919,122,14,0),
(2920,122,15,0),
(2921,122,16,0),
(2922,122,17,0),
(2923,122,18,0),
(2924,122,19,0),
(2925,122,20,0),
(2926,122,21,0),
(2927,122,22,0),
(2928,122,23,0),
(2929,123,0,0),
(2930,123,1,0),
(2931,123,2,0),
(2932,123,3,0),
(2933,123,4,0),
(2934,123,5,0),
(2935,123,6,0),
(2936,123,7,0),
(2937,123,8,0),
(2938,123,9,0),
(2939,123,10,0),
(2940,123,11,0),
(2941,123,12,0),
(2942,123,13,0),
(2943,123,14,0),
(2944,123,15,0),
(2945,123,16,0),
(2946,123,17,0),
(2947,123,18,0),
(2948,123,19,0),
(2949,123,20,0),
(2950,123,21,0),
(2951,123,22,0),
(2952,123,23,0),
(2953,124,0,0),
(2954,124,1,0),
(2955,124,2,0),
(2956,124,3,0),
(2957,124,4,0),
(2958,124,5,0),
(2959,124,6,0),
(2960,124,7,0),
(2961,124,8,0),
(2962,124,9,0),
(2963,124,10,0),
(2964,124,11,0),
(2965,124,12,0),
(2966,124,13,0),
(2967,124,14,0),
(2968,124,15,0),
(2969,124,16,0),
(2970,124,17,0),
(2971,124,18,0),
(2972,124,19,0),
(2973,124,20,0),
(2974,124,21,0),
(2975,124,22,0),
(2976,124,23,0),
(2977,125,0,0),
(2978,125,1,0),
(2979,125,2,0),
(2980,125,3,0),
(2981,125,4,0),
(2982,125,5,0),
(2983,125,6,0),
(2984,125,7,0),
(2985,125,8,0),
(2986,125,9,0),
(2987,125,10,0),
(2988,125,11,0),
(2989,125,12,0),
(2990,125,13,0),
(2991,125,14,0),
(2992,125,15,0),
(2993,125,16,0),
(2994,125,17,0),
(2995,125,18,0),
(2996,125,19,0),
(2997,125,20,0),
(2998,125,21,0),
(2999,125,22,0),
(3000,125,23,0),
(3001,126,0,0),
(3002,126,1,0),
(3003,126,2,0),
(3004,126,3,0),
(3005,126,4,0),
(3006,126,5,0),
(3007,126,6,0),
(3008,126,7,0),
(3009,126,8,0),
(3010,126,9,0),
(3011,126,10,0),
(3012,126,11,0),
(3013,126,12,0),
(3014,126,13,0),
(3015,126,14,0),
(3016,126,15,0),
(3017,126,16,0),
(3018,126,17,0),
(3019,126,18,0),
(3020,126,19,0),
(3021,126,20,0),
(3022,126,21,0),
(3023,126,22,0),
(3024,126,23,0),
(3025,127,0,0),
(3026,127,1,0),
(3027,127,2,0),
(3028,127,3,0),
(3029,127,4,0),
(3030,127,5,0),
(3031,127,6,0),
(3032,127,7,0),
(3033,127,8,0),
(3034,127,9,0),
(3035,127,10,0),
(3036,127,11,0),
(3037,127,12,0),
(3038,127,13,0),
(3039,127,14,0),
(3040,127,15,0),
(3041,127,16,0),
(3042,127,17,0),
(3043,127,18,0),
(3044,127,19,0),
(3045,127,20,0),
(3046,127,21,0),
(3047,127,22,0),
(3048,127,23,0),
(3049,128,0,0),
(3050,128,1,0),
(3051,128,2,0),
(3052,128,3,0),
(3053,128,4,0),
(3054,128,5,0),
(3055,128,6,0),
(3056,128,7,0),
(3057,128,8,0),
(3058,128,9,0),
(3059,128,10,0),
(3060,128,11,0),
(3061,128,12,0),
(3062,128,13,0),
(3063,128,14,0),
(3064,128,15,0),
(3065,128,16,0),
(3066,128,17,0),
(3067,128,18,0),
(3068,128,19,0),
(3069,128,20,0),
(3070,128,21,0),
(3071,128,22,0),
(3072,128,23,0),
(3073,129,0,0),
(3074,129,1,0),
(3075,129,2,0),
(3076,129,3,0),
(3077,129,4,0),
(3078,129,5,0),
(3079,129,6,0),
(3080,129,7,0),
(3081,129,8,0),
(3082,129,9,0),
(3083,129,10,0),
(3084,129,11,0),
(3085,129,12,0),
(3086,129,13,0),
(3087,129,14,0),
(3088,129,15,0),
(3089,129,16,0),
(3090,129,17,0),
(3091,129,18,0),
(3092,129,19,0),
(3093,129,20,0),
(3094,129,21,0),
(3095,129,22,0),
(3096,129,23,0),
(3097,130,0,0),
(3098,130,1,0),
(3099,130,2,0),
(3100,130,3,0),
(3101,130,4,0),
(3102,130,5,0),
(3103,130,6,0),
(3104,130,7,0),
(3105,130,8,0),
(3106,130,9,0),
(3107,130,10,0),
(3108,130,11,0),
(3109,130,12,0),
(3110,130,13,0),
(3111,130,14,0),
(3112,130,15,0),
(3113,130,16,0),
(3114,130,17,0),
(3115,130,18,0),
(3116,130,19,0),
(3117,130,20,0),
(3118,130,21,0),
(3119,130,22,0),
(3120,130,23,0),
(3121,131,0,0),
(3122,131,1,0),
(3123,131,2,0),
(3124,131,3,0),
(3125,131,4,0),
(3126,131,5,0),
(3127,131,6,0),
(3128,131,7,0),
(3129,131,8,0),
(3130,131,9,0),
(3131,131,10,0),
(3132,131,11,0),
(3133,131,12,0),
(3134,131,13,0),
(3135,131,14,0),
(3136,131,15,0),
(3137,131,16,0),
(3138,131,17,0),
(3139,131,18,0),
(3140,131,19,0),
(3141,131,20,0),
(3142,131,21,0),
(3143,131,22,0),
(3144,131,23,0),
(3145,132,0,0),
(3146,132,1,0),
(3147,132,2,0),
(3148,132,3,0),
(3149,132,4,0),
(3150,132,5,0),
(3151,132,6,0),
(3152,132,7,0),
(3153,132,8,0),
(3154,132,9,0),
(3155,132,10,0),
(3156,132,11,0),
(3157,132,12,0),
(3158,132,13,0),
(3159,132,14,0),
(3160,132,15,0),
(3161,132,16,0),
(3162,132,17,0),
(3163,132,18,0),
(3164,132,19,0),
(3165,132,20,0),
(3166,132,21,0),
(3167,132,22,0),
(3168,132,23,0),
(3169,133,0,0),
(3170,133,1,0),
(3171,133,2,0),
(3172,133,3,0),
(3173,133,4,0),
(3174,133,5,0),
(3175,133,6,0),
(3176,133,7,0),
(3177,133,8,0),
(3178,133,9,0),
(3179,133,10,0),
(3180,133,11,0),
(3181,133,12,0),
(3182,133,13,0),
(3183,133,14,0),
(3184,133,15,0),
(3185,133,16,0),
(3186,133,17,0),
(3187,133,18,0),
(3188,133,19,0),
(3189,133,20,0),
(3190,133,21,0),
(3191,133,22,0),
(3192,133,23,0),
(3193,134,0,0),
(3194,134,1,0),
(3195,134,2,0),
(3196,134,3,0),
(3197,134,4,0),
(3198,134,5,0),
(3199,134,6,0),
(3200,134,7,0),
(3201,134,8,0),
(3202,134,9,0),
(3203,134,10,0),
(3204,134,11,0),
(3205,134,12,0),
(3206,134,13,0),
(3207,134,14,0),
(3208,134,15,0),
(3209,134,16,0),
(3210,134,17,0),
(3211,134,18,0),
(3212,134,19,0),
(3213,134,20,0),
(3214,134,21,0),
(3215,134,22,0),
(3216,134,23,0),
(3217,135,0,0),
(3218,135,1,0),
(3219,135,2,0),
(3220,135,3,0),
(3221,135,4,0),
(3222,135,5,0),
(3223,135,6,0),
(3224,135,7,0),
(3225,135,8,0),
(3226,135,9,0),
(3227,135,10,0),
(3228,135,11,0),
(3229,135,12,0),
(3230,135,13,0),
(3231,135,14,0),
(3232,135,15,0),
(3233,135,16,0),
(3234,135,17,0),
(3235,135,18,0),
(3236,135,19,0),
(3237,135,20,0),
(3238,135,21,0),
(3239,135,22,0),
(3240,135,23,0),
(3241,136,0,0),
(3242,136,1,0),
(3243,136,2,0),
(3244,136,3,0),
(3245,136,4,0),
(3246,136,5,0),
(3247,136,6,0),
(3248,136,7,0),
(3249,136,8,0),
(3250,136,9,0),
(3251,136,10,0),
(3252,136,11,0),
(3253,136,12,0),
(3254,136,13,0),
(3255,136,14,0),
(3256,136,15,0),
(3257,136,16,0),
(3258,136,17,0),
(3259,136,18,0),
(3260,136,19,0),
(3261,136,20,0),
(3262,136,21,0),
(3263,136,22,0),
(3264,136,23,0),
(3265,137,0,0),
(3266,137,1,0),
(3267,137,2,0),
(3268,137,3,0),
(3269,137,4,0),
(3270,137,5,0),
(3271,137,6,0),
(3272,137,7,0),
(3273,137,8,0),
(3274,137,9,0),
(3275,137,10,0),
(3276,137,11,0),
(3277,137,12,0),
(3278,137,13,0),
(3279,137,14,0),
(3280,137,15,0),
(3281,137,16,0),
(3282,137,17,0),
(3283,137,18,0),
(3284,137,19,0),
(3285,137,20,0),
(3286,137,21,0),
(3287,137,22,0),
(3288,137,23,0),
(3289,138,0,0),
(3290,138,1,0),
(3291,138,2,0),
(3292,138,3,0),
(3293,138,4,0),
(3294,138,5,0),
(3295,138,6,0),
(3296,138,7,0),
(3297,138,8,0),
(3298,138,9,0),
(3299,138,10,0),
(3300,138,11,0),
(3301,138,12,0),
(3302,138,13,0),
(3303,138,14,0),
(3304,138,15,0),
(3305,138,16,0),
(3306,138,17,0),
(3307,138,18,0),
(3308,138,19,0),
(3309,138,20,0),
(3310,138,21,0),
(3311,138,22,0),
(3312,138,23,0),
(3313,139,0,0),
(3314,139,1,0),
(3315,139,2,0),
(3316,139,3,0),
(3317,139,4,0),
(3318,139,5,0),
(3319,139,6,0),
(3320,139,7,0),
(3321,139,8,0),
(3322,139,9,0),
(3323,139,10,0),
(3324,139,11,0),
(3325,139,12,0),
(3326,139,13,0),
(3327,139,14,0),
(3328,139,15,0),
(3329,139,16,0),
(3330,139,17,0),
(3331,139,18,0),
(3332,139,19,0),
(3333,139,20,0),
(3334,139,21,0),
(3335,139,22,0),
(3336,139,23,0),
(3337,140,0,0),
(3338,140,1,0),
(3339,140,2,0),
(3340,140,3,0),
(3341,140,4,0),
(3342,140,5,0),
(3343,140,6,0),
(3344,140,7,0),
(3345,140,8,0),
(3346,140,9,0),
(3347,140,10,0),
(3348,140,11,0),
(3349,140,12,0),
(3350,140,13,0),
(3351,140,14,0),
(3352,140,15,0),
(3353,140,16,0),
(3354,140,17,0),
(3355,140,18,0),
(3356,140,19,0),
(3357,140,20,0),
(3358,140,21,0),
(3359,140,22,0),
(3360,140,23,0),
(3361,141,0,0),
(3362,141,1,0),
(3363,141,2,0),
(3364,141,3,0),
(3365,141,4,0),
(3366,141,5,0),
(3367,141,6,0),
(3368,141,7,0),
(3369,141,8,0),
(3370,141,9,0),
(3371,141,10,0),
(3372,141,11,0),
(3373,141,12,0),
(3374,141,13,0),
(3375,141,14,0),
(3376,141,15,0),
(3377,141,16,0),
(3378,141,17,0),
(3379,141,18,0),
(3380,141,19,0),
(3381,141,20,0),
(3382,141,21,0),
(3383,141,22,0),
(3384,141,23,0),
(3385,142,0,0),
(3386,142,1,0),
(3387,142,2,0),
(3388,142,3,0),
(3389,142,4,0),
(3390,142,5,0),
(3391,142,6,0),
(3392,142,7,0),
(3393,142,8,0),
(3394,142,9,0),
(3395,142,10,0),
(3396,142,11,0),
(3397,142,12,0),
(3398,142,13,0),
(3399,142,14,0),
(3400,142,15,0),
(3401,142,16,0),
(3402,142,17,0),
(3403,142,18,0),
(3404,142,19,0),
(3405,142,20,0),
(3406,142,21,0),
(3407,142,22,0),
(3408,142,23,0),
(3409,143,0,0),
(3410,143,1,0),
(3411,143,2,0),
(3412,143,3,0),
(3413,143,4,0),
(3414,143,5,0),
(3415,143,6,0),
(3416,143,7,0),
(3417,143,8,0),
(3418,143,9,0),
(3419,143,10,0),
(3420,143,11,0),
(3421,143,12,0),
(3422,143,13,0),
(3423,143,14,0),
(3424,143,15,0),
(3425,143,16,0),
(3426,143,17,0),
(3427,143,18,0),
(3428,143,19,0),
(3429,143,20,0),
(3430,143,21,0),
(3431,143,22,0),
(3432,143,23,0),
(3433,144,0,0),
(3434,144,1,0),
(3435,144,2,0),
(3436,144,3,0),
(3437,144,4,0),
(3438,144,5,0),
(3439,144,6,0),
(3440,144,7,0),
(3441,144,8,0),
(3442,144,9,0),
(3443,144,10,0),
(3444,144,11,0),
(3445,144,12,0),
(3446,144,13,0),
(3447,144,14,0),
(3448,144,15,0),
(3449,144,16,0),
(3450,144,17,0),
(3451,144,18,0),
(3452,144,19,0),
(3453,144,20,0),
(3454,144,21,0),
(3455,144,22,0),
(3456,144,23,0),
(3457,145,0,0),
(3458,145,1,0),
(3459,145,2,0),
(3460,145,3,0),
(3461,145,4,0),
(3462,145,5,0),
(3463,145,6,0),
(3464,145,7,0),
(3465,145,8,0),
(3466,145,9,0),
(3467,145,10,0),
(3468,145,11,0),
(3469,145,12,0),
(3470,145,13,0),
(3471,145,14,0),
(3472,145,15,0),
(3473,145,16,0),
(3474,145,17,0),
(3475,145,18,0),
(3476,145,19,0),
(3477,145,20,0),
(3478,145,21,0),
(3479,145,22,0),
(3480,145,23,0),
(3481,146,0,0),
(3482,146,1,0),
(3483,146,2,0),
(3484,146,3,0),
(3485,146,4,0),
(3486,146,5,0),
(3487,146,6,0),
(3488,146,7,0),
(3489,146,8,0),
(3490,146,9,0),
(3491,146,10,0),
(3492,146,11,0),
(3493,146,12,0),
(3494,146,13,0),
(3495,146,14,0),
(3496,146,15,0),
(3497,146,16,0),
(3498,146,17,0),
(3499,146,18,0),
(3500,146,19,0),
(3501,146,20,0),
(3502,146,21,0),
(3503,146,22,0),
(3504,146,23,0),
(3505,147,0,0),
(3506,147,1,0),
(3507,147,2,0),
(3508,147,3,0),
(3509,147,4,0),
(3510,147,5,0),
(3511,147,6,0),
(3512,147,7,0),
(3513,147,8,0),
(3514,147,9,0),
(3515,147,10,0),
(3516,147,11,0),
(3517,147,12,0),
(3518,147,13,0),
(3519,147,14,0),
(3520,147,15,0),
(3521,147,16,0),
(3522,147,17,0),
(3523,147,18,0),
(3524,147,19,0),
(3525,147,20,0),
(3526,147,21,0),
(3527,147,22,0),
(3528,147,23,0),
(3529,148,0,0),
(3530,148,1,0),
(3531,148,2,0),
(3532,148,3,0),
(3533,148,4,0),
(3534,148,5,0),
(3535,148,6,0),
(3536,148,7,0),
(3537,148,8,0),
(3538,148,9,0),
(3539,148,10,0),
(3540,148,11,0),
(3541,148,12,0),
(3542,148,13,0),
(3543,148,14,0),
(3544,148,15,0),
(3545,148,16,0),
(3546,148,17,0),
(3547,148,18,0),
(3548,148,19,0),
(3549,148,20,0),
(3550,148,21,0),
(3551,148,22,0),
(3552,148,23,0),
(3553,149,0,0),
(3554,149,1,0),
(3555,149,2,0),
(3556,149,3,0),
(3557,149,4,0),
(3558,149,5,0),
(3559,149,6,0),
(3560,149,7,0),
(3561,149,8,0),
(3562,149,9,0),
(3563,149,10,0),
(3564,149,11,0),
(3565,149,12,0),
(3566,149,13,0),
(3567,149,14,0),
(3568,149,15,0),
(3569,149,16,0),
(3570,149,17,0),
(3571,149,18,0),
(3572,149,19,0),
(3573,149,20,0),
(3574,149,21,0),
(3575,149,22,0),
(3576,149,23,0),
(3577,150,0,0),
(3578,150,1,0),
(3579,150,2,0),
(3580,150,3,0),
(3581,150,4,0),
(3582,150,5,0),
(3583,150,6,0),
(3584,150,7,0),
(3585,150,8,0),
(3586,150,9,0),
(3587,150,10,0),
(3588,150,11,0),
(3589,150,12,0),
(3590,150,13,0),
(3591,150,14,0),
(3592,150,15,0),
(3593,150,16,0),
(3594,150,17,0),
(3595,150,18,0),
(3596,150,19,0),
(3597,150,20,0),
(3598,150,21,0),
(3599,150,22,0),
(3600,150,23,0),
(3601,151,0,0),
(3602,151,1,0),
(3603,151,2,0),
(3604,151,3,0),
(3605,151,4,0),
(3606,151,5,0),
(3607,151,6,0),
(3608,151,7,0),
(3609,151,8,0),
(3610,151,9,0),
(3611,151,10,0),
(3612,151,11,0),
(3613,151,12,0),
(3614,151,13,0),
(3615,151,14,0),
(3616,151,15,0),
(3617,151,16,0),
(3618,151,17,0),
(3619,151,18,0),
(3620,151,19,0),
(3621,151,20,0),
(3622,151,21,0),
(3623,151,22,0),
(3624,151,23,0),
(3625,152,0,0),
(3626,152,1,0),
(3627,152,2,0),
(3628,152,3,0),
(3629,152,4,0),
(3630,152,5,0),
(3631,152,6,0),
(3632,152,7,0),
(3633,152,8,0),
(3634,152,9,0),
(3635,152,10,0),
(3636,152,11,0),
(3637,152,12,0),
(3638,152,13,0),
(3639,152,14,0),
(3640,152,15,0),
(3641,152,16,0),
(3642,152,17,0),
(3643,152,18,0),
(3644,152,19,0),
(3645,152,20,0),
(3646,152,21,0),
(3647,152,22,0),
(3648,152,23,0),
(3649,153,0,0),
(3650,153,1,0),
(3651,153,2,0),
(3652,153,3,0),
(3653,153,4,0),
(3654,153,5,0),
(3655,153,6,0),
(3656,153,7,0),
(3657,153,8,0),
(3658,153,9,0),
(3659,153,10,0),
(3660,153,11,0),
(3661,153,12,0),
(3662,153,13,0),
(3663,153,14,0),
(3664,153,15,0),
(3665,153,16,0),
(3666,153,17,0),
(3667,153,18,0),
(3668,153,19,0),
(3669,153,20,0),
(3670,153,21,0),
(3671,153,22,0),
(3672,153,23,0),
(3673,154,0,0),
(3674,154,1,0),
(3675,154,2,0),
(3676,154,3,0),
(3677,154,4,0),
(3678,154,5,0),
(3679,154,6,0),
(3680,154,7,0),
(3681,154,8,0),
(3682,154,9,0),
(3683,154,10,0),
(3684,154,11,0),
(3685,154,12,0),
(3686,154,13,0),
(3687,154,14,0),
(3688,154,15,0),
(3689,154,16,0),
(3690,154,17,0),
(3691,154,18,0),
(3692,154,19,0),
(3693,154,20,0),
(3694,154,21,0),
(3695,154,22,0),
(3696,154,23,0),
(3697,155,0,0),
(3698,155,1,0),
(3699,155,2,0),
(3700,155,3,0),
(3701,155,4,0),
(3702,155,5,0),
(3703,155,6,0),
(3704,155,7,0),
(3705,155,8,0),
(3706,155,9,0),
(3707,155,10,0),
(3708,155,11,0),
(3709,155,12,0),
(3710,155,13,0),
(3711,155,14,0),
(3712,155,15,0),
(3713,155,16,0),
(3714,155,17,0),
(3715,155,18,0),
(3716,155,19,0),
(3717,155,20,0),
(3718,155,21,0),
(3719,155,22,0),
(3720,155,23,0),
(3721,156,0,0),
(3722,156,1,0),
(3723,156,2,0),
(3724,156,3,0),
(3725,156,4,0),
(3726,156,5,0),
(3727,156,6,0),
(3728,156,7,0),
(3729,156,8,0),
(3730,156,9,0),
(3731,156,10,0),
(3732,156,11,0),
(3733,156,12,0),
(3734,156,13,0),
(3735,156,14,0),
(3736,156,15,0),
(3737,156,16,0),
(3738,156,17,0),
(3739,156,18,0),
(3740,156,19,0),
(3741,156,20,0),
(3742,156,21,0),
(3743,156,22,0),
(3744,156,23,0),
(3745,157,0,0),
(3746,157,1,0),
(3747,157,2,0),
(3748,157,3,0),
(3749,157,4,0),
(3750,157,5,0),
(3751,157,6,0),
(3752,157,7,0),
(3753,157,8,0),
(3754,157,9,0),
(3755,157,10,0),
(3756,157,11,0),
(3757,157,12,0),
(3758,157,13,0),
(3759,157,14,0),
(3760,157,15,0),
(3761,157,16,0),
(3762,157,17,0),
(3763,157,18,0),
(3764,157,19,0),
(3765,157,20,0),
(3766,157,21,0),
(3767,157,22,0),
(3768,157,23,0),
(3769,158,0,0),
(3770,158,1,0),
(3771,158,2,0),
(3772,158,3,0),
(3773,158,4,0),
(3774,158,5,0),
(3775,158,6,0),
(3776,158,7,0),
(3777,158,8,0),
(3778,158,9,0),
(3779,158,10,0),
(3780,158,11,0),
(3781,158,12,0),
(3782,158,13,0),
(3783,158,14,0),
(3784,158,15,0),
(3785,158,16,0),
(3786,158,17,0),
(3787,158,18,0),
(3788,158,19,0),
(3789,158,20,0),
(3790,158,21,0),
(3791,158,22,0),
(3792,158,23,0),
(3793,159,0,0),
(3794,159,1,0),
(3795,159,2,0),
(3796,159,3,0),
(3797,159,4,0),
(3798,159,5,0),
(3799,159,6,0),
(3800,159,7,0),
(3801,159,8,0),
(3802,159,9,0),
(3803,159,10,0),
(3804,159,11,0),
(3805,159,12,0),
(3806,159,13,0),
(3807,159,14,0),
(3808,159,15,0),
(3809,159,16,0),
(3810,159,17,0),
(3811,159,18,0),
(3812,159,19,0),
(3813,159,20,0),
(3814,159,21,0),
(3815,159,22,0),
(3816,159,23,0),
(3817,160,0,0),
(3818,160,1,0),
(3819,160,2,0),
(3820,160,3,0),
(3821,160,4,0),
(3822,160,5,0),
(3823,160,6,0),
(3824,160,7,0),
(3825,160,8,0),
(3826,160,9,0),
(3827,160,10,0),
(3828,160,11,0),
(3829,160,12,0),
(3830,160,13,0),
(3831,160,14,0),
(3832,160,15,0),
(3833,160,16,0),
(3834,160,17,0),
(3835,160,18,0),
(3836,160,19,0),
(3837,160,20,0),
(3838,160,21,0),
(3839,160,22,0),
(3840,160,23,0),
(3841,161,0,0),
(3842,161,1,0),
(3843,161,2,0),
(3844,161,3,0),
(3845,161,4,0),
(3846,161,5,0),
(3847,161,6,0),
(3848,161,7,0),
(3849,161,8,0),
(3850,161,9,0),
(3851,161,10,0),
(3852,161,11,0),
(3853,161,12,0),
(3854,161,13,0),
(3855,161,14,0),
(3856,161,15,0),
(3857,161,16,0),
(3858,161,17,0),
(3859,161,18,0),
(3860,161,19,0),
(3861,161,20,0),
(3862,161,21,0),
(3863,161,22,0),
(3864,161,23,0),
(3865,162,0,0),
(3866,162,1,0),
(3867,162,2,0),
(3868,162,3,0),
(3869,162,4,0),
(3870,162,5,0),
(3871,162,6,0),
(3872,162,7,0),
(3873,162,8,0),
(3874,162,9,0),
(3875,162,10,0),
(3876,162,11,0),
(3877,162,12,0),
(3878,162,13,0),
(3879,162,14,0),
(3880,162,15,0),
(3881,162,16,0),
(3882,162,17,0),
(3883,162,18,0),
(3884,162,19,0),
(3885,162,20,0),
(3886,162,21,0),
(3887,162,22,0),
(3888,162,23,0),
(3889,163,0,0),
(3890,163,1,0),
(3891,163,2,0),
(3892,163,3,0),
(3893,163,4,0),
(3894,163,5,0),
(3895,163,6,0),
(3896,163,7,0),
(3897,163,8,0),
(3898,163,9,0),
(3899,163,10,0),
(3900,163,11,0),
(3901,163,12,0),
(3902,163,13,0),
(3903,163,14,0),
(3904,163,15,0),
(3905,163,16,0),
(3906,163,17,0),
(3907,163,18,0),
(3908,163,19,0),
(3909,163,20,0),
(3910,163,21,0),
(3911,163,22,0),
(3912,163,23,0),
(3913,164,0,0),
(3914,164,1,0),
(3915,164,2,0),
(3916,164,3,0),
(3917,164,4,0),
(3918,164,5,0),
(3919,164,6,0),
(3920,164,7,0),
(3921,164,8,0),
(3922,164,9,0),
(3923,164,10,0),
(3924,164,11,0),
(3925,164,12,0),
(3926,164,13,0),
(3927,164,14,0),
(3928,164,15,0),
(3929,164,16,0),
(3930,164,17,0),
(3931,164,18,0),
(3932,164,19,0),
(3933,164,20,0),
(3934,164,21,0),
(3935,164,22,0),
(3936,164,23,0),
(3937,165,0,0),
(3938,165,1,0),
(3939,165,2,0),
(3940,165,3,0),
(3941,165,4,0),
(3942,165,5,0),
(3943,165,6,0),
(3944,165,7,0),
(3945,165,8,0),
(3946,165,9,0),
(3947,165,10,0),
(3948,165,11,0),
(3949,165,12,0),
(3950,165,13,0),
(3951,165,14,0),
(3952,165,15,0),
(3953,165,16,0),
(3954,165,17,0),
(3955,165,18,0),
(3956,165,19,0),
(3957,165,20,0),
(3958,165,21,0),
(3959,165,22,0),
(3960,165,23,0),
(3961,166,0,0),
(3962,166,1,0),
(3963,166,2,0),
(3964,166,3,0),
(3965,166,4,0),
(3966,166,5,0),
(3967,166,6,0),
(3968,166,7,0),
(3969,166,8,0),
(3970,166,9,0),
(3971,166,10,0),
(3972,166,11,0),
(3973,166,12,0),
(3974,166,13,0),
(3975,166,14,0),
(3976,166,15,0),
(3977,166,16,0),
(3978,166,17,0),
(3979,166,18,0),
(3980,166,19,0),
(3981,166,20,0),
(3982,166,21,0),
(3983,166,22,0),
(3984,166,23,0),
(3985,167,0,0),
(3986,167,1,0),
(3987,167,2,0),
(3988,167,3,0),
(3989,167,4,0),
(3990,167,5,0),
(3991,167,6,0),
(3992,167,7,0),
(3993,167,8,0),
(3994,167,9,0),
(3995,167,10,0),
(3996,167,11,0),
(3997,167,12,0),
(3998,167,13,0),
(3999,167,14,0),
(4000,167,15,0),
(4001,167,16,0),
(4002,167,17,0),
(4003,167,18,0),
(4004,167,19,0),
(4005,167,20,0),
(4006,167,21,0),
(4007,167,22,0),
(4008,167,23,0),
(4009,168,0,0),
(4010,168,1,0),
(4011,168,2,0),
(4012,168,3,0),
(4013,168,4,0),
(4014,168,5,0),
(4015,168,6,0),
(4016,168,7,0),
(4017,168,8,0),
(4018,168,9,0),
(4019,168,10,0),
(4020,168,11,0),
(4021,168,12,0),
(4022,168,13,0),
(4023,168,14,0),
(4024,168,15,0),
(4025,168,16,0),
(4026,168,17,0),
(4027,168,18,0),
(4028,168,19,0),
(4029,168,20,0),
(4030,168,21,0),
(4031,168,22,0),
(4032,168,23,0),
(4033,169,0,0),
(4034,169,1,0),
(4035,169,2,0),
(4036,169,3,0),
(4037,169,4,0),
(4038,169,5,0),
(4039,169,6,0),
(4040,169,7,0),
(4041,169,8,0),
(4042,169,9,0),
(4043,169,10,0),
(4044,169,11,0),
(4045,169,12,0),
(4046,169,13,0),
(4047,169,14,0),
(4048,169,15,0),
(4049,169,16,0),
(4050,169,17,0),
(4051,169,18,0),
(4052,169,19,0),
(4053,169,20,0),
(4054,169,21,0),
(4055,169,22,0),
(4056,169,23,0),
(4057,170,0,0),
(4058,170,1,0),
(4059,170,2,0),
(4060,170,3,0),
(4061,170,4,0),
(4062,170,5,0),
(4063,170,6,0),
(4064,170,7,0),
(4065,170,8,0),
(4066,170,9,0),
(4067,170,10,0),
(4068,170,11,0),
(4069,170,12,0),
(4070,170,13,0),
(4071,170,14,0),
(4072,170,15,0),
(4073,170,16,0),
(4074,170,17,0),
(4075,170,18,0),
(4076,170,19,0),
(4077,170,20,0),
(4078,170,21,0),
(4079,170,22,0),
(4080,170,23,0),
(4081,171,0,0),
(4082,171,1,0),
(4083,171,2,0),
(4084,171,3,0),
(4085,171,4,0),
(4086,171,5,0),
(4087,171,6,0),
(4088,171,7,0),
(4089,171,8,0),
(4090,171,9,0),
(4091,171,10,0),
(4092,171,11,0),
(4093,171,12,0),
(4094,171,13,0),
(4095,171,14,0),
(4096,171,15,0),
(4097,171,16,0),
(4098,171,17,0),
(4099,171,18,0),
(4100,171,19,0),
(4101,171,20,0),
(4102,171,21,0),
(4103,171,22,0),
(4104,171,23,0),
(4105,172,0,0),
(4106,172,1,0),
(4107,172,2,0),
(4108,172,3,0),
(4109,172,4,0),
(4110,172,5,0),
(4111,172,6,0),
(4112,172,7,0),
(4113,172,8,0),
(4114,172,9,0),
(4115,172,10,0),
(4116,172,11,0),
(4117,172,12,0),
(4118,172,13,0),
(4119,172,14,0),
(4120,172,15,0),
(4121,172,16,0),
(4122,172,17,0),
(4123,172,18,0),
(4124,172,19,0),
(4125,172,20,0),
(4126,172,21,0),
(4127,172,22,0),
(4128,172,23,0),
(4129,173,0,0),
(4130,173,1,0),
(4131,173,2,0),
(4132,173,3,0),
(4133,173,4,0),
(4134,173,5,0),
(4135,173,6,0),
(4136,173,7,0),
(4137,173,8,0),
(4138,173,9,0),
(4139,173,10,0),
(4140,173,11,0),
(4141,173,12,0),
(4142,173,13,0),
(4143,173,14,0),
(4144,173,15,0),
(4145,173,16,0),
(4146,173,17,0),
(4147,173,18,0),
(4148,173,19,0),
(4149,173,20,0),
(4150,173,21,0),
(4151,173,22,0),
(4152,173,23,0),
(4153,174,0,0),
(4154,174,1,0),
(4155,174,2,0),
(4156,174,3,0),
(4157,174,4,0),
(4158,174,5,0),
(4159,174,6,0),
(4160,174,7,0),
(4161,174,8,0),
(4162,174,9,0),
(4163,174,10,0),
(4164,174,11,0),
(4165,174,12,0),
(4166,174,13,0),
(4167,174,14,0),
(4168,174,15,0),
(4169,174,16,0),
(4170,174,17,0),
(4171,174,18,0),
(4172,174,19,0),
(4173,174,20,0),
(4174,174,21,0),
(4175,174,22,0),
(4176,174,23,0),
(4177,175,0,0),
(4178,175,1,0),
(4179,175,2,0),
(4180,175,3,0),
(4181,175,4,0),
(4182,175,5,0),
(4183,175,6,0),
(4184,175,7,0),
(4185,175,8,0),
(4186,175,9,0),
(4187,175,10,0),
(4188,175,11,0),
(4189,175,12,0),
(4190,175,13,0),
(4191,175,14,0),
(4192,175,15,0),
(4193,175,16,0),
(4194,175,17,0),
(4195,175,18,0),
(4196,175,19,0),
(4197,175,20,0),
(4198,175,21,0),
(4199,175,22,0),
(4200,175,23,0),
(4201,176,0,0),
(4202,176,1,0),
(4203,176,2,0),
(4204,176,3,0),
(4205,176,4,0),
(4206,176,5,0),
(4207,176,6,0),
(4208,176,7,0),
(4209,176,8,0),
(4210,176,9,0),
(4211,176,10,0),
(4212,176,11,0),
(4213,176,12,0),
(4214,176,13,0),
(4215,176,14,0),
(4216,176,15,0),
(4217,176,16,0),
(4218,176,17,0),
(4219,176,18,0),
(4220,176,19,0),
(4221,176,20,0),
(4222,176,21,0),
(4223,176,22,0),
(4224,176,23,0),
(4225,177,0,0),
(4226,177,1,0),
(4227,177,2,0),
(4228,177,3,0),
(4229,177,4,0),
(4230,177,5,0),
(4231,177,6,0),
(4232,177,7,0),
(4233,177,8,0),
(4234,177,9,0),
(4235,177,10,0),
(4236,177,11,0),
(4237,177,12,0),
(4238,177,13,0),
(4239,177,14,0),
(4240,177,15,0),
(4241,177,16,0),
(4242,177,17,0),
(4243,177,18,0),
(4244,177,19,0),
(4245,177,20,0),
(4246,177,21,0),
(4247,177,22,0),
(4248,177,23,0),
(4249,178,0,0),
(4250,178,1,0),
(4251,178,2,0),
(4252,178,3,0),
(4253,178,4,0),
(4254,178,5,0),
(4255,178,6,0),
(4256,178,7,0),
(4257,178,8,0),
(4258,178,9,0),
(4259,178,10,0),
(4260,178,11,0),
(4261,178,12,0),
(4262,178,13,0),
(4263,178,14,0),
(4264,178,15,0),
(4265,178,16,0),
(4266,178,17,0),
(4267,178,18,0),
(4268,178,19,0),
(4269,178,20,0),
(4270,178,21,0),
(4271,178,22,0),
(4272,178,23,0),
(4273,179,0,0),
(4274,179,1,0),
(4275,179,2,0),
(4276,179,3,0),
(4277,179,4,0),
(4278,179,5,0),
(4279,179,6,0),
(4280,179,7,0),
(4281,179,8,0),
(4282,179,9,0),
(4283,179,10,0),
(4284,179,11,0),
(4285,179,12,0),
(4286,179,13,0),
(4287,179,14,0),
(4288,179,15,0),
(4289,179,16,0),
(4290,179,17,0),
(4291,179,18,0),
(4292,179,19,0),
(4293,179,20,0),
(4294,179,21,0),
(4295,179,22,0),
(4296,179,23,0),
(4297,180,0,0),
(4298,180,1,0),
(4299,180,2,0),
(4300,180,3,0),
(4301,180,4,0),
(4302,180,5,0),
(4303,180,6,0),
(4304,180,7,0),
(4305,180,8,0),
(4306,180,9,0),
(4307,180,10,0),
(4308,180,11,0),
(4309,180,12,0),
(4310,180,13,0),
(4311,180,14,0),
(4312,180,15,0),
(4313,180,16,0),
(4314,180,17,0),
(4315,180,18,0),
(4316,180,19,0),
(4317,180,20,0),
(4318,180,21,0),
(4319,180,22,0),
(4320,180,23,0),
(4321,181,0,0),
(4322,181,1,0),
(4323,181,2,0),
(4324,181,3,0),
(4325,181,4,0),
(4326,181,5,0),
(4327,181,6,0),
(4328,181,7,0),
(4329,181,8,0),
(4330,181,9,0),
(4331,181,10,0),
(4332,181,11,0),
(4333,181,12,0),
(4334,181,13,0),
(4335,181,14,0),
(4336,181,15,0),
(4337,181,16,0),
(4338,181,17,0),
(4339,181,18,0),
(4340,181,19,0),
(4341,181,20,0),
(4342,181,21,0),
(4343,181,22,0),
(4344,181,23,0),
(4345,182,0,0),
(4346,182,1,0),
(4347,182,2,0),
(4348,182,3,0),
(4349,182,4,0),
(4350,182,5,0),
(4351,182,6,0),
(4352,182,7,0),
(4353,182,8,0),
(4354,182,9,0),
(4355,182,10,0),
(4356,182,11,0),
(4357,182,12,0),
(4358,182,13,0),
(4359,182,14,0),
(4360,182,15,0),
(4361,182,16,0),
(4362,182,17,0),
(4363,182,18,0),
(4364,182,19,0),
(4365,182,20,0),
(4366,182,21,0),
(4367,182,22,0),
(4368,182,23,0),
(4369,183,0,0),
(4370,183,1,0),
(4371,183,2,0),
(4372,183,3,0),
(4373,183,4,0),
(4374,183,5,0),
(4375,183,6,0),
(4376,183,7,0),
(4377,183,8,0),
(4378,183,9,0),
(4379,183,10,0),
(4380,183,11,0),
(4381,183,12,0),
(4382,183,13,0),
(4383,183,14,0),
(4384,183,15,0),
(4385,183,16,0),
(4386,183,17,0),
(4387,183,18,0),
(4388,183,19,0),
(4389,183,20,0),
(4390,183,21,0),
(4391,183,22,0),
(4392,183,23,0),
(4393,184,0,0),
(4394,184,1,0),
(4395,184,2,0),
(4396,184,3,0),
(4397,184,4,0),
(4398,184,5,0),
(4399,184,6,0),
(4400,184,7,0),
(4401,184,8,0),
(4402,184,9,0),
(4403,184,10,0),
(4404,184,11,0),
(4405,184,12,0),
(4406,184,13,0),
(4407,184,14,0),
(4408,184,15,0),
(4409,184,16,0),
(4410,184,17,0),
(4411,184,18,0),
(4412,184,19,0),
(4413,184,20,0),
(4414,184,21,0),
(4415,184,22,0),
(4416,184,23,0),
(4417,185,0,0),
(4418,185,1,0),
(4419,185,2,0),
(4420,185,3,0),
(4421,185,4,0),
(4422,185,5,0),
(4423,185,6,0),
(4424,185,7,0),
(4425,185,8,0),
(4426,185,9,0),
(4427,185,10,0),
(4428,185,11,0),
(4429,185,12,0),
(4430,185,13,0),
(4431,185,14,0),
(4432,185,15,0),
(4433,185,16,0),
(4434,185,17,0),
(4435,185,18,0),
(4436,185,19,0),
(4437,185,20,0),
(4438,185,21,0),
(4439,185,22,0),
(4440,185,23,0),
(4441,186,0,0),
(4442,186,1,0),
(4443,186,2,0),
(4444,186,3,0),
(4445,186,4,0),
(4446,186,5,0),
(4447,186,6,0),
(4448,186,7,0),
(4449,186,8,0),
(4450,186,9,0),
(4451,186,10,0),
(4452,186,11,0),
(4453,186,12,0),
(4454,186,13,0),
(4455,186,14,0),
(4456,186,15,0),
(4457,186,16,0),
(4458,186,17,0),
(4459,186,18,0),
(4460,186,19,0),
(4461,186,20,0),
(4462,186,21,0),
(4463,186,22,0),
(4464,186,23,0),
(4465,187,0,0),
(4466,187,1,0),
(4467,187,2,0),
(4468,187,3,0),
(4469,187,4,0),
(4470,187,5,0),
(4471,187,6,0),
(4472,187,7,0),
(4473,187,8,0),
(4474,187,9,0),
(4475,187,10,0),
(4476,187,11,0),
(4477,187,12,0),
(4478,187,13,0),
(4479,187,14,0),
(4480,187,15,0),
(4481,187,16,0),
(4482,187,17,0),
(4483,187,18,0),
(4484,187,19,0),
(4485,187,20,0),
(4486,187,21,0),
(4487,187,22,0),
(4488,187,23,0),
(4489,188,0,0),
(4490,188,1,0),
(4491,188,2,0),
(4492,188,3,0),
(4493,188,4,0),
(4494,188,5,0),
(4495,188,6,0),
(4496,188,7,0),
(4497,188,8,0),
(4498,188,9,0),
(4499,188,10,0),
(4500,188,11,0),
(4501,188,12,0),
(4502,188,13,0),
(4503,188,14,0),
(4504,188,15,0),
(4505,188,16,0),
(4506,188,17,0),
(4507,188,18,0),
(4508,188,19,0),
(4509,188,20,0),
(4510,188,21,0),
(4511,188,22,0),
(4512,188,23,0),
(4513,189,0,0),
(4514,189,1,0),
(4515,189,2,0),
(4516,189,3,0),
(4517,189,4,0),
(4518,189,5,0),
(4519,189,6,0),
(4520,189,7,0),
(4521,189,8,0),
(4522,189,9,0),
(4523,189,10,0),
(4524,189,11,0),
(4525,189,12,0),
(4526,189,13,0),
(4527,189,14,0),
(4528,189,15,0),
(4529,189,16,0),
(4530,189,17,0),
(4531,189,18,0),
(4532,189,19,0),
(4533,189,20,0),
(4534,189,21,0),
(4535,189,22,0),
(4536,189,23,0),
(4537,190,0,0),
(4538,190,1,0),
(4539,190,2,0),
(4540,190,3,0),
(4541,190,4,0),
(4542,190,5,0),
(4543,190,6,0),
(4544,190,7,0),
(4545,190,8,0),
(4546,190,9,0),
(4547,190,10,0),
(4548,190,11,0),
(4549,190,12,0),
(4550,190,13,0),
(4551,190,14,0),
(4552,190,15,0),
(4553,190,16,0),
(4554,190,17,0),
(4555,190,18,0),
(4556,190,19,0),
(4557,190,20,0),
(4558,190,21,0),
(4559,190,22,0),
(4560,190,23,0),
(4561,191,0,0),
(4562,191,1,0),
(4563,191,2,0),
(4564,191,3,0),
(4565,191,4,0),
(4566,191,5,0),
(4567,191,6,0),
(4568,191,7,0),
(4569,191,8,0),
(4570,191,9,0),
(4571,191,10,0),
(4572,191,11,0),
(4573,191,12,0),
(4574,191,13,0),
(4575,191,14,0),
(4576,191,15,0),
(4577,191,16,0),
(4578,191,17,0),
(4579,191,18,0),
(4580,191,19,0),
(4581,191,20,0),
(4582,191,21,0),
(4583,191,22,0),
(4584,191,23,0),
(4585,192,0,0),
(4586,192,1,0),
(4587,192,2,0),
(4588,192,3,0),
(4589,192,4,0),
(4590,192,5,0),
(4591,192,6,0),
(4592,192,7,0),
(4593,192,8,0),
(4594,192,9,0),
(4595,192,10,0),
(4596,192,11,0),
(4597,192,12,0),
(4598,192,13,0),
(4599,192,14,0),
(4600,192,15,0),
(4601,192,16,0),
(4602,192,17,0),
(4603,192,18,0),
(4604,192,19,0),
(4605,192,20,0),
(4606,192,21,0),
(4607,192,22,0),
(4608,192,23,0),
(4609,193,0,0),
(4610,193,1,0),
(4611,193,2,0),
(4612,193,3,0),
(4613,193,4,0),
(4614,193,5,0),
(4615,193,6,0),
(4616,193,7,0),
(4617,193,8,0),
(4618,193,9,0),
(4619,193,10,0),
(4620,193,11,0),
(4621,193,12,0),
(4622,193,13,0),
(4623,193,14,0),
(4624,193,15,0),
(4625,193,16,0),
(4626,193,17,0),
(4627,193,18,0),
(4628,193,19,0),
(4629,193,20,0),
(4630,193,21,0),
(4631,193,22,0),
(4632,193,23,0),
(4633,194,0,0),
(4634,194,1,0),
(4635,194,2,0),
(4636,194,3,0),
(4637,194,4,0),
(4638,194,5,0),
(4639,194,6,0),
(4640,194,7,0),
(4641,194,8,0),
(4642,194,9,0),
(4643,194,10,0),
(4644,194,11,0),
(4645,194,12,0),
(4646,194,13,0),
(4647,194,14,0),
(4648,194,15,0),
(4649,194,16,0),
(4650,194,17,0),
(4651,194,18,0),
(4652,194,19,0),
(4653,194,20,0),
(4654,194,21,0),
(4655,194,22,0),
(4656,194,23,0),
(4657,195,0,0),
(4658,195,1,0),
(4659,195,2,0),
(4660,195,3,0),
(4661,195,4,0),
(4662,195,5,0),
(4663,195,6,0),
(4664,195,7,0),
(4665,195,8,0),
(4666,195,9,0),
(4667,195,10,0),
(4668,195,11,0),
(4669,195,12,0),
(4670,195,13,0),
(4671,195,14,0),
(4672,195,15,0),
(4673,195,16,0),
(4674,195,17,0),
(4675,195,18,0),
(4676,195,19,0),
(4677,195,20,0),
(4678,195,21,0),
(4679,195,22,0),
(4680,195,23,0),
(4681,196,0,0),
(4682,196,1,0),
(4683,196,2,0),
(4684,196,3,0),
(4685,196,4,0),
(4686,196,5,0),
(4687,196,6,0),
(4688,196,7,0),
(4689,196,8,0),
(4690,196,9,0),
(4691,196,10,0),
(4692,196,11,0),
(4693,196,12,0),
(4694,196,13,0),
(4695,196,14,0),
(4696,196,15,0),
(4697,196,16,0),
(4698,196,17,0),
(4699,196,18,0),
(4700,196,19,0),
(4701,196,20,0),
(4702,196,21,0),
(4703,196,22,0),
(4704,196,23,0),
(4705,197,0,0),
(4706,197,1,0),
(4707,197,2,0),
(4708,197,3,0),
(4709,197,4,0),
(4710,197,5,0),
(4711,197,6,0),
(4712,197,7,0),
(4713,197,8,0),
(4714,197,9,0),
(4715,197,10,0),
(4716,197,11,0),
(4717,197,12,0),
(4718,197,13,0),
(4719,197,14,0),
(4720,197,15,0),
(4721,197,16,0),
(4722,197,17,0),
(4723,197,18,0),
(4724,197,19,0),
(4725,197,20,0),
(4726,197,21,0),
(4727,197,22,0),
(4728,197,23,0),
(4729,198,0,0),
(4730,198,1,0),
(4731,198,2,0),
(4732,198,3,0),
(4733,198,4,0),
(4734,198,5,0),
(4735,198,6,0),
(4736,198,7,0),
(4737,198,8,0),
(4738,198,9,0),
(4739,198,10,0),
(4740,198,11,0),
(4741,198,12,0),
(4742,198,13,0),
(4743,198,14,0),
(4744,198,15,0),
(4745,198,16,0),
(4746,198,17,0),
(4747,198,18,0),
(4748,198,19,0),
(4749,198,20,0),
(4750,198,21,0),
(4751,198,22,0),
(4752,198,23,0),
(4753,199,0,0),
(4754,199,1,0),
(4755,199,2,0),
(4756,199,3,0),
(4757,199,4,0),
(4758,199,5,0),
(4759,199,6,0),
(4760,199,7,0),
(4761,199,8,0),
(4762,199,9,0),
(4763,199,10,0),
(4764,199,11,0),
(4765,199,12,0),
(4766,199,13,0),
(4767,199,14,0),
(4768,199,15,0),
(4769,199,16,0),
(4770,199,17,0),
(4771,199,18,0),
(4772,199,19,0),
(4773,199,20,0),
(4774,199,21,0),
(4775,199,22,0),
(4776,199,23,0),
(4777,200,0,0),
(4778,200,1,0),
(4779,200,2,0),
(4780,200,3,0),
(4781,200,4,0),
(4782,200,5,0),
(4783,200,6,0),
(4784,200,7,0),
(4785,200,8,0),
(4786,200,9,0),
(4787,200,10,0),
(4788,200,11,0),
(4789,200,12,0),
(4790,200,13,0),
(4791,200,14,0),
(4792,200,15,0),
(4793,200,16,0),
(4794,200,17,0),
(4795,200,18,0),
(4796,200,19,0),
(4797,200,20,0),
(4798,200,21,0),
(4799,200,22,0),
(4800,200,23,0),
(4801,201,0,0),
(4802,201,1,0),
(4803,201,2,0),
(4804,201,3,0),
(4805,201,4,0),
(4806,201,5,0),
(4807,201,6,0),
(4808,201,7,0),
(4809,201,8,0),
(4810,201,9,0),
(4811,201,10,0),
(4812,201,11,0),
(4813,201,12,0),
(4814,201,13,0),
(4815,201,14,0),
(4816,201,15,0),
(4817,201,16,0),
(4818,201,17,0),
(4819,201,18,0),
(4820,201,19,0),
(4821,201,20,0),
(4822,201,21,0),
(4823,201,22,0),
(4824,201,23,0),
(4825,202,0,0),
(4826,202,1,0),
(4827,202,2,0),
(4828,202,3,0),
(4829,202,4,0),
(4830,202,5,0),
(4831,202,6,0),
(4832,202,7,0),
(4833,202,8,0),
(4834,202,9,0),
(4835,202,10,0),
(4836,202,11,0),
(4837,202,12,0),
(4838,202,13,0),
(4839,202,14,0),
(4840,202,15,0),
(4841,202,16,0),
(4842,202,17,0),
(4843,202,18,0),
(4844,202,19,0),
(4845,202,20,0),
(4846,202,21,0),
(4847,202,22,0),
(4848,202,23,0),
(4849,203,0,0),
(4850,203,1,0),
(4851,203,2,0),
(4852,203,3,0),
(4853,203,4,0),
(4854,203,5,0),
(4855,203,6,0),
(4856,203,7,0),
(4857,203,8,0),
(4858,203,9,0),
(4859,203,10,0),
(4860,203,11,0),
(4861,203,12,0),
(4862,203,13,0),
(4863,203,14,0),
(4864,203,15,0),
(4865,203,16,0),
(4866,203,17,0),
(4867,203,18,0),
(4868,203,19,0),
(4869,203,20,0),
(4870,203,21,0),
(4871,203,22,0),
(4872,203,23,0),
(4873,204,0,0),
(4874,204,1,0),
(4875,204,2,0),
(4876,204,3,0),
(4877,204,4,0),
(4878,204,5,0),
(4879,204,6,0),
(4880,204,7,0),
(4881,204,8,0),
(4882,204,9,0),
(4883,204,10,0),
(4884,204,11,0),
(4885,204,12,0),
(4886,204,13,0),
(4887,204,14,0),
(4888,204,15,0),
(4889,204,16,0),
(4890,204,17,0),
(4891,204,18,0),
(4892,204,19,0),
(4893,204,20,0),
(4894,204,21,0),
(4895,204,22,0),
(4896,204,23,0),
(4897,205,0,0),
(4898,205,1,0),
(4899,205,2,0),
(4900,205,3,0),
(4901,205,4,0),
(4902,205,5,0),
(4903,205,6,0),
(4904,205,7,0),
(4905,205,8,0),
(4906,205,9,0),
(4907,205,10,0),
(4908,205,11,0),
(4909,205,12,0),
(4910,205,13,0),
(4911,205,14,0),
(4912,205,15,0),
(4913,205,16,0),
(4914,205,17,0),
(4915,205,18,0),
(4916,205,19,0),
(4917,205,20,0),
(4918,205,21,0),
(4919,205,22,0),
(4920,205,23,0),
(4921,206,0,0),
(4922,206,1,0),
(4923,206,2,0),
(4924,206,3,0),
(4925,206,4,0),
(4926,206,5,0),
(4927,206,6,0),
(4928,206,7,0),
(4929,206,8,0),
(4930,206,9,0),
(4931,206,10,0),
(4932,206,11,0),
(4933,206,12,0),
(4934,206,13,0),
(4935,206,14,0),
(4936,206,15,0),
(4937,206,16,0),
(4938,206,17,0),
(4939,206,18,0),
(4940,206,19,0),
(4941,206,20,0),
(4942,206,21,0),
(4943,206,22,0),
(4944,206,23,0),
(4945,207,0,0),
(4946,207,1,0),
(4947,207,2,0),
(4948,207,3,0),
(4949,207,4,0),
(4950,207,5,0),
(4951,207,6,0),
(4952,207,7,0),
(4953,207,8,0),
(4954,207,9,0),
(4955,207,10,0),
(4956,207,11,0),
(4957,207,12,0),
(4958,207,13,0),
(4959,207,14,0),
(4960,207,15,0),
(4961,207,16,0),
(4962,207,17,0),
(4963,207,18,0),
(4964,207,19,0),
(4965,207,20,0),
(4966,207,21,0),
(4967,207,22,0),
(4968,207,23,0),
(4969,208,0,0),
(4970,208,1,0),
(4971,208,2,0),
(4972,208,3,0),
(4973,208,4,0),
(4974,208,5,0),
(4975,208,6,0),
(4976,208,7,0),
(4977,208,8,0),
(4978,208,9,0),
(4979,208,10,0),
(4980,208,11,0),
(4981,208,12,0),
(4982,208,13,0),
(4983,208,14,0),
(4984,208,15,0),
(4985,208,16,0),
(4986,208,17,0),
(4987,208,18,0),
(4988,208,19,0),
(4989,208,20,0),
(4990,208,21,0),
(4991,208,22,0),
(4992,208,23,0),
(4993,209,0,0),
(4994,209,1,0),
(4995,209,2,0),
(4996,209,3,0),
(4997,209,4,0),
(4998,209,5,0),
(4999,209,6,0),
(5000,209,7,0),
(5001,209,8,0),
(5002,209,9,0),
(5003,209,10,0),
(5004,209,11,0),
(5005,209,12,0),
(5006,209,13,0),
(5007,209,14,0),
(5008,209,15,0),
(5009,209,16,0),
(5010,209,17,0),
(5011,209,18,0),
(5012,209,19,0),
(5013,209,20,0),
(5014,209,21,0),
(5015,209,22,0),
(5016,209,23,0),
(5017,210,0,0),
(5018,210,1,0),
(5019,210,2,0),
(5020,210,3,0),
(5021,210,4,0),
(5022,210,5,0),
(5023,210,6,0),
(5024,210,7,0),
(5025,210,8,0),
(5026,210,9,0),
(5027,210,10,0),
(5028,210,11,0),
(5029,210,12,0),
(5030,210,13,0),
(5031,210,14,0),
(5032,210,15,0),
(5033,210,16,0),
(5034,210,17,0),
(5035,210,18,0),
(5036,210,19,0),
(5037,210,20,0),
(5038,210,21,0),
(5039,210,22,0),
(5040,210,23,0),
(5041,211,0,0),
(5042,211,1,0),
(5043,211,2,0),
(5044,211,3,0),
(5045,211,4,0),
(5046,211,5,0),
(5047,211,6,0),
(5048,211,7,0),
(5049,211,8,0),
(5050,211,9,0),
(5051,211,10,0),
(5052,211,11,0),
(5053,211,12,0),
(5054,211,13,0),
(5055,211,14,0),
(5056,211,15,0),
(5057,211,16,0),
(5058,211,17,0),
(5059,211,18,0),
(5060,211,19,0),
(5061,211,20,0),
(5062,211,21,0),
(5063,211,22,0),
(5064,211,23,0),
(5065,212,0,0),
(5066,212,1,0),
(5067,212,2,0),
(5068,212,3,0),
(5069,212,4,0),
(5070,212,5,0),
(5071,212,6,0),
(5072,212,7,0),
(5073,212,8,0),
(5074,212,9,0),
(5075,212,10,0),
(5076,212,11,0),
(5077,212,12,0),
(5078,212,13,0),
(5079,212,14,0),
(5080,212,15,0),
(5081,212,16,0),
(5082,212,17,0),
(5083,212,18,0),
(5084,212,19,0),
(5085,212,20,0),
(5086,212,21,0),
(5087,212,22,0),
(5088,212,23,0),
(5089,213,0,0),
(5090,213,1,0),
(5091,213,2,0),
(5092,213,3,0),
(5093,213,4,0),
(5094,213,5,0),
(5095,213,6,0),
(5096,213,7,0),
(5097,213,8,0),
(5098,213,9,0),
(5099,213,10,0),
(5100,213,11,0),
(5101,213,12,0),
(5102,213,13,0),
(5103,213,14,0),
(5104,213,15,0),
(5105,213,16,0),
(5106,213,17,0),
(5107,213,18,0),
(5108,213,19,0),
(5109,213,20,0),
(5110,213,21,0),
(5111,213,22,0),
(5112,213,23,0),
(5113,214,0,0),
(5114,214,1,0),
(5115,214,2,0),
(5116,214,3,0),
(5117,214,4,0),
(5118,214,5,0),
(5119,214,6,0),
(5120,214,7,0),
(5121,214,8,0),
(5122,214,9,0),
(5123,214,10,0),
(5124,214,11,0),
(5125,214,12,0),
(5126,214,13,0),
(5127,214,14,0),
(5128,214,15,0),
(5129,214,16,0),
(5130,214,17,0),
(5131,214,18,0),
(5132,214,19,0),
(5133,214,20,0),
(5134,214,21,0),
(5135,214,22,0),
(5136,214,23,0),
(5137,215,0,0),
(5138,215,1,0),
(5139,215,2,0),
(5140,215,3,0),
(5141,215,4,0),
(5142,215,5,0),
(5143,215,6,0),
(5144,215,7,0),
(5145,215,8,0),
(5146,215,9,0),
(5147,215,10,0),
(5148,215,11,0),
(5149,215,12,0),
(5150,215,13,0),
(5151,215,14,0),
(5152,215,15,0),
(5153,215,16,0),
(5154,215,17,0),
(5155,215,18,0),
(5156,215,19,0),
(5157,215,20,0),
(5158,215,21,0),
(5159,215,22,0),
(5160,215,23,0),
(5161,216,0,0),
(5162,216,1,0),
(5163,216,2,0),
(5164,216,3,0),
(5165,216,4,0),
(5166,216,5,0),
(5167,216,6,0),
(5168,216,7,0),
(5169,216,8,0),
(5170,216,9,0),
(5171,216,10,0),
(5172,216,11,0),
(5173,216,12,0),
(5174,216,13,0),
(5175,216,14,0),
(5176,216,15,0),
(5177,216,16,0),
(5178,216,17,0),
(5179,216,18,0),
(5180,216,19,0),
(5181,216,20,0),
(5182,216,21,0),
(5183,216,22,0),
(5184,216,23,0),
(5185,217,0,0),
(5186,217,1,0),
(5187,217,2,0),
(5188,217,3,0),
(5189,217,4,0),
(5190,217,5,0),
(5191,217,6,0),
(5192,217,7,0),
(5193,217,8,0),
(5194,217,9,0),
(5195,217,10,0),
(5196,217,11,0),
(5197,217,12,0),
(5198,217,13,0),
(5199,217,14,0),
(5200,217,15,0),
(5201,217,16,0),
(5202,217,17,0),
(5203,217,18,0),
(5204,217,19,0),
(5205,217,20,0),
(5206,217,21,0),
(5207,217,22,0),
(5208,217,23,0),
(5209,218,0,0),
(5210,218,1,0),
(5211,218,2,0),
(5212,218,3,0),
(5213,218,4,0),
(5214,218,5,0),
(5215,218,6,0),
(5216,218,7,0),
(5217,218,8,0),
(5218,218,9,0),
(5219,218,10,0),
(5220,218,11,0),
(5221,218,12,0),
(5222,218,13,0),
(5223,218,14,0),
(5224,218,15,0),
(5225,218,16,0),
(5226,218,17,0),
(5227,218,18,0),
(5228,218,19,0),
(5229,218,20,0),
(5230,218,21,0),
(5231,218,22,0),
(5232,218,23,0),
(5233,219,0,0),
(5234,219,1,0),
(5235,219,2,0),
(5236,219,3,0),
(5237,219,4,0),
(5238,219,5,0),
(5239,219,6,0),
(5240,219,7,0),
(5241,219,8,0),
(5242,219,9,0),
(5243,219,10,0),
(5244,219,11,0),
(5245,219,12,0),
(5246,219,13,0),
(5247,219,14,0),
(5248,219,15,0),
(5249,219,16,0),
(5250,219,17,0),
(5251,219,18,0),
(5252,219,19,0),
(5253,219,20,0),
(5254,219,21,0),
(5255,219,22,0),
(5256,219,23,0),
(5257,220,0,0),
(5258,220,1,0),
(5259,220,2,0),
(5260,220,3,0),
(5261,220,4,0),
(5262,220,5,0),
(5263,220,6,0),
(5264,220,7,0),
(5265,220,8,0),
(5266,220,9,0),
(5267,220,10,0),
(5268,220,11,0),
(5269,220,12,0),
(5270,220,13,0),
(5271,220,14,0),
(5272,220,15,0),
(5273,220,16,0),
(5274,220,17,0),
(5275,220,18,0),
(5276,220,19,0),
(5277,220,20,0),
(5278,220,21,0),
(5279,220,22,0),
(5280,220,23,0),
(5281,221,0,0),
(5282,221,1,0),
(5283,221,2,0),
(5284,221,3,0),
(5285,221,4,0),
(5286,221,5,0),
(5287,221,6,0),
(5288,221,7,0),
(5289,221,8,0),
(5290,221,9,0),
(5291,221,10,0),
(5292,221,11,0),
(5293,221,12,0),
(5294,221,13,0),
(5295,221,14,0),
(5296,221,15,0),
(5297,221,16,0),
(5298,221,17,0),
(5299,221,18,0),
(5300,221,19,0),
(5301,221,20,0),
(5302,221,21,0),
(5303,221,22,0),
(5304,221,23,0),
(5305,222,0,0),
(5306,222,1,0),
(5307,222,2,0),
(5308,222,3,0),
(5309,222,4,0),
(5310,222,5,0),
(5311,222,6,0),
(5312,222,7,0),
(5313,222,8,0),
(5314,222,9,0),
(5315,222,10,0),
(5316,222,11,0),
(5317,222,12,0),
(5318,222,13,0),
(5319,222,14,0),
(5320,222,15,0),
(5321,222,16,0),
(5322,222,17,0),
(5323,222,18,0),
(5324,222,19,0),
(5325,222,20,0),
(5326,222,21,0),
(5327,222,22,0),
(5328,222,23,0),
(5329,223,0,0),
(5330,223,1,0),
(5331,223,2,0),
(5332,223,3,0),
(5333,223,4,0),
(5334,223,5,0),
(5335,223,6,0),
(5336,223,7,0),
(5337,223,8,0),
(5338,223,9,0),
(5339,223,10,0),
(5340,223,11,0),
(5341,223,12,0),
(5342,223,13,0),
(5343,223,14,0),
(5344,223,15,0),
(5345,223,16,0),
(5346,223,17,0),
(5347,223,18,0),
(5348,223,19,0),
(5349,223,20,0),
(5350,223,21,0),
(5351,223,22,0),
(5352,223,23,0),
(5353,224,0,0),
(5354,224,1,0),
(5355,224,2,0),
(5356,224,3,0),
(5357,224,4,0),
(5358,224,5,0),
(5359,224,6,0),
(5360,224,7,0),
(5361,224,8,0),
(5362,224,9,0),
(5363,224,10,0),
(5364,224,11,0),
(5365,224,12,0),
(5366,224,13,0),
(5367,224,14,0),
(5368,224,15,0),
(5369,224,16,0),
(5370,224,17,0),
(5371,224,18,0),
(5372,224,19,0),
(5373,224,20,0),
(5374,224,21,0),
(5375,224,22,0),
(5376,224,23,0),
(5377,225,0,0),
(5378,225,1,0),
(5379,225,2,0),
(5380,225,3,0),
(5381,225,4,0),
(5382,225,5,0),
(5383,225,6,0),
(5384,225,7,0),
(5385,225,8,0),
(5386,225,9,0),
(5387,225,10,0),
(5388,225,11,0),
(5389,225,12,0),
(5390,225,13,0),
(5391,225,14,0),
(5392,225,15,0),
(5393,225,16,0),
(5394,225,17,0),
(5395,225,18,0),
(5396,225,19,0),
(5397,225,20,0),
(5398,225,21,0),
(5399,225,22,0),
(5400,225,23,0),
(5401,226,0,0),
(5402,226,1,0),
(5403,226,2,0),
(5404,226,3,0),
(5405,226,4,0),
(5406,226,5,0),
(5407,226,6,0),
(5408,226,7,0),
(5409,226,8,0),
(5410,226,9,0),
(5411,226,10,0),
(5412,226,11,0),
(5413,226,12,0),
(5414,226,13,0),
(5415,226,14,0),
(5416,226,15,0),
(5417,226,16,0),
(5418,226,17,0),
(5419,226,18,0),
(5420,226,19,0),
(5421,226,20,0),
(5422,226,21,0),
(5423,226,22,0),
(5424,226,23,0),
(5425,227,0,0),
(5426,227,1,0),
(5427,227,2,0),
(5428,227,3,0),
(5429,227,4,0),
(5430,227,5,0),
(5431,227,6,0),
(5432,227,7,0),
(5433,227,8,0),
(5434,227,9,0),
(5435,227,10,0),
(5436,227,11,0),
(5437,227,12,0),
(5438,227,13,0),
(5439,227,14,0),
(5440,227,15,0),
(5441,227,16,0),
(5442,227,17,0),
(5443,227,18,0),
(5444,227,19,0),
(5445,227,20,0),
(5446,227,21,0),
(5447,227,22,0),
(5448,227,23,0),
(5449,228,0,0),
(5450,228,1,0),
(5451,228,2,0),
(5452,228,3,0),
(5453,228,4,0),
(5454,228,5,0),
(5455,228,6,0),
(5456,228,7,0),
(5457,228,8,0),
(5458,228,9,0),
(5459,228,10,0),
(5460,228,11,0),
(5461,228,12,0),
(5462,228,13,0),
(5463,228,14,0),
(5464,228,15,0),
(5465,228,16,0),
(5466,228,17,0),
(5467,228,18,0),
(5468,228,19,0),
(5469,228,20,0),
(5470,228,21,0),
(5471,228,22,0),
(5472,228,23,0),
(5473,229,0,0),
(5474,229,1,0),
(5475,229,2,0),
(5476,229,3,0),
(5477,229,4,0),
(5478,229,5,0),
(5479,229,6,0),
(5480,229,7,0),
(5481,229,8,0),
(5482,229,9,0),
(5483,229,10,0),
(5484,229,11,0),
(5485,229,12,0),
(5486,229,13,0),
(5487,229,14,0),
(5488,229,15,0),
(5489,229,16,0),
(5490,229,17,0),
(5491,229,18,0),
(5492,229,19,0),
(5493,229,20,0),
(5494,229,21,0),
(5495,229,22,0),
(5496,229,23,0),
(5497,230,0,0),
(5498,230,1,0),
(5499,230,2,0),
(5500,230,3,0),
(5501,230,4,0),
(5502,230,5,0),
(5503,230,6,0),
(5504,230,7,0),
(5505,230,8,0),
(5506,230,9,0),
(5507,230,10,0),
(5508,230,11,0),
(5509,230,12,0),
(5510,230,13,0),
(5511,230,14,0),
(5512,230,15,0),
(5513,230,16,0),
(5514,230,17,0),
(5515,230,18,0),
(5516,230,19,0),
(5517,230,20,0),
(5518,230,21,0),
(5519,230,22,0),
(5520,230,23,0),
(5521,231,0,0),
(5522,231,1,0),
(5523,231,2,0),
(5524,231,3,0),
(5525,231,4,0),
(5526,231,5,0),
(5527,231,6,0),
(5528,231,7,0),
(5529,231,8,0),
(5530,231,9,0),
(5531,231,10,0),
(5532,231,11,0),
(5533,231,12,0),
(5534,231,13,0),
(5535,231,14,0),
(5536,231,15,0),
(5537,231,16,0),
(5538,231,17,0),
(5539,231,18,0),
(5540,231,19,0),
(5541,231,20,0),
(5542,231,21,0),
(5543,231,22,0),
(5544,231,23,0),
(5545,232,0,0),
(5546,232,1,0),
(5547,232,2,0),
(5548,232,3,0),
(5549,232,4,0),
(5550,232,5,0),
(5551,232,6,0),
(5552,232,7,0),
(5553,232,8,0),
(5554,232,9,0),
(5555,232,10,0),
(5556,232,11,0),
(5557,232,12,0),
(5558,232,13,0),
(5559,232,14,0),
(5560,232,15,0),
(5561,232,16,0),
(5562,232,17,0),
(5563,232,18,0),
(5564,232,19,0),
(5565,232,20,0),
(5566,232,21,0),
(5567,232,22,0),
(5568,232,23,0),
(5569,233,0,0),
(5570,233,1,0),
(5571,233,2,0),
(5572,233,3,0),
(5573,233,4,0),
(5574,233,5,0),
(5575,233,6,0),
(5576,233,7,0),
(5577,233,8,0),
(5578,233,9,0),
(5579,233,10,0),
(5580,233,11,0),
(5581,233,12,0),
(5582,233,13,0),
(5583,233,14,0),
(5584,233,15,0),
(5585,233,16,0),
(5586,233,17,0),
(5587,233,18,0),
(5588,233,19,0),
(5589,233,20,0),
(5590,233,21,0),
(5591,233,22,0),
(5592,233,23,0),
(5593,234,0,0),
(5594,234,1,0),
(5595,234,2,0),
(5596,234,3,0),
(5597,234,4,0),
(5598,234,5,0),
(5599,234,6,0),
(5600,234,7,0),
(5601,234,8,0),
(5602,234,9,0),
(5603,234,10,0),
(5604,234,11,0),
(5605,234,12,0),
(5606,234,13,0),
(5607,234,14,0),
(5608,234,15,0),
(5609,234,16,0),
(5610,234,17,0),
(5611,234,18,0),
(5612,234,19,0),
(5613,234,20,0),
(5614,234,21,0),
(5615,234,22,0),
(5616,234,23,0),
(5617,235,0,0),
(5618,235,1,0),
(5619,235,2,0),
(5620,235,3,0),
(5621,235,4,0),
(5622,235,5,0),
(5623,235,6,0),
(5624,235,7,0),
(5625,235,8,0),
(5626,235,9,0),
(5627,235,10,0),
(5628,235,11,0),
(5629,235,12,0),
(5630,235,13,0),
(5631,235,14,0),
(5632,235,15,0),
(5633,235,16,0),
(5634,235,17,0),
(5635,235,18,0),
(5636,235,19,0),
(5637,235,20,0),
(5638,235,21,0),
(5639,235,22,0),
(5640,235,23,0),
(5641,236,0,0),
(5642,236,1,0),
(5643,236,2,0),
(5644,236,3,0),
(5645,236,4,0),
(5646,236,5,0),
(5647,236,6,0),
(5648,236,7,0),
(5649,236,8,0),
(5650,236,9,0),
(5651,236,10,0),
(5652,236,11,0),
(5653,236,12,0),
(5654,236,13,0),
(5655,236,14,0),
(5656,236,15,0),
(5657,236,16,0),
(5658,236,17,0),
(5659,236,18,0),
(5660,236,19,0),
(5661,236,20,0),
(5662,236,21,0),
(5663,236,22,0),
(5664,236,23,0),
(5665,237,0,0),
(5666,237,1,0),
(5667,237,2,0),
(5668,237,3,0),
(5669,237,4,0),
(5670,237,5,0),
(5671,237,6,0),
(5672,237,7,0),
(5673,237,8,0),
(5674,237,9,0),
(5675,237,10,0),
(5676,237,11,0),
(5677,237,12,0),
(5678,237,13,0),
(5679,237,14,0),
(5680,237,15,0),
(5681,237,16,0),
(5682,237,17,0),
(5683,237,18,0),
(5684,237,19,0),
(5685,237,20,0),
(5686,237,21,0),
(5687,237,22,0),
(5688,237,23,0),
(5689,238,0,0),
(5690,238,1,0),
(5691,238,2,0),
(5692,238,3,0),
(5693,238,4,0),
(5694,238,5,0),
(5695,238,6,0),
(5696,238,7,0),
(5697,238,8,0),
(5698,238,9,0),
(5699,238,10,0),
(5700,238,11,0),
(5701,238,12,0),
(5702,238,13,0),
(5703,238,14,0),
(5704,238,15,0),
(5705,238,16,0),
(5706,238,17,0),
(5707,238,18,0),
(5708,238,19,0),
(5709,238,20,0),
(5710,238,21,0),
(5711,238,22,0),
(5712,238,23,0),
(5713,239,0,0),
(5714,239,1,0),
(5715,239,2,0),
(5716,239,3,0),
(5717,239,4,0),
(5718,239,5,0),
(5719,239,6,0),
(5720,239,7,0),
(5721,239,8,0),
(5722,239,9,0),
(5723,239,10,0),
(5724,239,11,0),
(5725,239,12,0),
(5726,239,13,0),
(5727,239,14,0),
(5728,239,15,0),
(5729,239,16,0),
(5730,239,17,0),
(5731,239,18,0),
(5732,239,19,0),
(5733,239,20,0),
(5734,239,21,0),
(5735,239,22,0),
(5736,239,23,0),
(5737,240,0,0),
(5738,240,1,0),
(5739,240,2,0),
(5740,240,3,0),
(5741,240,4,0),
(5742,240,5,0),
(5743,240,6,0),
(5744,240,7,0),
(5745,240,8,0),
(5746,240,9,0),
(5747,240,10,0),
(5748,240,11,0),
(5749,240,12,0),
(5750,240,13,0),
(5751,240,14,0),
(5752,240,15,0),
(5753,240,16,0),
(5754,240,17,0),
(5755,240,18,0),
(5756,240,19,0),
(5757,240,20,0),
(5758,240,21,0),
(5759,240,22,0),
(5760,240,23,0),
(5761,241,0,0),
(5762,241,1,0),
(5763,241,2,0),
(5764,241,3,0),
(5765,241,4,0),
(5766,241,5,0),
(5767,241,6,0),
(5768,241,7,0),
(5769,241,8,0),
(5770,241,9,0),
(5771,241,10,0),
(5772,241,11,0),
(5773,241,12,0),
(5774,241,13,0),
(5775,241,14,0),
(5776,241,15,0),
(5777,241,16,0),
(5778,241,17,0),
(5779,241,18,0),
(5780,241,19,0),
(5781,241,20,0),
(5782,241,21,0),
(5783,241,22,0),
(5784,241,23,0),
(5785,242,0,0),
(5786,242,1,0),
(5787,242,2,0),
(5788,242,3,0),
(5789,242,4,0),
(5790,242,5,0),
(5791,242,6,0),
(5792,242,7,0),
(5793,242,8,0),
(5794,242,9,0),
(5795,242,10,0),
(5796,242,11,0),
(5797,242,12,0),
(5798,242,13,0),
(5799,242,14,0),
(5800,242,15,0),
(5801,242,16,0),
(5802,242,17,0),
(5803,242,18,0),
(5804,242,19,0),
(5805,242,20,0),
(5806,242,21,0),
(5807,242,22,0),
(5808,242,23,0),
(5809,243,0,0),
(5810,243,1,0),
(5811,243,2,0),
(5812,243,3,0),
(5813,243,4,0),
(5814,243,5,0),
(5815,243,6,0),
(5816,243,7,0),
(5817,243,8,0),
(5818,243,9,0),
(5819,243,10,0),
(5820,243,11,0),
(5821,243,12,0),
(5822,243,13,0),
(5823,243,14,0),
(5824,243,15,0),
(5825,243,16,0),
(5826,243,17,0),
(5827,243,18,0),
(5828,243,19,0),
(5829,243,20,0),
(5830,243,21,0),
(5831,243,22,0),
(5832,243,23,0),
(5833,244,0,0),
(5834,244,1,0),
(5835,244,2,0),
(5836,244,3,0),
(5837,244,4,0),
(5838,244,5,0),
(5839,244,6,0),
(5840,244,7,0),
(5841,244,8,0),
(5842,244,9,0),
(5843,244,10,0),
(5844,244,11,0),
(5845,244,12,0),
(5846,244,13,0),
(5847,244,14,0),
(5848,244,15,0),
(5849,244,16,0),
(5850,244,17,0),
(5851,244,18,0),
(5852,244,19,0),
(5853,244,20,0),
(5854,244,21,0),
(5855,244,22,0),
(5856,244,23,0),
(5857,245,0,0),
(5858,245,1,0),
(5859,245,2,0),
(5860,245,3,0),
(5861,245,4,0),
(5862,245,5,0),
(5863,245,6,0),
(5864,245,7,0),
(5865,245,8,0),
(5866,245,9,0),
(5867,245,10,0),
(5868,245,11,0),
(5869,245,12,0),
(5870,245,13,0),
(5871,245,14,0),
(5872,245,15,0),
(5873,245,16,0),
(5874,245,17,0),
(5875,245,18,0),
(5876,245,19,0),
(5877,245,20,0),
(5878,245,21,0),
(5879,245,22,0),
(5880,245,23,0),
(5881,246,0,0),
(5882,246,1,0),
(5883,246,2,0),
(5884,246,3,0),
(5885,246,4,0),
(5886,246,5,0),
(5887,246,6,0),
(5888,246,7,0),
(5889,246,8,0),
(5890,246,9,0),
(5891,246,10,0),
(5892,246,11,0),
(5893,246,12,0),
(5894,246,13,0),
(5895,246,14,0),
(5896,246,15,0),
(5897,246,16,0),
(5898,246,17,0),
(5899,246,18,0),
(5900,246,19,0),
(5901,246,20,0),
(5902,246,21,0),
(5903,246,22,0),
(5904,246,23,0),
(5905,247,0,0),
(5906,247,1,0),
(5907,247,2,0),
(5908,247,3,0),
(5909,247,4,0),
(5910,247,5,0),
(5911,247,6,0),
(5912,247,7,0),
(5913,247,8,0),
(5914,247,9,0),
(5915,247,10,0),
(5916,247,11,0),
(5917,247,12,0),
(5918,247,13,0),
(5919,247,14,0),
(5920,247,15,0),
(5921,247,16,0),
(5922,247,17,0),
(5923,247,18,0),
(5924,247,19,0),
(5925,247,20,0),
(5926,247,21,0),
(5927,247,22,0),
(5928,247,23,0),
(5929,248,0,0),
(5930,248,1,0),
(5931,248,2,0),
(5932,248,3,0),
(5933,248,4,0),
(5934,248,5,0),
(5935,248,6,0),
(5936,248,7,0),
(5937,248,8,0),
(5938,248,9,0),
(5939,248,10,0),
(5940,248,11,0),
(5941,248,12,0),
(5942,248,13,0),
(5943,248,14,0),
(5944,248,15,0),
(5945,248,16,0),
(5946,248,17,0),
(5947,248,18,0),
(5948,248,19,0),
(5949,248,20,0),
(5950,248,21,0),
(5951,248,22,0),
(5952,248,23,0),
(5953,249,0,0),
(5954,249,1,0),
(5955,249,2,0),
(5956,249,3,0),
(5957,249,4,0),
(5958,249,5,0),
(5959,249,6,0),
(5960,249,7,0),
(5961,249,8,0),
(5962,249,9,0),
(5963,249,10,0),
(5964,249,11,0),
(5965,249,12,0),
(5966,249,13,0),
(5967,249,14,0),
(5968,249,15,0),
(5969,249,16,0),
(5970,249,17,0),
(5971,249,18,0),
(5972,249,19,0),
(5973,249,20,0),
(5974,249,21,0),
(5975,249,22,0),
(5976,249,23,0),
(5977,250,0,0),
(5978,250,1,0),
(5979,250,2,0),
(5980,250,3,0),
(5981,250,4,0),
(5982,250,5,0),
(5983,250,6,0),
(5984,250,7,0),
(5985,250,8,0),
(5986,250,9,0),
(5987,250,10,0),
(5988,250,11,0),
(5989,250,12,0),
(5990,250,13,0),
(5991,250,14,0),
(5992,250,15,0),
(5993,250,16,0),
(5994,250,17,0),
(5995,250,18,0),
(5996,250,19,0),
(5997,250,20,0),
(5998,250,21,0),
(5999,250,22,0),
(6000,250,23,0),
(6001,251,0,0),
(6002,251,1,0),
(6003,251,2,0),
(6004,251,3,0),
(6005,251,4,0),
(6006,251,5,0),
(6007,251,6,0),
(6008,251,7,0),
(6009,251,8,0),
(6010,251,9,0),
(6011,251,10,0),
(6012,251,11,0),
(6013,251,12,0),
(6014,251,13,0),
(6015,251,14,0),
(6016,251,15,0),
(6017,251,16,0),
(6018,251,17,0),
(6019,251,18,0),
(6020,251,19,0),
(6021,251,20,0),
(6022,251,21,0),
(6023,251,22,0),
(6024,251,23,0),
(6025,252,0,0),
(6026,252,1,0),
(6027,252,2,0),
(6028,252,3,0),
(6029,252,4,0),
(6030,252,5,0),
(6031,252,6,0),
(6032,252,7,0),
(6033,252,8,0),
(6034,252,9,0),
(6035,252,10,0),
(6036,252,11,0),
(6037,252,12,0),
(6038,252,13,0),
(6039,252,14,0),
(6040,252,15,0),
(6041,252,16,0),
(6042,252,17,0),
(6043,252,18,0),
(6044,252,19,0),
(6045,252,20,0),
(6046,252,21,0),
(6047,252,22,0),
(6048,252,23,0),
(6049,253,0,0),
(6050,253,1,0),
(6051,253,2,0),
(6052,253,3,0),
(6053,253,4,0),
(6054,253,5,0),
(6055,253,6,0),
(6056,253,7,0),
(6057,253,8,0),
(6058,253,9,0),
(6059,253,10,0),
(6060,253,11,0),
(6061,253,12,0),
(6062,253,13,0),
(6063,253,14,0),
(6064,253,15,0),
(6065,253,16,0),
(6066,253,17,0),
(6067,253,18,0),
(6068,253,19,0),
(6069,253,20,0),
(6070,253,21,0),
(6071,253,22,0),
(6072,253,23,0),
(6073,254,0,0),
(6074,254,1,0),
(6075,254,2,0),
(6076,254,3,0),
(6077,254,4,0),
(6078,254,5,0),
(6079,254,6,0),
(6080,254,7,0),
(6081,254,8,0),
(6082,254,9,0),
(6083,254,10,0),
(6084,254,11,0),
(6085,254,12,0),
(6086,254,13,0),
(6087,254,14,0),
(6088,254,15,0),
(6089,254,16,0),
(6090,254,17,0),
(6091,254,18,0),
(6092,254,19,0),
(6093,254,20,0),
(6094,254,21,0),
(6095,254,22,0),
(6096,254,23,0),
(6097,255,0,0),
(6098,255,1,0),
(6099,255,2,0),
(6100,255,3,0),
(6101,255,4,0),
(6102,255,5,0),
(6103,255,6,0),
(6104,255,7,0),
(6105,255,8,0),
(6106,255,9,0),
(6107,255,10,0),
(6108,255,11,0),
(6109,255,12,0),
(6110,255,13,0),
(6111,255,14,0),
(6112,255,15,0),
(6113,255,16,0),
(6114,255,17,0),
(6115,255,18,0),
(6116,255,19,0),
(6117,255,20,0),
(6118,255,21,0),
(6119,255,22,0),
(6120,255,23,0),
(6121,256,0,0),
(6122,256,1,0),
(6123,256,2,0),
(6124,256,3,0),
(6125,256,4,0),
(6126,256,5,0),
(6127,256,6,0),
(6128,256,7,0),
(6129,256,8,0),
(6130,256,9,0),
(6131,256,10,0),
(6132,256,11,0),
(6133,256,12,0),
(6134,256,13,0),
(6135,256,14,0),
(6136,256,15,0),
(6137,256,16,0),
(6138,256,17,0),
(6139,256,18,0),
(6140,256,19,0),
(6141,256,20,0),
(6142,256,21,0),
(6143,256,22,0),
(6144,256,23,0),
(6145,257,0,0),
(6146,257,1,0),
(6147,257,2,0),
(6148,257,3,0),
(6149,257,4,0),
(6150,257,5,0),
(6151,257,6,0),
(6152,257,7,0),
(6153,257,8,0),
(6154,257,9,0),
(6155,257,10,0),
(6156,257,11,0),
(6157,257,12,0),
(6158,257,13,0),
(6159,257,14,0),
(6160,257,15,0),
(6161,257,16,0),
(6162,257,17,0),
(6163,257,18,0),
(6164,257,19,0),
(6165,257,20,0),
(6166,257,21,0),
(6167,257,22,0),
(6168,257,23,0),
(6169,258,0,0),
(6170,258,1,0),
(6171,258,2,0),
(6172,258,3,0),
(6173,258,4,0),
(6174,258,5,0),
(6175,258,6,0),
(6176,258,7,0),
(6177,258,8,0),
(6178,258,9,0),
(6179,258,10,0),
(6180,258,11,0),
(6181,258,12,0),
(6182,258,13,0),
(6183,258,14,0),
(6184,258,15,0),
(6185,258,16,0),
(6186,258,17,0),
(6187,258,18,0),
(6188,258,19,0),
(6189,258,20,0),
(6190,258,21,0),
(6191,258,22,0),
(6192,258,23,0),
(6193,259,0,0),
(6194,259,1,0),
(6195,259,2,0),
(6196,259,3,0),
(6197,259,4,0),
(6198,259,5,0),
(6199,259,6,0),
(6200,259,7,0),
(6201,259,8,0),
(6202,259,9,0),
(6203,259,10,0),
(6204,259,11,0),
(6205,259,12,0),
(6206,259,13,0),
(6207,259,14,0),
(6208,259,15,0),
(6209,259,16,0),
(6210,259,17,0),
(6211,259,18,0),
(6212,259,19,0),
(6213,259,20,0),
(6214,259,21,0),
(6215,259,22,0),
(6216,259,23,0),
(6217,260,0,0),
(6218,260,1,0),
(6219,260,2,0),
(6220,260,3,0),
(6221,260,4,0),
(6222,260,5,0),
(6223,260,6,0),
(6224,260,7,0),
(6225,260,8,0),
(6226,260,9,0),
(6227,260,10,0),
(6228,260,11,0),
(6229,260,12,0),
(6230,260,13,0),
(6231,260,14,0),
(6232,260,15,0),
(6233,260,16,0),
(6234,260,17,0),
(6235,260,18,0),
(6236,260,19,0),
(6237,260,20,0),
(6238,260,21,0),
(6239,260,22,0),
(6240,260,23,0),
(6241,261,0,0),
(6242,261,1,0),
(6243,261,2,0),
(6244,261,3,0),
(6245,261,4,0),
(6246,261,5,0),
(6247,261,6,0),
(6248,261,7,0),
(6249,261,8,0),
(6250,261,9,0),
(6251,261,10,0),
(6252,261,11,0),
(6253,261,12,0),
(6254,261,13,0),
(6255,261,14,0),
(6256,261,15,0),
(6257,261,16,0),
(6258,261,17,0),
(6259,261,18,0),
(6260,261,19,0),
(6261,261,20,0),
(6262,261,21,0),
(6263,261,22,0),
(6264,261,23,0),
(6265,262,0,0),
(6266,262,1,0),
(6267,262,2,0),
(6268,262,3,0),
(6269,262,4,0),
(6270,262,5,0),
(6271,262,6,0),
(6272,262,7,0),
(6273,262,8,0),
(6274,262,9,0),
(6275,262,10,0),
(6276,262,11,0),
(6277,262,12,0),
(6278,262,13,0),
(6279,262,14,0),
(6280,262,15,0),
(6281,262,16,0),
(6282,262,17,0),
(6283,262,18,0),
(6284,262,19,0),
(6285,262,20,0),
(6286,262,21,0),
(6287,262,22,0),
(6288,262,23,0),
(6289,263,0,0),
(6290,263,1,0),
(6291,263,2,0),
(6292,263,3,0),
(6293,263,4,0),
(6294,263,5,0),
(6295,263,6,0),
(6296,263,7,0),
(6297,263,8,0),
(6298,263,9,0),
(6299,263,10,0),
(6300,263,11,0),
(6301,263,12,0),
(6302,263,13,0),
(6303,263,14,0),
(6304,263,15,0),
(6305,263,16,0),
(6306,263,17,0),
(6307,263,18,0),
(6308,263,19,0),
(6309,263,20,0),
(6310,263,21,0),
(6311,263,22,0),
(6312,263,23,0),
(6313,264,0,0),
(6314,264,1,0),
(6315,264,2,0),
(6316,264,3,0),
(6317,264,4,0),
(6318,264,5,0),
(6319,264,6,0),
(6320,264,7,0),
(6321,264,8,0),
(6322,264,9,0),
(6323,264,10,0),
(6324,264,11,0),
(6325,264,12,0),
(6326,264,13,0),
(6327,264,14,0),
(6328,264,15,0),
(6329,264,16,0),
(6330,264,17,0),
(6331,264,18,0),
(6332,264,19,0),
(6333,264,20,0),
(6334,264,21,0),
(6335,264,22,0),
(6336,264,23,0),
(6337,265,0,0),
(6338,265,1,0),
(6339,265,2,0),
(6340,265,3,0),
(6341,265,4,0),
(6342,265,5,0),
(6343,265,6,0),
(6344,265,7,0),
(6345,265,8,0),
(6346,265,9,0),
(6347,265,10,0),
(6348,265,11,0),
(6349,265,12,0),
(6350,265,13,0),
(6351,265,14,0),
(6352,265,15,0),
(6353,265,16,0),
(6354,265,17,0),
(6355,265,18,0),
(6356,265,19,0),
(6357,265,20,0),
(6358,265,21,0),
(6359,265,22,0),
(6360,265,23,0),
(6361,266,0,0),
(6362,266,1,0),
(6363,266,2,0),
(6364,266,3,0),
(6365,266,4,0),
(6366,266,5,0),
(6367,266,6,0),
(6368,266,7,0),
(6369,266,8,0),
(6370,266,9,0),
(6371,266,10,0),
(6372,266,11,0),
(6373,266,12,0),
(6374,266,13,0),
(6375,266,14,0),
(6376,266,15,0),
(6377,266,16,0),
(6378,266,17,0),
(6379,266,18,0),
(6380,266,19,0),
(6381,266,20,0),
(6382,266,21,0),
(6383,266,22,0),
(6384,266,23,0),
(6385,267,0,0),
(6386,267,1,0),
(6387,267,2,0),
(6388,267,3,0),
(6389,267,4,0),
(6390,267,5,0),
(6391,267,6,0),
(6392,267,7,0),
(6393,267,8,0),
(6394,267,9,0),
(6395,267,10,0),
(6396,267,11,0),
(6397,267,12,0),
(6398,267,13,0),
(6399,267,14,0),
(6400,267,15,0),
(6401,267,16,0),
(6402,267,17,0),
(6403,267,18,0),
(6404,267,19,0),
(6405,267,20,0),
(6406,267,21,0),
(6407,267,22,0),
(6408,267,23,0),
(6409,268,0,0),
(6410,268,1,0),
(6411,268,2,0),
(6412,268,3,0),
(6413,268,4,0),
(6414,268,5,0),
(6415,268,6,0),
(6416,268,7,0),
(6417,268,8,0),
(6418,268,9,0),
(6419,268,10,0),
(6420,268,11,0),
(6421,268,12,0),
(6422,268,13,0),
(6423,268,14,0),
(6424,268,15,0),
(6425,268,16,0),
(6426,268,17,0),
(6427,268,18,0),
(6428,268,19,0),
(6429,268,20,0),
(6430,268,21,0),
(6431,268,22,0),
(6432,268,23,0),
(6433,269,0,0),
(6434,269,1,0),
(6435,269,2,0),
(6436,269,3,0),
(6437,269,4,0),
(6438,269,5,0),
(6439,269,6,0),
(6440,269,7,0),
(6441,269,8,0),
(6442,269,9,0),
(6443,269,10,0),
(6444,269,11,0),
(6445,269,12,0),
(6446,269,13,0),
(6447,269,14,0),
(6448,269,15,0),
(6449,269,16,0),
(6450,269,17,0),
(6451,269,18,0),
(6452,269,19,0),
(6453,269,20,0),
(6454,269,21,0),
(6455,269,22,0),
(6456,269,23,0),
(6457,270,0,0),
(6458,270,1,0),
(6459,270,2,0),
(6460,270,3,0),
(6461,270,4,0),
(6462,270,5,0),
(6463,270,6,0),
(6464,270,7,0),
(6465,270,8,0),
(6466,270,9,0),
(6467,270,10,0),
(6468,270,11,0),
(6469,270,12,0),
(6470,270,13,0),
(6471,270,14,0),
(6472,270,15,0),
(6473,270,16,0),
(6474,270,17,0),
(6475,270,18,0),
(6476,270,19,0),
(6477,270,20,0),
(6478,270,21,0),
(6479,270,22,0),
(6480,270,23,0),
(6481,271,0,0),
(6482,271,1,0),
(6483,271,2,0),
(6484,271,3,0),
(6485,271,4,0),
(6486,271,5,0),
(6487,271,6,0),
(6488,271,7,0),
(6489,271,8,0),
(6490,271,9,0),
(6491,271,10,0),
(6492,271,11,0),
(6493,271,12,0),
(6494,271,13,0),
(6495,271,14,0),
(6496,271,15,0),
(6497,271,16,0),
(6498,271,17,0),
(6499,271,18,0),
(6500,271,19,0),
(6501,271,20,0),
(6502,271,21,0),
(6503,271,22,0),
(6504,271,23,0),
(6505,272,0,0),
(6506,272,1,0),
(6507,272,2,0),
(6508,272,3,0),
(6509,272,4,0),
(6510,272,5,0),
(6511,272,6,0),
(6512,272,7,0),
(6513,272,8,0),
(6514,272,9,0),
(6515,272,10,0),
(6516,272,11,0),
(6517,272,12,0),
(6518,272,13,0),
(6519,272,14,0),
(6520,272,15,0),
(6521,272,16,0),
(6522,272,17,0),
(6523,272,18,0),
(6524,272,19,0),
(6525,272,20,0),
(6526,272,21,0),
(6527,272,22,0),
(6528,272,23,0),
(6529,273,0,0),
(6530,273,1,0),
(6531,273,2,0),
(6532,273,3,0),
(6533,273,4,0),
(6534,273,5,0),
(6535,273,6,0),
(6536,273,7,0),
(6537,273,8,0),
(6538,273,9,0),
(6539,273,10,0),
(6540,273,11,0),
(6541,273,12,0),
(6542,273,13,0),
(6543,273,14,0),
(6544,273,15,0),
(6545,273,16,0),
(6546,273,17,0),
(6547,273,18,0),
(6548,273,19,0),
(6549,273,20,0),
(6550,273,21,0),
(6551,273,22,0),
(6552,273,23,0),
(6553,274,0,0),
(6554,274,1,0),
(6555,274,2,0),
(6556,274,3,0),
(6557,274,4,0),
(6558,274,5,0),
(6559,274,6,0),
(6560,274,7,0),
(6561,274,8,0),
(6562,274,9,0),
(6563,274,10,0),
(6564,274,11,0),
(6565,274,12,0),
(6566,274,13,0),
(6567,274,14,0),
(6568,274,15,0),
(6569,274,16,0),
(6570,274,17,0),
(6571,274,18,0),
(6572,274,19,0),
(6573,274,20,0),
(6574,274,21,0),
(6575,274,22,0),
(6576,274,23,0),
(6577,275,0,0),
(6578,275,1,0),
(6579,275,2,0),
(6580,275,3,0),
(6581,275,4,0),
(6582,275,5,0),
(6583,275,6,0),
(6584,275,7,0),
(6585,275,8,0),
(6586,275,9,0),
(6587,275,10,0),
(6588,275,11,0),
(6589,275,12,0),
(6590,275,13,0),
(6591,275,14,0),
(6592,275,15,0),
(6593,275,16,0),
(6594,275,17,0),
(6595,275,18,0),
(6596,275,19,0),
(6597,275,20,0),
(6598,275,21,0),
(6599,275,22,0),
(6600,275,23,0),
(6601,276,0,0),
(6602,276,1,0),
(6603,276,2,0),
(6604,276,3,0),
(6605,276,4,0),
(6606,276,5,0),
(6607,276,6,0),
(6608,276,7,0),
(6609,276,8,0),
(6610,276,9,0),
(6611,276,10,0),
(6612,276,11,0),
(6613,276,12,0),
(6614,276,13,0),
(6615,276,14,0),
(6616,276,15,0),
(6617,276,16,0),
(6618,276,17,0),
(6619,276,18,0),
(6620,276,19,0),
(6621,276,20,0),
(6622,276,21,0),
(6623,276,22,0),
(6624,276,23,0),
(6625,277,0,0),
(6626,277,1,0),
(6627,277,2,0),
(6628,277,3,0),
(6629,277,4,0),
(6630,277,5,0),
(6631,277,6,0),
(6632,277,7,0),
(6633,277,8,0),
(6634,277,9,0),
(6635,277,10,0),
(6636,277,11,0),
(6637,277,12,0),
(6638,277,13,0),
(6639,277,14,0),
(6640,277,15,0),
(6641,277,16,0),
(6642,277,17,0),
(6643,277,18,0),
(6644,277,19,0),
(6645,277,20,0),
(6646,277,21,0),
(6647,277,22,0),
(6648,277,23,0),
(6649,278,0,0),
(6650,278,1,0),
(6651,278,2,0),
(6652,278,3,0),
(6653,278,4,0),
(6654,278,5,0),
(6655,278,6,0),
(6656,278,7,0),
(6657,278,8,0),
(6658,278,9,0),
(6659,278,10,0),
(6660,278,11,0),
(6661,278,12,0),
(6662,278,13,0),
(6663,278,14,0),
(6664,278,15,0),
(6665,278,16,0),
(6666,278,17,0),
(6667,278,18,0),
(6668,278,19,0),
(6669,278,20,0),
(6670,278,21,0),
(6671,278,22,0),
(6672,278,23,0),
(6673,279,0,0),
(6674,279,1,0),
(6675,279,2,0),
(6676,279,3,0),
(6677,279,4,0),
(6678,279,5,0),
(6679,279,6,0),
(6680,279,7,0),
(6681,279,8,0),
(6682,279,9,0),
(6683,279,10,0),
(6684,279,11,0),
(6685,279,12,0),
(6686,279,13,0),
(6687,279,14,0),
(6688,279,15,0),
(6689,279,16,0),
(6690,279,17,0),
(6691,279,18,0),
(6692,279,19,0),
(6693,279,20,0),
(6694,279,21,0),
(6695,279,22,0),
(6696,279,23,0),
(6697,280,0,0),
(6698,280,1,0),
(6699,280,2,0),
(6700,280,3,0),
(6701,280,4,0),
(6702,280,5,0),
(6703,280,6,0),
(6704,280,7,0),
(6705,280,8,0),
(6706,280,9,0),
(6707,280,10,0),
(6708,280,11,0),
(6709,280,12,0),
(6710,280,13,0),
(6711,280,14,0),
(6712,280,15,0),
(6713,280,16,0),
(6714,280,17,0),
(6715,280,18,0),
(6716,280,19,0),
(6717,280,20,0),
(6718,280,21,0),
(6719,280,22,0),
(6720,280,23,0),
(6721,281,0,0),
(6722,281,1,0),
(6723,281,2,0),
(6724,281,3,0),
(6725,281,4,0),
(6726,281,5,0),
(6727,281,6,0),
(6728,281,7,0),
(6729,281,8,0),
(6730,281,9,0),
(6731,281,10,0),
(6732,281,11,0),
(6733,281,12,0),
(6734,281,13,0),
(6735,281,14,0),
(6736,281,15,0),
(6737,281,16,0),
(6738,281,17,0),
(6739,281,18,0),
(6740,281,19,0),
(6741,281,20,0),
(6742,281,21,0),
(6743,281,22,0),
(6744,281,23,0),
(6745,282,0,0),
(6746,282,1,0),
(6747,282,2,0),
(6748,282,3,0),
(6749,282,4,0),
(6750,282,5,0),
(6751,282,6,0),
(6752,282,7,0),
(6753,282,8,0),
(6754,282,9,0),
(6755,282,10,0),
(6756,282,11,0),
(6757,282,12,0),
(6758,282,13,0),
(6759,282,14,0),
(6760,282,15,0),
(6761,282,16,0),
(6762,282,17,0),
(6763,282,18,0),
(6764,282,19,0),
(6765,282,20,0),
(6766,282,21,0),
(6767,282,22,0),
(6768,282,23,0),
(6769,283,0,0),
(6770,283,1,0),
(6771,283,2,0),
(6772,283,3,0),
(6773,283,4,0),
(6774,283,5,0),
(6775,283,6,0),
(6776,283,7,0),
(6777,283,8,0),
(6778,283,9,0),
(6779,283,10,0),
(6780,283,11,0),
(6781,283,12,0),
(6782,283,13,0),
(6783,283,14,0),
(6784,283,15,0),
(6785,283,16,0),
(6786,283,17,0),
(6787,283,18,0),
(6788,283,19,0),
(6789,283,20,0),
(6790,283,21,0),
(6791,283,22,0),
(6792,283,23,0),
(6793,284,0,0),
(6794,284,1,0),
(6795,284,2,0),
(6796,284,3,0),
(6797,284,4,0),
(6798,284,5,0),
(6799,284,6,0),
(6800,284,7,0),
(6801,284,8,0),
(6802,284,9,0),
(6803,284,10,0),
(6804,284,11,0),
(6805,284,12,0),
(6806,284,13,0),
(6807,284,14,0),
(6808,284,15,0),
(6809,284,16,0),
(6810,284,17,0),
(6811,284,18,0),
(6812,284,19,0),
(6813,284,20,0),
(6814,284,21,0),
(6815,284,22,0),
(6816,284,23,0),
(6817,285,0,0),
(6818,285,1,0),
(6819,285,2,0),
(6820,285,3,0),
(6821,285,4,0),
(6822,285,5,0),
(6823,285,6,0),
(6824,285,7,0),
(6825,285,8,0),
(6826,285,9,0),
(6827,285,10,0),
(6828,285,11,0),
(6829,285,12,0),
(6830,285,13,0),
(6831,285,14,0),
(6832,285,15,0),
(6833,285,16,0),
(6834,285,17,0),
(6835,285,18,0),
(6836,285,19,0),
(6837,285,20,0),
(6838,285,21,0),
(6839,285,22,0),
(6840,285,23,0),
(6841,286,0,0),
(6842,286,1,0),
(6843,286,2,0),
(6844,286,3,0),
(6845,286,4,0),
(6846,286,5,0),
(6847,286,6,0),
(6848,286,7,0),
(6849,286,8,0),
(6850,286,9,0),
(6851,286,10,0),
(6852,286,11,0),
(6853,286,12,0),
(6854,286,13,0),
(6855,286,14,0),
(6856,286,15,0),
(6857,286,16,0),
(6858,286,17,0),
(6859,286,18,0),
(6860,286,19,0),
(6861,286,20,0),
(6862,286,21,0),
(6863,286,22,0),
(6864,286,23,0),
(6865,287,0,0),
(6866,287,1,0),
(6867,287,2,0),
(6868,287,3,0),
(6869,287,4,0),
(6870,287,5,0),
(6871,287,6,0),
(6872,287,7,0),
(6873,287,8,0),
(6874,287,9,0),
(6875,287,10,0),
(6876,287,11,0),
(6877,287,12,0),
(6878,287,13,0),
(6879,287,14,0),
(6880,287,15,0),
(6881,287,16,0),
(6882,287,17,0),
(6883,287,18,0),
(6884,287,19,0),
(6885,287,20,0),
(6886,287,21,0),
(6887,287,22,0),
(6888,287,23,0),
(6889,288,0,0),
(6890,288,1,0),
(6891,288,2,0),
(6892,288,3,0),
(6893,288,4,0),
(6894,288,5,0),
(6895,288,6,0),
(6896,288,7,0),
(6897,288,8,0),
(6898,288,9,0),
(6899,288,10,0),
(6900,288,11,0),
(6901,288,12,0),
(6902,288,13,0),
(6903,288,14,0),
(6904,288,15,0),
(6905,288,16,0),
(6906,288,17,0),
(6907,288,18,0),
(6908,288,19,0),
(6909,288,20,0),
(6910,288,21,0),
(6911,288,22,0),
(6912,288,23,0),
(6913,289,0,0),
(6914,289,1,0),
(6915,289,2,0),
(6916,289,3,0),
(6917,289,4,0),
(6918,289,5,0),
(6919,289,6,0),
(6920,289,7,0),
(6921,289,8,0),
(6922,289,9,0),
(6923,289,10,0),
(6924,289,11,0),
(6925,289,12,0),
(6926,289,13,0),
(6927,289,14,0),
(6928,289,15,0),
(6929,289,16,0),
(6930,289,17,0),
(6931,289,18,0),
(6932,289,19,0),
(6933,289,20,0),
(6934,289,21,0),
(6935,289,22,0),
(6936,289,23,0),
(6937,290,0,0),
(6938,290,1,0),
(6939,290,2,0),
(6940,290,3,0),
(6941,290,4,0),
(6942,290,5,0),
(6943,290,6,0),
(6944,290,7,0),
(6945,290,8,0),
(6946,290,9,0),
(6947,290,10,0),
(6948,290,11,0),
(6949,290,12,0),
(6950,290,13,0),
(6951,290,14,0),
(6952,290,15,0),
(6953,290,16,0),
(6954,290,17,0),
(6955,290,18,0),
(6956,290,19,0),
(6957,290,20,0),
(6958,290,21,0),
(6959,290,22,0),
(6960,290,23,0),
(6961,291,0,0),
(6962,291,1,0),
(6963,291,2,0),
(6964,291,3,0),
(6965,291,4,0),
(6966,291,5,0),
(6967,291,6,0),
(6968,291,7,0),
(6969,291,8,0),
(6970,291,9,0),
(6971,291,10,0),
(6972,291,11,0),
(6973,291,12,0),
(6974,291,13,0),
(6975,291,14,0),
(6976,291,15,0),
(6977,291,16,0),
(6978,291,17,0),
(6979,291,18,0),
(6980,291,19,0),
(6981,291,20,0),
(6982,291,21,0),
(6983,291,22,0),
(6984,291,23,0),
(6985,292,0,0),
(6986,292,1,0),
(6987,292,2,0),
(6988,292,3,0),
(6989,292,4,0),
(6990,292,5,0),
(6991,292,6,0),
(6992,292,7,0),
(6993,292,8,0),
(6994,292,9,0),
(6995,292,10,0),
(6996,292,11,0),
(6997,292,12,0),
(6998,292,13,0),
(6999,292,14,0),
(7000,292,15,0),
(7001,292,16,0),
(7002,292,17,0),
(7003,292,18,0),
(7004,292,19,0),
(7005,292,20,0),
(7006,292,21,0),
(7007,292,22,0),
(7008,292,23,0),
(7009,293,0,0),
(7010,293,1,0),
(7011,293,2,0),
(7012,293,3,0),
(7013,293,4,0),
(7014,293,5,0),
(7015,293,6,0),
(7016,293,7,0),
(7017,293,8,0),
(7018,293,9,0),
(7019,293,10,0),
(7020,293,11,0),
(7021,293,12,0),
(7022,293,13,0),
(7023,293,14,0),
(7024,293,15,0),
(7025,293,16,0),
(7026,293,17,0),
(7027,293,18,0),
(7028,293,19,0),
(7029,293,20,0),
(7030,293,21,0),
(7031,293,22,0),
(7032,293,23,0),
(7033,294,0,0),
(7034,294,1,0),
(7035,294,2,0),
(7036,294,3,0),
(7037,294,4,0),
(7038,294,5,0),
(7039,294,6,0),
(7040,294,7,0),
(7041,294,8,0),
(7042,294,9,0),
(7043,294,10,0),
(7044,294,11,0),
(7045,294,12,0),
(7046,294,13,0),
(7047,294,14,0),
(7048,294,15,0),
(7049,294,16,0),
(7050,294,17,0),
(7051,294,18,0),
(7052,294,19,0),
(7053,294,20,0),
(7054,294,21,0),
(7055,294,22,0),
(7056,294,23,0),
(7057,295,0,0),
(7058,295,1,0),
(7059,295,2,0),
(7060,295,3,0),
(7061,295,4,0),
(7062,295,5,0),
(7063,295,6,0),
(7064,295,7,0),
(7065,295,8,0),
(7066,295,9,0),
(7067,295,10,0),
(7068,295,11,0),
(7069,295,12,0),
(7070,295,13,0),
(7071,295,14,0),
(7072,295,15,0),
(7073,295,16,0),
(7074,295,17,0),
(7075,295,18,0),
(7076,295,19,0),
(7077,295,20,0),
(7078,295,21,0),
(7079,295,22,0),
(7080,295,23,0),
(7081,296,0,0),
(7082,296,1,0),
(7083,296,2,0),
(7084,296,3,0),
(7085,296,4,0),
(7086,296,5,0),
(7087,296,6,0),
(7088,296,7,0),
(7089,296,8,0),
(7090,296,9,0),
(7091,296,10,0),
(7092,296,11,0),
(7093,296,12,0),
(7094,296,13,0),
(7095,296,14,0),
(7096,296,15,0),
(7097,296,16,0),
(7098,296,17,0),
(7099,296,18,0),
(7100,296,19,0),
(7101,296,20,0),
(7102,296,21,0),
(7103,296,22,0),
(7104,296,23,0),
(7105,297,0,0),
(7106,297,1,0),
(7107,297,2,0),
(7108,297,3,0),
(7109,297,4,0),
(7110,297,5,0),
(7111,297,6,0),
(7112,297,7,0),
(7113,297,8,0),
(7114,297,9,0),
(7115,297,10,0),
(7116,297,11,0),
(7117,297,12,0),
(7118,297,13,0),
(7119,297,14,0),
(7120,297,15,0),
(7121,297,16,0),
(7122,297,17,0),
(7123,297,18,0),
(7124,297,19,0),
(7125,297,20,0),
(7126,297,21,0),
(7127,297,22,0),
(7128,297,23,0),
(7129,298,0,0),
(7130,298,1,0),
(7131,298,2,0),
(7132,298,3,0),
(7133,298,4,0),
(7134,298,5,0),
(7135,298,6,0),
(7136,298,7,0),
(7137,298,8,0),
(7138,298,9,0),
(7139,298,10,0),
(7140,298,11,0),
(7141,298,12,0),
(7142,298,13,0),
(7143,298,14,0),
(7144,298,15,0),
(7145,298,16,0),
(7146,298,17,0),
(7147,298,18,0),
(7148,298,19,0),
(7149,298,20,0),
(7150,298,21,0),
(7151,298,22,0),
(7152,298,23,0),
(7153,299,0,0),
(7154,299,1,0),
(7155,299,2,0),
(7156,299,3,0),
(7157,299,4,0),
(7158,299,5,0),
(7159,299,6,0),
(7160,299,7,0),
(7161,299,8,0),
(7162,299,9,0),
(7163,299,10,0),
(7164,299,11,0),
(7165,299,12,0),
(7166,299,13,0),
(7167,299,14,0),
(7168,299,15,0),
(7169,299,16,0),
(7170,299,17,0),
(7171,299,18,0),
(7172,299,19,0),
(7173,299,20,0),
(7174,299,21,0),
(7175,299,22,0),
(7176,299,23,0),
(7177,300,0,0),
(7178,300,1,0),
(7179,300,2,0),
(7180,300,3,0),
(7181,300,4,0),
(7182,300,5,0),
(7183,300,6,0),
(7184,300,7,0),
(7185,300,8,0),
(7186,300,9,0),
(7187,300,10,0),
(7188,300,11,0),
(7189,300,12,0),
(7190,300,13,0),
(7191,300,14,0),
(7192,300,15,0),
(7193,300,16,0),
(7194,300,17,0),
(7195,300,18,0),
(7196,300,19,0),
(7197,300,20,0),
(7198,300,21,0),
(7199,300,22,0),
(7200,300,23,0),
(7201,301,0,0),
(7202,301,1,0),
(7203,301,2,0),
(7204,301,3,0),
(7205,301,4,0),
(7206,301,5,0),
(7207,301,6,0),
(7208,301,7,0),
(7209,301,8,0),
(7210,301,9,0),
(7211,301,10,0),
(7212,301,11,0),
(7213,301,12,0),
(7214,301,13,0),
(7215,301,14,0),
(7216,301,15,0),
(7217,301,16,0),
(7218,301,17,0),
(7219,301,18,0),
(7220,301,19,0),
(7221,301,20,0),
(7222,301,21,0),
(7223,301,22,0),
(7224,301,23,0),
(7225,302,0,0),
(7226,302,1,0),
(7227,302,2,0),
(7228,302,3,0),
(7229,302,4,0),
(7230,302,5,0),
(7231,302,6,0),
(7232,302,7,0),
(7233,302,8,0),
(7234,302,9,0),
(7235,302,10,0),
(7236,302,11,0),
(7237,302,12,0),
(7238,302,13,0),
(7239,302,14,0),
(7240,302,15,0),
(7241,302,16,0),
(7242,302,17,0),
(7243,302,18,0),
(7244,302,19,0),
(7245,302,20,0),
(7246,302,21,0),
(7247,302,22,0),
(7248,302,23,0),
(7249,303,0,0),
(7250,303,1,0),
(7251,303,2,0),
(7252,303,3,0),
(7253,303,4,0),
(7254,303,5,0),
(7255,303,6,0),
(7256,303,7,0),
(7257,303,8,0),
(7258,303,9,0),
(7259,303,10,0),
(7260,303,11,0),
(7261,303,12,0),
(7262,303,13,0),
(7263,303,14,0),
(7264,303,15,0),
(7265,303,16,0),
(7266,303,17,0),
(7267,303,18,0),
(7268,303,19,0),
(7269,303,20,0),
(7270,303,21,0),
(7271,303,22,0),
(7272,303,23,0),
(7273,304,0,0),
(7274,304,1,0),
(7275,304,2,0),
(7276,304,3,0),
(7277,304,4,0),
(7278,304,5,0),
(7279,304,6,0),
(7280,304,7,0),
(7281,304,8,0),
(7282,304,9,0),
(7283,304,10,0),
(7284,304,11,0),
(7285,304,12,0),
(7286,304,13,0),
(7287,304,14,0),
(7288,304,15,0),
(7289,304,16,0),
(7290,304,17,0),
(7291,304,18,0),
(7292,304,19,0),
(7293,304,20,0),
(7294,304,21,0),
(7295,304,22,0),
(7296,304,23,0),
(7297,305,0,0),
(7298,305,1,0),
(7299,305,2,0),
(7300,305,3,0),
(7301,305,4,0),
(7302,305,5,0),
(7303,305,6,0),
(7304,305,7,0),
(7305,305,8,0),
(7306,305,9,0),
(7307,305,10,0),
(7308,305,11,0),
(7309,305,12,0),
(7310,305,13,0),
(7311,305,14,0),
(7312,305,15,0),
(7313,305,16,0),
(7314,305,17,0),
(7315,305,18,0),
(7316,305,19,0),
(7317,305,20,0),
(7318,305,21,0),
(7319,305,22,0),
(7320,305,23,0),
(7321,306,0,0),
(7322,306,1,0),
(7323,306,2,0),
(7324,306,3,0),
(7325,306,4,0),
(7326,306,5,0),
(7327,306,6,0),
(7328,306,7,0),
(7329,306,8,0),
(7330,306,9,0),
(7331,306,10,0),
(7332,306,11,0),
(7333,306,12,0),
(7334,306,13,0),
(7335,306,14,0),
(7336,306,15,0),
(7337,306,16,0),
(7338,306,17,0),
(7339,306,18,0),
(7340,306,19,0),
(7341,306,20,0),
(7342,306,21,0),
(7343,306,22,0),
(7344,306,23,0),
(7345,307,0,0),
(7346,307,1,0),
(7347,307,2,0),
(7348,307,3,0),
(7349,307,4,0),
(7350,307,5,0),
(7351,307,6,0),
(7352,307,7,0),
(7353,307,8,0),
(7354,307,9,0),
(7355,307,10,0),
(7356,307,11,0),
(7357,307,12,0),
(7358,307,13,0),
(7359,307,14,0),
(7360,307,15,0),
(7361,307,16,0),
(7362,307,17,0),
(7363,307,18,0),
(7364,307,19,0),
(7365,307,20,0),
(7366,307,21,0),
(7367,307,22,0),
(7368,307,23,0),
(7369,308,0,0),
(7370,308,1,0),
(7371,308,2,0),
(7372,308,3,0),
(7373,308,4,0),
(7374,308,5,0),
(7375,308,6,0),
(7376,308,7,0),
(7377,308,8,0),
(7378,308,9,0),
(7379,308,10,0),
(7380,308,11,0),
(7381,308,12,0),
(7382,308,13,0),
(7383,308,14,0),
(7384,308,15,0),
(7385,308,16,0),
(7386,308,17,0),
(7387,308,18,0),
(7388,308,19,0),
(7389,308,20,0),
(7390,308,21,0),
(7391,308,22,0),
(7392,308,23,0),
(7393,309,0,0),
(7394,309,1,0),
(7395,309,2,0),
(7396,309,3,0),
(7397,309,4,0),
(7398,309,5,0),
(7399,309,6,0),
(7400,309,7,0),
(7401,309,8,0),
(7402,309,9,0),
(7403,309,10,0),
(7404,309,11,0),
(7405,309,12,0),
(7406,309,13,0),
(7407,309,14,0),
(7408,309,15,0),
(7409,309,16,0),
(7410,309,17,0),
(7411,309,18,0),
(7412,309,19,0),
(7413,309,20,0),
(7414,309,21,0),
(7415,309,22,0),
(7416,309,23,0),
(7417,310,0,0),
(7418,310,1,0),
(7419,310,2,0),
(7420,310,3,0),
(7421,310,4,0),
(7422,310,5,0),
(7423,310,6,0),
(7424,310,7,0),
(7425,310,8,0),
(7426,310,9,0),
(7427,310,10,0),
(7428,310,11,0),
(7429,310,12,0),
(7430,310,13,0),
(7431,310,14,0),
(7432,310,15,0),
(7433,310,16,0),
(7434,310,17,0),
(7435,310,18,0),
(7436,310,19,0),
(7437,310,20,0),
(7438,310,21,0),
(7439,310,22,0),
(7440,310,23,0),
(7441,311,0,0),
(7442,311,1,0),
(7443,311,2,0),
(7444,311,3,0),
(7445,311,4,0),
(7446,311,5,0),
(7447,311,6,0),
(7448,311,7,0),
(7449,311,8,0),
(7450,311,9,0),
(7451,311,10,0),
(7452,311,11,0),
(7453,311,12,0),
(7454,311,13,0),
(7455,311,14,0),
(7456,311,15,0),
(7457,311,16,0),
(7458,311,17,0),
(7459,311,18,0),
(7460,311,19,0),
(7461,311,20,0),
(7462,311,21,0),
(7463,311,22,0),
(7464,311,23,0),
(7465,312,0,0),
(7466,312,1,0),
(7467,312,2,0),
(7468,312,3,0),
(7469,312,4,0),
(7470,312,5,0),
(7471,312,6,0),
(7472,312,7,0),
(7473,312,8,0),
(7474,312,9,0),
(7475,312,10,0),
(7476,312,11,0),
(7477,312,12,0),
(7478,312,13,0),
(7479,312,14,0),
(7480,312,15,0),
(7481,312,16,0),
(7482,312,17,0),
(7483,312,18,0),
(7484,312,19,0),
(7485,312,20,0),
(7486,312,21,0),
(7487,312,22,0),
(7488,312,23,0),
(7489,313,0,0),
(7490,313,1,0),
(7491,313,2,0),
(7492,313,3,0),
(7493,313,4,0),
(7494,313,5,0),
(7495,313,6,0),
(7496,313,7,0),
(7497,313,8,0),
(7498,313,9,0),
(7499,313,10,0),
(7500,313,11,0),
(7501,313,12,0),
(7502,313,13,0),
(7503,313,14,0),
(7504,313,15,0),
(7505,313,16,0),
(7506,313,17,0),
(7507,313,18,0),
(7508,313,19,0),
(7509,313,20,0),
(7510,313,21,0),
(7511,313,22,0),
(7512,313,23,0),
(7513,314,0,0),
(7514,314,1,0),
(7515,314,2,0),
(7516,314,3,0),
(7517,314,4,0),
(7518,314,5,0),
(7519,314,6,0),
(7520,314,7,0),
(7521,314,8,0),
(7522,314,9,0),
(7523,314,10,0),
(7524,314,11,0),
(7525,314,12,0),
(7526,314,13,0),
(7527,314,14,0),
(7528,314,15,0),
(7529,314,16,0),
(7530,314,17,0),
(7531,314,18,0),
(7532,314,19,0),
(7533,314,20,0),
(7534,314,21,0),
(7535,314,22,0),
(7536,314,23,0),
(7537,315,0,0),
(7538,315,1,0),
(7539,315,2,0),
(7540,315,3,0),
(7541,315,4,0),
(7542,315,5,0),
(7543,315,6,0),
(7544,315,7,0),
(7545,315,8,0),
(7546,315,9,0),
(7547,315,10,0),
(7548,315,11,0),
(7549,315,12,0),
(7550,315,13,0),
(7551,315,14,0),
(7552,315,15,0),
(7553,315,16,0),
(7554,315,17,0),
(7555,315,18,0),
(7556,315,19,0),
(7557,315,20,0),
(7558,315,21,0),
(7559,315,22,0),
(7560,315,23,0),
(7561,316,0,0),
(7562,316,1,0),
(7563,316,2,0),
(7564,316,3,0),
(7565,316,4,0),
(7566,316,5,0),
(7567,316,6,0),
(7568,316,7,0),
(7569,316,8,0),
(7570,316,9,0),
(7571,316,10,0),
(7572,316,11,0),
(7573,316,12,0),
(7574,316,13,0),
(7575,316,14,0),
(7576,316,15,0),
(7577,316,16,0),
(7578,316,17,0),
(7579,316,18,0),
(7580,316,19,0),
(7581,316,20,0),
(7582,316,21,0),
(7583,316,22,0),
(7584,316,23,0),
(7585,317,0,0),
(7586,317,1,0),
(7587,317,2,0),
(7588,317,3,0),
(7589,317,4,0),
(7590,317,5,0),
(7591,317,6,0),
(7592,317,7,0),
(7593,317,8,0),
(7594,317,9,0),
(7595,317,10,0),
(7596,317,11,0),
(7597,317,12,0),
(7598,317,13,0),
(7599,317,14,0),
(7600,317,15,0),
(7601,317,16,0),
(7602,317,17,0),
(7603,317,18,0),
(7604,317,19,0),
(7605,317,20,0),
(7606,317,21,0),
(7607,317,22,0),
(7608,317,23,0),
(7609,318,0,0),
(7610,318,1,0),
(7611,318,2,0),
(7612,318,3,0),
(7613,318,4,0),
(7614,318,5,0),
(7615,318,6,0),
(7616,318,7,0),
(7617,318,8,0),
(7618,318,9,0),
(7619,318,10,0),
(7620,318,11,0),
(7621,318,12,0),
(7622,318,13,0),
(7623,318,14,0),
(7624,318,15,0),
(7625,318,16,0),
(7626,318,17,0),
(7627,318,18,0),
(7628,318,19,0),
(7629,318,20,0),
(7630,318,21,0),
(7631,318,22,0),
(7632,318,23,0),
(7633,319,0,0),
(7634,319,1,0),
(7635,319,2,0),
(7636,319,3,0),
(7637,319,4,0),
(7638,319,5,0),
(7639,319,6,0),
(7640,319,7,0),
(7641,319,8,0),
(7642,319,9,0),
(7643,319,10,0),
(7644,319,11,0),
(7645,319,12,0),
(7646,319,13,0),
(7647,319,14,0),
(7648,319,15,0),
(7649,319,16,0),
(7650,319,17,0),
(7651,319,18,0),
(7652,319,19,0),
(7653,319,20,0),
(7654,319,21,0),
(7655,319,22,0),
(7656,319,23,0),
(7657,320,0,0),
(7658,320,1,0),
(7659,320,2,0),
(7660,320,3,0),
(7661,320,4,0),
(7662,320,5,0),
(7663,320,6,0),
(7664,320,7,0),
(7665,320,8,0),
(7666,320,9,0),
(7667,320,10,0),
(7668,320,11,0),
(7669,320,12,0),
(7670,320,13,0),
(7671,320,14,0),
(7672,320,15,0),
(7673,320,16,0),
(7674,320,17,0),
(7675,320,18,0),
(7676,320,19,0),
(7677,320,20,0),
(7678,320,21,0),
(7679,320,22,0),
(7680,320,23,0),
(7681,321,0,0),
(7682,321,1,0),
(7683,321,2,0),
(7684,321,3,0),
(7685,321,4,0),
(7686,321,5,0),
(7687,321,6,0),
(7688,321,7,0),
(7689,321,8,0),
(7690,321,9,0),
(7691,321,10,0),
(7692,321,11,0),
(7693,321,12,0),
(7694,321,13,0),
(7695,321,14,0),
(7696,321,15,0),
(7697,321,16,0),
(7698,321,17,0),
(7699,321,18,0),
(7700,321,19,0),
(7701,321,20,0),
(7702,321,21,0),
(7703,321,22,0),
(7704,321,23,0),
(7705,322,0,0),
(7706,322,1,0),
(7707,322,2,0),
(7708,322,3,0),
(7709,322,4,0),
(7710,322,5,0),
(7711,322,6,0),
(7712,322,7,0),
(7713,322,8,0),
(7714,322,9,0),
(7715,322,10,0),
(7716,322,11,0),
(7717,322,12,0),
(7718,322,13,0),
(7719,322,14,0),
(7720,322,15,0),
(7721,322,16,0),
(7722,322,17,0),
(7723,322,18,0),
(7724,322,19,0),
(7725,322,20,0),
(7726,322,21,0),
(7727,322,22,0),
(7728,322,23,0),
(7729,323,0,0),
(7730,323,1,0),
(7731,323,2,0),
(7732,323,3,0),
(7733,323,4,0),
(7734,323,5,0),
(7735,323,6,0),
(7736,323,7,0),
(7737,323,8,0),
(7738,323,9,0),
(7739,323,10,0),
(7740,323,11,0),
(7741,323,12,0),
(7742,323,13,0),
(7743,323,14,0),
(7744,323,15,0),
(7745,323,16,0),
(7746,323,17,0),
(7747,323,18,0),
(7748,323,19,0),
(7749,323,20,0),
(7750,323,21,0),
(7751,323,22,0),
(7752,323,23,0),
(7753,324,0,0),
(7754,324,1,0),
(7755,324,2,0),
(7756,324,3,0),
(7757,324,4,0),
(7758,324,5,0),
(7759,324,6,0),
(7760,324,7,0),
(7761,324,8,0),
(7762,324,9,0),
(7763,324,10,0),
(7764,324,11,0),
(7765,324,12,0),
(7766,324,13,0),
(7767,324,14,0),
(7768,324,15,0),
(7769,324,16,0),
(7770,324,17,0),
(7771,324,18,0),
(7772,324,19,0),
(7773,324,20,0),
(7774,324,21,0),
(7775,324,22,0),
(7776,324,23,0),
(7777,325,0,0),
(7778,325,1,0),
(7779,325,2,0),
(7780,325,3,0),
(7781,325,4,0),
(7782,325,5,0),
(7783,325,6,0),
(7784,325,7,0),
(7785,325,8,0),
(7786,325,9,0),
(7787,325,10,0),
(7788,325,11,0),
(7789,325,12,0),
(7790,325,13,0),
(7791,325,14,0),
(7792,325,15,0),
(7793,325,16,0),
(7794,325,17,0),
(7795,325,18,0),
(7796,325,19,0),
(7797,325,20,0),
(7798,325,21,0),
(7799,325,22,0),
(7800,325,23,0),
(7801,326,0,0),
(7802,326,1,0),
(7803,326,2,0),
(7804,326,3,0),
(7805,326,4,0),
(7806,326,5,0),
(7807,326,6,0),
(7808,326,7,0),
(7809,326,8,0),
(7810,326,9,0),
(7811,326,10,0),
(7812,326,11,0),
(7813,326,12,0),
(7814,326,13,0),
(7815,326,14,0),
(7816,326,15,0),
(7817,326,16,0),
(7818,326,17,0),
(7819,326,18,0),
(7820,326,19,0),
(7821,326,20,0),
(7822,326,21,0),
(7823,326,22,0),
(7824,326,23,0),
(7825,327,0,0),
(7826,327,1,0),
(7827,327,2,0),
(7828,327,3,0),
(7829,327,4,0),
(7830,327,5,0),
(7831,327,6,0),
(7832,327,7,0),
(7833,327,8,0),
(7834,327,9,0),
(7835,327,10,0),
(7836,327,11,0),
(7837,327,12,0),
(7838,327,13,0),
(7839,327,14,0),
(7840,327,15,0),
(7841,327,16,0),
(7842,327,17,0),
(7843,327,18,0),
(7844,327,19,0),
(7845,327,20,0),
(7846,327,21,0),
(7847,327,22,0),
(7848,327,23,0),
(7849,328,0,0),
(7850,328,1,0),
(7851,328,2,0),
(7852,328,3,0),
(7853,328,4,0),
(7854,328,5,0),
(7855,328,6,0),
(7856,328,7,0),
(7857,328,8,0),
(7858,328,9,0),
(7859,328,10,0),
(7860,328,11,0),
(7861,328,12,0),
(7862,328,13,0),
(7863,328,14,0),
(7864,328,15,0),
(7865,328,16,0),
(7866,328,17,0),
(7867,328,18,0),
(7868,328,19,0),
(7869,328,20,0),
(7870,328,21,0),
(7871,328,22,0),
(7872,328,23,0),
(7873,329,0,0),
(7874,329,1,0),
(7875,329,2,0),
(7876,329,3,0),
(7877,329,4,0),
(7878,329,5,0),
(7879,329,6,0),
(7880,329,7,0),
(7881,329,8,0),
(7882,329,9,0),
(7883,329,10,0),
(7884,329,11,0),
(7885,329,12,0),
(7886,329,13,0),
(7887,329,14,0),
(7888,329,15,0),
(7889,329,16,0),
(7890,329,17,0),
(7891,329,18,0),
(7892,329,19,0),
(7893,329,20,0),
(7894,329,21,0),
(7895,329,22,0),
(7896,329,23,0),
(7897,330,0,0),
(7898,330,1,0),
(7899,330,2,0),
(7900,330,3,0),
(7901,330,4,0),
(7902,330,5,0),
(7903,330,6,0),
(7904,330,7,0),
(7905,330,8,0),
(7906,330,9,0),
(7907,330,10,0),
(7908,330,11,0),
(7909,330,12,0),
(7910,330,13,0),
(7911,330,14,0),
(7912,330,15,0),
(7913,330,16,0),
(7914,330,17,0),
(7915,330,18,0),
(7916,330,19,0),
(7917,330,20,0),
(7918,330,21,0),
(7919,330,22,0),
(7920,330,23,0),
(7921,331,0,0),
(7922,331,1,0),
(7923,331,2,0),
(7924,331,3,0),
(7925,331,4,0),
(7926,331,5,0),
(7927,331,6,0),
(7928,331,7,0),
(7929,331,8,0),
(7930,331,9,0),
(7931,331,10,0),
(7932,331,11,0),
(7933,331,12,0),
(7934,331,13,0),
(7935,331,14,0),
(7936,331,15,0),
(7937,331,16,0),
(7938,331,17,0),
(7939,331,18,0),
(7940,331,19,0),
(7941,331,20,0),
(7942,331,21,0),
(7943,331,22,0),
(7944,331,23,0),
(7945,332,0,0),
(7946,332,1,0),
(7947,332,2,0),
(7948,332,3,0),
(7949,332,4,0),
(7950,332,5,0),
(7951,332,6,0),
(7952,332,7,0),
(7953,332,8,0),
(7954,332,9,0),
(7955,332,10,0),
(7956,332,11,0),
(7957,332,12,0),
(7958,332,13,0),
(7959,332,14,0),
(7960,332,15,0),
(7961,332,16,0),
(7962,332,17,0),
(7963,332,18,0),
(7964,332,19,0),
(7965,332,20,0),
(7966,332,21,0),
(7967,332,22,0),
(7968,332,23,0),
(7969,333,0,0),
(7970,333,1,0),
(7971,333,2,0),
(7972,333,3,0),
(7973,333,4,0),
(7974,333,5,0),
(7975,333,6,0),
(7976,333,7,0),
(7977,333,8,0),
(7978,333,9,0),
(7979,333,10,0),
(7980,333,11,0),
(7981,333,12,0),
(7982,333,13,0),
(7983,333,14,0),
(7984,333,15,0),
(7985,333,16,0),
(7986,333,17,0),
(7987,333,18,0),
(7988,333,19,0),
(7989,333,20,0),
(7990,333,21,0),
(7991,333,22,0),
(7992,333,23,0),
(7993,334,0,0),
(7994,334,1,0),
(7995,334,2,0),
(7996,334,3,0),
(7997,334,4,0),
(7998,334,5,0),
(7999,334,6,0),
(8000,334,7,0),
(8001,334,8,0),
(8002,334,9,0),
(8003,334,10,0),
(8004,334,11,0),
(8005,334,12,0),
(8006,334,13,0),
(8007,334,14,0),
(8008,334,15,0),
(8009,334,16,0),
(8010,334,17,0),
(8011,334,18,0),
(8012,334,19,0),
(8013,334,20,0),
(8014,334,21,0),
(8015,334,22,0),
(8016,334,23,0),
(8017,335,0,0),
(8018,335,1,0),
(8019,335,2,0),
(8020,335,3,0),
(8021,335,4,0),
(8022,335,5,0),
(8023,335,6,0),
(8024,335,7,0),
(8025,335,8,0),
(8026,335,9,0),
(8027,335,10,0),
(8028,335,11,0),
(8029,335,12,0),
(8030,335,13,0),
(8031,335,14,0),
(8032,335,15,0),
(8033,335,16,0),
(8034,335,17,0),
(8035,335,18,0),
(8036,335,19,0),
(8037,335,20,0),
(8038,335,21,0),
(8039,335,22,0),
(8040,335,23,0),
(8041,336,0,0),
(8042,336,1,0),
(8043,336,2,0),
(8044,336,3,0),
(8045,336,4,0),
(8046,336,5,0),
(8047,336,6,0),
(8048,336,7,0),
(8049,336,8,0),
(8050,336,9,0),
(8051,336,10,0),
(8052,336,11,0),
(8053,336,12,0),
(8054,336,13,0),
(8055,336,14,0),
(8056,336,15,0),
(8057,336,16,0),
(8058,336,17,0),
(8059,336,18,0),
(8060,336,19,0),
(8061,336,20,0),
(8062,336,21,0),
(8063,336,22,0),
(8064,336,23,0),
(8065,337,0,0),
(8066,337,1,0),
(8067,337,2,0),
(8068,337,3,0),
(8069,337,4,0),
(8070,337,5,0),
(8071,337,6,0),
(8072,337,7,0),
(8073,337,8,0),
(8074,337,9,0),
(8075,337,10,0),
(8076,337,11,0),
(8077,337,12,0),
(8078,337,13,0),
(8079,337,14,0),
(8080,337,15,0),
(8081,337,16,0),
(8082,337,17,0),
(8083,337,18,0),
(8084,337,19,0),
(8085,337,20,0),
(8086,337,21,0),
(8087,337,22,0),
(8088,337,23,0),
(8089,338,0,0),
(8090,338,1,0),
(8091,338,2,0),
(8092,338,3,0),
(8093,338,4,0),
(8094,338,5,0),
(8095,338,6,0),
(8096,338,7,0),
(8097,338,8,0),
(8098,338,9,0),
(8099,338,10,0),
(8100,338,11,0),
(8101,338,12,0),
(8102,338,13,0),
(8103,338,14,0),
(8104,338,15,0),
(8105,338,16,0),
(8106,338,17,0),
(8107,338,18,0),
(8108,338,19,0),
(8109,338,20,0),
(8110,338,21,0),
(8111,338,22,0),
(8112,338,23,0),
(8113,339,0,0),
(8114,339,1,0),
(8115,339,2,0),
(8116,339,3,0),
(8117,339,4,0),
(8118,339,5,0),
(8119,339,6,0),
(8120,339,7,0),
(8121,339,8,0),
(8122,339,9,0),
(8123,339,10,0),
(8124,339,11,0),
(8125,339,12,0),
(8126,339,13,0),
(8127,339,14,0),
(8128,339,15,0),
(8129,339,16,0),
(8130,339,17,0),
(8131,339,18,0),
(8132,339,19,0),
(8133,339,20,0),
(8134,339,21,0),
(8135,339,22,0),
(8136,339,23,0),
(8137,340,0,0),
(8138,340,1,0),
(8139,340,2,0),
(8140,340,3,0),
(8141,340,4,0),
(8142,340,5,0),
(8143,340,6,0),
(8144,340,7,0),
(8145,340,8,0),
(8146,340,9,0),
(8147,340,10,0),
(8148,340,11,0),
(8149,340,12,0),
(8150,340,13,0),
(8151,340,14,0),
(8152,340,15,0),
(8153,340,16,0),
(8154,340,17,0),
(8155,340,18,0),
(8156,340,19,0),
(8157,340,20,0),
(8158,340,21,0),
(8159,340,22,0),
(8160,340,23,0),
(8161,341,0,0),
(8162,341,1,0),
(8163,341,2,0),
(8164,341,3,0),
(8165,341,4,0),
(8166,341,5,0),
(8167,341,6,0),
(8168,341,7,0),
(8169,341,8,0),
(8170,341,9,0),
(8171,341,10,0),
(8172,341,11,0),
(8173,341,12,0),
(8174,341,13,0),
(8175,341,14,0),
(8176,341,15,0),
(8177,341,16,0),
(8178,341,17,0),
(8179,341,18,0),
(8180,341,19,0),
(8181,341,20,0),
(8182,341,21,0),
(8183,341,22,0),
(8184,341,23,0),
(8185,342,0,0),
(8186,342,1,0),
(8187,342,2,0),
(8188,342,3,0),
(8189,342,4,0),
(8190,342,5,0),
(8191,342,6,0),
(8192,342,7,0),
(8193,342,8,0),
(8194,342,9,0),
(8195,342,10,0),
(8196,342,11,0),
(8197,342,12,0),
(8198,342,13,0),
(8199,342,14,0),
(8200,342,15,0),
(8201,342,16,0),
(8202,342,17,0),
(8203,342,18,0),
(8204,342,19,0),
(8205,342,20,0),
(8206,342,21,0),
(8207,342,22,0),
(8208,342,23,0),
(8209,343,0,0),
(8210,343,1,0),
(8211,343,2,0),
(8212,343,3,0),
(8213,343,4,0),
(8214,343,5,0),
(8215,343,6,0),
(8216,343,7,0),
(8217,343,8,0),
(8218,343,9,0),
(8219,343,10,0),
(8220,343,11,0),
(8221,343,12,0),
(8222,343,13,0),
(8223,343,14,0),
(8224,343,15,0),
(8225,343,16,0),
(8226,343,17,0),
(8227,343,18,0),
(8228,343,19,0),
(8229,343,20,0),
(8230,343,21,0),
(8231,343,22,0),
(8232,343,23,0),
(8233,344,0,0),
(8234,344,1,0),
(8235,344,2,0),
(8236,344,3,0),
(8237,344,4,0),
(8238,344,5,0),
(8239,344,6,0),
(8240,344,7,0),
(8241,344,8,0),
(8242,344,9,0),
(8243,344,10,0),
(8244,344,11,0),
(8245,344,12,0),
(8246,344,13,0),
(8247,344,14,0),
(8248,344,15,0),
(8249,344,16,0),
(8250,344,17,0),
(8251,344,18,0),
(8252,344,19,0),
(8253,344,20,0),
(8254,344,21,0),
(8255,344,22,0),
(8256,344,23,0),
(8257,345,0,0),
(8258,345,1,0),
(8259,345,2,0),
(8260,345,3,0),
(8261,345,4,0),
(8262,345,5,0),
(8263,345,6,0),
(8264,345,7,0),
(8265,345,8,0),
(8266,345,9,0),
(8267,345,10,0),
(8268,345,11,0),
(8269,345,12,0),
(8270,345,13,0),
(8271,345,14,0),
(8272,345,15,0),
(8273,345,16,0),
(8274,345,17,0),
(8275,345,18,0),
(8276,345,19,0),
(8277,345,20,0),
(8278,345,21,0),
(8279,345,22,0),
(8280,345,23,0),
(8281,346,0,0),
(8282,346,1,0),
(8283,346,2,0),
(8284,346,3,0),
(8285,346,4,0),
(8286,346,5,0),
(8287,346,6,0),
(8288,346,7,0),
(8289,346,8,0),
(8290,346,9,0),
(8291,346,10,0),
(8292,346,11,0),
(8293,346,12,0),
(8294,346,13,0),
(8295,346,14,0),
(8296,346,15,0),
(8297,346,16,0),
(8298,346,17,0),
(8299,346,18,0),
(8300,346,19,0),
(8301,346,20,0),
(8302,346,21,0),
(8303,346,22,0),
(8304,346,23,0),
(8305,347,0,0),
(8306,347,1,0),
(8307,347,2,0),
(8308,347,3,0),
(8309,347,4,0),
(8310,347,5,0),
(8311,347,6,0),
(8312,347,7,0),
(8313,347,8,0),
(8314,347,9,0),
(8315,347,10,0),
(8316,347,11,0),
(8317,347,12,0),
(8318,347,13,0),
(8319,347,14,0),
(8320,347,15,0),
(8321,347,16,0),
(8322,347,17,0),
(8323,347,18,0),
(8324,347,19,0),
(8325,347,20,0),
(8326,347,21,0),
(8327,347,22,0),
(8328,347,23,0),
(8329,348,0,0),
(8330,348,1,0),
(8331,348,2,0),
(8332,348,3,0),
(8333,348,4,0),
(8334,348,5,0),
(8335,348,6,0),
(8336,348,7,0),
(8337,348,8,0),
(8338,348,9,0),
(8339,348,10,0),
(8340,348,11,0),
(8341,348,12,0),
(8342,348,13,0),
(8343,348,14,0),
(8344,348,15,0),
(8345,348,16,0),
(8346,348,17,0),
(8347,348,18,0),
(8348,348,19,0),
(8349,348,20,0),
(8350,348,21,0),
(8351,348,22,0),
(8352,348,23,0),
(8353,349,0,0),
(8354,349,1,0),
(8355,349,2,0),
(8356,349,3,0),
(8357,349,4,0),
(8358,349,5,0),
(8359,349,6,0),
(8360,349,7,0),
(8361,349,8,0),
(8362,349,9,0),
(8363,349,10,0),
(8364,349,11,0),
(8365,349,12,0),
(8366,349,13,0),
(8367,349,14,0),
(8368,349,15,0),
(8369,349,16,0),
(8370,349,17,0),
(8371,349,18,0),
(8372,349,19,0),
(8373,349,20,0),
(8374,349,21,0),
(8375,349,22,0),
(8376,349,23,0),
(8377,350,0,0),
(8378,350,1,0),
(8379,350,2,0),
(8380,350,3,0),
(8381,350,4,0),
(8382,350,5,0),
(8383,350,6,0),
(8384,350,7,0),
(8385,350,8,0),
(8386,350,9,0),
(8387,350,10,0),
(8388,350,11,0),
(8389,350,12,0),
(8390,350,13,0),
(8391,350,14,0),
(8392,350,15,0),
(8393,350,16,0),
(8394,350,17,0),
(8395,350,18,0),
(8396,350,19,0),
(8397,350,20,0),
(8398,350,21,0),
(8399,350,22,0),
(8400,350,23,0),
(8401,351,0,0),
(8402,351,1,0),
(8403,351,2,0),
(8404,351,3,0),
(8405,351,4,0),
(8406,351,5,0),
(8407,351,6,0),
(8408,351,7,0),
(8409,351,8,0),
(8410,351,9,0),
(8411,351,10,0),
(8412,351,11,0),
(8413,351,12,0),
(8414,351,13,0),
(8415,351,14,0),
(8416,351,15,0),
(8417,351,16,0),
(8418,351,17,0),
(8419,351,18,0),
(8420,351,19,0),
(8421,351,20,0),
(8422,351,21,0),
(8423,351,22,0),
(8424,351,23,0),
(8425,352,0,0),
(8426,352,1,0),
(8427,352,2,0),
(8428,352,3,0),
(8429,352,4,0),
(8430,352,5,0),
(8431,352,6,0),
(8432,352,7,0),
(8433,352,8,0),
(8434,352,9,0),
(8435,352,10,0),
(8436,352,11,0),
(8437,352,12,0),
(8438,352,13,0),
(8439,352,14,0),
(8440,352,15,0),
(8441,352,16,0),
(8442,352,17,0),
(8443,352,18,0),
(8444,352,19,0),
(8445,352,20,0),
(8446,352,21,0),
(8447,352,22,0),
(8448,352,23,0),
(8449,353,0,0),
(8450,353,1,0),
(8451,353,2,0),
(8452,353,3,0),
(8453,353,4,0),
(8454,353,5,0),
(8455,353,6,0),
(8456,353,7,0),
(8457,353,8,0),
(8458,353,9,0),
(8459,353,10,0),
(8460,353,11,0),
(8461,353,12,0),
(8462,353,13,0),
(8463,353,14,0),
(8464,353,15,0),
(8465,353,16,0),
(8466,353,17,0),
(8467,353,18,0),
(8468,353,19,0),
(8469,353,20,0),
(8470,353,21,0),
(8471,353,22,0),
(8472,353,23,0),
(8473,354,0,0),
(8474,354,1,0),
(8475,354,2,0),
(8476,354,3,0),
(8477,354,4,0),
(8478,354,5,0),
(8479,354,6,0),
(8480,354,7,0),
(8481,354,8,0),
(8482,354,9,0),
(8483,354,10,0),
(8484,354,11,0),
(8485,354,12,0),
(8486,354,13,0),
(8487,354,14,0),
(8488,354,15,0),
(8489,354,16,0),
(8490,354,17,0),
(8491,354,18,0),
(8492,354,19,0),
(8493,354,20,0),
(8494,354,21,0),
(8495,354,22,0),
(8496,354,23,0),
(8497,355,0,0),
(8498,355,1,0),
(8499,355,2,0),
(8500,355,3,0),
(8501,355,4,0),
(8502,355,5,0),
(8503,355,6,0),
(8504,355,7,0),
(8505,355,8,0),
(8506,355,9,0),
(8507,355,10,0),
(8508,355,11,0),
(8509,355,12,0),
(8510,355,13,0),
(8511,355,14,0),
(8512,355,15,0),
(8513,355,16,0),
(8514,355,17,0),
(8515,355,18,0),
(8516,355,19,0),
(8517,355,20,0),
(8518,355,21,0),
(8519,355,22,0),
(8520,355,23,0),
(8521,356,0,0),
(8522,356,1,0),
(8523,356,2,0),
(8524,356,3,0),
(8525,356,4,0),
(8526,356,5,0),
(8527,356,6,0),
(8528,356,7,0),
(8529,356,8,0),
(8530,356,9,0),
(8531,356,10,0),
(8532,356,11,0),
(8533,356,12,0),
(8534,356,13,0),
(8535,356,14,0),
(8536,356,15,0),
(8537,356,16,0),
(8538,356,17,0),
(8539,356,18,0),
(8540,356,19,0),
(8541,356,20,0),
(8542,356,21,0),
(8543,356,22,0),
(8544,356,23,0),
(8545,357,0,0),
(8546,357,1,0),
(8547,357,2,0),
(8548,357,3,0),
(8549,357,4,0),
(8550,357,5,0),
(8551,357,6,0),
(8552,357,7,0),
(8553,357,8,0),
(8554,357,9,0),
(8555,357,10,0),
(8556,357,11,0),
(8557,357,12,0),
(8558,357,13,0),
(8559,357,14,0),
(8560,357,15,0),
(8561,357,16,0),
(8562,357,17,0),
(8563,357,18,0),
(8564,357,19,0),
(8565,357,20,0),
(8566,357,21,0),
(8567,357,22,0),
(8568,357,23,0),
(8569,358,0,0),
(8570,358,1,0),
(8571,358,2,0),
(8572,358,3,0),
(8573,358,4,0),
(8574,358,5,0),
(8575,358,6,0),
(8576,358,7,0),
(8577,358,8,0),
(8578,358,9,0),
(8579,358,10,0),
(8580,358,11,0),
(8581,358,12,0),
(8582,358,13,0),
(8583,358,14,0),
(8584,358,15,0),
(8585,358,16,0),
(8586,358,17,0),
(8587,358,18,0),
(8588,358,19,0),
(8589,358,20,0),
(8590,358,21,0),
(8591,358,22,0),
(8592,358,23,0),
(8593,359,0,0),
(8594,359,1,0),
(8595,359,2,0),
(8596,359,3,0),
(8597,359,4,0),
(8598,359,5,0),
(8599,359,6,0),
(8600,359,7,0),
(8601,359,8,0),
(8602,359,9,0),
(8603,359,10,0),
(8604,359,11,0),
(8605,359,12,0),
(8606,359,13,0),
(8607,359,14,0),
(8608,359,15,0),
(8609,359,16,0),
(8610,359,17,0),
(8611,359,18,0),
(8612,359,19,0),
(8613,359,20,0),
(8614,359,21,0),
(8615,359,22,0),
(8616,359,23,0),
(8617,360,0,0),
(8618,360,1,0),
(8619,360,2,0),
(8620,360,3,0),
(8621,360,4,0),
(8622,360,5,0),
(8623,360,6,0),
(8624,360,7,0),
(8625,360,8,0),
(8626,360,9,0),
(8627,360,10,0),
(8628,360,11,0),
(8629,360,12,0),
(8630,360,13,0),
(8631,360,14,0),
(8632,360,15,0),
(8633,360,16,0),
(8634,360,17,0),
(8635,360,18,0),
(8636,360,19,0),
(8637,360,20,0),
(8638,360,21,0),
(8639,360,22,0),
(8640,360,23,0),
(8641,361,0,0),
(8642,361,1,0),
(8643,361,2,0),
(8644,361,3,0),
(8645,361,4,0),
(8646,361,5,0),
(8647,361,6,0),
(8648,361,7,0),
(8649,361,8,0),
(8650,361,9,0),
(8651,361,10,0),
(8652,361,11,0),
(8653,361,12,0),
(8654,361,13,0),
(8655,361,14,0),
(8656,361,15,0),
(8657,361,16,0),
(8658,361,17,0),
(8659,361,18,0),
(8660,361,19,0),
(8661,361,20,0),
(8662,361,21,0),
(8663,361,22,0),
(8664,361,23,0),
(8665,362,0,0),
(8666,362,1,0),
(8667,362,2,0),
(8668,362,3,0),
(8669,362,4,0),
(8670,362,5,0),
(8671,362,6,0),
(8672,362,7,0),
(8673,362,8,0),
(8674,362,9,0),
(8675,362,10,0),
(8676,362,11,0),
(8677,362,12,0),
(8678,362,13,0),
(8679,362,14,0),
(8680,362,15,0),
(8681,362,16,0),
(8682,362,17,0),
(8683,362,18,0),
(8684,362,19,0),
(8685,362,20,0),
(8686,362,21,0),
(8687,362,22,0),
(8688,362,23,0),
(8689,363,0,0),
(8690,363,1,0),
(8691,363,2,0),
(8692,363,3,0),
(8693,363,4,0),
(8694,363,5,0),
(8695,363,6,0),
(8696,363,7,0),
(8697,363,8,0),
(8698,363,9,0),
(8699,363,10,0),
(8700,363,11,0),
(8701,363,12,0),
(8702,363,13,0),
(8703,363,14,0),
(8704,363,15,0),
(8705,363,16,0),
(8706,363,17,0),
(8707,363,18,0),
(8708,363,19,0),
(8709,363,20,0),
(8710,363,21,0),
(8711,363,22,0),
(8712,363,23,0),
(8713,364,0,0),
(8714,364,1,0),
(8715,364,2,0),
(8716,364,3,0),
(8717,364,4,0),
(8718,364,5,0),
(8719,364,6,0),
(8720,364,7,0),
(8721,364,8,0),
(8722,364,9,0),
(8723,364,10,0),
(8724,364,11,0),
(8725,364,12,0),
(8726,364,13,0),
(8727,364,14,0),
(8728,364,15,0),
(8729,364,16,0),
(8730,364,17,0),
(8731,364,18,0),
(8732,364,19,0),
(8733,364,20,0),
(8734,364,21,0),
(8735,364,22,0),
(8736,364,23,0),
(8737,365,0,0),
(8738,365,1,0),
(8739,365,2,0),
(8740,365,3,0),
(8741,365,4,0),
(8742,365,5,0),
(8743,365,6,0),
(8744,365,7,0),
(8745,365,8,0),
(8746,365,9,0),
(8747,365,10,0),
(8748,365,11,0),
(8749,365,12,0),
(8750,365,13,0),
(8751,365,14,0),
(8752,365,15,0),
(8753,365,16,0),
(8754,365,17,0),
(8755,365,18,0),
(8756,365,19,0),
(8757,365,20,0),
(8758,365,21,0),
(8759,365,22,0),
(8760,365,23,0);

--
